{"id":16712,"date":"2024-03-11T00:00:00","date_gmt":"2024-03-11T03:00:00","guid":{"rendered":"https:\/\/centrosabia.org.br\/audio\/solidariedade-e-as-mulheres-na-agroecologia-cantos-do-sabia\/"},"modified":"2024-08-05T10:52:16","modified_gmt":"2024-08-05T13:52:16","slug":"solidariedade-e-as-mulheres-na-agroecologia-cantos-do-sabia","status":"publish","type":"audio","link":"https:\/\/centrosabia.org.br\/en\/audio\/solidariedade-e-as-mulheres-na-agroecologia-cantos-do-sabia\/","title":{"rendered":"Solidariedade e as mulheres na Agroecologia | Cantos do Sabi\u00e1"},"content":{"rendered":"<p>&#x1f3a7; O Cantos do Sabi\u00e1 conversa sobre o Dia Internacional da Mulher, uma data que nos lembra que a luta das mulheres vai al\u00e9m de um dia de celebra\u00e7\u00e3o, envolvendo organiza\u00e7\u00e3o, uni\u00e3o e constru\u00e7\u00e3o coletiva por igualdade e justi\u00e7a. &#x1f4aa;&#x1f30d;<br \/>\u25c8<\/p>\n<p><\/p>\n<p>&#x1f4e3;&#x1f33c;A voz das mulheres desafia normas sociais, como o patriarcado e o machismo. No campo, a agroecologia \u00e9 uma ferramenta de resist\u00eancia e autonomia, desafiando o agroneg\u00f3cio, monocultura e cavando o protagonismo! &#x1f331;<br \/>\u25c8<br \/>&#x1f49c;&#x1f469;\u200d&#x1f33e; Maria Ver\u00f4nica de Santana, agricultora e educadora feminista, presidente do Centro Sabi\u00e1, conversa com a gente esta semana sobre a import\u00e2ncia de lutar, fuxicar e construir caminhos, pelo espa\u00e7o, liberdade, e justi\u00e7a! \u270a&#x1f5e3;\ufe0f\u00a0<\/p>\n<p><\/p>\n<p>\u25c8<br \/>&#x1f4f2; Ou\u00e7a tamb\u00e9m no Youtube!<br \/>\u2060\u2060\u2060\u2060\u2060https:\/\/bit.ly\/CantosNoYoutube\u2060\u2060\u2060\u2060\u2060 <br \/>&#x1f54a; Vem com a gente? <br \/>\u2060\u2060\u2060\u2060\u2060https:\/\/bit.ly\/voe-sabia\u2060\u2060\u2060\u2060\u2060 <br \/>&#x1f4cc;Acompanhe o Centro Sabi\u00e1!<br \/>\u2060\u2060\u2060\u2060\u2060\u2060\u2060https:\/\/biolinky.co\/centrosabia\u2060\u2060\u2060\u2060\u2060 <\/p>\n","protected":false},"featured_media":23330,"template":"","meta":{"_acf_changed":false,"ano":2024},"tema":[2519,2544,2506],"decada":[2502],"curadoria":[],"class_list":["post-16712","audio","type-audio","status-publish","has-post-thumbnail","hentry","tema-agroecologia","tema-educacao-contextualizada","tema-mulheres","decada-2502"],"blocksy_meta":[],"acf":{"imagem_de_cobertura":""},"yoast_head":"<!-- This site is optimized with the Yoast SEO plugin v27.4 - https:\/\/yoast.com\/product\/yoast-seo-wordpress\/ -->\n<title>Solidariedade e as mulheres na Agroecologia | Cantos do Sabi\u00e1 - Centro de Desenvolvimento Agroecol\u00f3gico Sabi\u00e1<\/title>\n<meta name=\"robots\" content=\"index, follow, max-snippet:-1, max-image-preview:large, max-video-preview:-1\" \/>\n<link rel=\"canonical\" href=\"https:\/\/centrosabia.org.br\/en\/audio\/solidariedade-e-as-mulheres-na-agroecologia-cantos-do-sabia\/\" \/>\n<meta property=\"og:locale\" content=\"en_US\" \/>\n<meta property=\"og:type\" content=\"article\" \/>\n<meta property=\"og:title\" content=\"Solidariedade e as mulheres na Agroecologia | Cantos do Sabi\u00e1 - Centro de Desenvolvimento Agroecol\u00f3gico Sabi\u00e1\" \/>\n<meta property=\"og:url\" content=\"https:\/\/centrosabia.org.br\/en\/audio\/solidariedade-e-as-mulheres-na-agroecologia-cantos-do-sabia\/\" \/>\n<meta property=\"og:site_name\" content=\"Centro de Desenvolvimento Agroecol\u00f3gico Sabi\u00e1\" \/>\n<meta property=\"article:modified_time\" content=\"2024-08-05T13:52:16+00:00\" \/>\n<meta property=\"og:image\" content=\"https:\/\/centrosabia.org.br\/wp-content\/uploads\/2024\/03\/SOLIDARIEDADEASMULHERES_wide-1-300x169.png\" \/>\n\t<meta property=\"og:image:width\" content=\"300\" \/>\n\t<meta property=\"og:image:height\" content=\"169\" \/>\n\t<meta property=\"og:image:type\" content=\"image\/png\" \/>\n<meta name=\"twitter:card\" content=\"summary_large_image\" \/>\n<meta name=\"twitter:label1\" content=\"Est. reading time\" \/>\n\t<meta name=\"twitter:data1\" content=\"1 minute\" \/>\n<script type=\"application\/ld+json\" class=\"yoast-schema-graph\">{\"@context\":\"https:\\\/\\\/schema.org\",\"@graph\":[{\"@type\":\"WebPage\",\"@id\":\"https:\\\/\\\/centrosabia.org.br\\\/en\\\/audio\\\/solidariedade-e-as-mulheres-na-agroecologia-cantos-do-sabia\\\/\",\"url\":\"https:\\\/\\\/centrosabia.org.br\\\/en\\\/audio\\\/solidariedade-e-as-mulheres-na-agroecologia-cantos-do-sabia\\\/\",\"name\":\"Solidariedade e as mulheres na Agroecologia | Cantos do Sabi\u00e1 - Centro de Desenvolvimento Agroecol\u00f3gico Sabi\u00e1\",\"isPartOf\":{\"@id\":\"https:\\\/\\\/centrosabia.org.br\\\/en\\\/#website\"},\"primaryImageOfPage\":{\"@id\":\"https:\\\/\\\/centrosabia.org.br\\\/en\\\/audio\\\/solidariedade-e-as-mulheres-na-agroecologia-cantos-do-sabia\\\/#primaryimage\"},\"image\":{\"@id\":\"https:\\\/\\\/centrosabia.org.br\\\/en\\\/audio\\\/solidariedade-e-as-mulheres-na-agroecologia-cantos-do-sabia\\\/#primaryimage\"},\"thumbnailUrl\":\"https:\\\/\\\/centrosabia.org.br\\\/wp-content\\\/uploads\\\/2024\\\/03\\\/SOLIDARIEDADEASMULHERES_wide-1.png\",\"datePublished\":\"2024-03-11T03:00:00+00:00\",\"dateModified\":\"2024-08-05T13:52:16+00:00\",\"breadcrumb\":{\"@id\":\"https:\\\/\\\/centrosabia.org.br\\\/en\\\/audio\\\/solidariedade-e-as-mulheres-na-agroecologia-cantos-do-sabia\\\/#breadcrumb\"},\"inLanguage\":\"en-US\",\"potentialAction\":[{\"@type\":\"ReadAction\",\"target\":[\"https:\\\/\\\/centrosabia.org.br\\\/en\\\/audio\\\/solidariedade-e-as-mulheres-na-agroecologia-cantos-do-sabia\\\/\"]}]},{\"@type\":\"ImageObject\",\"inLanguage\":\"en-US\",\"@id\":\"https:\\\/\\\/centrosabia.org.br\\\/en\\\/audio\\\/solidariedade-e-as-mulheres-na-agroecologia-cantos-do-sabia\\\/#primaryimage\",\"url\":\"https:\\\/\\\/centrosabia.org.br\\\/wp-content\\\/uploads\\\/2024\\\/03\\\/SOLIDARIEDADEASMULHERES_wide-1.png\",\"contentUrl\":\"https:\\\/\\\/centrosabia.org.br\\\/wp-content\\\/uploads\\\/2024\\\/03\\\/SOLIDARIEDADEASMULHERES_wide-1.png\",\"width\":512,\"height\":288},{\"@type\":\"BreadcrumbList\",\"@id\":\"https:\\\/\\\/centrosabia.org.br\\\/en\\\/audio\\\/solidariedade-e-as-mulheres-na-agroecologia-cantos-do-sabia\\\/#breadcrumb\",\"itemListElement\":[{\"@type\":\"ListItem\",\"position\":1,\"name\":\"In\u00edcio\",\"item\":\"https:\\\/\\\/centrosabia.org.br\\\/en\\\/\"},{\"@type\":\"ListItem\",\"position\":2,\"name\":\"\u00c1udios\",\"item\":\"https:\\\/\\\/centrosabia.org.br\\\/en\\\/audio\\\/\"},{\"@type\":\"ListItem\",\"position\":3,\"name\":\"Solidariedade e as mulheres na Agroecologia | Cantos do Sabi\u00e1\"}]},{\"@type\":\"WebSite\",\"@id\":\"https:\\\/\\\/centrosabia.org.br\\\/en\\\/#website\",\"url\":\"https:\\\/\\\/centrosabia.org.br\\\/en\\\/\",\"name\":\"Centro de Desenvolvimento Agroecol\u00f3gico Sabi\u00e1\",\"description\":\"\",\"publisher\":{\"@id\":\"https:\\\/\\\/centrosabia.org.br\\\/en\\\/#organization\"},\"potentialAction\":[{\"@type\":\"SearchAction\",\"target\":{\"@type\":\"EntryPoint\",\"urlTemplate\":\"https:\\\/\\\/centrosabia.org.br\\\/en\\\/?s={search_term_string}\"},\"query-input\":{\"@type\":\"PropertyValueSpecification\",\"valueRequired\":true,\"valueName\":\"search_term_string\"}}],\"inLanguage\":\"en-US\"},{\"@type\":\"Organization\",\"@id\":\"https:\\\/\\\/centrosabia.org.br\\\/en\\\/#organization\",\"name\":\"Centro de Desenvolvimento Agroecol\u00f3gico Sabi\u00e1\",\"url\":\"https:\\\/\\\/centrosabia.org.br\\\/en\\\/\",\"logo\":{\"@type\":\"ImageObject\",\"inLanguage\":\"en-US\",\"@id\":\"https:\\\/\\\/centrosabia.org.br\\\/en\\\/#\\\/schema\\\/logo\\\/image\\\/\",\"url\":\"https:\\\/\\\/centrosabia.org.br\\\/wp-content\\\/uploads\\\/2021\\\/10\\\/logo.png\",\"contentUrl\":\"https:\\\/\\\/centrosabia.org.br\\\/wp-content\\\/uploads\\\/2021\\\/10\\\/logo.png\",\"width\":174,\"height\":84,\"caption\":\"Centro de Desenvolvimento Agroecol\u00f3gico Sabi\u00e1\"},\"image\":{\"@id\":\"https:\\\/\\\/centrosabia.org.br\\\/en\\\/#\\\/schema\\\/logo\\\/image\\\/\"}}]}<\/script>\n<!-- \/ Yoast SEO plugin. -->","yoast_head_json":{"title":"Solidariedade e as mulheres na Agroecologia | Cantos do Sabi\u00e1 - Centro de Desenvolvimento Agroecol\u00f3gico Sabi\u00e1","robots":{"index":"index","follow":"follow","max-snippet":"max-snippet:-1","max-image-preview":"max-image-preview:large","max-video-preview":"max-video-preview:-1"},"canonical":"https:\/\/centrosabia.org.br\/en\/audio\/solidariedade-e-as-mulheres-na-agroecologia-cantos-do-sabia\/","og_locale":"en_US","og_type":"article","og_title":"Solidariedade e as mulheres na Agroecologia | Cantos do Sabi\u00e1 - Centro de Desenvolvimento Agroecol\u00f3gico Sabi\u00e1","og_url":"https:\/\/centrosabia.org.br\/en\/audio\/solidariedade-e-as-mulheres-na-agroecologia-cantos-do-sabia\/","og_site_name":"Centro de Desenvolvimento Agroecol\u00f3gico Sabi\u00e1","article_modified_time":"2024-08-05T13:52:16+00:00","og_image":[{"width":300,"height":169,"url":"https:\/\/centrosabia.org.br\/wp-content\/uploads\/2024\/03\/SOLIDARIEDADEASMULHERES_wide-1-300x169.png","type":"image\/png"}],"twitter_card":"summary_large_image","twitter_misc":{"Est. reading time":"1 minute"},"schema":{"@context":"https:\/\/schema.org","@graph":[{"@type":"WebPage","@id":"https:\/\/centrosabia.org.br\/en\/audio\/solidariedade-e-as-mulheres-na-agroecologia-cantos-do-sabia\/","url":"https:\/\/centrosabia.org.br\/en\/audio\/solidariedade-e-as-mulheres-na-agroecologia-cantos-do-sabia\/","name":"Solidariedade e as mulheres na Agroecologia | Cantos do Sabi\u00e1 - Centro de Desenvolvimento Agroecol\u00f3gico Sabi\u00e1","isPartOf":{"@id":"https:\/\/centrosabia.org.br\/en\/#website"},"primaryImageOfPage":{"@id":"https:\/\/centrosabia.org.br\/en\/audio\/solidariedade-e-as-mulheres-na-agroecologia-cantos-do-sabia\/#primaryimage"},"image":{"@id":"https:\/\/centrosabia.org.br\/en\/audio\/solidariedade-e-as-mulheres-na-agroecologia-cantos-do-sabia\/#primaryimage"},"thumbnailUrl":"https:\/\/centrosabia.org.br\/wp-content\/uploads\/2024\/03\/SOLIDARIEDADEASMULHERES_wide-1.png","datePublished":"2024-03-11T03:00:00+00:00","dateModified":"2024-08-05T13:52:16+00:00","breadcrumb":{"@id":"https:\/\/centrosabia.org.br\/en\/audio\/solidariedade-e-as-mulheres-na-agroecologia-cantos-do-sabia\/#breadcrumb"},"inLanguage":"en-US","potentialAction":[{"@type":"ReadAction","target":["https:\/\/centrosabia.org.br\/en\/audio\/solidariedade-e-as-mulheres-na-agroecologia-cantos-do-sabia\/"]}]},{"@type":"ImageObject","inLanguage":"en-US","@id":"https:\/\/centrosabia.org.br\/en\/audio\/solidariedade-e-as-mulheres-na-agroecologia-cantos-do-sabia\/#primaryimage","url":"https:\/\/centrosabia.org.br\/wp-content\/uploads\/2024\/03\/SOLIDARIEDADEASMULHERES_wide-1.png","contentUrl":"https:\/\/centrosabia.org.br\/wp-content\/uploads\/2024\/03\/SOLIDARIEDADEASMULHERES_wide-1.png","width":512,"height":288},{"@type":"BreadcrumbList","@id":"https:\/\/centrosabia.org.br\/en\/audio\/solidariedade-e-as-mulheres-na-agroecologia-cantos-do-sabia\/#breadcrumb","itemListElement":[{"@type":"ListItem","position":1,"name":"In\u00edcio","item":"https:\/\/centrosabia.org.br\/en\/"},{"@type":"ListItem","position":2,"name":"\u00c1udios","item":"https:\/\/centrosabia.org.br\/en\/audio\/"},{"@type":"ListItem","position":3,"name":"Solidariedade e as mulheres na Agroecologia | Cantos do Sabi\u00e1"}]},{"@type":"WebSite","@id":"https:\/\/centrosabia.org.br\/en\/#website","url":"https:\/\/centrosabia.org.br\/en\/","name":"Centro de Desenvolvimento Agroecol\u00f3gico Sabi\u00e1","description":"","publisher":{"@id":"https:\/\/centrosabia.org.br\/en\/#organization"},"potentialAction":[{"@type":"SearchAction","target":{"@type":"EntryPoint","urlTemplate":"https:\/\/centrosabia.org.br\/en\/?s={search_term_string}"},"query-input":{"@type":"PropertyValueSpecification","valueRequired":true,"valueName":"search_term_string"}}],"inLanguage":"en-US"},{"@type":"Organization","@id":"https:\/\/centrosabia.org.br\/en\/#organization","name":"Centro de Desenvolvimento Agroecol\u00f3gico Sabi\u00e1","url":"https:\/\/centrosabia.org.br\/en\/","logo":{"@type":"ImageObject","inLanguage":"en-US","@id":"https:\/\/centrosabia.org.br\/en\/#\/schema\/logo\/image\/","url":"https:\/\/centrosabia.org.br\/wp-content\/uploads\/2021\/10\/logo.png","contentUrl":"https:\/\/centrosabia.org.br\/wp-content\/uploads\/2021\/10\/logo.png","width":174,"height":84,"caption":"Centro de Desenvolvimento Agroecol\u00f3gico Sabi\u00e1"},"image":{"@id":"https:\/\/centrosabia.org.br\/en\/#\/schema\/logo\/image\/"}}]}},"_links":{"self":[{"href":"https:\/\/centrosabia.org.br\/en\/wp-json\/wp\/v2\/audio\/16712","targetHints":{"allow":["GET"]}}],"collection":[{"href":"https:\/\/centrosabia.org.br\/en\/wp-json\/wp\/v2\/audio"}],"about":[{"href":"https:\/\/centrosabia.org.br\/en\/wp-json\/wp\/v2\/types\/audio"}],"wp:featuredmedia":[{"embeddable":true,"href":"https:\/\/centrosabia.org.br\/en\/wp-json\/wp\/v2\/media\/23330"}],"wp:attachment":[{"href":"https:\/\/centrosabia.org.br\/en\/wp-json\/wp\/v2\/media?parent=16712"}],"wp:term":[{"taxonomy":"tema","embeddable":true,"href":"https:\/\/centrosabia.org.br\/en\/wp-json\/wp\/v2\/tema?post=16712"},{"taxonomy":"decada","embeddable":true,"href":"https:\/\/centrosabia.org.br\/en\/wp-json\/wp\/v2\/decada?post=16712"},{"taxonomy":"curadoria","embeddable":true,"href":"https:\/\/centrosabia.org.br\/en\/wp-json\/wp\/v2\/curadoria?post=16712"}],"curies":[{"name":"wp","href":"https:\/\/api.w.org\/{rel}","templated":true}]}}

Solidariedade e as mulheres na Agroecologia | Cantos do Sabiá

<p>&#x1f3a7; O Cantos do Sabiá conversa sobre o Dia Internacional da Mulher, uma data que nos lembra que a luta das mulheres vai além de um dia de celebração, envolvendo organização, união e construção coletiva por igualdade e justiça. &#x1f4aa;&#x1f30d;<br />◈</p>
<p></p>
<p>&#x1f4e3;&#x1f33c;A voz das mulheres desafia normas sociais, como o patriarcado e o machismo. No campo, a agroecologia é uma ferramenta de resistência e autonomia, desafiando o agronegócio, monocultura e cavando o protagonismo! &#x1f331;<br />◈<br />&#x1f49c;&#x1f469;‍&#x1f33e; Maria Verônica de Santana, agricultora e educadora feminista, presidente do Centro Sabiá, conversa com a gente esta semana sobre a importância de lutar, fuxicar e construir caminhos, pelo espaço, liberdade, e justiça! ✊&#x1f5e3;️ </p>
<p></p>
<p>◈<br />&#x1f4f2; Ouça também no Youtube!<br />⁠⁠⁠⁠⁠https://bit.ly/CantosNoYoutube⁠⁠⁠⁠⁠ <br />&#x1f54a; Vem com a gente? <br />⁠⁠⁠⁠⁠https://bit.ly/voe-sabia⁠⁠⁠⁠⁠ <br />&#x1f4cc;Acompanhe o Centro Sabiá!<br />⁠⁠⁠⁠⁠⁠⁠https://biolinky.co/centrosabia⁠⁠⁠⁠⁠ </p>

<!-- This site is optimized with the Yoast SEO plugin v27.4 - https://yoast.com/product/yoast-seo-wordpress/ -->
<title>Solidariedade e as mulheres na Agroecologia | Cantos do Sabiá - Centro de Desenvolvimento Agroecológico Sabiá</title>
<meta name="robots" content="index, follow, max-snippet:-1, max-image-preview:large, max-video-preview:-1" />
<link rel="canonical" href="https://centrosabia.org.br/en/audio/solidariedade-e-as-mulheres-na-agroecologia-cantos-do-sabia/" />
<meta property="og:locale" content="en_US" />
<meta property="og:type" content="article" />
<meta property="og:title" content="Solidariedade e as mulheres na Agroecologia | Cantos do Sabiá - Centro de Desenvolvimento Agroecológico Sabiá" />
<meta property="og:url" content="https://centrosabia.org.br/en/audio/solidariedade-e-as-mulheres-na-agroecologia-cantos-do-sabia/" />
<meta property="og:site_name" content="Centro de Desenvolvimento Agroecológico Sabiá" />
<meta property="article:modified_time" content="2024-08-05T13:52:16+00:00" />
<meta property="og:image" content="https://centrosabia.org.br/wp-content/uploads/2024/03/SOLIDARIEDADEASMULHERES_wide-1-300x169.png" />
	<meta property="og:image:width" content="300" />
	<meta property="og:image:height" content="169" />
	<meta property="og:image:type" content="image/png" />
<meta name="twitter:card" content="summary_large_image" />
<meta name="twitter:label1" content="Est. reading time" />
	<meta name="twitter:data1" content="1 minute" />
<script type="application/ld+json" class="yoast-schema-graph">{"@context":"https:\/\/schema.org","@graph":[{"@type":"WebPage","@id":"https:\/\/centrosabia.org.br\/en\/audio\/solidariedade-e-as-mulheres-na-agroecologia-cantos-do-sabia\/","url":"https:\/\/centrosabia.org.br\/en\/audio\/solidariedade-e-as-mulheres-na-agroecologia-cantos-do-sabia\/","name":"Solidariedade e as mulheres na Agroecologia | Cantos do Sabiá - Centro de Desenvolvimento Agroecológico Sabiá","isPartOf":{"@id":"https:\/\/centrosabia.org.br\/en\/#website"},"primaryImageOfPage":{"@id":"https:\/\/centrosabia.org.br\/en\/audio\/solidariedade-e-as-mulheres-na-agroecologia-cantos-do-sabia\/#primaryimage"},"image":{"@id":"https:\/\/centrosabia.org.br\/en\/audio\/solidariedade-e-as-mulheres-na-agroecologia-cantos-do-sabia\/#primaryimage"},"thumbnailUrl":"https:\/\/centrosabia.org.br\/wp-content\/uploads\/2024\/03\/SOLIDARIEDADEASMULHERES_wide-1.png","datePublished":"2024-03-11T03:00:00+00:00","dateModified":"2024-08-05T13:52:16+00:00","breadcrumb":{"@id":"https:\/\/centrosabia.org.br\/en\/audio\/solidariedade-e-as-mulheres-na-agroecologia-cantos-do-sabia\/#breadcrumb"},"inLanguage":"en-US","potentialAction":[{"@type":"ReadAction","target":["https:\/\/centrosabia.org.br\/en\/audio\/solidariedade-e-as-mulheres-na-agroecologia-cantos-do-sabia\/"]}]},{"@type":"ImageObject","inLanguage":"en-US","@id":"https:\/\/centrosabia.org.br\/en\/audio\/solidariedade-e-as-mulheres-na-agroecologia-cantos-do-sabia\/#primaryimage","url":"https:\/\/centrosabia.org.br\/wp-content\/uploads\/2024\/03\/SOLIDARIEDADEASMULHERES_wide-1.png","contentUrl":"https:\/\/centrosabia.org.br\/wp-content\/uploads\/2024\/03\/SOLIDARIEDADEASMULHERES_wide-1.png","width":512,"height":288},{"@type":"BreadcrumbList","@id":"https:\/\/centrosabia.org.br\/en\/audio\/solidariedade-e-as-mulheres-na-agroecologia-cantos-do-sabia\/#breadcrumb","itemListElement":[{"@type":"ListItem","position":1,"name":"Início","item":"https:\/\/centrosabia.org.br\/en\/"},{"@type":"ListItem","position":2,"name":"Áudios","item":"https:\/\/centrosabia.org.br\/en\/audio\/"},{"@type":"ListItem","position":3,"name":"Solidariedade e as mulheres na Agroecologia | Cantos do Sabiá"}]},{"@type":"WebSite","@id":"https:\/\/centrosabia.org.br\/en\/#website","url":"https:\/\/centrosabia.org.br\/en\/","name":"Centro de Desenvolvimento Agroecológico Sabiá","description":"","publisher":{"@id":"https:\/\/centrosabia.org.br\/en\/#organization"},"potentialAction":[{"@type":"SearchAction","target":{"@type":"EntryPoint","urlTemplate":"https:\/\/centrosabia.org.br\/en\/?s={search_term_string}"},"query-input":{"@type":"PropertyValueSpecification","valueRequired":true,"valueName":"search_term_string"}}],"inLanguage":"en-US"},{"@type":"Organization","@id":"https:\/\/centrosabia.org.br\/en\/#organization","name":"Centro de Desenvolvimento Agroecológico Sabiá","url":"https:\/\/centrosabia.org.br\/en\/","logo":{"@type":"ImageObject","inLanguage":"en-US","@id":"https:\/\/centrosabia.org.br\/en\/#\/schema\/logo\/image\/","url":"https:\/\/centrosabia.org.br\/wp-content\/uploads\/2021\/10\/logo.png","contentUrl":"https:\/\/centrosabia.org.br\/wp-content\/uploads\/2021\/10\/logo.png","width":174,"height":84,"caption":"Centro de Desenvolvimento Agroecológico Sabiá"},"image":{"@id":"https:\/\/centrosabia.org.br\/en\/#\/schema\/logo\/image\/"}}]}</script>
<!-- / Yoast SEO plugin. -->

Solidariedade e as mulheres na Agroecologia | Cantos do Sabiá - Centro de Desenvolvimento Agroecológico Sabiá

Centro de Desenvolvimento Agroecológico Sabiá

Início

Áudios
