{"id":16804,"date":"2023-10-24T00:00:00","date_gmt":"2023-10-24T03:00:00","guid":{"rendered":"https:\/\/centrosabia.org.br\/audio\/voce-tem-fome-de-que-comida-de-verdade\/"},"modified":"2024-08-02T09:32:49","modified_gmt":"2024-08-02T12:32:49","slug":"voce-tem-fome-de-que-comida-de-verdade","status":"publish","type":"audio","link":"https:\/\/centrosabia.org.br\/en\/audio\/voce-tem-fome-de-que-comida-de-verdade\/","title":{"rendered":"Voc\u00ea tem fome de qu\u00ea? | Comida de Verdade"},"content":{"rendered":"<p><\/p>\n<p><\/p>\n<p>&#x1f4fb; O m\u00eas de outubro \u00e9 um m\u00eas completamente dedicado \u00e0 discuss\u00e3o da fome, da alimenta\u00e7\u00e3o e da comida de verdade! Outubro \u00e9 atravessado pelo dia 16, Dia Mundial da Alimenta\u00e7\u00e3o. &#x1f37d;\ufe0f<\/p>\n<p><\/p>\n<p>&#x1f914; Mas ser\u00e1 que \u00e9 uma data de celebra\u00e7\u00e3o? Este ano, primeiro ano do governo Lula, j\u00e1 vem com a importante miss\u00e3o de vencer a fome novamente &#8211; e de novamente &#8211; tirar o Brasil do Mapa da Fome &#8211; infeliz lugar onde voltou, gra\u00e7as aos desmontes de programas de combate \u00e0 fome, durante o governo anterior. &#x1f5fa;\ufe0f&#x1f374;<\/p>\n<p><\/p>\n<p>&#x1f957; E n\u00e3o \u00e9 uma miss\u00e3o f\u00e1cil; no Brasil, 33 milh\u00f5es convivem com a fome. S\u00e3o dados da Rede PENSSAN &#8211; Rede Brasileira de Pesquisa em Soberania e SAN. No mundo, 828 milh\u00f5es de pessoas s\u00e3o afetadas pela inseguran\u00e7a alimentar. \u00c9 por isso que o Comida de Verdade desta semana questiona: Voc\u00ea tem fome de qu\u00ea? &#x1f30e;<\/p>\n<p><\/p>\n<p>&#x1f399;\ufe0fPara conversar conosco, sobre esse assunto t\u00e3o atual, participa conosco hoje &#8211; est\u00e1 conosco o vereador do Recife pelo PSOL, Ivan Moraes! Ele \u00e9 comunicador popular, jornalista pai, escritor e defensor dos direitos humanos.<\/p>\n<p><\/p>\n<p>&#x1f4f2;\u00a0Ou\u00e7a tamb\u00e9m no Youtube!<\/p>\n<p><\/p>\n<p><a href=\"https:\/\/bit.ly\/CantosNoYoutube\" rel=\"nofollow\">https:\/\/bit.ly\/CantosNoYoutube<\/a>\u00a0<\/p>\n<p><\/p>\n<p>&#x1f54a; Vem com a gente?\u00a0<\/p>\n<p><\/p>\n<p><a href=\"https:\/\/bit.ly\/voe-sabia\" rel=\"nofollow\">https:\/\/bit.ly\/voe-sabia<\/a>\u00a0\u00a0<\/p>\n<p><\/p>\n<p>&#x1f4cc;Acompanhe o Centro Sabi\u00e1!<\/p>\n<p><\/p>\n<p>\u2060\u2060<a href=\"https:\/\/biolinky.co\/centrosabia\" rel=\"nofollow\">https:\/\/biolinky.co\/centrosabia<\/a><\/p>\n<p><\/p>\n<p><\/p>\n","protected":false},"featured_media":23021,"template":"","meta":{"_acf_changed":false,"ano":2023},"tema":[2509,2534,2546],"decada":[2502],"curadoria":[],"class_list":["post-16804","audio","type-audio","status-publish","has-post-thumbnail","hentry","tema-politica","tema-seguranca-alimentar","tema-soberania-alimentar","decada-2502"],"blocksy_meta":[],"acf":{"imagem_de_cobertura":""},"yoast_head":"<!-- This site is optimized with the Yoast SEO plugin v27.4 - https:\/\/yoast.com\/product\/yoast-seo-wordpress\/ -->\n<title>Voc\u00ea tem fome de qu\u00ea? | Comida de Verdade - Centro de Desenvolvimento Agroecol\u00f3gico Sabi\u00e1<\/title>\n<meta name=\"robots\" content=\"index, follow, max-snippet:-1, max-image-preview:large, max-video-preview:-1\" \/>\n<link rel=\"canonical\" href=\"https:\/\/centrosabia.org.br\/en\/audio\/voce-tem-fome-de-que-comida-de-verdade\/\" \/>\n<meta property=\"og:locale\" content=\"en_US\" \/>\n<meta property=\"og:type\" content=\"article\" \/>\n<meta property=\"og:title\" content=\"Voc\u00ea tem fome de qu\u00ea? | Comida de Verdade - Centro de Desenvolvimento Agroecol\u00f3gico Sabi\u00e1\" \/>\n<meta property=\"og:url\" content=\"https:\/\/centrosabia.org.br\/en\/audio\/voce-tem-fome-de-que-comida-de-verdade\/\" \/>\n<meta property=\"og:site_name\" content=\"Centro de Desenvolvimento Agroecol\u00f3gico Sabi\u00e1\" \/>\n<meta property=\"article:modified_time\" content=\"2024-08-02T12:32:49+00:00\" \/>\n<meta property=\"og:image\" content=\"https:\/\/centrosabia.org.br\/wp-content\/uploads\/2023\/10\/CDV_FOMEDEQUEWIDE-1-300x169.png\" \/>\n\t<meta property=\"og:image:width\" content=\"300\" \/>\n\t<meta property=\"og:image:height\" content=\"169\" \/>\n\t<meta property=\"og:image:type\" content=\"image\/png\" \/>\n<meta name=\"twitter:card\" content=\"summary_large_image\" \/>\n<meta name=\"twitter:label1\" content=\"Est. reading time\" \/>\n\t<meta name=\"twitter:data1\" content=\"2 minutes\" \/>\n<script type=\"application\/ld+json\" class=\"yoast-schema-graph\">{\"@context\":\"https:\\\/\\\/schema.org\",\"@graph\":[{\"@type\":\"WebPage\",\"@id\":\"https:\\\/\\\/centrosabia.org.br\\\/en\\\/audio\\\/voce-tem-fome-de-que-comida-de-verdade\\\/\",\"url\":\"https:\\\/\\\/centrosabia.org.br\\\/en\\\/audio\\\/voce-tem-fome-de-que-comida-de-verdade\\\/\",\"name\":\"Voc\u00ea tem fome de qu\u00ea? | Comida de Verdade - Centro de Desenvolvimento Agroecol\u00f3gico Sabi\u00e1\",\"isPartOf\":{\"@id\":\"https:\\\/\\\/centrosabia.org.br\\\/en\\\/#website\"},\"primaryImageOfPage\":{\"@id\":\"https:\\\/\\\/centrosabia.org.br\\\/en\\\/audio\\\/voce-tem-fome-de-que-comida-de-verdade\\\/#primaryimage\"},\"image\":{\"@id\":\"https:\\\/\\\/centrosabia.org.br\\\/en\\\/audio\\\/voce-tem-fome-de-que-comida-de-verdade\\\/#primaryimage\"},\"thumbnailUrl\":\"https:\\\/\\\/centrosabia.org.br\\\/wp-content\\\/uploads\\\/2023\\\/10\\\/CDV_FOMEDEQUEWIDE-1.png\",\"datePublished\":\"2023-10-24T03:00:00+00:00\",\"dateModified\":\"2024-08-02T12:32:49+00:00\",\"breadcrumb\":{\"@id\":\"https:\\\/\\\/centrosabia.org.br\\\/en\\\/audio\\\/voce-tem-fome-de-que-comida-de-verdade\\\/#breadcrumb\"},\"inLanguage\":\"en-US\",\"potentialAction\":[{\"@type\":\"ReadAction\",\"target\":[\"https:\\\/\\\/centrosabia.org.br\\\/en\\\/audio\\\/voce-tem-fome-de-que-comida-de-verdade\\\/\"]}]},{\"@type\":\"ImageObject\",\"inLanguage\":\"en-US\",\"@id\":\"https:\\\/\\\/centrosabia.org.br\\\/en\\\/audio\\\/voce-tem-fome-de-que-comida-de-verdade\\\/#primaryimage\",\"url\":\"https:\\\/\\\/centrosabia.org.br\\\/wp-content\\\/uploads\\\/2023\\\/10\\\/CDV_FOMEDEQUEWIDE-1.png\",\"contentUrl\":\"https:\\\/\\\/centrosabia.org.br\\\/wp-content\\\/uploads\\\/2023\\\/10\\\/CDV_FOMEDEQUEWIDE-1.png\",\"width\":512,\"height\":288},{\"@type\":\"BreadcrumbList\",\"@id\":\"https:\\\/\\\/centrosabia.org.br\\\/en\\\/audio\\\/voce-tem-fome-de-que-comida-de-verdade\\\/#breadcrumb\",\"itemListElement\":[{\"@type\":\"ListItem\",\"position\":1,\"name\":\"In\u00edcio\",\"item\":\"https:\\\/\\\/centrosabia.org.br\\\/en\\\/\"},{\"@type\":\"ListItem\",\"position\":2,\"name\":\"\u00c1udios\",\"item\":\"https:\\\/\\\/centrosabia.org.br\\\/en\\\/audio\\\/\"},{\"@type\":\"ListItem\",\"position\":3,\"name\":\"Voc\u00ea tem fome de qu\u00ea? | Comida de Verdade\"}]},{\"@type\":\"WebSite\",\"@id\":\"https:\\\/\\\/centrosabia.org.br\\\/en\\\/#website\",\"url\":\"https:\\\/\\\/centrosabia.org.br\\\/en\\\/\",\"name\":\"Centro de Desenvolvimento Agroecol\u00f3gico Sabi\u00e1\",\"description\":\"\",\"publisher\":{\"@id\":\"https:\\\/\\\/centrosabia.org.br\\\/en\\\/#organization\"},\"potentialAction\":[{\"@type\":\"SearchAction\",\"target\":{\"@type\":\"EntryPoint\",\"urlTemplate\":\"https:\\\/\\\/centrosabia.org.br\\\/en\\\/?s={search_term_string}\"},\"query-input\":{\"@type\":\"PropertyValueSpecification\",\"valueRequired\":true,\"valueName\":\"search_term_string\"}}],\"inLanguage\":\"en-US\"},{\"@type\":\"Organization\",\"@id\":\"https:\\\/\\\/centrosabia.org.br\\\/en\\\/#organization\",\"name\":\"Centro de Desenvolvimento Agroecol\u00f3gico Sabi\u00e1\",\"url\":\"https:\\\/\\\/centrosabia.org.br\\\/en\\\/\",\"logo\":{\"@type\":\"ImageObject\",\"inLanguage\":\"en-US\",\"@id\":\"https:\\\/\\\/centrosabia.org.br\\\/en\\\/#\\\/schema\\\/logo\\\/image\\\/\",\"url\":\"https:\\\/\\\/centrosabia.org.br\\\/wp-content\\\/uploads\\\/2021\\\/10\\\/logo.png\",\"contentUrl\":\"https:\\\/\\\/centrosabia.org.br\\\/wp-content\\\/uploads\\\/2021\\\/10\\\/logo.png\",\"width\":174,\"height\":84,\"caption\":\"Centro de Desenvolvimento Agroecol\u00f3gico Sabi\u00e1\"},\"image\":{\"@id\":\"https:\\\/\\\/centrosabia.org.br\\\/en\\\/#\\\/schema\\\/logo\\\/image\\\/\"}}]}<\/script>\n<!-- \/ Yoast SEO plugin. -->","yoast_head_json":{"title":"Voc\u00ea tem fome de qu\u00ea? | Comida de Verdade - Centro de Desenvolvimento Agroecol\u00f3gico Sabi\u00e1","robots":{"index":"index","follow":"follow","max-snippet":"max-snippet:-1","max-image-preview":"max-image-preview:large","max-video-preview":"max-video-preview:-1"},"canonical":"https:\/\/centrosabia.org.br\/en\/audio\/voce-tem-fome-de-que-comida-de-verdade\/","og_locale":"en_US","og_type":"article","og_title":"Voc\u00ea tem fome de qu\u00ea? | Comida de Verdade - Centro de Desenvolvimento Agroecol\u00f3gico Sabi\u00e1","og_url":"https:\/\/centrosabia.org.br\/en\/audio\/voce-tem-fome-de-que-comida-de-verdade\/","og_site_name":"Centro de Desenvolvimento Agroecol\u00f3gico Sabi\u00e1","article_modified_time":"2024-08-02T12:32:49+00:00","og_image":[{"width":300,"height":169,"url":"https:\/\/centrosabia.org.br\/wp-content\/uploads\/2023\/10\/CDV_FOMEDEQUEWIDE-1-300x169.png","type":"image\/png"}],"twitter_card":"summary_large_image","twitter_misc":{"Est. reading time":"2 minutes"},"schema":{"@context":"https:\/\/schema.org","@graph":[{"@type":"WebPage","@id":"https:\/\/centrosabia.org.br\/en\/audio\/voce-tem-fome-de-que-comida-de-verdade\/","url":"https:\/\/centrosabia.org.br\/en\/audio\/voce-tem-fome-de-que-comida-de-verdade\/","name":"Voc\u00ea tem fome de qu\u00ea? | Comida de Verdade - Centro de Desenvolvimento Agroecol\u00f3gico Sabi\u00e1","isPartOf":{"@id":"https:\/\/centrosabia.org.br\/en\/#website"},"primaryImageOfPage":{"@id":"https:\/\/centrosabia.org.br\/en\/audio\/voce-tem-fome-de-que-comida-de-verdade\/#primaryimage"},"image":{"@id":"https:\/\/centrosabia.org.br\/en\/audio\/voce-tem-fome-de-que-comida-de-verdade\/#primaryimage"},"thumbnailUrl":"https:\/\/centrosabia.org.br\/wp-content\/uploads\/2023\/10\/CDV_FOMEDEQUEWIDE-1.png","datePublished":"2023-10-24T03:00:00+00:00","dateModified":"2024-08-02T12:32:49+00:00","breadcrumb":{"@id":"https:\/\/centrosabia.org.br\/en\/audio\/voce-tem-fome-de-que-comida-de-verdade\/#breadcrumb"},"inLanguage":"en-US","potentialAction":[{"@type":"ReadAction","target":["https:\/\/centrosabia.org.br\/en\/audio\/voce-tem-fome-de-que-comida-de-verdade\/"]}]},{"@type":"ImageObject","inLanguage":"en-US","@id":"https:\/\/centrosabia.org.br\/en\/audio\/voce-tem-fome-de-que-comida-de-verdade\/#primaryimage","url":"https:\/\/centrosabia.org.br\/wp-content\/uploads\/2023\/10\/CDV_FOMEDEQUEWIDE-1.png","contentUrl":"https:\/\/centrosabia.org.br\/wp-content\/uploads\/2023\/10\/CDV_FOMEDEQUEWIDE-1.png","width":512,"height":288},{"@type":"BreadcrumbList","@id":"https:\/\/centrosabia.org.br\/en\/audio\/voce-tem-fome-de-que-comida-de-verdade\/#breadcrumb","itemListElement":[{"@type":"ListItem","position":1,"name":"In\u00edcio","item":"https:\/\/centrosabia.org.br\/en\/"},{"@type":"ListItem","position":2,"name":"\u00c1udios","item":"https:\/\/centrosabia.org.br\/en\/audio\/"},{"@type":"ListItem","position":3,"name":"Voc\u00ea tem fome de qu\u00ea? | Comida de Verdade"}]},{"@type":"WebSite","@id":"https:\/\/centrosabia.org.br\/en\/#website","url":"https:\/\/centrosabia.org.br\/en\/","name":"Centro de Desenvolvimento Agroecol\u00f3gico Sabi\u00e1","description":"","publisher":{"@id":"https:\/\/centrosabia.org.br\/en\/#organization"},"potentialAction":[{"@type":"SearchAction","target":{"@type":"EntryPoint","urlTemplate":"https:\/\/centrosabia.org.br\/en\/?s={search_term_string}"},"query-input":{"@type":"PropertyValueSpecification","valueRequired":true,"valueName":"search_term_string"}}],"inLanguage":"en-US"},{"@type":"Organization","@id":"https:\/\/centrosabia.org.br\/en\/#organization","name":"Centro de Desenvolvimento Agroecol\u00f3gico Sabi\u00e1","url":"https:\/\/centrosabia.org.br\/en\/","logo":{"@type":"ImageObject","inLanguage":"en-US","@id":"https:\/\/centrosabia.org.br\/en\/#\/schema\/logo\/image\/","url":"https:\/\/centrosabia.org.br\/wp-content\/uploads\/2021\/10\/logo.png","contentUrl":"https:\/\/centrosabia.org.br\/wp-content\/uploads\/2021\/10\/logo.png","width":174,"height":84,"caption":"Centro de Desenvolvimento Agroecol\u00f3gico Sabi\u00e1"},"image":{"@id":"https:\/\/centrosabia.org.br\/en\/#\/schema\/logo\/image\/"}}]}},"_links":{"self":[{"href":"https:\/\/centrosabia.org.br\/en\/wp-json\/wp\/v2\/audio\/16804","targetHints":{"allow":["GET"]}}],"collection":[{"href":"https:\/\/centrosabia.org.br\/en\/wp-json\/wp\/v2\/audio"}],"about":[{"href":"https:\/\/centrosabia.org.br\/en\/wp-json\/wp\/v2\/types\/audio"}],"wp:featuredmedia":[{"embeddable":true,"href":"https:\/\/centrosabia.org.br\/en\/wp-json\/wp\/v2\/media\/23021"}],"wp:attachment":[{"href":"https:\/\/centrosabia.org.br\/en\/wp-json\/wp\/v2\/media?parent=16804"}],"wp:term":[{"taxonomy":"tema","embeddable":true,"href":"https:\/\/centrosabia.org.br\/en\/wp-json\/wp\/v2\/tema?post=16804"},{"taxonomy":"decada","embeddable":true,"href":"https:\/\/centrosabia.org.br\/en\/wp-json\/wp\/v2\/decada?post=16804"},{"taxonomy":"curadoria","embeddable":true,"href":"https:\/\/centrosabia.org.br\/en\/wp-json\/wp\/v2\/curadoria?post=16804"}],"curies":[{"name":"wp","href":"https:\/\/api.w.org\/{rel}","templated":true}]}}

Você tem fome de quê? | Comida de Verdade

<p></p>
<p></p>
<p>&#x1f4fb; O mês de outubro é um mês completamente dedicado à discussão da fome, da alimentação e da comida de verdade! Outubro é atravessado pelo dia 16, Dia Mundial da Alimentação. &#x1f37d;️</p>
<p></p>
<p>&#x1f914; Mas será que é uma data de celebração? Este ano, primeiro ano do governo Lula, já vem com a importante missão de vencer a fome novamente &#8211; e de novamente &#8211; tirar o Brasil do Mapa da Fome &#8211; infeliz lugar onde voltou, graças aos desmontes de programas de combate à fome, durante o governo anterior. &#x1f5fa;️&#x1f374;</p>
<p></p>
<p>&#x1f957; E não é uma missão fácil; no Brasil, 33 milhões convivem com a fome. São dados da Rede PENSSAN &#8211; Rede Brasileira de Pesquisa em Soberania e SAN. No mundo, 828 milhões de pessoas são afetadas pela insegurança alimentar. É por isso que o Comida de Verdade desta semana questiona: Você tem fome de quê? &#x1f30e;</p>
<p></p>
<p>&#x1f399;️Para conversar conosco, sobre esse assunto tão atual, participa conosco hoje &#8211; está conosco o vereador do Recife pelo PSOL, Ivan Moraes! Ele é comunicador popular, jornalista pai, escritor e defensor dos direitos humanos.</p>
<p></p>
<p>&#x1f4f2; Ouça também no Youtube!</p>
<p></p>
<p><a href="https://bit.ly/CantosNoYoutube" rel="nofollow">https://bit.ly/CantosNoYoutube</a> </p>
<p></p>
<p>&#x1f54a; Vem com a gente? </p>
<p></p>
<p><a href="https://bit.ly/voe-sabia" rel="nofollow">https://bit.ly/voe-sabia</a>  </p>
<p></p>
<p>&#x1f4cc;Acompanhe o Centro Sabiá!</p>
<p></p>
<p>⁠⁠<a href="https://biolinky.co/centrosabia" rel="nofollow">https://biolinky.co/centrosabia</a></p>
<p></p>
<p></p>

<!-- This site is optimized with the Yoast SEO plugin v27.4 - https://yoast.com/product/yoast-seo-wordpress/ -->
<title>Você tem fome de quê? | Comida de Verdade - Centro de Desenvolvimento Agroecológico Sabiá</title>
<meta name="robots" content="index, follow, max-snippet:-1, max-image-preview:large, max-video-preview:-1" />
<link rel="canonical" href="https://centrosabia.org.br/en/audio/voce-tem-fome-de-que-comida-de-verdade/" />
<meta property="og:locale" content="en_US" />
<meta property="og:type" content="article" />
<meta property="og:title" content="Você tem fome de quê? | Comida de Verdade - Centro de Desenvolvimento Agroecológico Sabiá" />
<meta property="og:url" content="https://centrosabia.org.br/en/audio/voce-tem-fome-de-que-comida-de-verdade/" />
<meta property="og:site_name" content="Centro de Desenvolvimento Agroecológico Sabiá" />
<meta property="article:modified_time" content="2024-08-02T12:32:49+00:00" />
<meta property="og:image" content="https://centrosabia.org.br/wp-content/uploads/2023/10/CDV_FOMEDEQUEWIDE-1-300x169.png" />
	<meta property="og:image:width" content="300" />
	<meta property="og:image:height" content="169" />
	<meta property="og:image:type" content="image/png" />
<meta name="twitter:card" content="summary_large_image" />
<meta name="twitter:label1" content="Est. reading time" />
	<meta name="twitter:data1" content="2 minutes" />
<script type="application/ld+json" class="yoast-schema-graph">{"@context":"https:\/\/schema.org","@graph":[{"@type":"WebPage","@id":"https:\/\/centrosabia.org.br\/en\/audio\/voce-tem-fome-de-que-comida-de-verdade\/","url":"https:\/\/centrosabia.org.br\/en\/audio\/voce-tem-fome-de-que-comida-de-verdade\/","name":"Você tem fome de quê? | Comida de Verdade - Centro de Desenvolvimento Agroecológico Sabiá","isPartOf":{"@id":"https:\/\/centrosabia.org.br\/en\/#website"},"primaryImageOfPage":{"@id":"https:\/\/centrosabia.org.br\/en\/audio\/voce-tem-fome-de-que-comida-de-verdade\/#primaryimage"},"image":{"@id":"https:\/\/centrosabia.org.br\/en\/audio\/voce-tem-fome-de-que-comida-de-verdade\/#primaryimage"},"thumbnailUrl":"https:\/\/centrosabia.org.br\/wp-content\/uploads\/2023\/10\/CDV_FOMEDEQUEWIDE-1.png","datePublished":"2023-10-24T03:00:00+00:00","dateModified":"2024-08-02T12:32:49+00:00","breadcrumb":{"@id":"https:\/\/centrosabia.org.br\/en\/audio\/voce-tem-fome-de-que-comida-de-verdade\/#breadcrumb"},"inLanguage":"en-US","potentialAction":[{"@type":"ReadAction","target":["https:\/\/centrosabia.org.br\/en\/audio\/voce-tem-fome-de-que-comida-de-verdade\/"]}]},{"@type":"ImageObject","inLanguage":"en-US","@id":"https:\/\/centrosabia.org.br\/en\/audio\/voce-tem-fome-de-que-comida-de-verdade\/#primaryimage","url":"https:\/\/centrosabia.org.br\/wp-content\/uploads\/2023\/10\/CDV_FOMEDEQUEWIDE-1.png","contentUrl":"https:\/\/centrosabia.org.br\/wp-content\/uploads\/2023\/10\/CDV_FOMEDEQUEWIDE-1.png","width":512,"height":288},{"@type":"BreadcrumbList","@id":"https:\/\/centrosabia.org.br\/en\/audio\/voce-tem-fome-de-que-comida-de-verdade\/#breadcrumb","itemListElement":[{"@type":"ListItem","position":1,"name":"Início","item":"https:\/\/centrosabia.org.br\/en\/"},{"@type":"ListItem","position":2,"name":"Áudios","item":"https:\/\/centrosabia.org.br\/en\/audio\/"},{"@type":"ListItem","position":3,"name":"Você tem fome de quê? | Comida de Verdade"}]},{"@type":"WebSite","@id":"https:\/\/centrosabia.org.br\/en\/#website","url":"https:\/\/centrosabia.org.br\/en\/","name":"Centro de Desenvolvimento Agroecológico Sabiá","description":"","publisher":{"@id":"https:\/\/centrosabia.org.br\/en\/#organization"},"potentialAction":[{"@type":"SearchAction","target":{"@type":"EntryPoint","urlTemplate":"https:\/\/centrosabia.org.br\/en\/?s={search_term_string}"},"query-input":{"@type":"PropertyValueSpecification","valueRequired":true,"valueName":"search_term_string"}}],"inLanguage":"en-US"},{"@type":"Organization","@id":"https:\/\/centrosabia.org.br\/en\/#organization","name":"Centro de Desenvolvimento Agroecológico Sabiá","url":"https:\/\/centrosabia.org.br\/en\/","logo":{"@type":"ImageObject","inLanguage":"en-US","@id":"https:\/\/centrosabia.org.br\/en\/#\/schema\/logo\/image\/","url":"https:\/\/centrosabia.org.br\/wp-content\/uploads\/2021\/10\/logo.png","contentUrl":"https:\/\/centrosabia.org.br\/wp-content\/uploads\/2021\/10\/logo.png","width":174,"height":84,"caption":"Centro de Desenvolvimento Agroecológico Sabiá"},"image":{"@id":"https:\/\/centrosabia.org.br\/en\/#\/schema\/logo\/image\/"}}]}</script>
<!-- / Yoast SEO plugin. -->

Você tem fome de quê? | Comida de Verdade - Centro de Desenvolvimento Agroecológico Sabiá

Centro de Desenvolvimento Agroecológico Sabiá

Início

Áudios
