{"id":16852,"date":"2023-09-12T00:00:00","date_gmt":"2023-09-12T03:00:00","guid":{"rendered":"https:\/\/centrosabia.org.br\/audio\/tem-veneno-no-pacote-comida-de-verdade\/"},"modified":"2024-08-03T14:38:12","modified_gmt":"2024-08-03T17:38:12","slug":"tem-veneno-no-pacote-comida-de-verdade","status":"publish","type":"audio","link":"https:\/\/centrosabia.org.br\/en\/audio\/tem-veneno-no-pacote-comida-de-verdade\/","title":{"rendered":"Tem veneno no pacote? | Comida de Verdade"},"content":{"rendered":"<p>&#x1f3a7; Hoje o Comida de Verdade, nosso programa semanal para falar alimenta\u00e7\u00e3o, agricultura urbana e agroecologia, vem falar dos tantos produtos que chegam \u00e0s nossas mesas todos os dias, e que sem muita gente saber, est\u00e3o carregados de venenos, de agrot\u00f3xicos e tantos compostos qu\u00edmicos. &#x1f957;\u274c<\/p>\n<p><\/p>\n<p>\u2620 Entre glufosinato, glifosato e outros agrot\u00f3xicos, muitos alimentos ultraprocessados acabam chegando em nossas mesas e realmente envenenando a nossa alimenta\u00e7\u00e3o.\u00a0\u2697<\/p>\n<p><\/p>\n<p>&#x1f4ca; \u00c9 por isso que o IDEC &#8211; Instituto Brasileiro de Defesa do Consumidor, desenvolveu uma pesquisa, na tentativa de trazer mais informa\u00e7\u00e3o, mais luz para o debate:\u00a0 \u201cTem veneno nesse pacote.\u201d Os consumidores n\u00e3o sabem que os produtos ultraprocessados tamb\u00e9m podem estar contaminados com agrot\u00f3xicos. A pesquisa reuniu v\u00e1rios produtos para analisar! E \u00e9 desses resultados, dessa pesquisa &#8211; tem veneno nesse pacote &#8211; que vamos discutir hoje. &#x1f4cb;&#x1f331;<\/p>\n<p><\/p>\n<p>&#x1f3a4; Para conversar com a gente, est\u00e1 aqui hoje o pesquisador Rafael Rioja! Ele \u00e9 coordenador do programa de consumo sustent\u00e1vel no Idec. Nutricionista, mestrando em nutri\u00e7\u00e3o em sa\u00fade p\u00fablica na USP). \u00c9 membro n\u00facleo de pesquisas epidemiol\u00f3gicas em nutri\u00e7\u00e3o em sa\u00fade, e tamb\u00e9m membro da alian\u00e7a pela alimenta\u00e7\u00e3o adequada e saud\u00e1vel e do Movimento Slow Food Brasil.\u00a0&#x1f468;&#x1f3fd;\u200d&#x1f52c;<\/p>\n<p><\/p>\n<p><\/p>\n<p><\/p>\n<p><\/p>\n<p><\/p>\n<p>&#x1f4f2;\u00a0Ou\u00e7a tamb\u00e9m no Youtube!<\/p>\n<p><\/p>\n<p><a href=\"https:\/\/bit.ly\/CantosNoYoutube\" rel=\"nofollow\">https:\/\/bit.ly\/CantosNoYoutube<\/a>\u00a0<\/p>\n<p><\/p>\n<p>&#x1f54a; Vem com a gente?\u00a0<\/p>\n<p><\/p>\n<p><a href=\"https:\/\/bit.ly\/voe-sabia\" rel=\"nofollow\">https:\/\/bit.ly\/voe-sabia<\/a>\u00a0\u00a0<\/p>\n<p><\/p>\n<p>&#x1f4cc;Acompanhe o Centro Sabi\u00e1!<\/p>\n<p><\/p>\n<p>\u2060\u2060<a href=\"https:\/\/biolinky.co\/centrosabia\" rel=\"nofollow\">https:\/\/biolinky.co\/centrosabia<\/a><\/p>\n","protected":false},"featured_media":23122,"template":"","meta":{"_acf_changed":false,"ano":2023},"tema":[2519,2527,2532],"decada":[2502],"curadoria":[],"class_list":["post-16852","audio","type-audio","status-publish","has-post-thumbnail","hentry","tema-agroecologia","tema-agrotoxicos","tema-transgenicos","decada-2502"],"blocksy_meta":[],"acf":{"imagem_de_cobertura":""},"yoast_head":"<!-- This site is optimized with the Yoast SEO plugin v27.4 - https:\/\/yoast.com\/product\/yoast-seo-wordpress\/ -->\n<title>Tem veneno no pacote? | Comida de Verdade - Centro de Desenvolvimento Agroecol\u00f3gico Sabi\u00e1<\/title>\n<meta name=\"robots\" content=\"index, follow, max-snippet:-1, max-image-preview:large, max-video-preview:-1\" \/>\n<link rel=\"canonical\" href=\"https:\/\/centrosabia.org.br\/en\/audio\/tem-veneno-no-pacote-comida-de-verdade\/\" \/>\n<meta property=\"og:locale\" content=\"en_US\" \/>\n<meta property=\"og:type\" content=\"article\" \/>\n<meta property=\"og:title\" content=\"Tem veneno no pacote? | Comida de Verdade - Centro de Desenvolvimento Agroecol\u00f3gico Sabi\u00e1\" \/>\n<meta property=\"og:url\" content=\"https:\/\/centrosabia.org.br\/en\/audio\/tem-veneno-no-pacote-comida-de-verdade\/\" \/>\n<meta property=\"og:site_name\" content=\"Centro de Desenvolvimento Agroecol\u00f3gico Sabi\u00e1\" \/>\n<meta property=\"article:modified_time\" content=\"2024-08-03T17:38:12+00:00\" \/>\n<meta property=\"og:image\" content=\"https:\/\/centrosabia.org.br\/wp-content\/uploads\/2023\/09\/CDV_VENENO_WIDE-1-300x169.png\" \/>\n\t<meta property=\"og:image:width\" content=\"300\" \/>\n\t<meta property=\"og:image:height\" content=\"169\" \/>\n\t<meta property=\"og:image:type\" content=\"image\/png\" \/>\n<meta name=\"twitter:card\" content=\"summary_large_image\" \/>\n<meta name=\"twitter:label1\" content=\"Est. reading time\" \/>\n\t<meta name=\"twitter:data1\" content=\"2 minutes\" \/>\n<script type=\"application\/ld+json\" class=\"yoast-schema-graph\">{\"@context\":\"https:\\\/\\\/schema.org\",\"@graph\":[{\"@type\":\"WebPage\",\"@id\":\"https:\\\/\\\/centrosabia.org.br\\\/en\\\/audio\\\/tem-veneno-no-pacote-comida-de-verdade\\\/\",\"url\":\"https:\\\/\\\/centrosabia.org.br\\\/en\\\/audio\\\/tem-veneno-no-pacote-comida-de-verdade\\\/\",\"name\":\"Tem veneno no pacote? | Comida de Verdade - Centro de Desenvolvimento Agroecol\u00f3gico Sabi\u00e1\",\"isPartOf\":{\"@id\":\"https:\\\/\\\/centrosabia.org.br\\\/en\\\/#website\"},\"primaryImageOfPage\":{\"@id\":\"https:\\\/\\\/centrosabia.org.br\\\/en\\\/audio\\\/tem-veneno-no-pacote-comida-de-verdade\\\/#primaryimage\"},\"image\":{\"@id\":\"https:\\\/\\\/centrosabia.org.br\\\/en\\\/audio\\\/tem-veneno-no-pacote-comida-de-verdade\\\/#primaryimage\"},\"thumbnailUrl\":\"https:\\\/\\\/centrosabia.org.br\\\/wp-content\\\/uploads\\\/2023\\\/09\\\/CDV_VENENO_WIDE-1.png\",\"datePublished\":\"2023-09-12T03:00:00+00:00\",\"dateModified\":\"2024-08-03T17:38:12+00:00\",\"breadcrumb\":{\"@id\":\"https:\\\/\\\/centrosabia.org.br\\\/en\\\/audio\\\/tem-veneno-no-pacote-comida-de-verdade\\\/#breadcrumb\"},\"inLanguage\":\"en-US\",\"potentialAction\":[{\"@type\":\"ReadAction\",\"target\":[\"https:\\\/\\\/centrosabia.org.br\\\/en\\\/audio\\\/tem-veneno-no-pacote-comida-de-verdade\\\/\"]}]},{\"@type\":\"ImageObject\",\"inLanguage\":\"en-US\",\"@id\":\"https:\\\/\\\/centrosabia.org.br\\\/en\\\/audio\\\/tem-veneno-no-pacote-comida-de-verdade\\\/#primaryimage\",\"url\":\"https:\\\/\\\/centrosabia.org.br\\\/wp-content\\\/uploads\\\/2023\\\/09\\\/CDV_VENENO_WIDE-1.png\",\"contentUrl\":\"https:\\\/\\\/centrosabia.org.br\\\/wp-content\\\/uploads\\\/2023\\\/09\\\/CDV_VENENO_WIDE-1.png\",\"width\":512,\"height\":288},{\"@type\":\"BreadcrumbList\",\"@id\":\"https:\\\/\\\/centrosabia.org.br\\\/en\\\/audio\\\/tem-veneno-no-pacote-comida-de-verdade\\\/#breadcrumb\",\"itemListElement\":[{\"@type\":\"ListItem\",\"position\":1,\"name\":\"In\u00edcio\",\"item\":\"https:\\\/\\\/centrosabia.org.br\\\/en\\\/\"},{\"@type\":\"ListItem\",\"position\":2,\"name\":\"\u00c1udios\",\"item\":\"https:\\\/\\\/centrosabia.org.br\\\/en\\\/audio\\\/\"},{\"@type\":\"ListItem\",\"position\":3,\"name\":\"Tem veneno no pacote? | Comida de Verdade\"}]},{\"@type\":\"WebSite\",\"@id\":\"https:\\\/\\\/centrosabia.org.br\\\/en\\\/#website\",\"url\":\"https:\\\/\\\/centrosabia.org.br\\\/en\\\/\",\"name\":\"Centro de Desenvolvimento Agroecol\u00f3gico Sabi\u00e1\",\"description\":\"\",\"publisher\":{\"@id\":\"https:\\\/\\\/centrosabia.org.br\\\/en\\\/#organization\"},\"potentialAction\":[{\"@type\":\"SearchAction\",\"target\":{\"@type\":\"EntryPoint\",\"urlTemplate\":\"https:\\\/\\\/centrosabia.org.br\\\/en\\\/?s={search_term_string}\"},\"query-input\":{\"@type\":\"PropertyValueSpecification\",\"valueRequired\":true,\"valueName\":\"search_term_string\"}}],\"inLanguage\":\"en-US\"},{\"@type\":\"Organization\",\"@id\":\"https:\\\/\\\/centrosabia.org.br\\\/en\\\/#organization\",\"name\":\"Centro de Desenvolvimento Agroecol\u00f3gico Sabi\u00e1\",\"url\":\"https:\\\/\\\/centrosabia.org.br\\\/en\\\/\",\"logo\":{\"@type\":\"ImageObject\",\"inLanguage\":\"en-US\",\"@id\":\"https:\\\/\\\/centrosabia.org.br\\\/en\\\/#\\\/schema\\\/logo\\\/image\\\/\",\"url\":\"https:\\\/\\\/centrosabia.org.br\\\/wp-content\\\/uploads\\\/2021\\\/10\\\/logo.png\",\"contentUrl\":\"https:\\\/\\\/centrosabia.org.br\\\/wp-content\\\/uploads\\\/2021\\\/10\\\/logo.png\",\"width\":174,\"height\":84,\"caption\":\"Centro de Desenvolvimento Agroecol\u00f3gico Sabi\u00e1\"},\"image\":{\"@id\":\"https:\\\/\\\/centrosabia.org.br\\\/en\\\/#\\\/schema\\\/logo\\\/image\\\/\"}}]}<\/script>\n<!-- \/ Yoast SEO plugin. -->","yoast_head_json":{"title":"Tem veneno no pacote? | Comida de Verdade - Centro de Desenvolvimento Agroecol\u00f3gico Sabi\u00e1","robots":{"index":"index","follow":"follow","max-snippet":"max-snippet:-1","max-image-preview":"max-image-preview:large","max-video-preview":"max-video-preview:-1"},"canonical":"https:\/\/centrosabia.org.br\/en\/audio\/tem-veneno-no-pacote-comida-de-verdade\/","og_locale":"en_US","og_type":"article","og_title":"Tem veneno no pacote? | Comida de Verdade - Centro de Desenvolvimento Agroecol\u00f3gico Sabi\u00e1","og_url":"https:\/\/centrosabia.org.br\/en\/audio\/tem-veneno-no-pacote-comida-de-verdade\/","og_site_name":"Centro de Desenvolvimento Agroecol\u00f3gico Sabi\u00e1","article_modified_time":"2024-08-03T17:38:12+00:00","og_image":[{"width":300,"height":169,"url":"https:\/\/centrosabia.org.br\/wp-content\/uploads\/2023\/09\/CDV_VENENO_WIDE-1-300x169.png","type":"image\/png"}],"twitter_card":"summary_large_image","twitter_misc":{"Est. reading time":"2 minutes"},"schema":{"@context":"https:\/\/schema.org","@graph":[{"@type":"WebPage","@id":"https:\/\/centrosabia.org.br\/en\/audio\/tem-veneno-no-pacote-comida-de-verdade\/","url":"https:\/\/centrosabia.org.br\/en\/audio\/tem-veneno-no-pacote-comida-de-verdade\/","name":"Tem veneno no pacote? | Comida de Verdade - Centro de Desenvolvimento Agroecol\u00f3gico Sabi\u00e1","isPartOf":{"@id":"https:\/\/centrosabia.org.br\/en\/#website"},"primaryImageOfPage":{"@id":"https:\/\/centrosabia.org.br\/en\/audio\/tem-veneno-no-pacote-comida-de-verdade\/#primaryimage"},"image":{"@id":"https:\/\/centrosabia.org.br\/en\/audio\/tem-veneno-no-pacote-comida-de-verdade\/#primaryimage"},"thumbnailUrl":"https:\/\/centrosabia.org.br\/wp-content\/uploads\/2023\/09\/CDV_VENENO_WIDE-1.png","datePublished":"2023-09-12T03:00:00+00:00","dateModified":"2024-08-03T17:38:12+00:00","breadcrumb":{"@id":"https:\/\/centrosabia.org.br\/en\/audio\/tem-veneno-no-pacote-comida-de-verdade\/#breadcrumb"},"inLanguage":"en-US","potentialAction":[{"@type":"ReadAction","target":["https:\/\/centrosabia.org.br\/en\/audio\/tem-veneno-no-pacote-comida-de-verdade\/"]}]},{"@type":"ImageObject","inLanguage":"en-US","@id":"https:\/\/centrosabia.org.br\/en\/audio\/tem-veneno-no-pacote-comida-de-verdade\/#primaryimage","url":"https:\/\/centrosabia.org.br\/wp-content\/uploads\/2023\/09\/CDV_VENENO_WIDE-1.png","contentUrl":"https:\/\/centrosabia.org.br\/wp-content\/uploads\/2023\/09\/CDV_VENENO_WIDE-1.png","width":512,"height":288},{"@type":"BreadcrumbList","@id":"https:\/\/centrosabia.org.br\/en\/audio\/tem-veneno-no-pacote-comida-de-verdade\/#breadcrumb","itemListElement":[{"@type":"ListItem","position":1,"name":"In\u00edcio","item":"https:\/\/centrosabia.org.br\/en\/"},{"@type":"ListItem","position":2,"name":"\u00c1udios","item":"https:\/\/centrosabia.org.br\/en\/audio\/"},{"@type":"ListItem","position":3,"name":"Tem veneno no pacote? | Comida de Verdade"}]},{"@type":"WebSite","@id":"https:\/\/centrosabia.org.br\/en\/#website","url":"https:\/\/centrosabia.org.br\/en\/","name":"Centro de Desenvolvimento Agroecol\u00f3gico Sabi\u00e1","description":"","publisher":{"@id":"https:\/\/centrosabia.org.br\/en\/#organization"},"potentialAction":[{"@type":"SearchAction","target":{"@type":"EntryPoint","urlTemplate":"https:\/\/centrosabia.org.br\/en\/?s={search_term_string}"},"query-input":{"@type":"PropertyValueSpecification","valueRequired":true,"valueName":"search_term_string"}}],"inLanguage":"en-US"},{"@type":"Organization","@id":"https:\/\/centrosabia.org.br\/en\/#organization","name":"Centro de Desenvolvimento Agroecol\u00f3gico Sabi\u00e1","url":"https:\/\/centrosabia.org.br\/en\/","logo":{"@type":"ImageObject","inLanguage":"en-US","@id":"https:\/\/centrosabia.org.br\/en\/#\/schema\/logo\/image\/","url":"https:\/\/centrosabia.org.br\/wp-content\/uploads\/2021\/10\/logo.png","contentUrl":"https:\/\/centrosabia.org.br\/wp-content\/uploads\/2021\/10\/logo.png","width":174,"height":84,"caption":"Centro de Desenvolvimento Agroecol\u00f3gico Sabi\u00e1"},"image":{"@id":"https:\/\/centrosabia.org.br\/en\/#\/schema\/logo\/image\/"}}]}},"_links":{"self":[{"href":"https:\/\/centrosabia.org.br\/en\/wp-json\/wp\/v2\/audio\/16852","targetHints":{"allow":["GET"]}}],"collection":[{"href":"https:\/\/centrosabia.org.br\/en\/wp-json\/wp\/v2\/audio"}],"about":[{"href":"https:\/\/centrosabia.org.br\/en\/wp-json\/wp\/v2\/types\/audio"}],"wp:featuredmedia":[{"embeddable":true,"href":"https:\/\/centrosabia.org.br\/en\/wp-json\/wp\/v2\/media\/23122"}],"wp:attachment":[{"href":"https:\/\/centrosabia.org.br\/en\/wp-json\/wp\/v2\/media?parent=16852"}],"wp:term":[{"taxonomy":"tema","embeddable":true,"href":"https:\/\/centrosabia.org.br\/en\/wp-json\/wp\/v2\/tema?post=16852"},{"taxonomy":"decada","embeddable":true,"href":"https:\/\/centrosabia.org.br\/en\/wp-json\/wp\/v2\/decada?post=16852"},{"taxonomy":"curadoria","embeddable":true,"href":"https:\/\/centrosabia.org.br\/en\/wp-json\/wp\/v2\/curadoria?post=16852"}],"curies":[{"name":"wp","href":"https:\/\/api.w.org\/{rel}","templated":true}]}}

<p>&#x1f3a7; Hoje o Comida de Verdade, nosso programa semanal para falar alimentação, agricultura urbana e agroecologia, vem falar dos tantos produtos que chegam às nossas mesas todos os dias, e que sem muita gente saber, estão carregados de venenos, de agrotóxicos e tantos compostos químicos. &#x1f957;❌</p>
<p></p>
<p>☠ Entre glufosinato, glifosato e outros agrotóxicos, muitos alimentos ultraprocessados acabam chegando em nossas mesas e realmente envenenando a nossa alimentação. ⚗</p>
<p></p>
<p>&#x1f4ca; É por isso que o IDEC &#8211; Instituto Brasileiro de Defesa do Consumidor, desenvolveu uma pesquisa, na tentativa de trazer mais informação, mais luz para o debate:  “Tem veneno nesse pacote.” Os consumidores não sabem que os produtos ultraprocessados também podem estar contaminados com agrotóxicos. A pesquisa reuniu vários produtos para analisar! E é desses resultados, dessa pesquisa &#8211; tem veneno nesse pacote &#8211; que vamos discutir hoje. &#x1f4cb;&#x1f331;</p>
<p></p>
<p>&#x1f3a4; Para conversar com a gente, está aqui hoje o pesquisador Rafael Rioja! Ele é coordenador do programa de consumo sustentável no Idec. Nutricionista, mestrando em nutrição em saúde pública na USP). É membro núcleo de pesquisas epidemiológicas em nutrição em saúde, e também membro da aliança pela alimentação adequada e saudável e do Movimento Slow Food Brasil. &#x1f468;&#x1f3fd;‍&#x1f52c;</p>
<p></p>
<p></p>
<p></p>
<p></p>
<p></p>
<p>&#x1f4f2; Ouça também no Youtube!</p>
<p></p>
<p><a href="https://bit.ly/CantosNoYoutube" rel="nofollow">https://bit.ly/CantosNoYoutube</a> </p>
<p></p>
<p>&#x1f54a; Vem com a gente? </p>
<p></p>
<p><a href="https://bit.ly/voe-sabia" rel="nofollow">https://bit.ly/voe-sabia</a>  </p>
<p></p>
<p>&#x1f4cc;Acompanhe o Centro Sabiá!</p>
<p></p>
<p>⁠⁠<a href="https://biolinky.co/centrosabia" rel="nofollow">https://biolinky.co/centrosabia</a></p>

<!-- This site is optimized with the Yoast SEO plugin v27.4 - https://yoast.com/product/yoast-seo-wordpress/ -->
<title>Tem veneno no pacote? | Comida de Verdade - Centro de Desenvolvimento Agroecológico Sabiá</title>
<meta name="robots" content="index, follow, max-snippet:-1, max-image-preview:large, max-video-preview:-1" />
<link rel="canonical" href="https://centrosabia.org.br/en/audio/tem-veneno-no-pacote-comida-de-verdade/" />
<meta property="og:locale" content="en_US" />
<meta property="og:type" content="article" />
<meta property="og:title" content="Tem veneno no pacote? | Comida de Verdade - Centro de Desenvolvimento Agroecológico Sabiá" />
<meta property="og:url" content="https://centrosabia.org.br/en/audio/tem-veneno-no-pacote-comida-de-verdade/" />
<meta property="og:site_name" content="Centro de Desenvolvimento Agroecológico Sabiá" />
<meta property="article:modified_time" content="2024-08-03T17:38:12+00:00" />
<meta property="og:image" content="https://centrosabia.org.br/wp-content/uploads/2023/09/CDV_VENENO_WIDE-1-300x169.png" />
	<meta property="og:image:width" content="300" />
	<meta property="og:image:height" content="169" />
	<meta property="og:image:type" content="image/png" />
<meta name="twitter:card" content="summary_large_image" />
<meta name="twitter:label1" content="Est. reading time" />
	<meta name="twitter:data1" content="2 minutes" />
<script type="application/ld+json" class="yoast-schema-graph">{"@context":"https:\/\/schema.org","@graph":[{"@type":"WebPage","@id":"https:\/\/centrosabia.org.br\/en\/audio\/tem-veneno-no-pacote-comida-de-verdade\/","url":"https:\/\/centrosabia.org.br\/en\/audio\/tem-veneno-no-pacote-comida-de-verdade\/","name":"Tem veneno no pacote? | Comida de Verdade - Centro de Desenvolvimento Agroecológico Sabiá","isPartOf":{"@id":"https:\/\/centrosabia.org.br\/en\/#website"},"primaryImageOfPage":{"@id":"https:\/\/centrosabia.org.br\/en\/audio\/tem-veneno-no-pacote-comida-de-verdade\/#primaryimage"},"image":{"@id":"https:\/\/centrosabia.org.br\/en\/audio\/tem-veneno-no-pacote-comida-de-verdade\/#primaryimage"},"thumbnailUrl":"https:\/\/centrosabia.org.br\/wp-content\/uploads\/2023\/09\/CDV_VENENO_WIDE-1.png","datePublished":"2023-09-12T03:00:00+00:00","dateModified":"2024-08-03T17:38:12+00:00","breadcrumb":{"@id":"https:\/\/centrosabia.org.br\/en\/audio\/tem-veneno-no-pacote-comida-de-verdade\/#breadcrumb"},"inLanguage":"en-US","potentialAction":[{"@type":"ReadAction","target":["https:\/\/centrosabia.org.br\/en\/audio\/tem-veneno-no-pacote-comida-de-verdade\/"]}]},{"@type":"ImageObject","inLanguage":"en-US","@id":"https:\/\/centrosabia.org.br\/en\/audio\/tem-veneno-no-pacote-comida-de-verdade\/#primaryimage","url":"https:\/\/centrosabia.org.br\/wp-content\/uploads\/2023\/09\/CDV_VENENO_WIDE-1.png","contentUrl":"https:\/\/centrosabia.org.br\/wp-content\/uploads\/2023\/09\/CDV_VENENO_WIDE-1.png","width":512,"height":288},{"@type":"BreadcrumbList","@id":"https:\/\/centrosabia.org.br\/en\/audio\/tem-veneno-no-pacote-comida-de-verdade\/#breadcrumb","itemListElement":[{"@type":"ListItem","position":1,"name":"Início","item":"https:\/\/centrosabia.org.br\/en\/"},{"@type":"ListItem","position":2,"name":"Áudios","item":"https:\/\/centrosabia.org.br\/en\/audio\/"},{"@type":"ListItem","position":3,"name":"Tem veneno no pacote? | Comida de Verdade"}]},{"@type":"WebSite","@id":"https:\/\/centrosabia.org.br\/en\/#website","url":"https:\/\/centrosabia.org.br\/en\/","name":"Centro de Desenvolvimento Agroecológico Sabiá","description":"","publisher":{"@id":"https:\/\/centrosabia.org.br\/en\/#organization"},"potentialAction":[{"@type":"SearchAction","target":{"@type":"EntryPoint","urlTemplate":"https:\/\/centrosabia.org.br\/en\/?s={search_term_string}"},"query-input":{"@type":"PropertyValueSpecification","valueRequired":true,"valueName":"search_term_string"}}],"inLanguage":"en-US"},{"@type":"Organization","@id":"https:\/\/centrosabia.org.br\/en\/#organization","name":"Centro de Desenvolvimento Agroecológico Sabiá","url":"https:\/\/centrosabia.org.br\/en\/","logo":{"@type":"ImageObject","inLanguage":"en-US","@id":"https:\/\/centrosabia.org.br\/en\/#\/schema\/logo\/image\/","url":"https:\/\/centrosabia.org.br\/wp-content\/uploads\/2021\/10\/logo.png","contentUrl":"https:\/\/centrosabia.org.br\/wp-content\/uploads\/2021\/10\/logo.png","width":174,"height":84,"caption":"Centro de Desenvolvimento Agroecológico Sabiá"},"image":{"@id":"https:\/\/centrosabia.org.br\/en\/#\/schema\/logo\/image\/"}}]}</script>
<!-- / Yoast SEO plugin. -->

Tem veneno no pacote? | Comida de Verdade - Centro de Desenvolvimento Agroecológico Sabiá

Centro de Desenvolvimento Agroecológico Sabiá

Início

Áudios
