{"id":17016,"date":"2023-04-17T00:00:00","date_gmt":"2023-04-17T03:00:00","guid":{"rendered":"https:\/\/centrosabia.org.br\/audio\/a-luta-do-campo-e-a-luta-de-todos\/"},"modified":"2024-08-05T11:48:03","modified_gmt":"2024-08-05T14:48:03","slug":"a-luta-do-campo-e-a-luta-de-todos","status":"publish","type":"audio","link":"https:\/\/centrosabia.org.br\/en\/audio\/a-luta-do-campo-e-a-luta-de-todos\/","title":{"rendered":"A Luta do Campo \u00e9 a Luta de Todos!"},"content":{"rendered":"<p>&#x1f6a9; 17 de abril, o Dia de Lutas Camponesas, \u00e9 uma data muito importante para o campo, para quem vive do campo, vive da produ\u00e7\u00e3o! &#x1f331;&#x1f33d; <\/p>\n<p><\/p>\n<p>&#x1f334;&#x1f333;Hoje, no novo Governo Lula, existe o desafio de resolver os novos problemas, criados na \u00faltima d\u00e9cada, e &#8211; junto com o campo &#8211; tentar solucionar os problemas da fome, e da inseguran\u00e7a alimentar, trazidos de volta pelo governo Bolsonaro. A luta do campo \u00e9 imensa. Mas n\u00e3o \u00e9 s\u00f3 do campo. \u00c9 de todos, todas n\u00f3s! Lutar pelo campo, \u00e9 lutar pelo Brasil!\u00a0&#x1f9d1;\u200d&#x1f33e;&#x1f469;\u200d&#x1f33e;<\/p>\n<p><\/p>\n<p>&#x1f30d; Para conversar sobre tanta resist\u00eancia, convidamos mais uma vez a assessora t\u00e9cnica\u00a0 &#8211; Juliana Peixoto para o Cantos do Sabi\u00e1! Juliana \u00e9 assessora t\u00e9cnica e Coordenadora do Centro Sabi\u00e1 no territ\u00f3rio do Agreste. &#x1f469;&#x1f3fc;\u200d&#x1f33e;<\/p>\n<p><\/p>\n<p>&#x1f54a; Fa\u00e7a parte da mudan\u00e7a!\u00a0<a href=\"https:\/\/centrosabia.colabore.org\/doe-transforme\/single_step\" rel=\"nofollow\">Doe.<\/a><\/p>\n<p><\/p>\n<p><a href=\"https:\/\/centrosabia.org.br\/comidadeverdade\/\" rel=\"nofollow\">https:\/\/centrosabia.org.br\/comidadeverdade\/<\/a><\/p>\n<p><\/p>\n<p>Acompanhe o Centro Sabi\u00e1! &#x1f4cc;<\/p>\n<p><\/p>\n<p><a href=\"https:\/\/biolinky.co\/centrosabia\" rel=\"nofollow\">https:\/\/biolinky.co\/centrosabia<\/a><\/p>\n","protected":false},"featured_media":23348,"template":"","meta":{"_acf_changed":false,"ano":2023},"tema":[2523,2660,2509],"decada":[2502],"curadoria":[],"class_list":["post-17016","audio","type-audio","status-publish","has-post-thumbnail","hentry","tema-agricultura-familiar","tema-democracia","tema-politica","decada-2502"],"blocksy_meta":[],"acf":{"imagem_de_cobertura":""},"yoast_head":"<!-- This site is optimized with the Yoast SEO plugin v27.4 - https:\/\/yoast.com\/product\/yoast-seo-wordpress\/ -->\n<title>A Luta do Campo \u00e9 a Luta de Todos! - Centro de Desenvolvimento Agroecol\u00f3gico Sabi\u00e1<\/title>\n<meta name=\"robots\" content=\"index, follow, max-snippet:-1, max-image-preview:large, max-video-preview:-1\" \/>\n<link rel=\"canonical\" href=\"https:\/\/centrosabia.org.br\/en\/audio\/a-luta-do-campo-e-a-luta-de-todos\/\" \/>\n<meta property=\"og:locale\" content=\"en_US\" \/>\n<meta property=\"og:type\" content=\"article\" \/>\n<meta property=\"og:title\" content=\"A Luta do Campo \u00e9 a Luta de Todos! - Centro de Desenvolvimento Agroecol\u00f3gico Sabi\u00e1\" \/>\n<meta property=\"og:url\" content=\"https:\/\/centrosabia.org.br\/en\/audio\/a-luta-do-campo-e-a-luta-de-todos\/\" \/>\n<meta property=\"og:site_name\" content=\"Centro de Desenvolvimento Agroecol\u00f3gico Sabi\u00e1\" \/>\n<meta property=\"article:modified_time\" content=\"2024-08-05T14:48:03+00:00\" \/>\n<meta property=\"og:image\" content=\"https:\/\/centrosabia.org.br\/wp-content\/uploads\/2023\/04\/luta_do_campo_wide-1-300x169.png\" \/>\n\t<meta property=\"og:image:width\" content=\"300\" \/>\n\t<meta property=\"og:image:height\" content=\"169\" \/>\n\t<meta property=\"og:image:type\" content=\"image\/png\" \/>\n<meta name=\"twitter:card\" content=\"summary_large_image\" \/>\n<meta name=\"twitter:label1\" content=\"Est. reading time\" \/>\n\t<meta name=\"twitter:data1\" content=\"1 minute\" \/>\n<script type=\"application\/ld+json\" class=\"yoast-schema-graph\">{\"@context\":\"https:\\\/\\\/schema.org\",\"@graph\":[{\"@type\":\"WebPage\",\"@id\":\"https:\\\/\\\/centrosabia.org.br\\\/en\\\/audio\\\/a-luta-do-campo-e-a-luta-de-todos\\\/\",\"url\":\"https:\\\/\\\/centrosabia.org.br\\\/en\\\/audio\\\/a-luta-do-campo-e-a-luta-de-todos\\\/\",\"name\":\"A Luta do Campo \u00e9 a Luta de Todos! - Centro de Desenvolvimento Agroecol\u00f3gico Sabi\u00e1\",\"isPartOf\":{\"@id\":\"https:\\\/\\\/centrosabia.org.br\\\/en\\\/#website\"},\"primaryImageOfPage\":{\"@id\":\"https:\\\/\\\/centrosabia.org.br\\\/en\\\/audio\\\/a-luta-do-campo-e-a-luta-de-todos\\\/#primaryimage\"},\"image\":{\"@id\":\"https:\\\/\\\/centrosabia.org.br\\\/en\\\/audio\\\/a-luta-do-campo-e-a-luta-de-todos\\\/#primaryimage\"},\"thumbnailUrl\":\"https:\\\/\\\/centrosabia.org.br\\\/wp-content\\\/uploads\\\/2023\\\/04\\\/luta_do_campo_wide-1.png\",\"datePublished\":\"2023-04-17T03:00:00+00:00\",\"dateModified\":\"2024-08-05T14:48:03+00:00\",\"breadcrumb\":{\"@id\":\"https:\\\/\\\/centrosabia.org.br\\\/en\\\/audio\\\/a-luta-do-campo-e-a-luta-de-todos\\\/#breadcrumb\"},\"inLanguage\":\"en-US\",\"potentialAction\":[{\"@type\":\"ReadAction\",\"target\":[\"https:\\\/\\\/centrosabia.org.br\\\/en\\\/audio\\\/a-luta-do-campo-e-a-luta-de-todos\\\/\"]}]},{\"@type\":\"ImageObject\",\"inLanguage\":\"en-US\",\"@id\":\"https:\\\/\\\/centrosabia.org.br\\\/en\\\/audio\\\/a-luta-do-campo-e-a-luta-de-todos\\\/#primaryimage\",\"url\":\"https:\\\/\\\/centrosabia.org.br\\\/wp-content\\\/uploads\\\/2023\\\/04\\\/luta_do_campo_wide-1.png\",\"contentUrl\":\"https:\\\/\\\/centrosabia.org.br\\\/wp-content\\\/uploads\\\/2023\\\/04\\\/luta_do_campo_wide-1.png\",\"width\":512,\"height\":288},{\"@type\":\"BreadcrumbList\",\"@id\":\"https:\\\/\\\/centrosabia.org.br\\\/en\\\/audio\\\/a-luta-do-campo-e-a-luta-de-todos\\\/#breadcrumb\",\"itemListElement\":[{\"@type\":\"ListItem\",\"position\":1,\"name\":\"In\u00edcio\",\"item\":\"https:\\\/\\\/centrosabia.org.br\\\/en\\\/\"},{\"@type\":\"ListItem\",\"position\":2,\"name\":\"\u00c1udios\",\"item\":\"https:\\\/\\\/centrosabia.org.br\\\/en\\\/audio\\\/\"},{\"@type\":\"ListItem\",\"position\":3,\"name\":\"A Luta do Campo \u00e9 a Luta de Todos!\"}]},{\"@type\":\"WebSite\",\"@id\":\"https:\\\/\\\/centrosabia.org.br\\\/en\\\/#website\",\"url\":\"https:\\\/\\\/centrosabia.org.br\\\/en\\\/\",\"name\":\"Centro de Desenvolvimento Agroecol\u00f3gico Sabi\u00e1\",\"description\":\"\",\"publisher\":{\"@id\":\"https:\\\/\\\/centrosabia.org.br\\\/en\\\/#organization\"},\"potentialAction\":[{\"@type\":\"SearchAction\",\"target\":{\"@type\":\"EntryPoint\",\"urlTemplate\":\"https:\\\/\\\/centrosabia.org.br\\\/en\\\/?s={search_term_string}\"},\"query-input\":{\"@type\":\"PropertyValueSpecification\",\"valueRequired\":true,\"valueName\":\"search_term_string\"}}],\"inLanguage\":\"en-US\"},{\"@type\":\"Organization\",\"@id\":\"https:\\\/\\\/centrosabia.org.br\\\/en\\\/#organization\",\"name\":\"Centro de Desenvolvimento Agroecol\u00f3gico Sabi\u00e1\",\"url\":\"https:\\\/\\\/centrosabia.org.br\\\/en\\\/\",\"logo\":{\"@type\":\"ImageObject\",\"inLanguage\":\"en-US\",\"@id\":\"https:\\\/\\\/centrosabia.org.br\\\/en\\\/#\\\/schema\\\/logo\\\/image\\\/\",\"url\":\"https:\\\/\\\/centrosabia.org.br\\\/wp-content\\\/uploads\\\/2021\\\/10\\\/logo.png\",\"contentUrl\":\"https:\\\/\\\/centrosabia.org.br\\\/wp-content\\\/uploads\\\/2021\\\/10\\\/logo.png\",\"width\":174,\"height\":84,\"caption\":\"Centro de Desenvolvimento Agroecol\u00f3gico Sabi\u00e1\"},\"image\":{\"@id\":\"https:\\\/\\\/centrosabia.org.br\\\/en\\\/#\\\/schema\\\/logo\\\/image\\\/\"}}]}<\/script>\n<!-- \/ Yoast SEO plugin. -->","yoast_head_json":{"title":"A Luta do Campo \u00e9 a Luta de Todos! - Centro de Desenvolvimento Agroecol\u00f3gico Sabi\u00e1","robots":{"index":"index","follow":"follow","max-snippet":"max-snippet:-1","max-image-preview":"max-image-preview:large","max-video-preview":"max-video-preview:-1"},"canonical":"https:\/\/centrosabia.org.br\/en\/audio\/a-luta-do-campo-e-a-luta-de-todos\/","og_locale":"en_US","og_type":"article","og_title":"A Luta do Campo \u00e9 a Luta de Todos! - Centro de Desenvolvimento Agroecol\u00f3gico Sabi\u00e1","og_url":"https:\/\/centrosabia.org.br\/en\/audio\/a-luta-do-campo-e-a-luta-de-todos\/","og_site_name":"Centro de Desenvolvimento Agroecol\u00f3gico Sabi\u00e1","article_modified_time":"2024-08-05T14:48:03+00:00","og_image":[{"width":300,"height":169,"url":"https:\/\/centrosabia.org.br\/wp-content\/uploads\/2023\/04\/luta_do_campo_wide-1-300x169.png","type":"image\/png"}],"twitter_card":"summary_large_image","twitter_misc":{"Est. reading time":"1 minute"},"schema":{"@context":"https:\/\/schema.org","@graph":[{"@type":"WebPage","@id":"https:\/\/centrosabia.org.br\/en\/audio\/a-luta-do-campo-e-a-luta-de-todos\/","url":"https:\/\/centrosabia.org.br\/en\/audio\/a-luta-do-campo-e-a-luta-de-todos\/","name":"A Luta do Campo \u00e9 a Luta de Todos! - Centro de Desenvolvimento Agroecol\u00f3gico Sabi\u00e1","isPartOf":{"@id":"https:\/\/centrosabia.org.br\/en\/#website"},"primaryImageOfPage":{"@id":"https:\/\/centrosabia.org.br\/en\/audio\/a-luta-do-campo-e-a-luta-de-todos\/#primaryimage"},"image":{"@id":"https:\/\/centrosabia.org.br\/en\/audio\/a-luta-do-campo-e-a-luta-de-todos\/#primaryimage"},"thumbnailUrl":"https:\/\/centrosabia.org.br\/wp-content\/uploads\/2023\/04\/luta_do_campo_wide-1.png","datePublished":"2023-04-17T03:00:00+00:00","dateModified":"2024-08-05T14:48:03+00:00","breadcrumb":{"@id":"https:\/\/centrosabia.org.br\/en\/audio\/a-luta-do-campo-e-a-luta-de-todos\/#breadcrumb"},"inLanguage":"en-US","potentialAction":[{"@type":"ReadAction","target":["https:\/\/centrosabia.org.br\/en\/audio\/a-luta-do-campo-e-a-luta-de-todos\/"]}]},{"@type":"ImageObject","inLanguage":"en-US","@id":"https:\/\/centrosabia.org.br\/en\/audio\/a-luta-do-campo-e-a-luta-de-todos\/#primaryimage","url":"https:\/\/centrosabia.org.br\/wp-content\/uploads\/2023\/04\/luta_do_campo_wide-1.png","contentUrl":"https:\/\/centrosabia.org.br\/wp-content\/uploads\/2023\/04\/luta_do_campo_wide-1.png","width":512,"height":288},{"@type":"BreadcrumbList","@id":"https:\/\/centrosabia.org.br\/en\/audio\/a-luta-do-campo-e-a-luta-de-todos\/#breadcrumb","itemListElement":[{"@type":"ListItem","position":1,"name":"In\u00edcio","item":"https:\/\/centrosabia.org.br\/en\/"},{"@type":"ListItem","position":2,"name":"\u00c1udios","item":"https:\/\/centrosabia.org.br\/en\/audio\/"},{"@type":"ListItem","position":3,"name":"A Luta do Campo \u00e9 a Luta de Todos!"}]},{"@type":"WebSite","@id":"https:\/\/centrosabia.org.br\/en\/#website","url":"https:\/\/centrosabia.org.br\/en\/","name":"Centro de Desenvolvimento Agroecol\u00f3gico Sabi\u00e1","description":"","publisher":{"@id":"https:\/\/centrosabia.org.br\/en\/#organization"},"potentialAction":[{"@type":"SearchAction","target":{"@type":"EntryPoint","urlTemplate":"https:\/\/centrosabia.org.br\/en\/?s={search_term_string}"},"query-input":{"@type":"PropertyValueSpecification","valueRequired":true,"valueName":"search_term_string"}}],"inLanguage":"en-US"},{"@type":"Organization","@id":"https:\/\/centrosabia.org.br\/en\/#organization","name":"Centro de Desenvolvimento Agroecol\u00f3gico Sabi\u00e1","url":"https:\/\/centrosabia.org.br\/en\/","logo":{"@type":"ImageObject","inLanguage":"en-US","@id":"https:\/\/centrosabia.org.br\/en\/#\/schema\/logo\/image\/","url":"https:\/\/centrosabia.org.br\/wp-content\/uploads\/2021\/10\/logo.png","contentUrl":"https:\/\/centrosabia.org.br\/wp-content\/uploads\/2021\/10\/logo.png","width":174,"height":84,"caption":"Centro de Desenvolvimento Agroecol\u00f3gico Sabi\u00e1"},"image":{"@id":"https:\/\/centrosabia.org.br\/en\/#\/schema\/logo\/image\/"}}]}},"_links":{"self":[{"href":"https:\/\/centrosabia.org.br\/en\/wp-json\/wp\/v2\/audio\/17016","targetHints":{"allow":["GET"]}}],"collection":[{"href":"https:\/\/centrosabia.org.br\/en\/wp-json\/wp\/v2\/audio"}],"about":[{"href":"https:\/\/centrosabia.org.br\/en\/wp-json\/wp\/v2\/types\/audio"}],"wp:featuredmedia":[{"embeddable":true,"href":"https:\/\/centrosabia.org.br\/en\/wp-json\/wp\/v2\/media\/23348"}],"wp:attachment":[{"href":"https:\/\/centrosabia.org.br\/en\/wp-json\/wp\/v2\/media?parent=17016"}],"wp:term":[{"taxonomy":"tema","embeddable":true,"href":"https:\/\/centrosabia.org.br\/en\/wp-json\/wp\/v2\/tema?post=17016"},{"taxonomy":"decada","embeddable":true,"href":"https:\/\/centrosabia.org.br\/en\/wp-json\/wp\/v2\/decada?post=17016"},{"taxonomy":"curadoria","embeddable":true,"href":"https:\/\/centrosabia.org.br\/en\/wp-json\/wp\/v2\/curadoria?post=17016"}],"curies":[{"name":"wp","href":"https:\/\/api.w.org\/{rel}","templated":true}]}}

A Luta do Campo é a Luta de Todos!

<p>&#x1f6a9; 17 de abril, o Dia de Lutas Camponesas, é uma data muito importante para o campo, para quem vive do campo, vive da produção! &#x1f331;&#x1f33d; </p>
<p></p>
<p>&#x1f334;&#x1f333;Hoje, no novo Governo Lula, existe o desafio de resolver os novos problemas, criados na última década, e &#8211; junto com o campo &#8211; tentar solucionar os problemas da fome, e da insegurança alimentar, trazidos de volta pelo governo Bolsonaro. A luta do campo é imensa. Mas não é só do campo. É de todos, todas nós! Lutar pelo campo, é lutar pelo Brasil! &#x1f9d1;‍&#x1f33e;&#x1f469;‍&#x1f33e;</p>
<p></p>
<p>&#x1f30d; Para conversar sobre tanta resistência, convidamos mais uma vez a assessora técnica  &#8211; Juliana Peixoto para o Cantos do Sabiá! Juliana é assessora técnica e Coordenadora do Centro Sabiá no território do Agreste. &#x1f469;&#x1f3fc;‍&#x1f33e;</p>
<p></p>
<p>&#x1f54a; Faça parte da mudança! <a href="https://centrosabia.colabore.org/doe-transforme/single_step" rel="nofollow">Doe.</a></p>
<p></p>
<p><a href="https://centrosabia.org.br/comidadeverdade/" rel="nofollow">https://centrosabia.org.br/comidadeverdade/</a></p>
<p></p>
<p>Acompanhe o Centro Sabiá! &#x1f4cc;</p>
<p></p>
<p><a href="https://biolinky.co/centrosabia" rel="nofollow">https://biolinky.co/centrosabia</a></p>

<!-- This site is optimized with the Yoast SEO plugin v27.4 - https://yoast.com/product/yoast-seo-wordpress/ -->
<title>A Luta do Campo é a Luta de Todos! - Centro de Desenvolvimento Agroecológico Sabiá</title>
<meta name="robots" content="index, follow, max-snippet:-1, max-image-preview:large, max-video-preview:-1" />
<link rel="canonical" href="https://centrosabia.org.br/en/audio/a-luta-do-campo-e-a-luta-de-todos/" />
<meta property="og:locale" content="en_US" />
<meta property="og:type" content="article" />
<meta property="og:title" content="A Luta do Campo é a Luta de Todos! - Centro de Desenvolvimento Agroecológico Sabiá" />
<meta property="og:url" content="https://centrosabia.org.br/en/audio/a-luta-do-campo-e-a-luta-de-todos/" />
<meta property="og:site_name" content="Centro de Desenvolvimento Agroecológico Sabiá" />
<meta property="article:modified_time" content="2024-08-05T14:48:03+00:00" />
<meta property="og:image" content="https://centrosabia.org.br/wp-content/uploads/2023/04/luta_do_campo_wide-1-300x169.png" />
	<meta property="og:image:width" content="300" />
	<meta property="og:image:height" content="169" />
	<meta property="og:image:type" content="image/png" />
<meta name="twitter:card" content="summary_large_image" />
<meta name="twitter:label1" content="Est. reading time" />
	<meta name="twitter:data1" content="1 minute" />
<script type="application/ld+json" class="yoast-schema-graph">{"@context":"https:\/\/schema.org","@graph":[{"@type":"WebPage","@id":"https:\/\/centrosabia.org.br\/en\/audio\/a-luta-do-campo-e-a-luta-de-todos\/","url":"https:\/\/centrosabia.org.br\/en\/audio\/a-luta-do-campo-e-a-luta-de-todos\/","name":"A Luta do Campo é a Luta de Todos! - Centro de Desenvolvimento Agroecológico Sabiá","isPartOf":{"@id":"https:\/\/centrosabia.org.br\/en\/#website"},"primaryImageOfPage":{"@id":"https:\/\/centrosabia.org.br\/en\/audio\/a-luta-do-campo-e-a-luta-de-todos\/#primaryimage"},"image":{"@id":"https:\/\/centrosabia.org.br\/en\/audio\/a-luta-do-campo-e-a-luta-de-todos\/#primaryimage"},"thumbnailUrl":"https:\/\/centrosabia.org.br\/wp-content\/uploads\/2023\/04\/luta_do_campo_wide-1.png","datePublished":"2023-04-17T03:00:00+00:00","dateModified":"2024-08-05T14:48:03+00:00","breadcrumb":{"@id":"https:\/\/centrosabia.org.br\/en\/audio\/a-luta-do-campo-e-a-luta-de-todos\/#breadcrumb"},"inLanguage":"en-US","potentialAction":[{"@type":"ReadAction","target":["https:\/\/centrosabia.org.br\/en\/audio\/a-luta-do-campo-e-a-luta-de-todos\/"]}]},{"@type":"ImageObject","inLanguage":"en-US","@id":"https:\/\/centrosabia.org.br\/en\/audio\/a-luta-do-campo-e-a-luta-de-todos\/#primaryimage","url":"https:\/\/centrosabia.org.br\/wp-content\/uploads\/2023\/04\/luta_do_campo_wide-1.png","contentUrl":"https:\/\/centrosabia.org.br\/wp-content\/uploads\/2023\/04\/luta_do_campo_wide-1.png","width":512,"height":288},{"@type":"BreadcrumbList","@id":"https:\/\/centrosabia.org.br\/en\/audio\/a-luta-do-campo-e-a-luta-de-todos\/#breadcrumb","itemListElement":[{"@type":"ListItem","position":1,"name":"Início","item":"https:\/\/centrosabia.org.br\/en\/"},{"@type":"ListItem","position":2,"name":"Áudios","item":"https:\/\/centrosabia.org.br\/en\/audio\/"},{"@type":"ListItem","position":3,"name":"A Luta do Campo é a Luta de Todos!"}]},{"@type":"WebSite","@id":"https:\/\/centrosabia.org.br\/en\/#website","url":"https:\/\/centrosabia.org.br\/en\/","name":"Centro de Desenvolvimento Agroecológico Sabiá","description":"","publisher":{"@id":"https:\/\/centrosabia.org.br\/en\/#organization"},"potentialAction":[{"@type":"SearchAction","target":{"@type":"EntryPoint","urlTemplate":"https:\/\/centrosabia.org.br\/en\/?s={search_term_string}"},"query-input":{"@type":"PropertyValueSpecification","valueRequired":true,"valueName":"search_term_string"}}],"inLanguage":"en-US"},{"@type":"Organization","@id":"https:\/\/centrosabia.org.br\/en\/#organization","name":"Centro de Desenvolvimento Agroecológico Sabiá","url":"https:\/\/centrosabia.org.br\/en\/","logo":{"@type":"ImageObject","inLanguage":"en-US","@id":"https:\/\/centrosabia.org.br\/en\/#\/schema\/logo\/image\/","url":"https:\/\/centrosabia.org.br\/wp-content\/uploads\/2021\/10\/logo.png","contentUrl":"https:\/\/centrosabia.org.br\/wp-content\/uploads\/2021\/10\/logo.png","width":174,"height":84,"caption":"Centro de Desenvolvimento Agroecológico Sabiá"},"image":{"@id":"https:\/\/centrosabia.org.br\/en\/#\/schema\/logo\/image\/"}}]}</script>
<!-- / Yoast SEO plugin. -->

A Luta do Campo é a Luta de Todos! - Centro de Desenvolvimento Agroecológico Sabiá

Centro de Desenvolvimento Agroecológico Sabiá

Início

Áudios
