{"id":17024,"date":"2023-04-10T00:00:00","date_gmt":"2023-04-10T03:00:00","guid":{"rendered":"https:\/\/centrosabia.org.br\/audio\/o-brasil-nao-e-terra-arrasada\/"},"modified":"2024-08-05T11:49:20","modified_gmt":"2024-08-05T14:49:20","slug":"o-brasil-nao-e-terra-arrasada","status":"publish","type":"audio","link":"https:\/\/centrosabia.org.br\/en\/audio\/o-brasil-nao-e-terra-arrasada\/","title":{"rendered":"O Brasil N\u00e3o \u00e9 Terra Arrasada | Cantos do Sabi\u00e1"},"content":{"rendered":"<p>O dia 15 de abril \u00e9 o Dia de Conserva\u00e7\u00e3o do Solo! &#x1f30d; Uma data que vem nos alertar sobre os impactos da devasta\u00e7\u00e3o. Das queimadas, desmatamento, mas tamb\u00e9m do envenenamento do solo, e de tudo aquilo que faz com que desertos tomem conta do que antes eram florestas. &#x1f331;&#x1f525;<\/p>\n<p><\/p>\n<p>&#x1f50e; Segundo a ONU, Organiza\u00e7\u00e3o das Na\u00e7\u00f5es Unidas, 24 bilh\u00f5es de toneladas de solo f\u00e9rtil desaparecem todo ano. Isso impac ta diretamente na alimenta\u00e7\u00e3o do mundo, na produ\u00e7\u00e3o de comida, no aquecimento global, e por fim, na degrada\u00e7\u00e3o do solo. N\u00e3o podemos ser terra arrasada! O que fazer para parar a devasta\u00e7\u00e3o? &#x1f335;&#x1f3f3;<\/p>\n<p><\/p>\n<p>Vem ouvir o Cantos do Sabi\u00e1 e fica por dentro dessa discuss\u00e3o! Desta vez conversamos com o t\u00e9cnico agr\u00edcola Raimundo Bertino! &#x1f468;&#x1f3fd;\u200d&#x1f33e; Raimundo \u00e9 t\u00e9cnico agr\u00edcola, equipe t\u00e9cnica do Centro Sabi\u00e1, especialista em agricultura org\u00e2nica e mestre em extens\u00e3o rural. &#x1f33e;<\/p>\n<p><\/p>\n<p><\/p>\n<p><\/p>\n<p>&#x1f54a; Fa\u00e7a parte da mudan\u00e7a!\u00a0<a href=\"https:\/\/centrosabia.colabore.org\/doe-transforme\/single_step\" rel=\"nofollow\">Doe.<\/a><\/p>\n<p><\/p>\n<p><a href=\"https:\/\/centrosabia.colabore.org\/doe-transforme\/single_step\" rel=\"nofollow\">https:\/\/centrosabia.colabore.org\/doe-transforme\/single_step<\/a><\/p>\n<p><\/p>\n<p><\/p>\n","protected":false},"featured_media":17025,"template":"","meta":{"_acf_changed":false,"ano":2023},"tema":[2519,2660,2513],"decada":[2502],"curadoria":[],"class_list":["post-17024","audio","type-audio","status-publish","has-post-thumbnail","hentry","tema-agroecologia","tema-democracia","tema-meio-ambiente","decada-2502"],"blocksy_meta":[],"acf":{"imagem_de_cobertura":""},"yoast_head":"<!-- This site is optimized with the Yoast SEO plugin v27.4 - https:\/\/yoast.com\/product\/yoast-seo-wordpress\/ -->\n<title>O Brasil N\u00e3o \u00e9 Terra Arrasada | Cantos do Sabi\u00e1 - Centro de Desenvolvimento Agroecol\u00f3gico Sabi\u00e1<\/title>\n<meta name=\"robots\" content=\"index, follow, max-snippet:-1, max-image-preview:large, max-video-preview:-1\" \/>\n<link rel=\"canonical\" href=\"https:\/\/centrosabia.org.br\/en\/audio\/o-brasil-nao-e-terra-arrasada\/\" \/>\n<meta property=\"og:locale\" content=\"en_US\" \/>\n<meta property=\"og:type\" content=\"article\" \/>\n<meta property=\"og:title\" content=\"O Brasil N\u00e3o \u00e9 Terra Arrasada | Cantos do Sabi\u00e1 - Centro de Desenvolvimento Agroecol\u00f3gico Sabi\u00e1\" \/>\n<meta property=\"og:url\" content=\"https:\/\/centrosabia.org.br\/en\/audio\/o-brasil-nao-e-terra-arrasada\/\" \/>\n<meta property=\"og:site_name\" content=\"Centro de Desenvolvimento Agroecol\u00f3gico Sabi\u00e1\" \/>\n<meta property=\"article:modified_time\" content=\"2024-08-05T14:49:20+00:00\" \/>\n<meta property=\"og:image\" content=\"https:\/\/centrosabia.org.br\/wp-content\/uploads\/2024\/04\/o-brasil-nao-e-terra-arrasada-300x300.jpg\" \/>\n\t<meta property=\"og:image:width\" content=\"300\" \/>\n\t<meta property=\"og:image:height\" content=\"300\" \/>\n\t<meta property=\"og:image:type\" content=\"image\/jpeg\" \/>\n<meta name=\"twitter:card\" content=\"summary_large_image\" \/>\n<meta name=\"twitter:label1\" content=\"Est. reading time\" \/>\n\t<meta name=\"twitter:data1\" content=\"2 minutes\" \/>\n<script type=\"application\/ld+json\" class=\"yoast-schema-graph\">{\"@context\":\"https:\\\/\\\/schema.org\",\"@graph\":[{\"@type\":\"WebPage\",\"@id\":\"https:\\\/\\\/centrosabia.org.br\\\/en\\\/audio\\\/o-brasil-nao-e-terra-arrasada\\\/\",\"url\":\"https:\\\/\\\/centrosabia.org.br\\\/en\\\/audio\\\/o-brasil-nao-e-terra-arrasada\\\/\",\"name\":\"O Brasil N\u00e3o \u00e9 Terra Arrasada | Cantos do Sabi\u00e1 - Centro de Desenvolvimento Agroecol\u00f3gico Sabi\u00e1\",\"isPartOf\":{\"@id\":\"https:\\\/\\\/centrosabia.org.br\\\/en\\\/#website\"},\"primaryImageOfPage\":{\"@id\":\"https:\\\/\\\/centrosabia.org.br\\\/en\\\/audio\\\/o-brasil-nao-e-terra-arrasada\\\/#primaryimage\"},\"image\":{\"@id\":\"https:\\\/\\\/centrosabia.org.br\\\/en\\\/audio\\\/o-brasil-nao-e-terra-arrasada\\\/#primaryimage\"},\"thumbnailUrl\":\"https:\\\/\\\/centrosabia.org.br\\\/wp-content\\\/uploads\\\/2024\\\/04\\\/o-brasil-nao-e-terra-arrasada.jpg\",\"datePublished\":\"2023-04-10T03:00:00+00:00\",\"dateModified\":\"2024-08-05T14:49:20+00:00\",\"breadcrumb\":{\"@id\":\"https:\\\/\\\/centrosabia.org.br\\\/en\\\/audio\\\/o-brasil-nao-e-terra-arrasada\\\/#breadcrumb\"},\"inLanguage\":\"en-US\",\"potentialAction\":[{\"@type\":\"ReadAction\",\"target\":[\"https:\\\/\\\/centrosabia.org.br\\\/en\\\/audio\\\/o-brasil-nao-e-terra-arrasada\\\/\"]}]},{\"@type\":\"ImageObject\",\"inLanguage\":\"en-US\",\"@id\":\"https:\\\/\\\/centrosabia.org.br\\\/en\\\/audio\\\/o-brasil-nao-e-terra-arrasada\\\/#primaryimage\",\"url\":\"https:\\\/\\\/centrosabia.org.br\\\/wp-content\\\/uploads\\\/2024\\\/04\\\/o-brasil-nao-e-terra-arrasada.jpg\",\"contentUrl\":\"https:\\\/\\\/centrosabia.org.br\\\/wp-content\\\/uploads\\\/2024\\\/04\\\/o-brasil-nao-e-terra-arrasada.jpg\",\"width\":640,\"height\":640},{\"@type\":\"BreadcrumbList\",\"@id\":\"https:\\\/\\\/centrosabia.org.br\\\/en\\\/audio\\\/o-brasil-nao-e-terra-arrasada\\\/#breadcrumb\",\"itemListElement\":[{\"@type\":\"ListItem\",\"position\":1,\"name\":\"In\u00edcio\",\"item\":\"https:\\\/\\\/centrosabia.org.br\\\/en\\\/\"},{\"@type\":\"ListItem\",\"position\":2,\"name\":\"\u00c1udios\",\"item\":\"https:\\\/\\\/centrosabia.org.br\\\/en\\\/audio\\\/\"},{\"@type\":\"ListItem\",\"position\":3,\"name\":\"O Brasil N\u00e3o \u00e9 Terra Arrasada | Cantos do Sabi\u00e1\"}]},{\"@type\":\"WebSite\",\"@id\":\"https:\\\/\\\/centrosabia.org.br\\\/en\\\/#website\",\"url\":\"https:\\\/\\\/centrosabia.org.br\\\/en\\\/\",\"name\":\"Centro de Desenvolvimento Agroecol\u00f3gico Sabi\u00e1\",\"description\":\"\",\"publisher\":{\"@id\":\"https:\\\/\\\/centrosabia.org.br\\\/en\\\/#organization\"},\"potentialAction\":[{\"@type\":\"SearchAction\",\"target\":{\"@type\":\"EntryPoint\",\"urlTemplate\":\"https:\\\/\\\/centrosabia.org.br\\\/en\\\/?s={search_term_string}\"},\"query-input\":{\"@type\":\"PropertyValueSpecification\",\"valueRequired\":true,\"valueName\":\"search_term_string\"}}],\"inLanguage\":\"en-US\"},{\"@type\":\"Organization\",\"@id\":\"https:\\\/\\\/centrosabia.org.br\\\/en\\\/#organization\",\"name\":\"Centro de Desenvolvimento Agroecol\u00f3gico Sabi\u00e1\",\"url\":\"https:\\\/\\\/centrosabia.org.br\\\/en\\\/\",\"logo\":{\"@type\":\"ImageObject\",\"inLanguage\":\"en-US\",\"@id\":\"https:\\\/\\\/centrosabia.org.br\\\/en\\\/#\\\/schema\\\/logo\\\/image\\\/\",\"url\":\"https:\\\/\\\/centrosabia.org.br\\\/wp-content\\\/uploads\\\/2021\\\/10\\\/logo.png\",\"contentUrl\":\"https:\\\/\\\/centrosabia.org.br\\\/wp-content\\\/uploads\\\/2021\\\/10\\\/logo.png\",\"width\":174,\"height\":84,\"caption\":\"Centro de Desenvolvimento Agroecol\u00f3gico Sabi\u00e1\"},\"image\":{\"@id\":\"https:\\\/\\\/centrosabia.org.br\\\/en\\\/#\\\/schema\\\/logo\\\/image\\\/\"}}]}<\/script>\n<!-- \/ Yoast SEO plugin. -->","yoast_head_json":{"title":"O Brasil N\u00e3o \u00e9 Terra Arrasada | Cantos do Sabi\u00e1 - Centro de Desenvolvimento Agroecol\u00f3gico Sabi\u00e1","robots":{"index":"index","follow":"follow","max-snippet":"max-snippet:-1","max-image-preview":"max-image-preview:large","max-video-preview":"max-video-preview:-1"},"canonical":"https:\/\/centrosabia.org.br\/en\/audio\/o-brasil-nao-e-terra-arrasada\/","og_locale":"en_US","og_type":"article","og_title":"O Brasil N\u00e3o \u00e9 Terra Arrasada | Cantos do Sabi\u00e1 - Centro de Desenvolvimento Agroecol\u00f3gico Sabi\u00e1","og_url":"https:\/\/centrosabia.org.br\/en\/audio\/o-brasil-nao-e-terra-arrasada\/","og_site_name":"Centro de Desenvolvimento Agroecol\u00f3gico Sabi\u00e1","article_modified_time":"2024-08-05T14:49:20+00:00","og_image":[{"width":300,"height":300,"url":"https:\/\/centrosabia.org.br\/wp-content\/uploads\/2024\/04\/o-brasil-nao-e-terra-arrasada-300x300.jpg","type":"image\/jpeg"}],"twitter_card":"summary_large_image","twitter_misc":{"Est. reading time":"2 minutes"},"schema":{"@context":"https:\/\/schema.org","@graph":[{"@type":"WebPage","@id":"https:\/\/centrosabia.org.br\/en\/audio\/o-brasil-nao-e-terra-arrasada\/","url":"https:\/\/centrosabia.org.br\/en\/audio\/o-brasil-nao-e-terra-arrasada\/","name":"O Brasil N\u00e3o \u00e9 Terra Arrasada | Cantos do Sabi\u00e1 - Centro de Desenvolvimento Agroecol\u00f3gico Sabi\u00e1","isPartOf":{"@id":"https:\/\/centrosabia.org.br\/en\/#website"},"primaryImageOfPage":{"@id":"https:\/\/centrosabia.org.br\/en\/audio\/o-brasil-nao-e-terra-arrasada\/#primaryimage"},"image":{"@id":"https:\/\/centrosabia.org.br\/en\/audio\/o-brasil-nao-e-terra-arrasada\/#primaryimage"},"thumbnailUrl":"https:\/\/centrosabia.org.br\/wp-content\/uploads\/2024\/04\/o-brasil-nao-e-terra-arrasada.jpg","datePublished":"2023-04-10T03:00:00+00:00","dateModified":"2024-08-05T14:49:20+00:00","breadcrumb":{"@id":"https:\/\/centrosabia.org.br\/en\/audio\/o-brasil-nao-e-terra-arrasada\/#breadcrumb"},"inLanguage":"en-US","potentialAction":[{"@type":"ReadAction","target":["https:\/\/centrosabia.org.br\/en\/audio\/o-brasil-nao-e-terra-arrasada\/"]}]},{"@type":"ImageObject","inLanguage":"en-US","@id":"https:\/\/centrosabia.org.br\/en\/audio\/o-brasil-nao-e-terra-arrasada\/#primaryimage","url":"https:\/\/centrosabia.org.br\/wp-content\/uploads\/2024\/04\/o-brasil-nao-e-terra-arrasada.jpg","contentUrl":"https:\/\/centrosabia.org.br\/wp-content\/uploads\/2024\/04\/o-brasil-nao-e-terra-arrasada.jpg","width":640,"height":640},{"@type":"BreadcrumbList","@id":"https:\/\/centrosabia.org.br\/en\/audio\/o-brasil-nao-e-terra-arrasada\/#breadcrumb","itemListElement":[{"@type":"ListItem","position":1,"name":"In\u00edcio","item":"https:\/\/centrosabia.org.br\/en\/"},{"@type":"ListItem","position":2,"name":"\u00c1udios","item":"https:\/\/centrosabia.org.br\/en\/audio\/"},{"@type":"ListItem","position":3,"name":"O Brasil N\u00e3o \u00e9 Terra Arrasada | Cantos do Sabi\u00e1"}]},{"@type":"WebSite","@id":"https:\/\/centrosabia.org.br\/en\/#website","url":"https:\/\/centrosabia.org.br\/en\/","name":"Centro de Desenvolvimento Agroecol\u00f3gico Sabi\u00e1","description":"","publisher":{"@id":"https:\/\/centrosabia.org.br\/en\/#organization"},"potentialAction":[{"@type":"SearchAction","target":{"@type":"EntryPoint","urlTemplate":"https:\/\/centrosabia.org.br\/en\/?s={search_term_string}"},"query-input":{"@type":"PropertyValueSpecification","valueRequired":true,"valueName":"search_term_string"}}],"inLanguage":"en-US"},{"@type":"Organization","@id":"https:\/\/centrosabia.org.br\/en\/#organization","name":"Centro de Desenvolvimento Agroecol\u00f3gico Sabi\u00e1","url":"https:\/\/centrosabia.org.br\/en\/","logo":{"@type":"ImageObject","inLanguage":"en-US","@id":"https:\/\/centrosabia.org.br\/en\/#\/schema\/logo\/image\/","url":"https:\/\/centrosabia.org.br\/wp-content\/uploads\/2021\/10\/logo.png","contentUrl":"https:\/\/centrosabia.org.br\/wp-content\/uploads\/2021\/10\/logo.png","width":174,"height":84,"caption":"Centro de Desenvolvimento Agroecol\u00f3gico Sabi\u00e1"},"image":{"@id":"https:\/\/centrosabia.org.br\/en\/#\/schema\/logo\/image\/"}}]}},"_links":{"self":[{"href":"https:\/\/centrosabia.org.br\/en\/wp-json\/wp\/v2\/audio\/17024","targetHints":{"allow":["GET"]}}],"collection":[{"href":"https:\/\/centrosabia.org.br\/en\/wp-json\/wp\/v2\/audio"}],"about":[{"href":"https:\/\/centrosabia.org.br\/en\/wp-json\/wp\/v2\/types\/audio"}],"wp:featuredmedia":[{"embeddable":true,"href":"https:\/\/centrosabia.org.br\/en\/wp-json\/wp\/v2\/media\/17025"}],"wp:attachment":[{"href":"https:\/\/centrosabia.org.br\/en\/wp-json\/wp\/v2\/media?parent=17024"}],"wp:term":[{"taxonomy":"tema","embeddable":true,"href":"https:\/\/centrosabia.org.br\/en\/wp-json\/wp\/v2\/tema?post=17024"},{"taxonomy":"decada","embeddable":true,"href":"https:\/\/centrosabia.org.br\/en\/wp-json\/wp\/v2\/decada?post=17024"},{"taxonomy":"curadoria","embeddable":true,"href":"https:\/\/centrosabia.org.br\/en\/wp-json\/wp\/v2\/curadoria?post=17024"}],"curies":[{"name":"wp","href":"https:\/\/api.w.org\/{rel}","templated":true}]}}

O Brasil Não é Terra Arrasada | Cantos do Sabiá

<p>O dia 15 de abril é o Dia de Conservação do Solo! &#x1f30d; Uma data que vem nos alertar sobre os impactos da devastação. Das queimadas, desmatamento, mas também do envenenamento do solo, e de tudo aquilo que faz com que desertos tomem conta do que antes eram florestas. &#x1f331;&#x1f525;</p>
<p></p>
<p>&#x1f50e; Segundo a ONU, Organização das Nações Unidas, 24 bilhões de toneladas de solo fértil desaparecem todo ano. Isso impac ta diretamente na alimentação do mundo, na produção de comida, no aquecimento global, e por fim, na degradação do solo. Não podemos ser terra arrasada! O que fazer para parar a devastação? &#x1f335;&#x1f3f3;</p>
<p></p>
<p>Vem ouvir o Cantos do Sabiá e fica por dentro dessa discussão! Desta vez conversamos com o técnico agrícola Raimundo Bertino! &#x1f468;&#x1f3fd;‍&#x1f33e; Raimundo é técnico agrícola, equipe técnica do Centro Sabiá, especialista em agricultura orgânica e mestre em extensão rural. &#x1f33e;</p>
<p></p>
<p></p>
<p></p>
<p>&#x1f54a; Faça parte da mudança! <a href="https://centrosabia.colabore.org/doe-transforme/single_step" rel="nofollow">Doe.</a></p>
<p></p>
<p><a href="https://centrosabia.colabore.org/doe-transforme/single_step" rel="nofollow">https://centrosabia.colabore.org/doe-transforme/single_step</a></p>
<p></p>
<p></p>

<!-- This site is optimized with the Yoast SEO plugin v27.4 - https://yoast.com/product/yoast-seo-wordpress/ -->
<title>O Brasil Não é Terra Arrasada | Cantos do Sabiá - Centro de Desenvolvimento Agroecológico Sabiá</title>
<meta name="robots" content="index, follow, max-snippet:-1, max-image-preview:large, max-video-preview:-1" />
<link rel="canonical" href="https://centrosabia.org.br/en/audio/o-brasil-nao-e-terra-arrasada/" />
<meta property="og:locale" content="en_US" />
<meta property="og:type" content="article" />
<meta property="og:title" content="O Brasil Não é Terra Arrasada | Cantos do Sabiá - Centro de Desenvolvimento Agroecológico Sabiá" />
<meta property="og:url" content="https://centrosabia.org.br/en/audio/o-brasil-nao-e-terra-arrasada/" />
<meta property="og:site_name" content="Centro de Desenvolvimento Agroecológico Sabiá" />
<meta property="article:modified_time" content="2024-08-05T14:49:20+00:00" />
<meta property="og:image" content="https://centrosabia.org.br/wp-content/uploads/2024/04/o-brasil-nao-e-terra-arrasada-300x300.jpg" />
	<meta property="og:image:width" content="300" />
	<meta property="og:image:height" content="300" />
	<meta property="og:image:type" content="image/jpeg" />
<meta name="twitter:card" content="summary_large_image" />
<meta name="twitter:label1" content="Est. reading time" />
	<meta name="twitter:data1" content="2 minutes" />
<script type="application/ld+json" class="yoast-schema-graph">{"@context":"https:\/\/schema.org","@graph":[{"@type":"WebPage","@id":"https:\/\/centrosabia.org.br\/en\/audio\/o-brasil-nao-e-terra-arrasada\/","url":"https:\/\/centrosabia.org.br\/en\/audio\/o-brasil-nao-e-terra-arrasada\/","name":"O Brasil Não é Terra Arrasada | Cantos do Sabiá - Centro de Desenvolvimento Agroecológico Sabiá","isPartOf":{"@id":"https:\/\/centrosabia.org.br\/en\/#website"},"primaryImageOfPage":{"@id":"https:\/\/centrosabia.org.br\/en\/audio\/o-brasil-nao-e-terra-arrasada\/#primaryimage"},"image":{"@id":"https:\/\/centrosabia.org.br\/en\/audio\/o-brasil-nao-e-terra-arrasada\/#primaryimage"},"thumbnailUrl":"https:\/\/centrosabia.org.br\/wp-content\/uploads\/2024\/04\/o-brasil-nao-e-terra-arrasada.jpg","datePublished":"2023-04-10T03:00:00+00:00","dateModified":"2024-08-05T14:49:20+00:00","breadcrumb":{"@id":"https:\/\/centrosabia.org.br\/en\/audio\/o-brasil-nao-e-terra-arrasada\/#breadcrumb"},"inLanguage":"en-US","potentialAction":[{"@type":"ReadAction","target":["https:\/\/centrosabia.org.br\/en\/audio\/o-brasil-nao-e-terra-arrasada\/"]}]},{"@type":"ImageObject","inLanguage":"en-US","@id":"https:\/\/centrosabia.org.br\/en\/audio\/o-brasil-nao-e-terra-arrasada\/#primaryimage","url":"https:\/\/centrosabia.org.br\/wp-content\/uploads\/2024\/04\/o-brasil-nao-e-terra-arrasada.jpg","contentUrl":"https:\/\/centrosabia.org.br\/wp-content\/uploads\/2024\/04\/o-brasil-nao-e-terra-arrasada.jpg","width":640,"height":640},{"@type":"BreadcrumbList","@id":"https:\/\/centrosabia.org.br\/en\/audio\/o-brasil-nao-e-terra-arrasada\/#breadcrumb","itemListElement":[{"@type":"ListItem","position":1,"name":"Início","item":"https:\/\/centrosabia.org.br\/en\/"},{"@type":"ListItem","position":2,"name":"Áudios","item":"https:\/\/centrosabia.org.br\/en\/audio\/"},{"@type":"ListItem","position":3,"name":"O Brasil Não é Terra Arrasada | Cantos do Sabiá"}]},{"@type":"WebSite","@id":"https:\/\/centrosabia.org.br\/en\/#website","url":"https:\/\/centrosabia.org.br\/en\/","name":"Centro de Desenvolvimento Agroecológico Sabiá","description":"","publisher":{"@id":"https:\/\/centrosabia.org.br\/en\/#organization"},"potentialAction":[{"@type":"SearchAction","target":{"@type":"EntryPoint","urlTemplate":"https:\/\/centrosabia.org.br\/en\/?s={search_term_string}"},"query-input":{"@type":"PropertyValueSpecification","valueRequired":true,"valueName":"search_term_string"}}],"inLanguage":"en-US"},{"@type":"Organization","@id":"https:\/\/centrosabia.org.br\/en\/#organization","name":"Centro de Desenvolvimento Agroecológico Sabiá","url":"https:\/\/centrosabia.org.br\/en\/","logo":{"@type":"ImageObject","inLanguage":"en-US","@id":"https:\/\/centrosabia.org.br\/en\/#\/schema\/logo\/image\/","url":"https:\/\/centrosabia.org.br\/wp-content\/uploads\/2021\/10\/logo.png","contentUrl":"https:\/\/centrosabia.org.br\/wp-content\/uploads\/2021\/10\/logo.png","width":174,"height":84,"caption":"Centro de Desenvolvimento Agroecológico Sabiá"},"image":{"@id":"https:\/\/centrosabia.org.br\/en\/#\/schema\/logo\/image\/"}}]}</script>
<!-- / Yoast SEO plugin. -->

O Brasil Não é Terra Arrasada | Cantos do Sabiá - Centro de Desenvolvimento Agroecológico Sabiá

Centro de Desenvolvimento Agroecológico Sabiá

Início

Áudios
