{"id":17040,"date":"2023-03-27T00:00:00","date_gmt":"2023-03-27T03:00:00","guid":{"rendered":"https:\/\/centrosabia.org.br\/audio\/o-futuro-precisa-ser-agroecologico\/"},"modified":"2024-08-05T11:52:20","modified_gmt":"2024-08-05T14:52:20","slug":"o-futuro-precisa-ser-agroecologico","status":"publish","type":"audio","link":"https:\/\/centrosabia.org.br\/en\/audio\/o-futuro-precisa-ser-agroecologico\/","title":{"rendered":"O Futuro Precisa Ser Agroecol\u00f3gico! | Cantos do Sabi\u00e1"},"content":{"rendered":"<p>&#x1f4ac;&#x1f5e3;\ufe0fAbrindo as discuss\u00f5es para o Dia Mundial da Juventude, 30 de Mar\u00e7o, o Cantos do Sabi\u00e1 traz o tema &#8211; O Futuro Precisa Ser Agroecol\u00f3gico. Mas falar de juventudes \u00e9 falar de desafios. \u00c9 pensar num futuro que seja poss\u00edvel para o campo, para a juventude do campo, para a defesa da agricultura, agroecologia e da biodiversidade.&#x1f331;<\/p>\n<p><\/p>\n<p>&#x1f30f;Num mundo cada vez mais destrutivo e menos voltado \u00e0 natureza, como garantir a sobreviv\u00eancia da natureza, do verde e do campo? Como garantir a sobreviv\u00eancia dos biomas e a perman\u00eancia de uma juventude guardi\u00e3 da natureza, do campo e da agricultura familiar? N\u00e3o tem outra sa\u00edda. O futuro precisa ser agroecol\u00f3gico. &#x1f33f;<\/p>\n<p><\/p>\n<p>&#x1f469;&#x1f3fe;\u200d&#x1f3eb;E \u00e9 para falar desse tema t\u00e3o importante que hoje convidamos para a nossa conversa Jana\u00edna Ferraz! Jana\u00edna \u00e9 mulher negra, pedagoga, militante pela Agroecologia e m\u00e3e. \u00c9 Assessora para as juventudes pelo Centro Sabi\u00e1. &#x1f3a7;Cantos do Sabi\u00e1 \u00e9 o Podcast do Centro Sabi\u00e1! <\/p>\n<p><\/p>\n<p><\/p>\n<p><\/p>\n<p>Fa\u00e7a parte da mudan\u00e7a!\u00a0<a href=\"https:\/\/centrosabia.colabore.org\/sejadoadormensal\/single_step\" rel=\"nofollow\">Doe.\u00a0<\/a><\/p>\n<p><\/p>\n<p><a href=\"https:\/\/centrosabia.colabore.org\/sejadoadormensal\/single_step\" rel=\"nofollow\">https:\/\/centrosabia.colabore.org\/sejadoadormensal\/single_step<\/a><\/p>\n<p><\/p>\n<p><\/p>\n","protected":false},"featured_media":23354,"template":"","meta":{"_acf_changed":false,"ano":2023},"tema":[2519,2520,2513],"decada":[2502],"curadoria":[],"class_list":["post-17040","audio","type-audio","status-publish","has-post-thumbnail","hentry","tema-agroecologia","tema-juventude","tema-meio-ambiente","decada-2502"],"blocksy_meta":[],"acf":{"imagem_de_cobertura":""},"yoast_head":"<!-- This site is optimized with the Yoast SEO plugin v27.4 - https:\/\/yoast.com\/product\/yoast-seo-wordpress\/ -->\n<title>O Futuro Precisa Ser Agroecol\u00f3gico! | Cantos do Sabi\u00e1 - Centro de Desenvolvimento Agroecol\u00f3gico Sabi\u00e1<\/title>\n<meta name=\"robots\" content=\"index, follow, max-snippet:-1, max-image-preview:large, max-video-preview:-1\" \/>\n<link rel=\"canonical\" href=\"https:\/\/centrosabia.org.br\/en\/audio\/o-futuro-precisa-ser-agroecologico\/\" \/>\n<meta property=\"og:locale\" content=\"en_US\" \/>\n<meta property=\"og:type\" content=\"article\" \/>\n<meta property=\"og:title\" content=\"O Futuro Precisa Ser Agroecol\u00f3gico! | Cantos do Sabi\u00e1 - Centro de Desenvolvimento Agroecol\u00f3gico Sabi\u00e1\" \/>\n<meta property=\"og:url\" content=\"https:\/\/centrosabia.org.br\/en\/audio\/o-futuro-precisa-ser-agroecologico\/\" \/>\n<meta property=\"og:site_name\" content=\"Centro de Desenvolvimento Agroecol\u00f3gico Sabi\u00e1\" \/>\n<meta property=\"article:modified_time\" content=\"2024-08-05T14:52:20+00:00\" \/>\n<meta property=\"og:image\" content=\"https:\/\/centrosabia.org.br\/wp-content\/uploads\/2023\/03\/CDS_futuroagro_wide-1-1-300x169.png\" \/>\n\t<meta property=\"og:image:width\" content=\"300\" \/>\n\t<meta property=\"og:image:height\" content=\"169\" \/>\n\t<meta property=\"og:image:type\" content=\"image\/png\" \/>\n<meta name=\"twitter:card\" content=\"summary_large_image\" \/>\n<meta name=\"twitter:label1\" content=\"Est. reading time\" \/>\n\t<meta name=\"twitter:data1\" content=\"2 minutes\" \/>\n<script type=\"application\/ld+json\" class=\"yoast-schema-graph\">{\"@context\":\"https:\\\/\\\/schema.org\",\"@graph\":[{\"@type\":\"WebPage\",\"@id\":\"https:\\\/\\\/centrosabia.org.br\\\/en\\\/audio\\\/o-futuro-precisa-ser-agroecologico\\\/\",\"url\":\"https:\\\/\\\/centrosabia.org.br\\\/en\\\/audio\\\/o-futuro-precisa-ser-agroecologico\\\/\",\"name\":\"O Futuro Precisa Ser Agroecol\u00f3gico! | Cantos do Sabi\u00e1 - Centro de Desenvolvimento Agroecol\u00f3gico Sabi\u00e1\",\"isPartOf\":{\"@id\":\"https:\\\/\\\/centrosabia.org.br\\\/en\\\/#website\"},\"primaryImageOfPage\":{\"@id\":\"https:\\\/\\\/centrosabia.org.br\\\/en\\\/audio\\\/o-futuro-precisa-ser-agroecologico\\\/#primaryimage\"},\"image\":{\"@id\":\"https:\\\/\\\/centrosabia.org.br\\\/en\\\/audio\\\/o-futuro-precisa-ser-agroecologico\\\/#primaryimage\"},\"thumbnailUrl\":\"https:\\\/\\\/centrosabia.org.br\\\/wp-content\\\/uploads\\\/2023\\\/03\\\/CDS_futuroagro_wide-1-1.png\",\"datePublished\":\"2023-03-27T03:00:00+00:00\",\"dateModified\":\"2024-08-05T14:52:20+00:00\",\"breadcrumb\":{\"@id\":\"https:\\\/\\\/centrosabia.org.br\\\/en\\\/audio\\\/o-futuro-precisa-ser-agroecologico\\\/#breadcrumb\"},\"inLanguage\":\"en-US\",\"potentialAction\":[{\"@type\":\"ReadAction\",\"target\":[\"https:\\\/\\\/centrosabia.org.br\\\/en\\\/audio\\\/o-futuro-precisa-ser-agroecologico\\\/\"]}]},{\"@type\":\"ImageObject\",\"inLanguage\":\"en-US\",\"@id\":\"https:\\\/\\\/centrosabia.org.br\\\/en\\\/audio\\\/o-futuro-precisa-ser-agroecologico\\\/#primaryimage\",\"url\":\"https:\\\/\\\/centrosabia.org.br\\\/wp-content\\\/uploads\\\/2023\\\/03\\\/CDS_futuroagro_wide-1-1.png\",\"contentUrl\":\"https:\\\/\\\/centrosabia.org.br\\\/wp-content\\\/uploads\\\/2023\\\/03\\\/CDS_futuroagro_wide-1-1.png\",\"width\":512,\"height\":288},{\"@type\":\"BreadcrumbList\",\"@id\":\"https:\\\/\\\/centrosabia.org.br\\\/en\\\/audio\\\/o-futuro-precisa-ser-agroecologico\\\/#breadcrumb\",\"itemListElement\":[{\"@type\":\"ListItem\",\"position\":1,\"name\":\"In\u00edcio\",\"item\":\"https:\\\/\\\/centrosabia.org.br\\\/en\\\/\"},{\"@type\":\"ListItem\",\"position\":2,\"name\":\"\u00c1udios\",\"item\":\"https:\\\/\\\/centrosabia.org.br\\\/en\\\/audio\\\/\"},{\"@type\":\"ListItem\",\"position\":3,\"name\":\"O Futuro Precisa Ser Agroecol\u00f3gico! | Cantos do Sabi\u00e1\"}]},{\"@type\":\"WebSite\",\"@id\":\"https:\\\/\\\/centrosabia.org.br\\\/en\\\/#website\",\"url\":\"https:\\\/\\\/centrosabia.org.br\\\/en\\\/\",\"name\":\"Centro de Desenvolvimento Agroecol\u00f3gico Sabi\u00e1\",\"description\":\"\",\"publisher\":{\"@id\":\"https:\\\/\\\/centrosabia.org.br\\\/en\\\/#organization\"},\"potentialAction\":[{\"@type\":\"SearchAction\",\"target\":{\"@type\":\"EntryPoint\",\"urlTemplate\":\"https:\\\/\\\/centrosabia.org.br\\\/en\\\/?s={search_term_string}\"},\"query-input\":{\"@type\":\"PropertyValueSpecification\",\"valueRequired\":true,\"valueName\":\"search_term_string\"}}],\"inLanguage\":\"en-US\"},{\"@type\":\"Organization\",\"@id\":\"https:\\\/\\\/centrosabia.org.br\\\/en\\\/#organization\",\"name\":\"Centro de Desenvolvimento Agroecol\u00f3gico Sabi\u00e1\",\"url\":\"https:\\\/\\\/centrosabia.org.br\\\/en\\\/\",\"logo\":{\"@type\":\"ImageObject\",\"inLanguage\":\"en-US\",\"@id\":\"https:\\\/\\\/centrosabia.org.br\\\/en\\\/#\\\/schema\\\/logo\\\/image\\\/\",\"url\":\"https:\\\/\\\/centrosabia.org.br\\\/wp-content\\\/uploads\\\/2021\\\/10\\\/logo.png\",\"contentUrl\":\"https:\\\/\\\/centrosabia.org.br\\\/wp-content\\\/uploads\\\/2021\\\/10\\\/logo.png\",\"width\":174,\"height\":84,\"caption\":\"Centro de Desenvolvimento Agroecol\u00f3gico Sabi\u00e1\"},\"image\":{\"@id\":\"https:\\\/\\\/centrosabia.org.br\\\/en\\\/#\\\/schema\\\/logo\\\/image\\\/\"}}]}<\/script>\n<!-- \/ Yoast SEO plugin. -->","yoast_head_json":{"title":"O Futuro Precisa Ser Agroecol\u00f3gico! | Cantos do Sabi\u00e1 - Centro de Desenvolvimento Agroecol\u00f3gico Sabi\u00e1","robots":{"index":"index","follow":"follow","max-snippet":"max-snippet:-1","max-image-preview":"max-image-preview:large","max-video-preview":"max-video-preview:-1"},"canonical":"https:\/\/centrosabia.org.br\/en\/audio\/o-futuro-precisa-ser-agroecologico\/","og_locale":"en_US","og_type":"article","og_title":"O Futuro Precisa Ser Agroecol\u00f3gico! | Cantos do Sabi\u00e1 - Centro de Desenvolvimento Agroecol\u00f3gico Sabi\u00e1","og_url":"https:\/\/centrosabia.org.br\/en\/audio\/o-futuro-precisa-ser-agroecologico\/","og_site_name":"Centro de Desenvolvimento Agroecol\u00f3gico Sabi\u00e1","article_modified_time":"2024-08-05T14:52:20+00:00","og_image":[{"width":300,"height":169,"url":"https:\/\/centrosabia.org.br\/wp-content\/uploads\/2023\/03\/CDS_futuroagro_wide-1-1-300x169.png","type":"image\/png"}],"twitter_card":"summary_large_image","twitter_misc":{"Est. reading time":"2 minutes"},"schema":{"@context":"https:\/\/schema.org","@graph":[{"@type":"WebPage","@id":"https:\/\/centrosabia.org.br\/en\/audio\/o-futuro-precisa-ser-agroecologico\/","url":"https:\/\/centrosabia.org.br\/en\/audio\/o-futuro-precisa-ser-agroecologico\/","name":"O Futuro Precisa Ser Agroecol\u00f3gico! | Cantos do Sabi\u00e1 - Centro de Desenvolvimento Agroecol\u00f3gico Sabi\u00e1","isPartOf":{"@id":"https:\/\/centrosabia.org.br\/en\/#website"},"primaryImageOfPage":{"@id":"https:\/\/centrosabia.org.br\/en\/audio\/o-futuro-precisa-ser-agroecologico\/#primaryimage"},"image":{"@id":"https:\/\/centrosabia.org.br\/en\/audio\/o-futuro-precisa-ser-agroecologico\/#primaryimage"},"thumbnailUrl":"https:\/\/centrosabia.org.br\/wp-content\/uploads\/2023\/03\/CDS_futuroagro_wide-1-1.png","datePublished":"2023-03-27T03:00:00+00:00","dateModified":"2024-08-05T14:52:20+00:00","breadcrumb":{"@id":"https:\/\/centrosabia.org.br\/en\/audio\/o-futuro-precisa-ser-agroecologico\/#breadcrumb"},"inLanguage":"en-US","potentialAction":[{"@type":"ReadAction","target":["https:\/\/centrosabia.org.br\/en\/audio\/o-futuro-precisa-ser-agroecologico\/"]}]},{"@type":"ImageObject","inLanguage":"en-US","@id":"https:\/\/centrosabia.org.br\/en\/audio\/o-futuro-precisa-ser-agroecologico\/#primaryimage","url":"https:\/\/centrosabia.org.br\/wp-content\/uploads\/2023\/03\/CDS_futuroagro_wide-1-1.png","contentUrl":"https:\/\/centrosabia.org.br\/wp-content\/uploads\/2023\/03\/CDS_futuroagro_wide-1-1.png","width":512,"height":288},{"@type":"BreadcrumbList","@id":"https:\/\/centrosabia.org.br\/en\/audio\/o-futuro-precisa-ser-agroecologico\/#breadcrumb","itemListElement":[{"@type":"ListItem","position":1,"name":"In\u00edcio","item":"https:\/\/centrosabia.org.br\/en\/"},{"@type":"ListItem","position":2,"name":"\u00c1udios","item":"https:\/\/centrosabia.org.br\/en\/audio\/"},{"@type":"ListItem","position":3,"name":"O Futuro Precisa Ser Agroecol\u00f3gico! | Cantos do Sabi\u00e1"}]},{"@type":"WebSite","@id":"https:\/\/centrosabia.org.br\/en\/#website","url":"https:\/\/centrosabia.org.br\/en\/","name":"Centro de Desenvolvimento Agroecol\u00f3gico Sabi\u00e1","description":"","publisher":{"@id":"https:\/\/centrosabia.org.br\/en\/#organization"},"potentialAction":[{"@type":"SearchAction","target":{"@type":"EntryPoint","urlTemplate":"https:\/\/centrosabia.org.br\/en\/?s={search_term_string}"},"query-input":{"@type":"PropertyValueSpecification","valueRequired":true,"valueName":"search_term_string"}}],"inLanguage":"en-US"},{"@type":"Organization","@id":"https:\/\/centrosabia.org.br\/en\/#organization","name":"Centro de Desenvolvimento Agroecol\u00f3gico Sabi\u00e1","url":"https:\/\/centrosabia.org.br\/en\/","logo":{"@type":"ImageObject","inLanguage":"en-US","@id":"https:\/\/centrosabia.org.br\/en\/#\/schema\/logo\/image\/","url":"https:\/\/centrosabia.org.br\/wp-content\/uploads\/2021\/10\/logo.png","contentUrl":"https:\/\/centrosabia.org.br\/wp-content\/uploads\/2021\/10\/logo.png","width":174,"height":84,"caption":"Centro de Desenvolvimento Agroecol\u00f3gico Sabi\u00e1"},"image":{"@id":"https:\/\/centrosabia.org.br\/en\/#\/schema\/logo\/image\/"}}]}},"_links":{"self":[{"href":"https:\/\/centrosabia.org.br\/en\/wp-json\/wp\/v2\/audio\/17040","targetHints":{"allow":["GET"]}}],"collection":[{"href":"https:\/\/centrosabia.org.br\/en\/wp-json\/wp\/v2\/audio"}],"about":[{"href":"https:\/\/centrosabia.org.br\/en\/wp-json\/wp\/v2\/types\/audio"}],"wp:featuredmedia":[{"embeddable":true,"href":"https:\/\/centrosabia.org.br\/en\/wp-json\/wp\/v2\/media\/23354"}],"wp:attachment":[{"href":"https:\/\/centrosabia.org.br\/en\/wp-json\/wp\/v2\/media?parent=17040"}],"wp:term":[{"taxonomy":"tema","embeddable":true,"href":"https:\/\/centrosabia.org.br\/en\/wp-json\/wp\/v2\/tema?post=17040"},{"taxonomy":"decada","embeddable":true,"href":"https:\/\/centrosabia.org.br\/en\/wp-json\/wp\/v2\/decada?post=17040"},{"taxonomy":"curadoria","embeddable":true,"href":"https:\/\/centrosabia.org.br\/en\/wp-json\/wp\/v2\/curadoria?post=17040"}],"curies":[{"name":"wp","href":"https:\/\/api.w.org\/{rel}","templated":true}]}}

O Futuro Precisa Ser Agroecológico! | Cantos do Sabiá

<p>&#x1f4ac;&#x1f5e3;️Abrindo as discussões para o Dia Mundial da Juventude, 30 de Março, o Cantos do Sabiá traz o tema &#8211; O Futuro Precisa Ser Agroecológico. Mas falar de juventudes é falar de desafios. É pensar num futuro que seja possível para o campo, para a juventude do campo, para a defesa da agricultura, agroecologia e da biodiversidade.&#x1f331;</p>
<p></p>
<p>&#x1f30f;Num mundo cada vez mais destrutivo e menos voltado à natureza, como garantir a sobrevivência da natureza, do verde e do campo? Como garantir a sobrevivência dos biomas e a permanência de uma juventude guardiã da natureza, do campo e da agricultura familiar? Não tem outra saída. O futuro precisa ser agroecológico. &#x1f33f;</p>
<p></p>
<p>&#x1f469;&#x1f3fe;‍&#x1f3eb;E é para falar desse tema tão importante que hoje convidamos para a nossa conversa Janaína Ferraz! Janaína é mulher negra, pedagoga, militante pela Agroecologia e mãe. É Assessora para as juventudes pelo Centro Sabiá. &#x1f3a7;Cantos do Sabiá é o Podcast do Centro Sabiá! </p>
<p></p>
<p></p>
<p></p>
<p>Faça parte da mudança! <a href="https://centrosabia.colabore.org/sejadoadormensal/single_step" rel="nofollow">Doe. </a></p>
<p></p>
<p><a href="https://centrosabia.colabore.org/sejadoadormensal/single_step" rel="nofollow">https://centrosabia.colabore.org/sejadoadormensal/single_step</a></p>
<p></p>
<p></p>

<!-- This site is optimized with the Yoast SEO plugin v27.4 - https://yoast.com/product/yoast-seo-wordpress/ -->
<title>O Futuro Precisa Ser Agroecológico! | Cantos do Sabiá - Centro de Desenvolvimento Agroecológico Sabiá</title>
<meta name="robots" content="index, follow, max-snippet:-1, max-image-preview:large, max-video-preview:-1" />
<link rel="canonical" href="https://centrosabia.org.br/en/audio/o-futuro-precisa-ser-agroecologico/" />
<meta property="og:locale" content="en_US" />
<meta property="og:type" content="article" />
<meta property="og:title" content="O Futuro Precisa Ser Agroecológico! | Cantos do Sabiá - Centro de Desenvolvimento Agroecológico Sabiá" />
<meta property="og:url" content="https://centrosabia.org.br/en/audio/o-futuro-precisa-ser-agroecologico/" />
<meta property="og:site_name" content="Centro de Desenvolvimento Agroecológico Sabiá" />
<meta property="article:modified_time" content="2024-08-05T14:52:20+00:00" />
<meta property="og:image" content="https://centrosabia.org.br/wp-content/uploads/2023/03/CDS_futuroagro_wide-1-1-300x169.png" />
	<meta property="og:image:width" content="300" />
	<meta property="og:image:height" content="169" />
	<meta property="og:image:type" content="image/png" />
<meta name="twitter:card" content="summary_large_image" />
<meta name="twitter:label1" content="Est. reading time" />
	<meta name="twitter:data1" content="2 minutes" />
<script type="application/ld+json" class="yoast-schema-graph">{"@context":"https:\/\/schema.org","@graph":[{"@type":"WebPage","@id":"https:\/\/centrosabia.org.br\/en\/audio\/o-futuro-precisa-ser-agroecologico\/","url":"https:\/\/centrosabia.org.br\/en\/audio\/o-futuro-precisa-ser-agroecologico\/","name":"O Futuro Precisa Ser Agroecológico! | Cantos do Sabiá - Centro de Desenvolvimento Agroecológico Sabiá","isPartOf":{"@id":"https:\/\/centrosabia.org.br\/en\/#website"},"primaryImageOfPage":{"@id":"https:\/\/centrosabia.org.br\/en\/audio\/o-futuro-precisa-ser-agroecologico\/#primaryimage"},"image":{"@id":"https:\/\/centrosabia.org.br\/en\/audio\/o-futuro-precisa-ser-agroecologico\/#primaryimage"},"thumbnailUrl":"https:\/\/centrosabia.org.br\/wp-content\/uploads\/2023\/03\/CDS_futuroagro_wide-1-1.png","datePublished":"2023-03-27T03:00:00+00:00","dateModified":"2024-08-05T14:52:20+00:00","breadcrumb":{"@id":"https:\/\/centrosabia.org.br\/en\/audio\/o-futuro-precisa-ser-agroecologico\/#breadcrumb"},"inLanguage":"en-US","potentialAction":[{"@type":"ReadAction","target":["https:\/\/centrosabia.org.br\/en\/audio\/o-futuro-precisa-ser-agroecologico\/"]}]},{"@type":"ImageObject","inLanguage":"en-US","@id":"https:\/\/centrosabia.org.br\/en\/audio\/o-futuro-precisa-ser-agroecologico\/#primaryimage","url":"https:\/\/centrosabia.org.br\/wp-content\/uploads\/2023\/03\/CDS_futuroagro_wide-1-1.png","contentUrl":"https:\/\/centrosabia.org.br\/wp-content\/uploads\/2023\/03\/CDS_futuroagro_wide-1-1.png","width":512,"height":288},{"@type":"BreadcrumbList","@id":"https:\/\/centrosabia.org.br\/en\/audio\/o-futuro-precisa-ser-agroecologico\/#breadcrumb","itemListElement":[{"@type":"ListItem","position":1,"name":"Início","item":"https:\/\/centrosabia.org.br\/en\/"},{"@type":"ListItem","position":2,"name":"Áudios","item":"https:\/\/centrosabia.org.br\/en\/audio\/"},{"@type":"ListItem","position":3,"name":"O Futuro Precisa Ser Agroecológico! | Cantos do Sabiá"}]},{"@type":"WebSite","@id":"https:\/\/centrosabia.org.br\/en\/#website","url":"https:\/\/centrosabia.org.br\/en\/","name":"Centro de Desenvolvimento Agroecológico Sabiá","description":"","publisher":{"@id":"https:\/\/centrosabia.org.br\/en\/#organization"},"potentialAction":[{"@type":"SearchAction","target":{"@type":"EntryPoint","urlTemplate":"https:\/\/centrosabia.org.br\/en\/?s={search_term_string}"},"query-input":{"@type":"PropertyValueSpecification","valueRequired":true,"valueName":"search_term_string"}}],"inLanguage":"en-US"},{"@type":"Organization","@id":"https:\/\/centrosabia.org.br\/en\/#organization","name":"Centro de Desenvolvimento Agroecológico Sabiá","url":"https:\/\/centrosabia.org.br\/en\/","logo":{"@type":"ImageObject","inLanguage":"en-US","@id":"https:\/\/centrosabia.org.br\/en\/#\/schema\/logo\/image\/","url":"https:\/\/centrosabia.org.br\/wp-content\/uploads\/2021\/10\/logo.png","contentUrl":"https:\/\/centrosabia.org.br\/wp-content\/uploads\/2021\/10\/logo.png","width":174,"height":84,"caption":"Centro de Desenvolvimento Agroecológico Sabiá"},"image":{"@id":"https:\/\/centrosabia.org.br\/en\/#\/schema\/logo\/image\/"}}]}</script>
<!-- / Yoast SEO plugin. -->

O Futuro Precisa Ser Agroecológico! | Cantos do Sabiá - Centro de Desenvolvimento Agroecológico Sabiá

Centro de Desenvolvimento Agroecológico Sabiá

Início

Áudios
