{"id":17048,"date":"2023-03-20T00:00:00","date_gmt":"2023-03-20T03:00:00","guid":{"rendered":"https:\/\/centrosabia.org.br\/audio\/agua-nao-e-mercadoria\/"},"modified":"2024-08-05T11:53:48","modified_gmt":"2024-08-05T14:53:48","slug":"agua-nao-e-mercadoria","status":"publish","type":"audio","link":"https:\/\/centrosabia.org.br\/en\/audio\/agua-nao-e-mercadoria\/","title":{"rendered":"\u00c1gua n\u00e3o \u00e9 Mercadoria! | Cantos do Sabi\u00e1"},"content":{"rendered":"<p>A \u00e1gua \u00e9 direito humano. Imprescind\u00edvel, insubstitu\u00edvel\u2026 \u00c1gua \u00e9 vida. &#x1f30a;Por isso que o Cantos do Sabi\u00e1 dessa semana vem falar do dia 22 de mar\u00e7o, o Dia Mundial da \u00c1gua! Mas n\u00e3o d\u00e1 para discutir direito a \u00e1gua s\u00f3 falando para fechar a torneira ao escovar os dentes. Ou quando tomar banho, fechar o chuveiro\u2026 &#x1f6bf;&#x1fad7;<\/p>\n<p><\/p>\n<p>&#x1f4a6;\u2026A verdade \u00e9 que o gasto de \u00e1gua est\u00e1 bem al\u00e9m da pr\u00f3pria popula\u00e7\u00e3o. O Agroneg\u00f3cio, por exemplo, \u00e9 a economia que mais gasta \u00e1gua em todo o mundo! 70% dos gastos do recurso mundial est\u00e1 no mercado do veneno. &#x1f9ea;No Brasil, s\u00e3o 72% de gasto d&#39;\u00e1gua s\u00f3 no Agrobusiness. &#x1f4a7;<\/p>\n<p><\/p>\n<p>&#x1f30d;Hoje, segundo o levantamento do Instituto Trata Brasil, nosso pa\u00eds soma 30 milh\u00f5es de pessoas sem acesso ao abastecimento de \u00e1gua tratada. Est\u00e1 mais do que claro que o acesso \u00e0 \u00e1gua ainda \u00e9 uma discuss\u00e3o dif\u00edcil e atual. &#x1f305; \u00a0Como quebrar essas barreiras? Como garantir um direito humano essencial como \u00e9 o acesso \u00e0 \u00e1gua?! \u00c1gua n\u00e3o \u00e9 mercadoria. Nem tampouco pode ser tratada como se fosse! &#x1f30a;<\/p>\n<p><\/p>\n<p>\u00c9 para falar desse tema t\u00e3o importante que hoje convidamos para o nosso papo Ani\u00e9rica Almeida! &#x1f469;&#x1f3fd;\u200d&#x1f33e;Ani\u00e9rica \u00e9 engenheira de pesca, licenciada em Ci\u00eancias Agr\u00edcolas pela UFRPE. Especialista em Seguran\u00e7a Alimentar na Perspectiva da Conviv\u00eancia com o Semi\u00e1rido e da Agroecologia. &#x1f4da; Mestra em Extens\u00e3o Rural e Desenvolvimento Local. &#x1f4a6;<\/p>\n","protected":false},"featured_media":23357,"template":"","meta":{"_acf_changed":false,"ano":2023},"tema":[2538,2509,2545],"decada":[2502],"curadoria":[],"class_list":["post-17048","audio","type-audio","status-publish","has-post-thumbnail","hentry","tema-agua","tema-politica","tema-seca","decada-2502"],"blocksy_meta":[],"acf":{"imagem_de_cobertura":""},"yoast_head":"<!-- This site is optimized with the Yoast SEO plugin v27.4 - https:\/\/yoast.com\/product\/yoast-seo-wordpress\/ -->\n<title>\u00c1gua n\u00e3o \u00e9 Mercadoria! | Cantos do Sabi\u00e1 - Centro de Desenvolvimento Agroecol\u00f3gico Sabi\u00e1<\/title>\n<meta name=\"robots\" content=\"index, follow, max-snippet:-1, max-image-preview:large, max-video-preview:-1\" \/>\n<link rel=\"canonical\" href=\"https:\/\/centrosabia.org.br\/en\/audio\/agua-nao-e-mercadoria\/\" \/>\n<meta property=\"og:locale\" content=\"en_US\" \/>\n<meta property=\"og:type\" content=\"article\" \/>\n<meta property=\"og:title\" content=\"\u00c1gua n\u00e3o \u00e9 Mercadoria! | Cantos do Sabi\u00e1 - Centro de Desenvolvimento Agroecol\u00f3gico Sabi\u00e1\" \/>\n<meta property=\"og:url\" content=\"https:\/\/centrosabia.org.br\/en\/audio\/agua-nao-e-mercadoria\/\" \/>\n<meta property=\"og:site_name\" content=\"Centro de Desenvolvimento Agroecol\u00f3gico Sabi\u00e1\" \/>\n<meta property=\"article:modified_time\" content=\"2024-08-05T14:53:48+00:00\" \/>\n<meta property=\"og:image\" content=\"https:\/\/centrosabia.org.br\/wp-content\/uploads\/2023\/03\/CDS_agua_wide-1-1-300x169.png\" \/>\n\t<meta property=\"og:image:width\" content=\"300\" \/>\n\t<meta property=\"og:image:height\" content=\"169\" \/>\n\t<meta property=\"og:image:type\" content=\"image\/png\" \/>\n<meta name=\"twitter:card\" content=\"summary_large_image\" \/>\n<meta name=\"twitter:label1\" content=\"Est. reading time\" \/>\n\t<meta name=\"twitter:data1\" content=\"2 minutes\" \/>\n<script type=\"application\/ld+json\" class=\"yoast-schema-graph\">{\"@context\":\"https:\\\/\\\/schema.org\",\"@graph\":[{\"@type\":\"WebPage\",\"@id\":\"https:\\\/\\\/centrosabia.org.br\\\/en\\\/audio\\\/agua-nao-e-mercadoria\\\/\",\"url\":\"https:\\\/\\\/centrosabia.org.br\\\/en\\\/audio\\\/agua-nao-e-mercadoria\\\/\",\"name\":\"\u00c1gua n\u00e3o \u00e9 Mercadoria! | Cantos do Sabi\u00e1 - Centro de Desenvolvimento Agroecol\u00f3gico Sabi\u00e1\",\"isPartOf\":{\"@id\":\"https:\\\/\\\/centrosabia.org.br\\\/en\\\/#website\"},\"primaryImageOfPage\":{\"@id\":\"https:\\\/\\\/centrosabia.org.br\\\/en\\\/audio\\\/agua-nao-e-mercadoria\\\/#primaryimage\"},\"image\":{\"@id\":\"https:\\\/\\\/centrosabia.org.br\\\/en\\\/audio\\\/agua-nao-e-mercadoria\\\/#primaryimage\"},\"thumbnailUrl\":\"https:\\\/\\\/centrosabia.org.br\\\/wp-content\\\/uploads\\\/2023\\\/03\\\/CDS_agua_wide-1-1.png\",\"datePublished\":\"2023-03-20T03:00:00+00:00\",\"dateModified\":\"2024-08-05T14:53:48+00:00\",\"breadcrumb\":{\"@id\":\"https:\\\/\\\/centrosabia.org.br\\\/en\\\/audio\\\/agua-nao-e-mercadoria\\\/#breadcrumb\"},\"inLanguage\":\"en-US\",\"potentialAction\":[{\"@type\":\"ReadAction\",\"target\":[\"https:\\\/\\\/centrosabia.org.br\\\/en\\\/audio\\\/agua-nao-e-mercadoria\\\/\"]}]},{\"@type\":\"ImageObject\",\"inLanguage\":\"en-US\",\"@id\":\"https:\\\/\\\/centrosabia.org.br\\\/en\\\/audio\\\/agua-nao-e-mercadoria\\\/#primaryimage\",\"url\":\"https:\\\/\\\/centrosabia.org.br\\\/wp-content\\\/uploads\\\/2023\\\/03\\\/CDS_agua_wide-1-1.png\",\"contentUrl\":\"https:\\\/\\\/centrosabia.org.br\\\/wp-content\\\/uploads\\\/2023\\\/03\\\/CDS_agua_wide-1-1.png\",\"width\":512,\"height\":288},{\"@type\":\"BreadcrumbList\",\"@id\":\"https:\\\/\\\/centrosabia.org.br\\\/en\\\/audio\\\/agua-nao-e-mercadoria\\\/#breadcrumb\",\"itemListElement\":[{\"@type\":\"ListItem\",\"position\":1,\"name\":\"In\u00edcio\",\"item\":\"https:\\\/\\\/centrosabia.org.br\\\/en\\\/\"},{\"@type\":\"ListItem\",\"position\":2,\"name\":\"\u00c1udios\",\"item\":\"https:\\\/\\\/centrosabia.org.br\\\/en\\\/audio\\\/\"},{\"@type\":\"ListItem\",\"position\":3,\"name\":\"\u00c1gua n\u00e3o \u00e9 Mercadoria! | Cantos do Sabi\u00e1\"}]},{\"@type\":\"WebSite\",\"@id\":\"https:\\\/\\\/centrosabia.org.br\\\/en\\\/#website\",\"url\":\"https:\\\/\\\/centrosabia.org.br\\\/en\\\/\",\"name\":\"Centro de Desenvolvimento Agroecol\u00f3gico Sabi\u00e1\",\"description\":\"\",\"publisher\":{\"@id\":\"https:\\\/\\\/centrosabia.org.br\\\/en\\\/#organization\"},\"potentialAction\":[{\"@type\":\"SearchAction\",\"target\":{\"@type\":\"EntryPoint\",\"urlTemplate\":\"https:\\\/\\\/centrosabia.org.br\\\/en\\\/?s={search_term_string}\"},\"query-input\":{\"@type\":\"PropertyValueSpecification\",\"valueRequired\":true,\"valueName\":\"search_term_string\"}}],\"inLanguage\":\"en-US\"},{\"@type\":\"Organization\",\"@id\":\"https:\\\/\\\/centrosabia.org.br\\\/en\\\/#organization\",\"name\":\"Centro de Desenvolvimento Agroecol\u00f3gico Sabi\u00e1\",\"url\":\"https:\\\/\\\/centrosabia.org.br\\\/en\\\/\",\"logo\":{\"@type\":\"ImageObject\",\"inLanguage\":\"en-US\",\"@id\":\"https:\\\/\\\/centrosabia.org.br\\\/en\\\/#\\\/schema\\\/logo\\\/image\\\/\",\"url\":\"https:\\\/\\\/centrosabia.org.br\\\/wp-content\\\/uploads\\\/2021\\\/10\\\/logo.png\",\"contentUrl\":\"https:\\\/\\\/centrosabia.org.br\\\/wp-content\\\/uploads\\\/2021\\\/10\\\/logo.png\",\"width\":174,\"height\":84,\"caption\":\"Centro de Desenvolvimento Agroecol\u00f3gico Sabi\u00e1\"},\"image\":{\"@id\":\"https:\\\/\\\/centrosabia.org.br\\\/en\\\/#\\\/schema\\\/logo\\\/image\\\/\"}}]}<\/script>\n<!-- \/ Yoast SEO plugin. -->","yoast_head_json":{"title":"\u00c1gua n\u00e3o \u00e9 Mercadoria! | Cantos do Sabi\u00e1 - Centro de Desenvolvimento Agroecol\u00f3gico Sabi\u00e1","robots":{"index":"index","follow":"follow","max-snippet":"max-snippet:-1","max-image-preview":"max-image-preview:large","max-video-preview":"max-video-preview:-1"},"canonical":"https:\/\/centrosabia.org.br\/en\/audio\/agua-nao-e-mercadoria\/","og_locale":"en_US","og_type":"article","og_title":"\u00c1gua n\u00e3o \u00e9 Mercadoria! | Cantos do Sabi\u00e1 - Centro de Desenvolvimento Agroecol\u00f3gico Sabi\u00e1","og_url":"https:\/\/centrosabia.org.br\/en\/audio\/agua-nao-e-mercadoria\/","og_site_name":"Centro de Desenvolvimento Agroecol\u00f3gico Sabi\u00e1","article_modified_time":"2024-08-05T14:53:48+00:00","og_image":[{"width":300,"height":169,"url":"https:\/\/centrosabia.org.br\/wp-content\/uploads\/2023\/03\/CDS_agua_wide-1-1-300x169.png","type":"image\/png"}],"twitter_card":"summary_large_image","twitter_misc":{"Est. reading time":"2 minutes"},"schema":{"@context":"https:\/\/schema.org","@graph":[{"@type":"WebPage","@id":"https:\/\/centrosabia.org.br\/en\/audio\/agua-nao-e-mercadoria\/","url":"https:\/\/centrosabia.org.br\/en\/audio\/agua-nao-e-mercadoria\/","name":"\u00c1gua n\u00e3o \u00e9 Mercadoria! | Cantos do Sabi\u00e1 - Centro de Desenvolvimento Agroecol\u00f3gico Sabi\u00e1","isPartOf":{"@id":"https:\/\/centrosabia.org.br\/en\/#website"},"primaryImageOfPage":{"@id":"https:\/\/centrosabia.org.br\/en\/audio\/agua-nao-e-mercadoria\/#primaryimage"},"image":{"@id":"https:\/\/centrosabia.org.br\/en\/audio\/agua-nao-e-mercadoria\/#primaryimage"},"thumbnailUrl":"https:\/\/centrosabia.org.br\/wp-content\/uploads\/2023\/03\/CDS_agua_wide-1-1.png","datePublished":"2023-03-20T03:00:00+00:00","dateModified":"2024-08-05T14:53:48+00:00","breadcrumb":{"@id":"https:\/\/centrosabia.org.br\/en\/audio\/agua-nao-e-mercadoria\/#breadcrumb"},"inLanguage":"en-US","potentialAction":[{"@type":"ReadAction","target":["https:\/\/centrosabia.org.br\/en\/audio\/agua-nao-e-mercadoria\/"]}]},{"@type":"ImageObject","inLanguage":"en-US","@id":"https:\/\/centrosabia.org.br\/en\/audio\/agua-nao-e-mercadoria\/#primaryimage","url":"https:\/\/centrosabia.org.br\/wp-content\/uploads\/2023\/03\/CDS_agua_wide-1-1.png","contentUrl":"https:\/\/centrosabia.org.br\/wp-content\/uploads\/2023\/03\/CDS_agua_wide-1-1.png","width":512,"height":288},{"@type":"BreadcrumbList","@id":"https:\/\/centrosabia.org.br\/en\/audio\/agua-nao-e-mercadoria\/#breadcrumb","itemListElement":[{"@type":"ListItem","position":1,"name":"In\u00edcio","item":"https:\/\/centrosabia.org.br\/en\/"},{"@type":"ListItem","position":2,"name":"\u00c1udios","item":"https:\/\/centrosabia.org.br\/en\/audio\/"},{"@type":"ListItem","position":3,"name":"\u00c1gua n\u00e3o \u00e9 Mercadoria! | Cantos do Sabi\u00e1"}]},{"@type":"WebSite","@id":"https:\/\/centrosabia.org.br\/en\/#website","url":"https:\/\/centrosabia.org.br\/en\/","name":"Centro de Desenvolvimento Agroecol\u00f3gico Sabi\u00e1","description":"","publisher":{"@id":"https:\/\/centrosabia.org.br\/en\/#organization"},"potentialAction":[{"@type":"SearchAction","target":{"@type":"EntryPoint","urlTemplate":"https:\/\/centrosabia.org.br\/en\/?s={search_term_string}"},"query-input":{"@type":"PropertyValueSpecification","valueRequired":true,"valueName":"search_term_string"}}],"inLanguage":"en-US"},{"@type":"Organization","@id":"https:\/\/centrosabia.org.br\/en\/#organization","name":"Centro de Desenvolvimento Agroecol\u00f3gico Sabi\u00e1","url":"https:\/\/centrosabia.org.br\/en\/","logo":{"@type":"ImageObject","inLanguage":"en-US","@id":"https:\/\/centrosabia.org.br\/en\/#\/schema\/logo\/image\/","url":"https:\/\/centrosabia.org.br\/wp-content\/uploads\/2021\/10\/logo.png","contentUrl":"https:\/\/centrosabia.org.br\/wp-content\/uploads\/2021\/10\/logo.png","width":174,"height":84,"caption":"Centro de Desenvolvimento Agroecol\u00f3gico Sabi\u00e1"},"image":{"@id":"https:\/\/centrosabia.org.br\/en\/#\/schema\/logo\/image\/"}}]}},"_links":{"self":[{"href":"https:\/\/centrosabia.org.br\/en\/wp-json\/wp\/v2\/audio\/17048","targetHints":{"allow":["GET"]}}],"collection":[{"href":"https:\/\/centrosabia.org.br\/en\/wp-json\/wp\/v2\/audio"}],"about":[{"href":"https:\/\/centrosabia.org.br\/en\/wp-json\/wp\/v2\/types\/audio"}],"wp:featuredmedia":[{"embeddable":true,"href":"https:\/\/centrosabia.org.br\/en\/wp-json\/wp\/v2\/media\/23357"}],"wp:attachment":[{"href":"https:\/\/centrosabia.org.br\/en\/wp-json\/wp\/v2\/media?parent=17048"}],"wp:term":[{"taxonomy":"tema","embeddable":true,"href":"https:\/\/centrosabia.org.br\/en\/wp-json\/wp\/v2\/tema?post=17048"},{"taxonomy":"decada","embeddable":true,"href":"https:\/\/centrosabia.org.br\/en\/wp-json\/wp\/v2\/decada?post=17048"},{"taxonomy":"curadoria","embeddable":true,"href":"https:\/\/centrosabia.org.br\/en\/wp-json\/wp\/v2\/curadoria?post=17048"}],"curies":[{"name":"wp","href":"https:\/\/api.w.org\/{rel}","templated":true}]}}

Água não é Mercadoria! | Cantos do Sabiá

<p>A água é direito humano. Imprescindível, insubstituível… Água é vida. &#x1f30a;Por isso que o Cantos do Sabiá dessa semana vem falar do dia 22 de março, o Dia Mundial da Água! Mas não dá para discutir direito a água só falando para fechar a torneira ao escovar os dentes. Ou quando tomar banho, fechar o chuveiro… &#x1f6bf;&#x1fad7;</p>
<p></p>
<p>&#x1f4a6;…A verdade é que o gasto de água está bem além da própria população. O Agronegócio, por exemplo, é a economia que mais gasta água em todo o mundo! 70% dos gastos do recurso mundial está no mercado do veneno. &#x1f9ea;No Brasil, são 72% de gasto d&#39;água só no Agrobusiness. &#x1f4a7;</p>
<p></p>
<p>&#x1f30d;Hoje, segundo o levantamento do Instituto Trata Brasil, nosso país soma 30 milhões de pessoas sem acesso ao abastecimento de água tratada. Está mais do que claro que o acesso à água ainda é uma discussão difícil e atual. &#x1f305;  Como quebrar essas barreiras? Como garantir um direito humano essencial como é o acesso à água?! Água não é mercadoria. Nem tampouco pode ser tratada como se fosse! &#x1f30a;</p>
<p></p>
<p>É para falar desse tema tão importante que hoje convidamos para o nosso papo Aniérica Almeida! &#x1f469;&#x1f3fd;‍&#x1f33e;Aniérica é engenheira de pesca, licenciada em Ciências Agrícolas pela UFRPE. Especialista em Segurança Alimentar na Perspectiva da Convivência com o Semiárido e da Agroecologia. &#x1f4da; Mestra em Extensão Rural e Desenvolvimento Local. &#x1f4a6;</p>

<!-- This site is optimized with the Yoast SEO plugin v27.4 - https://yoast.com/product/yoast-seo-wordpress/ -->
<title>Água não é Mercadoria! | Cantos do Sabiá - Centro de Desenvolvimento Agroecológico Sabiá</title>
<meta name="robots" content="index, follow, max-snippet:-1, max-image-preview:large, max-video-preview:-1" />
<link rel="canonical" href="https://centrosabia.org.br/en/audio/agua-nao-e-mercadoria/" />
<meta property="og:locale" content="en_US" />
<meta property="og:type" content="article" />
<meta property="og:title" content="Água não é Mercadoria! | Cantos do Sabiá - Centro de Desenvolvimento Agroecológico Sabiá" />
<meta property="og:url" content="https://centrosabia.org.br/en/audio/agua-nao-e-mercadoria/" />
<meta property="og:site_name" content="Centro de Desenvolvimento Agroecológico Sabiá" />
<meta property="article:modified_time" content="2024-08-05T14:53:48+00:00" />
<meta property="og:image" content="https://centrosabia.org.br/wp-content/uploads/2023/03/CDS_agua_wide-1-1-300x169.png" />
	<meta property="og:image:width" content="300" />
	<meta property="og:image:height" content="169" />
	<meta property="og:image:type" content="image/png" />
<meta name="twitter:card" content="summary_large_image" />
<meta name="twitter:label1" content="Est. reading time" />
	<meta name="twitter:data1" content="2 minutes" />
<script type="application/ld+json" class="yoast-schema-graph">{"@context":"https:\/\/schema.org","@graph":[{"@type":"WebPage","@id":"https:\/\/centrosabia.org.br\/en\/audio\/agua-nao-e-mercadoria\/","url":"https:\/\/centrosabia.org.br\/en\/audio\/agua-nao-e-mercadoria\/","name":"Água não é Mercadoria! | Cantos do Sabiá - Centro de Desenvolvimento Agroecológico Sabiá","isPartOf":{"@id":"https:\/\/centrosabia.org.br\/en\/#website"},"primaryImageOfPage":{"@id":"https:\/\/centrosabia.org.br\/en\/audio\/agua-nao-e-mercadoria\/#primaryimage"},"image":{"@id":"https:\/\/centrosabia.org.br\/en\/audio\/agua-nao-e-mercadoria\/#primaryimage"},"thumbnailUrl":"https:\/\/centrosabia.org.br\/wp-content\/uploads\/2023\/03\/CDS_agua_wide-1-1.png","datePublished":"2023-03-20T03:00:00+00:00","dateModified":"2024-08-05T14:53:48+00:00","breadcrumb":{"@id":"https:\/\/centrosabia.org.br\/en\/audio\/agua-nao-e-mercadoria\/#breadcrumb"},"inLanguage":"en-US","potentialAction":[{"@type":"ReadAction","target":["https:\/\/centrosabia.org.br\/en\/audio\/agua-nao-e-mercadoria\/"]}]},{"@type":"ImageObject","inLanguage":"en-US","@id":"https:\/\/centrosabia.org.br\/en\/audio\/agua-nao-e-mercadoria\/#primaryimage","url":"https:\/\/centrosabia.org.br\/wp-content\/uploads\/2023\/03\/CDS_agua_wide-1-1.png","contentUrl":"https:\/\/centrosabia.org.br\/wp-content\/uploads\/2023\/03\/CDS_agua_wide-1-1.png","width":512,"height":288},{"@type":"BreadcrumbList","@id":"https:\/\/centrosabia.org.br\/en\/audio\/agua-nao-e-mercadoria\/#breadcrumb","itemListElement":[{"@type":"ListItem","position":1,"name":"Início","item":"https:\/\/centrosabia.org.br\/en\/"},{"@type":"ListItem","position":2,"name":"Áudios","item":"https:\/\/centrosabia.org.br\/en\/audio\/"},{"@type":"ListItem","position":3,"name":"Água não é Mercadoria! | Cantos do Sabiá"}]},{"@type":"WebSite","@id":"https:\/\/centrosabia.org.br\/en\/#website","url":"https:\/\/centrosabia.org.br\/en\/","name":"Centro de Desenvolvimento Agroecológico Sabiá","description":"","publisher":{"@id":"https:\/\/centrosabia.org.br\/en\/#organization"},"potentialAction":[{"@type":"SearchAction","target":{"@type":"EntryPoint","urlTemplate":"https:\/\/centrosabia.org.br\/en\/?s={search_term_string}"},"query-input":{"@type":"PropertyValueSpecification","valueRequired":true,"valueName":"search_term_string"}}],"inLanguage":"en-US"},{"@type":"Organization","@id":"https:\/\/centrosabia.org.br\/en\/#organization","name":"Centro de Desenvolvimento Agroecológico Sabiá","url":"https:\/\/centrosabia.org.br\/en\/","logo":{"@type":"ImageObject","inLanguage":"en-US","@id":"https:\/\/centrosabia.org.br\/en\/#\/schema\/logo\/image\/","url":"https:\/\/centrosabia.org.br\/wp-content\/uploads\/2021\/10\/logo.png","contentUrl":"https:\/\/centrosabia.org.br\/wp-content\/uploads\/2021\/10\/logo.png","width":174,"height":84,"caption":"Centro de Desenvolvimento Agroecológico Sabiá"},"image":{"@id":"https:\/\/centrosabia.org.br\/en\/#\/schema\/logo\/image\/"}}]}</script>
<!-- / Yoast SEO plugin. -->

Água não é Mercadoria! | Cantos do Sabiá - Centro de Desenvolvimento Agroecológico Sabiá

Centro de Desenvolvimento Agroecológico Sabiá

Início

Áudios
