{"id":17056,"date":"2023-03-13T00:00:00","date_gmt":"2023-03-13T03:00:00","guid":{"rendered":"https:\/\/centrosabia.org.br\/audio\/estao-destruindo-as-nossas-florestas\/"},"modified":"2024-08-05T11:55:10","modified_gmt":"2024-08-05T14:55:10","slug":"estao-destruindo-as-nossas-florestas","status":"publish","type":"audio","link":"https:\/\/centrosabia.org.br\/en\/audio\/estao-destruindo-as-nossas-florestas\/","title":{"rendered":"Est\u00e3o destruindo as nossas florestas! | Cantos do Sabi\u00e1"},"content":{"rendered":"<p>Mar\u00e7o \u00e9 o m\u00eas em que celebramos o Dia Mundial das Florestas (21)! &#x1f333;&#x1f332; Uma importante data para refletirmos nossas a\u00e7\u00f5es ambientais, de defesa da natureza, dos biomas de nosso pa\u00eds, e tamb\u00e9m para conscientizar a popula\u00e7\u00e3o por escolhas pol\u00edticas mais sustent\u00e1veis. &#x1f30d;<\/p>\n<p><\/p>\n<p>O Brasil tem dimens\u00f5es continentais, com uma extens\u00e3o territorial de mais de 8.500.000 KM\u00b2; 1,6% da superf\u00edcie terrestre apenas aqui, em nossa casa. &#x1f4cf; Mas com tanta mata, tanta fauna e flora, tamb\u00e9m temos gigantescos problemas ambientais &#8211; a maioria causada por n\u00f3s mesmos, seres humanos. \u2620&#x1f331; A liberdade de grandes empresas destru\u00edrem, desmatarem e envenenarem o solo &#34;em nome do progresso&#34; adoece nossas florestas. Mais que isso, destr\u00f3i, desmata e queima nossa \u00e1rea verde! Onde o fogo pega, a morte fica. &#x1f525;<\/p>\n<p><\/p>\n<p>Como parar o fogo, o desmatamento, e como recuperamos tanto do que j\u00e1 perdemos? \u00c9 refletindo sobre isso que o Cantos do Sabi\u00e1 dessa semana bate um papo com o especialista em geografia e agricultor agroflorestal &#8211; Vilmar Lermen! &#x1f468;&#x1f3fd;\u200d&#x1f33e;<\/p>\n<p><\/p>\n<p>Vilmar \u00e9 associado do Centro Sabi\u00e1, mestrando em Extens\u00e3o Rural, pedagogo e agricultor agroflorestal, com experi\u00eancia em agricultura familiar. Vilmar tamb\u00e9m faz parte do Sindicato dos Trabalhadores Rurais da cidade de Ex\u00fa. \u270a&#x1f3fd;<\/p>\n<p><\/p>\n<p><a href=\"https:\/\/centrosabia.org.br\/tag\/cantos-do-sabia\/\" rel=\"nofollow\">Cantos do Sabi\u00e1<\/a> \u00e9 o Podcast do Centro Sabi\u00e1! &#x1f3a7; Semanalmente discutimos agroecologia, sustentabilidade e pol\u00edtica no campo e cidade! O podcast vai ao ar todas \u00e0s segundas-feiras. Acompanhe tamb\u00e9m em nosso canal do Youtube! &#x1f4f1;<\/p>\n<p><\/p>\n<p><\/p>\n","protected":false},"featured_media":23360,"template":"","meta":{"_acf_changed":false,"ano":2023},"tema":[2521,2513,2518],"decada":[2502],"curadoria":[],"class_list":["post-17056","audio","type-audio","status-publish","has-post-thumbnail","hentry","tema-agrofloresta","tema-meio-ambiente","tema-sustentabilidade","decada-2502"],"blocksy_meta":[],"acf":{"imagem_de_cobertura":""},"yoast_head":"<!-- This site is optimized with the Yoast SEO plugin v27.4 - https:\/\/yoast.com\/product\/yoast-seo-wordpress\/ -->\n<title>Est\u00e3o destruindo as nossas florestas! | Cantos do Sabi\u00e1 - Centro de Desenvolvimento Agroecol\u00f3gico Sabi\u00e1<\/title>\n<meta name=\"robots\" content=\"index, follow, max-snippet:-1, max-image-preview:large, max-video-preview:-1\" \/>\n<link rel=\"canonical\" href=\"https:\/\/centrosabia.org.br\/en\/audio\/estao-destruindo-as-nossas-florestas\/\" \/>\n<meta property=\"og:locale\" content=\"en_US\" \/>\n<meta property=\"og:type\" content=\"article\" \/>\n<meta property=\"og:title\" content=\"Est\u00e3o destruindo as nossas florestas! | Cantos do Sabi\u00e1 - Centro de Desenvolvimento Agroecol\u00f3gico Sabi\u00e1\" \/>\n<meta property=\"og:url\" content=\"https:\/\/centrosabia.org.br\/en\/audio\/estao-destruindo-as-nossas-florestas\/\" \/>\n<meta property=\"og:site_name\" content=\"Centro de Desenvolvimento Agroecol\u00f3gico Sabi\u00e1\" \/>\n<meta property=\"article:modified_time\" content=\"2024-08-05T14:55:10+00:00\" \/>\n<meta property=\"og:image\" content=\"https:\/\/centrosabia.org.br\/wp-content\/uploads\/2023\/03\/CANTOS-DO-SABIA-2023-03-wide-1-300x169.png\" \/>\n\t<meta property=\"og:image:width\" content=\"300\" \/>\n\t<meta property=\"og:image:height\" content=\"169\" \/>\n\t<meta property=\"og:image:type\" content=\"image\/png\" \/>\n<meta name=\"twitter:card\" content=\"summary_large_image\" \/>\n<meta name=\"twitter:label1\" content=\"Est. reading time\" \/>\n\t<meta name=\"twitter:data1\" content=\"2 minutes\" \/>\n<script type=\"application\/ld+json\" class=\"yoast-schema-graph\">{\"@context\":\"https:\\\/\\\/schema.org\",\"@graph\":[{\"@type\":\"WebPage\",\"@id\":\"https:\\\/\\\/centrosabia.org.br\\\/en\\\/audio\\\/estao-destruindo-as-nossas-florestas\\\/\",\"url\":\"https:\\\/\\\/centrosabia.org.br\\\/en\\\/audio\\\/estao-destruindo-as-nossas-florestas\\\/\",\"name\":\"Est\u00e3o destruindo as nossas florestas! | Cantos do Sabi\u00e1 - Centro de Desenvolvimento Agroecol\u00f3gico Sabi\u00e1\",\"isPartOf\":{\"@id\":\"https:\\\/\\\/centrosabia.org.br\\\/en\\\/#website\"},\"primaryImageOfPage\":{\"@id\":\"https:\\\/\\\/centrosabia.org.br\\\/en\\\/audio\\\/estao-destruindo-as-nossas-florestas\\\/#primaryimage\"},\"image\":{\"@id\":\"https:\\\/\\\/centrosabia.org.br\\\/en\\\/audio\\\/estao-destruindo-as-nossas-florestas\\\/#primaryimage\"},\"thumbnailUrl\":\"https:\\\/\\\/centrosabia.org.br\\\/wp-content\\\/uploads\\\/2023\\\/03\\\/CANTOS-DO-SABIA-2023-03-wide-1.png\",\"datePublished\":\"2023-03-13T03:00:00+00:00\",\"dateModified\":\"2024-08-05T14:55:10+00:00\",\"breadcrumb\":{\"@id\":\"https:\\\/\\\/centrosabia.org.br\\\/en\\\/audio\\\/estao-destruindo-as-nossas-florestas\\\/#breadcrumb\"},\"inLanguage\":\"en-US\",\"potentialAction\":[{\"@type\":\"ReadAction\",\"target\":[\"https:\\\/\\\/centrosabia.org.br\\\/en\\\/audio\\\/estao-destruindo-as-nossas-florestas\\\/\"]}]},{\"@type\":\"ImageObject\",\"inLanguage\":\"en-US\",\"@id\":\"https:\\\/\\\/centrosabia.org.br\\\/en\\\/audio\\\/estao-destruindo-as-nossas-florestas\\\/#primaryimage\",\"url\":\"https:\\\/\\\/centrosabia.org.br\\\/wp-content\\\/uploads\\\/2023\\\/03\\\/CANTOS-DO-SABIA-2023-03-wide-1.png\",\"contentUrl\":\"https:\\\/\\\/centrosabia.org.br\\\/wp-content\\\/uploads\\\/2023\\\/03\\\/CANTOS-DO-SABIA-2023-03-wide-1.png\",\"width\":512,\"height\":288},{\"@type\":\"BreadcrumbList\",\"@id\":\"https:\\\/\\\/centrosabia.org.br\\\/en\\\/audio\\\/estao-destruindo-as-nossas-florestas\\\/#breadcrumb\",\"itemListElement\":[{\"@type\":\"ListItem\",\"position\":1,\"name\":\"In\u00edcio\",\"item\":\"https:\\\/\\\/centrosabia.org.br\\\/en\\\/\"},{\"@type\":\"ListItem\",\"position\":2,\"name\":\"\u00c1udios\",\"item\":\"https:\\\/\\\/centrosabia.org.br\\\/en\\\/audio\\\/\"},{\"@type\":\"ListItem\",\"position\":3,\"name\":\"Est\u00e3o destruindo as nossas florestas! | Cantos do Sabi\u00e1\"}]},{\"@type\":\"WebSite\",\"@id\":\"https:\\\/\\\/centrosabia.org.br\\\/en\\\/#website\",\"url\":\"https:\\\/\\\/centrosabia.org.br\\\/en\\\/\",\"name\":\"Centro de Desenvolvimento Agroecol\u00f3gico Sabi\u00e1\",\"description\":\"\",\"publisher\":{\"@id\":\"https:\\\/\\\/centrosabia.org.br\\\/en\\\/#organization\"},\"potentialAction\":[{\"@type\":\"SearchAction\",\"target\":{\"@type\":\"EntryPoint\",\"urlTemplate\":\"https:\\\/\\\/centrosabia.org.br\\\/en\\\/?s={search_term_string}\"},\"query-input\":{\"@type\":\"PropertyValueSpecification\",\"valueRequired\":true,\"valueName\":\"search_term_string\"}}],\"inLanguage\":\"en-US\"},{\"@type\":\"Organization\",\"@id\":\"https:\\\/\\\/centrosabia.org.br\\\/en\\\/#organization\",\"name\":\"Centro de Desenvolvimento Agroecol\u00f3gico Sabi\u00e1\",\"url\":\"https:\\\/\\\/centrosabia.org.br\\\/en\\\/\",\"logo\":{\"@type\":\"ImageObject\",\"inLanguage\":\"en-US\",\"@id\":\"https:\\\/\\\/centrosabia.org.br\\\/en\\\/#\\\/schema\\\/logo\\\/image\\\/\",\"url\":\"https:\\\/\\\/centrosabia.org.br\\\/wp-content\\\/uploads\\\/2021\\\/10\\\/logo.png\",\"contentUrl\":\"https:\\\/\\\/centrosabia.org.br\\\/wp-content\\\/uploads\\\/2021\\\/10\\\/logo.png\",\"width\":174,\"height\":84,\"caption\":\"Centro de Desenvolvimento Agroecol\u00f3gico Sabi\u00e1\"},\"image\":{\"@id\":\"https:\\\/\\\/centrosabia.org.br\\\/en\\\/#\\\/schema\\\/logo\\\/image\\\/\"}}]}<\/script>\n<!-- \/ Yoast SEO plugin. -->","yoast_head_json":{"title":"Est\u00e3o destruindo as nossas florestas! | Cantos do Sabi\u00e1 - Centro de Desenvolvimento Agroecol\u00f3gico Sabi\u00e1","robots":{"index":"index","follow":"follow","max-snippet":"max-snippet:-1","max-image-preview":"max-image-preview:large","max-video-preview":"max-video-preview:-1"},"canonical":"https:\/\/centrosabia.org.br\/en\/audio\/estao-destruindo-as-nossas-florestas\/","og_locale":"en_US","og_type":"article","og_title":"Est\u00e3o destruindo as nossas florestas! | Cantos do Sabi\u00e1 - Centro de Desenvolvimento Agroecol\u00f3gico Sabi\u00e1","og_url":"https:\/\/centrosabia.org.br\/en\/audio\/estao-destruindo-as-nossas-florestas\/","og_site_name":"Centro de Desenvolvimento Agroecol\u00f3gico Sabi\u00e1","article_modified_time":"2024-08-05T14:55:10+00:00","og_image":[{"width":300,"height":169,"url":"https:\/\/centrosabia.org.br\/wp-content\/uploads\/2023\/03\/CANTOS-DO-SABIA-2023-03-wide-1-300x169.png","type":"image\/png"}],"twitter_card":"summary_large_image","twitter_misc":{"Est. reading time":"2 minutes"},"schema":{"@context":"https:\/\/schema.org","@graph":[{"@type":"WebPage","@id":"https:\/\/centrosabia.org.br\/en\/audio\/estao-destruindo-as-nossas-florestas\/","url":"https:\/\/centrosabia.org.br\/en\/audio\/estao-destruindo-as-nossas-florestas\/","name":"Est\u00e3o destruindo as nossas florestas! | Cantos do Sabi\u00e1 - Centro de Desenvolvimento Agroecol\u00f3gico Sabi\u00e1","isPartOf":{"@id":"https:\/\/centrosabia.org.br\/en\/#website"},"primaryImageOfPage":{"@id":"https:\/\/centrosabia.org.br\/en\/audio\/estao-destruindo-as-nossas-florestas\/#primaryimage"},"image":{"@id":"https:\/\/centrosabia.org.br\/en\/audio\/estao-destruindo-as-nossas-florestas\/#primaryimage"},"thumbnailUrl":"https:\/\/centrosabia.org.br\/wp-content\/uploads\/2023\/03\/CANTOS-DO-SABIA-2023-03-wide-1.png","datePublished":"2023-03-13T03:00:00+00:00","dateModified":"2024-08-05T14:55:10+00:00","breadcrumb":{"@id":"https:\/\/centrosabia.org.br\/en\/audio\/estao-destruindo-as-nossas-florestas\/#breadcrumb"},"inLanguage":"en-US","potentialAction":[{"@type":"ReadAction","target":["https:\/\/centrosabia.org.br\/en\/audio\/estao-destruindo-as-nossas-florestas\/"]}]},{"@type":"ImageObject","inLanguage":"en-US","@id":"https:\/\/centrosabia.org.br\/en\/audio\/estao-destruindo-as-nossas-florestas\/#primaryimage","url":"https:\/\/centrosabia.org.br\/wp-content\/uploads\/2023\/03\/CANTOS-DO-SABIA-2023-03-wide-1.png","contentUrl":"https:\/\/centrosabia.org.br\/wp-content\/uploads\/2023\/03\/CANTOS-DO-SABIA-2023-03-wide-1.png","width":512,"height":288},{"@type":"BreadcrumbList","@id":"https:\/\/centrosabia.org.br\/en\/audio\/estao-destruindo-as-nossas-florestas\/#breadcrumb","itemListElement":[{"@type":"ListItem","position":1,"name":"In\u00edcio","item":"https:\/\/centrosabia.org.br\/en\/"},{"@type":"ListItem","position":2,"name":"\u00c1udios","item":"https:\/\/centrosabia.org.br\/en\/audio\/"},{"@type":"ListItem","position":3,"name":"Est\u00e3o destruindo as nossas florestas! | Cantos do Sabi\u00e1"}]},{"@type":"WebSite","@id":"https:\/\/centrosabia.org.br\/en\/#website","url":"https:\/\/centrosabia.org.br\/en\/","name":"Centro de Desenvolvimento Agroecol\u00f3gico Sabi\u00e1","description":"","publisher":{"@id":"https:\/\/centrosabia.org.br\/en\/#organization"},"potentialAction":[{"@type":"SearchAction","target":{"@type":"EntryPoint","urlTemplate":"https:\/\/centrosabia.org.br\/en\/?s={search_term_string}"},"query-input":{"@type":"PropertyValueSpecification","valueRequired":true,"valueName":"search_term_string"}}],"inLanguage":"en-US"},{"@type":"Organization","@id":"https:\/\/centrosabia.org.br\/en\/#organization","name":"Centro de Desenvolvimento Agroecol\u00f3gico Sabi\u00e1","url":"https:\/\/centrosabia.org.br\/en\/","logo":{"@type":"ImageObject","inLanguage":"en-US","@id":"https:\/\/centrosabia.org.br\/en\/#\/schema\/logo\/image\/","url":"https:\/\/centrosabia.org.br\/wp-content\/uploads\/2021\/10\/logo.png","contentUrl":"https:\/\/centrosabia.org.br\/wp-content\/uploads\/2021\/10\/logo.png","width":174,"height":84,"caption":"Centro de Desenvolvimento Agroecol\u00f3gico Sabi\u00e1"},"image":{"@id":"https:\/\/centrosabia.org.br\/en\/#\/schema\/logo\/image\/"}}]}},"_links":{"self":[{"href":"https:\/\/centrosabia.org.br\/en\/wp-json\/wp\/v2\/audio\/17056","targetHints":{"allow":["GET"]}}],"collection":[{"href":"https:\/\/centrosabia.org.br\/en\/wp-json\/wp\/v2\/audio"}],"about":[{"href":"https:\/\/centrosabia.org.br\/en\/wp-json\/wp\/v2\/types\/audio"}],"wp:featuredmedia":[{"embeddable":true,"href":"https:\/\/centrosabia.org.br\/en\/wp-json\/wp\/v2\/media\/23360"}],"wp:attachment":[{"href":"https:\/\/centrosabia.org.br\/en\/wp-json\/wp\/v2\/media?parent=17056"}],"wp:term":[{"taxonomy":"tema","embeddable":true,"href":"https:\/\/centrosabia.org.br\/en\/wp-json\/wp\/v2\/tema?post=17056"},{"taxonomy":"decada","embeddable":true,"href":"https:\/\/centrosabia.org.br\/en\/wp-json\/wp\/v2\/decada?post=17056"},{"taxonomy":"curadoria","embeddable":true,"href":"https:\/\/centrosabia.org.br\/en\/wp-json\/wp\/v2\/curadoria?post=17056"}],"curies":[{"name":"wp","href":"https:\/\/api.w.org\/{rel}","templated":true}]}}

Estão destruindo as nossas florestas! | Cantos do Sabiá

<p>Março é o mês em que celebramos o Dia Mundial das Florestas (21)! &#x1f333;&#x1f332; Uma importante data para refletirmos nossas ações ambientais, de defesa da natureza, dos biomas de nosso país, e também para conscientizar a população por escolhas políticas mais sustentáveis. &#x1f30d;</p>
<p></p>
<p>O Brasil tem dimensões continentais, com uma extensão territorial de mais de 8.500.000 KM²; 1,6% da superfície terrestre apenas aqui, em nossa casa. &#x1f4cf; Mas com tanta mata, tanta fauna e flora, também temos gigantescos problemas ambientais &#8211; a maioria causada por nós mesmos, seres humanos. ☠&#x1f331; A liberdade de grandes empresas destruírem, desmatarem e envenenarem o solo &#34;em nome do progresso&#34; adoece nossas florestas. Mais que isso, destrói, desmata e queima nossa área verde! Onde o fogo pega, a morte fica. &#x1f525;</p>
<p></p>
<p>Como parar o fogo, o desmatamento, e como recuperamos tanto do que já perdemos? É refletindo sobre isso que o Cantos do Sabiá dessa semana bate um papo com o especialista em geografia e agricultor agroflorestal &#8211; Vilmar Lermen! &#x1f468;&#x1f3fd;‍&#x1f33e;</p>
<p></p>
<p>Vilmar é associado do Centro Sabiá, mestrando em Extensão Rural, pedagogo e agricultor agroflorestal, com experiência em agricultura familiar. Vilmar também faz parte do Sindicato dos Trabalhadores Rurais da cidade de Exú. ✊&#x1f3fd;</p>
<p></p>
<p><a href="https://centrosabia.org.br/tag/cantos-do-sabia/" rel="nofollow">Cantos do Sabiá</a> é o Podcast do Centro Sabiá! &#x1f3a7; Semanalmente discutimos agroecologia, sustentabilidade e política no campo e cidade! O podcast vai ao ar todas às segundas-feiras. Acompanhe também em nosso canal do Youtube! &#x1f4f1;</p>
<p></p>
<p></p>

<!-- This site is optimized with the Yoast SEO plugin v27.4 - https://yoast.com/product/yoast-seo-wordpress/ -->
<title>Estão destruindo as nossas florestas! | Cantos do Sabiá - Centro de Desenvolvimento Agroecológico Sabiá</title>
<meta name="robots" content="index, follow, max-snippet:-1, max-image-preview:large, max-video-preview:-1" />
<link rel="canonical" href="https://centrosabia.org.br/en/audio/estao-destruindo-as-nossas-florestas/" />
<meta property="og:locale" content="en_US" />
<meta property="og:type" content="article" />
<meta property="og:title" content="Estão destruindo as nossas florestas! | Cantos do Sabiá - Centro de Desenvolvimento Agroecológico Sabiá" />
<meta property="og:url" content="https://centrosabia.org.br/en/audio/estao-destruindo-as-nossas-florestas/" />
<meta property="og:site_name" content="Centro de Desenvolvimento Agroecológico Sabiá" />
<meta property="article:modified_time" content="2024-08-05T14:55:10+00:00" />
<meta property="og:image" content="https://centrosabia.org.br/wp-content/uploads/2023/03/CANTOS-DO-SABIA-2023-03-wide-1-300x169.png" />
	<meta property="og:image:width" content="300" />
	<meta property="og:image:height" content="169" />
	<meta property="og:image:type" content="image/png" />
<meta name="twitter:card" content="summary_large_image" />
<meta name="twitter:label1" content="Est. reading time" />
	<meta name="twitter:data1" content="2 minutes" />
<script type="application/ld+json" class="yoast-schema-graph">{"@context":"https:\/\/schema.org","@graph":[{"@type":"WebPage","@id":"https:\/\/centrosabia.org.br\/en\/audio\/estao-destruindo-as-nossas-florestas\/","url":"https:\/\/centrosabia.org.br\/en\/audio\/estao-destruindo-as-nossas-florestas\/","name":"Estão destruindo as nossas florestas! | Cantos do Sabiá - Centro de Desenvolvimento Agroecológico Sabiá","isPartOf":{"@id":"https:\/\/centrosabia.org.br\/en\/#website"},"primaryImageOfPage":{"@id":"https:\/\/centrosabia.org.br\/en\/audio\/estao-destruindo-as-nossas-florestas\/#primaryimage"},"image":{"@id":"https:\/\/centrosabia.org.br\/en\/audio\/estao-destruindo-as-nossas-florestas\/#primaryimage"},"thumbnailUrl":"https:\/\/centrosabia.org.br\/wp-content\/uploads\/2023\/03\/CANTOS-DO-SABIA-2023-03-wide-1.png","datePublished":"2023-03-13T03:00:00+00:00","dateModified":"2024-08-05T14:55:10+00:00","breadcrumb":{"@id":"https:\/\/centrosabia.org.br\/en\/audio\/estao-destruindo-as-nossas-florestas\/#breadcrumb"},"inLanguage":"en-US","potentialAction":[{"@type":"ReadAction","target":["https:\/\/centrosabia.org.br\/en\/audio\/estao-destruindo-as-nossas-florestas\/"]}]},{"@type":"ImageObject","inLanguage":"en-US","@id":"https:\/\/centrosabia.org.br\/en\/audio\/estao-destruindo-as-nossas-florestas\/#primaryimage","url":"https:\/\/centrosabia.org.br\/wp-content\/uploads\/2023\/03\/CANTOS-DO-SABIA-2023-03-wide-1.png","contentUrl":"https:\/\/centrosabia.org.br\/wp-content\/uploads\/2023\/03\/CANTOS-DO-SABIA-2023-03-wide-1.png","width":512,"height":288},{"@type":"BreadcrumbList","@id":"https:\/\/centrosabia.org.br\/en\/audio\/estao-destruindo-as-nossas-florestas\/#breadcrumb","itemListElement":[{"@type":"ListItem","position":1,"name":"Início","item":"https:\/\/centrosabia.org.br\/en\/"},{"@type":"ListItem","position":2,"name":"Áudios","item":"https:\/\/centrosabia.org.br\/en\/audio\/"},{"@type":"ListItem","position":3,"name":"Estão destruindo as nossas florestas! | Cantos do Sabiá"}]},{"@type":"WebSite","@id":"https:\/\/centrosabia.org.br\/en\/#website","url":"https:\/\/centrosabia.org.br\/en\/","name":"Centro de Desenvolvimento Agroecológico Sabiá","description":"","publisher":{"@id":"https:\/\/centrosabia.org.br\/en\/#organization"},"potentialAction":[{"@type":"SearchAction","target":{"@type":"EntryPoint","urlTemplate":"https:\/\/centrosabia.org.br\/en\/?s={search_term_string}"},"query-input":{"@type":"PropertyValueSpecification","valueRequired":true,"valueName":"search_term_string"}}],"inLanguage":"en-US"},{"@type":"Organization","@id":"https:\/\/centrosabia.org.br\/en\/#organization","name":"Centro de Desenvolvimento Agroecológico Sabiá","url":"https:\/\/centrosabia.org.br\/en\/","logo":{"@type":"ImageObject","inLanguage":"en-US","@id":"https:\/\/centrosabia.org.br\/en\/#\/schema\/logo\/image\/","url":"https:\/\/centrosabia.org.br\/wp-content\/uploads\/2021\/10\/logo.png","contentUrl":"https:\/\/centrosabia.org.br\/wp-content\/uploads\/2021\/10\/logo.png","width":174,"height":84,"caption":"Centro de Desenvolvimento Agroecológico Sabiá"},"image":{"@id":"https:\/\/centrosabia.org.br\/en\/#\/schema\/logo\/image\/"}}]}</script>
<!-- / Yoast SEO plugin. -->

Estão destruindo as nossas florestas! | Cantos do Sabiá - Centro de Desenvolvimento Agroecológico Sabiá

Centro de Desenvolvimento Agroecológico Sabiá

Início

Áudios
