{"id":17064,"date":"2023-03-06T00:00:00","date_gmt":"2023-03-06T03:00:00","guid":{"rendered":"https:\/\/centrosabia.org.br\/audio\/o-lugar-da-mulher-e-na-agroecologia\/"},"modified":"2024-08-05T11:57:53","modified_gmt":"2024-08-05T14:57:53","slug":"o-lugar-da-mulher-e-na-agroecologia","status":"publish","type":"audio","link":"https:\/\/centrosabia.org.br\/en\/audio\/o-lugar-da-mulher-e-na-agroecologia\/","title":{"rendered":"O Lugar da Mulher \u00e9 na Agroecologia! | Cantos do Sabi\u00e1"},"content":{"rendered":"<p>&#x1f4e2; O Cantos do Sabi\u00e1 est\u00e1 no ar! &#x1f3a7; Essa semana falamos sobre o Dia Internacional da Mulher, e a luta das mulheres por equidade e justi\u00e7a na agricultura! N\u00e3o existe Agroecologia sem feminismo, sem mulheres, sem resist\u00eancia. &#x1f645;&#x1f3ff;\u200d\u2640\ufe0f&#x1f645;&#x1f3fe;\u200d\u2640\ufe0f&#x1f645;&#x1f3fd;\u200d\u2640\ufe0f<\/p>\n<p><\/p>\n<p>Em 2017, o censo do IBGE identificou 947 mil mulheres respons\u00e1veis pela gest\u00e3o de propriedades rurais &#8211; e a maior parte &#8211; no Nordeste &#8211; 57%! &#x1f331;<\/p>\n<p><\/p>\n<p>A mulher \u00e9 em grande parte respons\u00e1vel pela venda, organiza\u00e7\u00e3o, distribui\u00e7\u00e3o do que produz, atrav\u00e9s da agricultura familiar. Mesmo assim, s\u00e3o tamb\u00e9m elas \u00a0que acabam trabalhando muito mais, acumulando horas de trabalho nas produ\u00e7\u00f5es, no cultivo e venda, e tamb\u00e9m em casa, com os trabalhos dom\u00e9sticos &#8211; uma rela\u00e7\u00e3o de vida e trabalho que parece estar longe de ter fim. \u2640\ufe0f<\/p>\n<p><\/p>\n<p>Ent\u00e3o \u00e9 pensando nisso tudo &#8211; Na mulher, agroecologia, trabalho, que o Cantos do Sabi\u00e1 desta semana conversa com Sarah Marques! Sarah \u00e9 co-fundadora do Coletivo Caranguejo Tabaiares Resiste, educadora popular, faz parte da Rede Mulheres Negras de Pernambuco, do F\u00f3rum de Mulheres Negras de Pernambuco, e do GT de G\u00eanero e Clima do OC. &#x1f469;&#x1f3fe;\u200d&#x1f3eb;&#x1f980;<\/p>\n<p><\/p>\n<p>Fa\u00e7a parte da mudan\u00e7a! <a href=\"https:\/\/centrosabia.colabore.org\/sejadoadormensal\/single_step\" rel=\"nofollow\">Doe.\u00a0<\/a><\/p>\n<p><\/p>\n<p><a href=\"https:\/\/centrosabia.colabore.org\/sejadoadormensal\/single_step\" rel=\"nofollow\">https:\/\/centrosabia.colabore.org\/sejadoadormensal\/single_step<\/a><\/p>\n","protected":false},"featured_media":23366,"template":"","meta":{"_acf_changed":false,"ano":2023},"tema":[2519,2506,2509],"decada":[2502],"curadoria":[],"class_list":["post-17064","audio","type-audio","status-publish","has-post-thumbnail","hentry","tema-agroecologia","tema-mulheres","tema-politica","decada-2502"],"blocksy_meta":[],"acf":{"imagem_de_cobertura":""},"yoast_head":"<!-- This site is optimized with the Yoast SEO plugin v27.4 - https:\/\/yoast.com\/product\/yoast-seo-wordpress\/ -->\n<title>O Lugar da Mulher \u00e9 na Agroecologia! | Cantos do Sabi\u00e1 - Centro de Desenvolvimento Agroecol\u00f3gico Sabi\u00e1<\/title>\n<meta name=\"robots\" content=\"index, follow, max-snippet:-1, max-image-preview:large, max-video-preview:-1\" \/>\n<link rel=\"canonical\" href=\"https:\/\/centrosabia.org.br\/en\/audio\/o-lugar-da-mulher-e-na-agroecologia\/\" \/>\n<meta property=\"og:locale\" content=\"en_US\" \/>\n<meta property=\"og:type\" content=\"article\" \/>\n<meta property=\"og:title\" content=\"O Lugar da Mulher \u00e9 na Agroecologia! | Cantos do Sabi\u00e1 - Centro de Desenvolvimento Agroecol\u00f3gico Sabi\u00e1\" \/>\n<meta property=\"og:url\" content=\"https:\/\/centrosabia.org.br\/en\/audio\/o-lugar-da-mulher-e-na-agroecologia\/\" \/>\n<meta property=\"og:site_name\" content=\"Centro de Desenvolvimento Agroecol\u00f3gico Sabi\u00e1\" \/>\n<meta property=\"article:modified_time\" content=\"2024-08-05T14:57:53+00:00\" \/>\n<meta property=\"og:image\" content=\"https:\/\/centrosabia.org.br\/wp-content\/uploads\/2023\/03\/CANTOS-DO-SABIA-2023-02_wide-1-300x169.png\" \/>\n\t<meta property=\"og:image:width\" content=\"300\" \/>\n\t<meta property=\"og:image:height\" content=\"169\" \/>\n\t<meta property=\"og:image:type\" content=\"image\/png\" \/>\n<meta name=\"twitter:card\" content=\"summary_large_image\" \/>\n<meta name=\"twitter:label1\" content=\"Est. reading time\" \/>\n\t<meta name=\"twitter:data1\" content=\"2 minutes\" \/>\n<script type=\"application\/ld+json\" class=\"yoast-schema-graph\">{\"@context\":\"https:\\\/\\\/schema.org\",\"@graph\":[{\"@type\":\"WebPage\",\"@id\":\"https:\\\/\\\/centrosabia.org.br\\\/en\\\/audio\\\/o-lugar-da-mulher-e-na-agroecologia\\\/\",\"url\":\"https:\\\/\\\/centrosabia.org.br\\\/en\\\/audio\\\/o-lugar-da-mulher-e-na-agroecologia\\\/\",\"name\":\"O Lugar da Mulher \u00e9 na Agroecologia! | Cantos do Sabi\u00e1 - Centro de Desenvolvimento Agroecol\u00f3gico Sabi\u00e1\",\"isPartOf\":{\"@id\":\"https:\\\/\\\/centrosabia.org.br\\\/en\\\/#website\"},\"primaryImageOfPage\":{\"@id\":\"https:\\\/\\\/centrosabia.org.br\\\/en\\\/audio\\\/o-lugar-da-mulher-e-na-agroecologia\\\/#primaryimage\"},\"image\":{\"@id\":\"https:\\\/\\\/centrosabia.org.br\\\/en\\\/audio\\\/o-lugar-da-mulher-e-na-agroecologia\\\/#primaryimage\"},\"thumbnailUrl\":\"https:\\\/\\\/centrosabia.org.br\\\/wp-content\\\/uploads\\\/2023\\\/03\\\/CANTOS-DO-SABIA-2023-02_wide-1.png\",\"datePublished\":\"2023-03-06T03:00:00+00:00\",\"dateModified\":\"2024-08-05T14:57:53+00:00\",\"breadcrumb\":{\"@id\":\"https:\\\/\\\/centrosabia.org.br\\\/en\\\/audio\\\/o-lugar-da-mulher-e-na-agroecologia\\\/#breadcrumb\"},\"inLanguage\":\"en-US\",\"potentialAction\":[{\"@type\":\"ReadAction\",\"target\":[\"https:\\\/\\\/centrosabia.org.br\\\/en\\\/audio\\\/o-lugar-da-mulher-e-na-agroecologia\\\/\"]}]},{\"@type\":\"ImageObject\",\"inLanguage\":\"en-US\",\"@id\":\"https:\\\/\\\/centrosabia.org.br\\\/en\\\/audio\\\/o-lugar-da-mulher-e-na-agroecologia\\\/#primaryimage\",\"url\":\"https:\\\/\\\/centrosabia.org.br\\\/wp-content\\\/uploads\\\/2023\\\/03\\\/CANTOS-DO-SABIA-2023-02_wide-1.png\",\"contentUrl\":\"https:\\\/\\\/centrosabia.org.br\\\/wp-content\\\/uploads\\\/2023\\\/03\\\/CANTOS-DO-SABIA-2023-02_wide-1.png\",\"width\":512,\"height\":288},{\"@type\":\"BreadcrumbList\",\"@id\":\"https:\\\/\\\/centrosabia.org.br\\\/en\\\/audio\\\/o-lugar-da-mulher-e-na-agroecologia\\\/#breadcrumb\",\"itemListElement\":[{\"@type\":\"ListItem\",\"position\":1,\"name\":\"In\u00edcio\",\"item\":\"https:\\\/\\\/centrosabia.org.br\\\/en\\\/\"},{\"@type\":\"ListItem\",\"position\":2,\"name\":\"\u00c1udios\",\"item\":\"https:\\\/\\\/centrosabia.org.br\\\/en\\\/audio\\\/\"},{\"@type\":\"ListItem\",\"position\":3,\"name\":\"O Lugar da Mulher \u00e9 na Agroecologia! | Cantos do Sabi\u00e1\"}]},{\"@type\":\"WebSite\",\"@id\":\"https:\\\/\\\/centrosabia.org.br\\\/en\\\/#website\",\"url\":\"https:\\\/\\\/centrosabia.org.br\\\/en\\\/\",\"name\":\"Centro de Desenvolvimento Agroecol\u00f3gico Sabi\u00e1\",\"description\":\"\",\"publisher\":{\"@id\":\"https:\\\/\\\/centrosabia.org.br\\\/en\\\/#organization\"},\"potentialAction\":[{\"@type\":\"SearchAction\",\"target\":{\"@type\":\"EntryPoint\",\"urlTemplate\":\"https:\\\/\\\/centrosabia.org.br\\\/en\\\/?s={search_term_string}\"},\"query-input\":{\"@type\":\"PropertyValueSpecification\",\"valueRequired\":true,\"valueName\":\"search_term_string\"}}],\"inLanguage\":\"en-US\"},{\"@type\":\"Organization\",\"@id\":\"https:\\\/\\\/centrosabia.org.br\\\/en\\\/#organization\",\"name\":\"Centro de Desenvolvimento Agroecol\u00f3gico Sabi\u00e1\",\"url\":\"https:\\\/\\\/centrosabia.org.br\\\/en\\\/\",\"logo\":{\"@type\":\"ImageObject\",\"inLanguage\":\"en-US\",\"@id\":\"https:\\\/\\\/centrosabia.org.br\\\/en\\\/#\\\/schema\\\/logo\\\/image\\\/\",\"url\":\"https:\\\/\\\/centrosabia.org.br\\\/wp-content\\\/uploads\\\/2021\\\/10\\\/logo.png\",\"contentUrl\":\"https:\\\/\\\/centrosabia.org.br\\\/wp-content\\\/uploads\\\/2021\\\/10\\\/logo.png\",\"width\":174,\"height\":84,\"caption\":\"Centro de Desenvolvimento Agroecol\u00f3gico Sabi\u00e1\"},\"image\":{\"@id\":\"https:\\\/\\\/centrosabia.org.br\\\/en\\\/#\\\/schema\\\/logo\\\/image\\\/\"}}]}<\/script>\n<!-- \/ Yoast SEO plugin. -->","yoast_head_json":{"title":"O Lugar da Mulher \u00e9 na Agroecologia! | Cantos do Sabi\u00e1 - Centro de Desenvolvimento Agroecol\u00f3gico Sabi\u00e1","robots":{"index":"index","follow":"follow","max-snippet":"max-snippet:-1","max-image-preview":"max-image-preview:large","max-video-preview":"max-video-preview:-1"},"canonical":"https:\/\/centrosabia.org.br\/en\/audio\/o-lugar-da-mulher-e-na-agroecologia\/","og_locale":"en_US","og_type":"article","og_title":"O Lugar da Mulher \u00e9 na Agroecologia! | Cantos do Sabi\u00e1 - Centro de Desenvolvimento Agroecol\u00f3gico Sabi\u00e1","og_url":"https:\/\/centrosabia.org.br\/en\/audio\/o-lugar-da-mulher-e-na-agroecologia\/","og_site_name":"Centro de Desenvolvimento Agroecol\u00f3gico Sabi\u00e1","article_modified_time":"2024-08-05T14:57:53+00:00","og_image":[{"width":300,"height":169,"url":"https:\/\/centrosabia.org.br\/wp-content\/uploads\/2023\/03\/CANTOS-DO-SABIA-2023-02_wide-1-300x169.png","type":"image\/png"}],"twitter_card":"summary_large_image","twitter_misc":{"Est. reading time":"2 minutes"},"schema":{"@context":"https:\/\/schema.org","@graph":[{"@type":"WebPage","@id":"https:\/\/centrosabia.org.br\/en\/audio\/o-lugar-da-mulher-e-na-agroecologia\/","url":"https:\/\/centrosabia.org.br\/en\/audio\/o-lugar-da-mulher-e-na-agroecologia\/","name":"O Lugar da Mulher \u00e9 na Agroecologia! | Cantos do Sabi\u00e1 - Centro de Desenvolvimento Agroecol\u00f3gico Sabi\u00e1","isPartOf":{"@id":"https:\/\/centrosabia.org.br\/en\/#website"},"primaryImageOfPage":{"@id":"https:\/\/centrosabia.org.br\/en\/audio\/o-lugar-da-mulher-e-na-agroecologia\/#primaryimage"},"image":{"@id":"https:\/\/centrosabia.org.br\/en\/audio\/o-lugar-da-mulher-e-na-agroecologia\/#primaryimage"},"thumbnailUrl":"https:\/\/centrosabia.org.br\/wp-content\/uploads\/2023\/03\/CANTOS-DO-SABIA-2023-02_wide-1.png","datePublished":"2023-03-06T03:00:00+00:00","dateModified":"2024-08-05T14:57:53+00:00","breadcrumb":{"@id":"https:\/\/centrosabia.org.br\/en\/audio\/o-lugar-da-mulher-e-na-agroecologia\/#breadcrumb"},"inLanguage":"en-US","potentialAction":[{"@type":"ReadAction","target":["https:\/\/centrosabia.org.br\/en\/audio\/o-lugar-da-mulher-e-na-agroecologia\/"]}]},{"@type":"ImageObject","inLanguage":"en-US","@id":"https:\/\/centrosabia.org.br\/en\/audio\/o-lugar-da-mulher-e-na-agroecologia\/#primaryimage","url":"https:\/\/centrosabia.org.br\/wp-content\/uploads\/2023\/03\/CANTOS-DO-SABIA-2023-02_wide-1.png","contentUrl":"https:\/\/centrosabia.org.br\/wp-content\/uploads\/2023\/03\/CANTOS-DO-SABIA-2023-02_wide-1.png","width":512,"height":288},{"@type":"BreadcrumbList","@id":"https:\/\/centrosabia.org.br\/en\/audio\/o-lugar-da-mulher-e-na-agroecologia\/#breadcrumb","itemListElement":[{"@type":"ListItem","position":1,"name":"In\u00edcio","item":"https:\/\/centrosabia.org.br\/en\/"},{"@type":"ListItem","position":2,"name":"\u00c1udios","item":"https:\/\/centrosabia.org.br\/en\/audio\/"},{"@type":"ListItem","position":3,"name":"O Lugar da Mulher \u00e9 na Agroecologia! | Cantos do Sabi\u00e1"}]},{"@type":"WebSite","@id":"https:\/\/centrosabia.org.br\/en\/#website","url":"https:\/\/centrosabia.org.br\/en\/","name":"Centro de Desenvolvimento Agroecol\u00f3gico Sabi\u00e1","description":"","publisher":{"@id":"https:\/\/centrosabia.org.br\/en\/#organization"},"potentialAction":[{"@type":"SearchAction","target":{"@type":"EntryPoint","urlTemplate":"https:\/\/centrosabia.org.br\/en\/?s={search_term_string}"},"query-input":{"@type":"PropertyValueSpecification","valueRequired":true,"valueName":"search_term_string"}}],"inLanguage":"en-US"},{"@type":"Organization","@id":"https:\/\/centrosabia.org.br\/en\/#organization","name":"Centro de Desenvolvimento Agroecol\u00f3gico Sabi\u00e1","url":"https:\/\/centrosabia.org.br\/en\/","logo":{"@type":"ImageObject","inLanguage":"en-US","@id":"https:\/\/centrosabia.org.br\/en\/#\/schema\/logo\/image\/","url":"https:\/\/centrosabia.org.br\/wp-content\/uploads\/2021\/10\/logo.png","contentUrl":"https:\/\/centrosabia.org.br\/wp-content\/uploads\/2021\/10\/logo.png","width":174,"height":84,"caption":"Centro de Desenvolvimento Agroecol\u00f3gico Sabi\u00e1"},"image":{"@id":"https:\/\/centrosabia.org.br\/en\/#\/schema\/logo\/image\/"}}]}},"_links":{"self":[{"href":"https:\/\/centrosabia.org.br\/en\/wp-json\/wp\/v2\/audio\/17064","targetHints":{"allow":["GET"]}}],"collection":[{"href":"https:\/\/centrosabia.org.br\/en\/wp-json\/wp\/v2\/audio"}],"about":[{"href":"https:\/\/centrosabia.org.br\/en\/wp-json\/wp\/v2\/types\/audio"}],"wp:featuredmedia":[{"embeddable":true,"href":"https:\/\/centrosabia.org.br\/en\/wp-json\/wp\/v2\/media\/23366"}],"wp:attachment":[{"href":"https:\/\/centrosabia.org.br\/en\/wp-json\/wp\/v2\/media?parent=17064"}],"wp:term":[{"taxonomy":"tema","embeddable":true,"href":"https:\/\/centrosabia.org.br\/en\/wp-json\/wp\/v2\/tema?post=17064"},{"taxonomy":"decada","embeddable":true,"href":"https:\/\/centrosabia.org.br\/en\/wp-json\/wp\/v2\/decada?post=17064"},{"taxonomy":"curadoria","embeddable":true,"href":"https:\/\/centrosabia.org.br\/en\/wp-json\/wp\/v2\/curadoria?post=17064"}],"curies":[{"name":"wp","href":"https:\/\/api.w.org\/{rel}","templated":true}]}}

O Lugar da Mulher é na Agroecologia! | Cantos do Sabiá

<p>&#x1f4e2; O Cantos do Sabiá está no ar! &#x1f3a7; Essa semana falamos sobre o Dia Internacional da Mulher, e a luta das mulheres por equidade e justiça na agricultura! Não existe Agroecologia sem feminismo, sem mulheres, sem resistência. &#x1f645;&#x1f3ff;‍♀️&#x1f645;&#x1f3fe;‍♀️&#x1f645;&#x1f3fd;‍♀️</p>
<p></p>
<p>Em 2017, o censo do IBGE identificou 947 mil mulheres responsáveis pela gestão de propriedades rurais &#8211; e a maior parte &#8211; no Nordeste &#8211; 57%! &#x1f331;</p>
<p></p>
<p>A mulher é em grande parte responsável pela venda, organização, distribuição do que produz, através da agricultura familiar. Mesmo assim, são também elas  que acabam trabalhando muito mais, acumulando horas de trabalho nas produções, no cultivo e venda, e também em casa, com os trabalhos domésticos &#8211; uma relação de vida e trabalho que parece estar longe de ter fim. ♀️</p>
<p></p>
<p>Então é pensando nisso tudo &#8211; Na mulher, agroecologia, trabalho, que o Cantos do Sabiá desta semana conversa com Sarah Marques! Sarah é co-fundadora do Coletivo Caranguejo Tabaiares Resiste, educadora popular, faz parte da Rede Mulheres Negras de Pernambuco, do Fórum de Mulheres Negras de Pernambuco, e do GT de Gênero e Clima do OC. &#x1f469;&#x1f3fe;‍&#x1f3eb;&#x1f980;</p>
<p></p>
<p>Faça parte da mudança! <a href="https://centrosabia.colabore.org/sejadoadormensal/single_step" rel="nofollow">Doe. </a></p>
<p></p>
<p><a href="https://centrosabia.colabore.org/sejadoadormensal/single_step" rel="nofollow">https://centrosabia.colabore.org/sejadoadormensal/single_step</a></p>

<!-- This site is optimized with the Yoast SEO plugin v27.4 - https://yoast.com/product/yoast-seo-wordpress/ -->
<title>O Lugar da Mulher é na Agroecologia! | Cantos do Sabiá - Centro de Desenvolvimento Agroecológico Sabiá</title>
<meta name="robots" content="index, follow, max-snippet:-1, max-image-preview:large, max-video-preview:-1" />
<link rel="canonical" href="https://centrosabia.org.br/en/audio/o-lugar-da-mulher-e-na-agroecologia/" />
<meta property="og:locale" content="en_US" />
<meta property="og:type" content="article" />
<meta property="og:title" content="O Lugar da Mulher é na Agroecologia! | Cantos do Sabiá - Centro de Desenvolvimento Agroecológico Sabiá" />
<meta property="og:url" content="https://centrosabia.org.br/en/audio/o-lugar-da-mulher-e-na-agroecologia/" />
<meta property="og:site_name" content="Centro de Desenvolvimento Agroecológico Sabiá" />
<meta property="article:modified_time" content="2024-08-05T14:57:53+00:00" />
<meta property="og:image" content="https://centrosabia.org.br/wp-content/uploads/2023/03/CANTOS-DO-SABIA-2023-02_wide-1-300x169.png" />
	<meta property="og:image:width" content="300" />
	<meta property="og:image:height" content="169" />
	<meta property="og:image:type" content="image/png" />
<meta name="twitter:card" content="summary_large_image" />
<meta name="twitter:label1" content="Est. reading time" />
	<meta name="twitter:data1" content="2 minutes" />
<script type="application/ld+json" class="yoast-schema-graph">{"@context":"https:\/\/schema.org","@graph":[{"@type":"WebPage","@id":"https:\/\/centrosabia.org.br\/en\/audio\/o-lugar-da-mulher-e-na-agroecologia\/","url":"https:\/\/centrosabia.org.br\/en\/audio\/o-lugar-da-mulher-e-na-agroecologia\/","name":"O Lugar da Mulher é na Agroecologia! | Cantos do Sabiá - Centro de Desenvolvimento Agroecológico Sabiá","isPartOf":{"@id":"https:\/\/centrosabia.org.br\/en\/#website"},"primaryImageOfPage":{"@id":"https:\/\/centrosabia.org.br\/en\/audio\/o-lugar-da-mulher-e-na-agroecologia\/#primaryimage"},"image":{"@id":"https:\/\/centrosabia.org.br\/en\/audio\/o-lugar-da-mulher-e-na-agroecologia\/#primaryimage"},"thumbnailUrl":"https:\/\/centrosabia.org.br\/wp-content\/uploads\/2023\/03\/CANTOS-DO-SABIA-2023-02_wide-1.png","datePublished":"2023-03-06T03:00:00+00:00","dateModified":"2024-08-05T14:57:53+00:00","breadcrumb":{"@id":"https:\/\/centrosabia.org.br\/en\/audio\/o-lugar-da-mulher-e-na-agroecologia\/#breadcrumb"},"inLanguage":"en-US","potentialAction":[{"@type":"ReadAction","target":["https:\/\/centrosabia.org.br\/en\/audio\/o-lugar-da-mulher-e-na-agroecologia\/"]}]},{"@type":"ImageObject","inLanguage":"en-US","@id":"https:\/\/centrosabia.org.br\/en\/audio\/o-lugar-da-mulher-e-na-agroecologia\/#primaryimage","url":"https:\/\/centrosabia.org.br\/wp-content\/uploads\/2023\/03\/CANTOS-DO-SABIA-2023-02_wide-1.png","contentUrl":"https:\/\/centrosabia.org.br\/wp-content\/uploads\/2023\/03\/CANTOS-DO-SABIA-2023-02_wide-1.png","width":512,"height":288},{"@type":"BreadcrumbList","@id":"https:\/\/centrosabia.org.br\/en\/audio\/o-lugar-da-mulher-e-na-agroecologia\/#breadcrumb","itemListElement":[{"@type":"ListItem","position":1,"name":"Início","item":"https:\/\/centrosabia.org.br\/en\/"},{"@type":"ListItem","position":2,"name":"Áudios","item":"https:\/\/centrosabia.org.br\/en\/audio\/"},{"@type":"ListItem","position":3,"name":"O Lugar da Mulher é na Agroecologia! | Cantos do Sabiá"}]},{"@type":"WebSite","@id":"https:\/\/centrosabia.org.br\/en\/#website","url":"https:\/\/centrosabia.org.br\/en\/","name":"Centro de Desenvolvimento Agroecológico Sabiá","description":"","publisher":{"@id":"https:\/\/centrosabia.org.br\/en\/#organization"},"potentialAction":[{"@type":"SearchAction","target":{"@type":"EntryPoint","urlTemplate":"https:\/\/centrosabia.org.br\/en\/?s={search_term_string}"},"query-input":{"@type":"PropertyValueSpecification","valueRequired":true,"valueName":"search_term_string"}}],"inLanguage":"en-US"},{"@type":"Organization","@id":"https:\/\/centrosabia.org.br\/en\/#organization","name":"Centro de Desenvolvimento Agroecológico Sabiá","url":"https:\/\/centrosabia.org.br\/en\/","logo":{"@type":"ImageObject","inLanguage":"en-US","@id":"https:\/\/centrosabia.org.br\/en\/#\/schema\/logo\/image\/","url":"https:\/\/centrosabia.org.br\/wp-content\/uploads\/2021\/10\/logo.png","contentUrl":"https:\/\/centrosabia.org.br\/wp-content\/uploads\/2021\/10\/logo.png","width":174,"height":84,"caption":"Centro de Desenvolvimento Agroecológico Sabiá"},"image":{"@id":"https:\/\/centrosabia.org.br\/en\/#\/schema\/logo\/image\/"}}]}</script>
<!-- / Yoast SEO plugin. -->

O Lugar da Mulher é na Agroecologia! | Cantos do Sabiá - Centro de Desenvolvimento Agroecológico Sabiá

Centro de Desenvolvimento Agroecológico Sabiá

Início

Áudios
