{"id":17084,"date":"2022-12-05T00:00:00","date_gmt":"2022-12-05T03:00:00","guid":{"rendered":"https:\/\/centrosabia.org.br\/audio\/direitos-humanos-e-resistencia\/"},"modified":"2024-08-05T13:46:00","modified_gmt":"2024-08-05T16:46:00","slug":"direitos-humanos-e-resistencia","status":"publish","type":"audio","link":"https:\/\/centrosabia.org.br\/en\/audio\/direitos-humanos-e-resistencia\/","title":{"rendered":"Direitos Humanos e Resist\u00eancia | Cantos do Sabi\u00e1"},"content":{"rendered":"<p>&#x1f3a7; O Cantos do Sabi\u00e1 vem falar do dia 10 de dezembro, o Dia Internacional dos Direitos Humanos! &#x1f30d;&#x1f3f3; Uma importante data para falar da defesa dos direitos universais da humanidade, na defesa de uma sociedade unida e justa. &#x1f4da; O dia 10 de dezembro celebra a oficializa\u00e7\u00e3o da Declara\u00e7\u00e3o Universal dos Direitos Humanos pela Organiza\u00e7\u00e3o das Na\u00e7\u00f5es Unidas &#8211; a ONU. &#x1f9fe;<\/p>\n<p><\/p>\n<p>&#x1f4d8; A gente sempre fala de Direitos Humanos e sempre fala da defesa dos Direitos Universais, falamos tamb\u00e9m da ONU&#8230; \u00a0Mas o que \u00e9 isso tudo? Afinal, o que realmente fazem essas organiza\u00e7\u00f5es e ali\u00e1s &#8211; para qu\u00ea realmente servem estes Direitos Humanos Universais? \u00a0\u270a&#x1f3fe;\u270a&#x1f3fd;\u270a&#x1f3fb;<\/p>\n<p><\/p>\n<p>Hoje a gente conversa sobre a import\u00e2ncia de divulgar e promover estes direitos! &#x1f4e3; Falamos da luta das organiza\u00e7\u00f5es sociais pela manuten\u00e7\u00e3o dos direitos humanos e tamb\u00e9m da luta permanente pela reivindica\u00e7\u00e3o dos direitos ainda n\u00e3o garantidos. &#x1f3f3;\u200d&#x1f308;&#x1f3f4;&#x1f3f3;<\/p>\n<p><\/p>\n<p>E pra falar de toda essa luta permanente, convidamos ao Cantos do Sabi\u00e1 desta semana a cientista social &#8211; Edna Jatob\u00e1! Edna \u00e9 especialista em pol\u00edticas e gest\u00e3o em seguran\u00e7a p\u00fablica. Coordenadora Executiva do <a href=\"https:\/\/gajop.org\/\" rel=\"nofollow\">GAJOP<\/a>. Coordenadora do Observat\u00f3rio da Seguran\u00e7a em Pernambuco e Gestora Local da Plataforma <a href=\"https:\/\/fogocruzado.org.br\/\" rel=\"nofollow\">Fogo Cruzado<\/a>.<\/p>\n<p><\/p>\n<p>&#x1f331; Apoie os projetos do Centro Sabi\u00e1!<\/p>\n<p><\/p>\n<p><a href=\"https:\/\/centrosabia.org.br\/doe\/\" rel=\"nofollow\">https:\/\/centrosabia.org.br\/doe\/<\/a><\/p>\n<p><\/p>\n<p>Acompanhe o Centro Sabi\u00e1 nas Redes! &#x1f4f1;<\/p>\n<p><\/p>\n<p><a href=\"https:\/\/biolinky.co\/centrosabia\" rel=\"nofollow\">https:\/\/biolinky.co\/centrosabia<\/a><\/p>\n","protected":false},"featured_media":23384,"template":"","meta":{"_acf_changed":false,"ano":2022},"tema":[2660,2509,2512],"decada":[2502],"curadoria":[],"class_list":["post-17084","audio","type-audio","status-publish","has-post-thumbnail","hentry","tema-democracia","tema-politica","tema-reforma-agraria","decada-2502"],"blocksy_meta":[],"acf":{"imagem_de_cobertura":""},"yoast_head":"<!-- This site is optimized with the Yoast SEO plugin v27.4 - https:\/\/yoast.com\/product\/yoast-seo-wordpress\/ -->\n<title>Direitos Humanos e Resist\u00eancia | Cantos do Sabi\u00e1 - Centro de Desenvolvimento Agroecol\u00f3gico Sabi\u00e1<\/title>\n<meta name=\"robots\" content=\"index, follow, max-snippet:-1, max-image-preview:large, max-video-preview:-1\" \/>\n<link rel=\"canonical\" href=\"https:\/\/centrosabia.org.br\/en\/audio\/direitos-humanos-e-resistencia\/\" \/>\n<meta property=\"og:locale\" content=\"en_US\" \/>\n<meta property=\"og:type\" content=\"article\" \/>\n<meta property=\"og:title\" content=\"Direitos Humanos e Resist\u00eancia | Cantos do Sabi\u00e1 - Centro de Desenvolvimento Agroecol\u00f3gico Sabi\u00e1\" \/>\n<meta property=\"og:url\" content=\"https:\/\/centrosabia.org.br\/en\/audio\/direitos-humanos-e-resistencia\/\" \/>\n<meta property=\"og:site_name\" content=\"Centro de Desenvolvimento Agroecol\u00f3gico Sabi\u00e1\" \/>\n<meta property=\"article:modified_time\" content=\"2024-08-05T16:46:00+00:00\" \/>\n<meta property=\"og:image\" content=\"https:\/\/centrosabia.org.br\/wp-content\/uploads\/2022\/12\/CDS_0112_spotify-1-300x169.png\" \/>\n\t<meta property=\"og:image:width\" content=\"300\" \/>\n\t<meta property=\"og:image:height\" content=\"169\" \/>\n\t<meta property=\"og:image:type\" content=\"image\/png\" \/>\n<meta name=\"twitter:card\" content=\"summary_large_image\" \/>\n<meta name=\"twitter:label1\" content=\"Est. reading time\" \/>\n\t<meta name=\"twitter:data1\" content=\"2 minutes\" \/>\n<script type=\"application\/ld+json\" class=\"yoast-schema-graph\">{\"@context\":\"https:\\\/\\\/schema.org\",\"@graph\":[{\"@type\":\"WebPage\",\"@id\":\"https:\\\/\\\/centrosabia.org.br\\\/en\\\/audio\\\/direitos-humanos-e-resistencia\\\/\",\"url\":\"https:\\\/\\\/centrosabia.org.br\\\/en\\\/audio\\\/direitos-humanos-e-resistencia\\\/\",\"name\":\"Direitos Humanos e Resist\u00eancia | Cantos do Sabi\u00e1 - Centro de Desenvolvimento Agroecol\u00f3gico Sabi\u00e1\",\"isPartOf\":{\"@id\":\"https:\\\/\\\/centrosabia.org.br\\\/en\\\/#website\"},\"primaryImageOfPage\":{\"@id\":\"https:\\\/\\\/centrosabia.org.br\\\/en\\\/audio\\\/direitos-humanos-e-resistencia\\\/#primaryimage\"},\"image\":{\"@id\":\"https:\\\/\\\/centrosabia.org.br\\\/en\\\/audio\\\/direitos-humanos-e-resistencia\\\/#primaryimage\"},\"thumbnailUrl\":\"https:\\\/\\\/centrosabia.org.br\\\/wp-content\\\/uploads\\\/2022\\\/12\\\/CDS_0112_spotify-1.png\",\"datePublished\":\"2022-12-05T03:00:00+00:00\",\"dateModified\":\"2024-08-05T16:46:00+00:00\",\"breadcrumb\":{\"@id\":\"https:\\\/\\\/centrosabia.org.br\\\/en\\\/audio\\\/direitos-humanos-e-resistencia\\\/#breadcrumb\"},\"inLanguage\":\"en-US\",\"potentialAction\":[{\"@type\":\"ReadAction\",\"target\":[\"https:\\\/\\\/centrosabia.org.br\\\/en\\\/audio\\\/direitos-humanos-e-resistencia\\\/\"]}]},{\"@type\":\"ImageObject\",\"inLanguage\":\"en-US\",\"@id\":\"https:\\\/\\\/centrosabia.org.br\\\/en\\\/audio\\\/direitos-humanos-e-resistencia\\\/#primaryimage\",\"url\":\"https:\\\/\\\/centrosabia.org.br\\\/wp-content\\\/uploads\\\/2022\\\/12\\\/CDS_0112_spotify-1.png\",\"contentUrl\":\"https:\\\/\\\/centrosabia.org.br\\\/wp-content\\\/uploads\\\/2022\\\/12\\\/CDS_0112_spotify-1.png\",\"width\":512,\"height\":288},{\"@type\":\"BreadcrumbList\",\"@id\":\"https:\\\/\\\/centrosabia.org.br\\\/en\\\/audio\\\/direitos-humanos-e-resistencia\\\/#breadcrumb\",\"itemListElement\":[{\"@type\":\"ListItem\",\"position\":1,\"name\":\"In\u00edcio\",\"item\":\"https:\\\/\\\/centrosabia.org.br\\\/en\\\/\"},{\"@type\":\"ListItem\",\"position\":2,\"name\":\"\u00c1udios\",\"item\":\"https:\\\/\\\/centrosabia.org.br\\\/en\\\/audio\\\/\"},{\"@type\":\"ListItem\",\"position\":3,\"name\":\"Direitos Humanos e Resist\u00eancia | Cantos do Sabi\u00e1\"}]},{\"@type\":\"WebSite\",\"@id\":\"https:\\\/\\\/centrosabia.org.br\\\/en\\\/#website\",\"url\":\"https:\\\/\\\/centrosabia.org.br\\\/en\\\/\",\"name\":\"Centro de Desenvolvimento Agroecol\u00f3gico Sabi\u00e1\",\"description\":\"\",\"publisher\":{\"@id\":\"https:\\\/\\\/centrosabia.org.br\\\/en\\\/#organization\"},\"potentialAction\":[{\"@type\":\"SearchAction\",\"target\":{\"@type\":\"EntryPoint\",\"urlTemplate\":\"https:\\\/\\\/centrosabia.org.br\\\/en\\\/?s={search_term_string}\"},\"query-input\":{\"@type\":\"PropertyValueSpecification\",\"valueRequired\":true,\"valueName\":\"search_term_string\"}}],\"inLanguage\":\"en-US\"},{\"@type\":\"Organization\",\"@id\":\"https:\\\/\\\/centrosabia.org.br\\\/en\\\/#organization\",\"name\":\"Centro de Desenvolvimento Agroecol\u00f3gico Sabi\u00e1\",\"url\":\"https:\\\/\\\/centrosabia.org.br\\\/en\\\/\",\"logo\":{\"@type\":\"ImageObject\",\"inLanguage\":\"en-US\",\"@id\":\"https:\\\/\\\/centrosabia.org.br\\\/en\\\/#\\\/schema\\\/logo\\\/image\\\/\",\"url\":\"https:\\\/\\\/centrosabia.org.br\\\/wp-content\\\/uploads\\\/2021\\\/10\\\/logo.png\",\"contentUrl\":\"https:\\\/\\\/centrosabia.org.br\\\/wp-content\\\/uploads\\\/2021\\\/10\\\/logo.png\",\"width\":174,\"height\":84,\"caption\":\"Centro de Desenvolvimento Agroecol\u00f3gico Sabi\u00e1\"},\"image\":{\"@id\":\"https:\\\/\\\/centrosabia.org.br\\\/en\\\/#\\\/schema\\\/logo\\\/image\\\/\"}}]}<\/script>\n<!-- \/ Yoast SEO plugin. -->","yoast_head_json":{"title":"Direitos Humanos e Resist\u00eancia | Cantos do Sabi\u00e1 - Centro de Desenvolvimento Agroecol\u00f3gico Sabi\u00e1","robots":{"index":"index","follow":"follow","max-snippet":"max-snippet:-1","max-image-preview":"max-image-preview:large","max-video-preview":"max-video-preview:-1"},"canonical":"https:\/\/centrosabia.org.br\/en\/audio\/direitos-humanos-e-resistencia\/","og_locale":"en_US","og_type":"article","og_title":"Direitos Humanos e Resist\u00eancia | Cantos do Sabi\u00e1 - Centro de Desenvolvimento Agroecol\u00f3gico Sabi\u00e1","og_url":"https:\/\/centrosabia.org.br\/en\/audio\/direitos-humanos-e-resistencia\/","og_site_name":"Centro de Desenvolvimento Agroecol\u00f3gico Sabi\u00e1","article_modified_time":"2024-08-05T16:46:00+00:00","og_image":[{"width":300,"height":169,"url":"https:\/\/centrosabia.org.br\/wp-content\/uploads\/2022\/12\/CDS_0112_spotify-1-300x169.png","type":"image\/png"}],"twitter_card":"summary_large_image","twitter_misc":{"Est. reading time":"2 minutes"},"schema":{"@context":"https:\/\/schema.org","@graph":[{"@type":"WebPage","@id":"https:\/\/centrosabia.org.br\/en\/audio\/direitos-humanos-e-resistencia\/","url":"https:\/\/centrosabia.org.br\/en\/audio\/direitos-humanos-e-resistencia\/","name":"Direitos Humanos e Resist\u00eancia | Cantos do Sabi\u00e1 - Centro de Desenvolvimento Agroecol\u00f3gico Sabi\u00e1","isPartOf":{"@id":"https:\/\/centrosabia.org.br\/en\/#website"},"primaryImageOfPage":{"@id":"https:\/\/centrosabia.org.br\/en\/audio\/direitos-humanos-e-resistencia\/#primaryimage"},"image":{"@id":"https:\/\/centrosabia.org.br\/en\/audio\/direitos-humanos-e-resistencia\/#primaryimage"},"thumbnailUrl":"https:\/\/centrosabia.org.br\/wp-content\/uploads\/2022\/12\/CDS_0112_spotify-1.png","datePublished":"2022-12-05T03:00:00+00:00","dateModified":"2024-08-05T16:46:00+00:00","breadcrumb":{"@id":"https:\/\/centrosabia.org.br\/en\/audio\/direitos-humanos-e-resistencia\/#breadcrumb"},"inLanguage":"en-US","potentialAction":[{"@type":"ReadAction","target":["https:\/\/centrosabia.org.br\/en\/audio\/direitos-humanos-e-resistencia\/"]}]},{"@type":"ImageObject","inLanguage":"en-US","@id":"https:\/\/centrosabia.org.br\/en\/audio\/direitos-humanos-e-resistencia\/#primaryimage","url":"https:\/\/centrosabia.org.br\/wp-content\/uploads\/2022\/12\/CDS_0112_spotify-1.png","contentUrl":"https:\/\/centrosabia.org.br\/wp-content\/uploads\/2022\/12\/CDS_0112_spotify-1.png","width":512,"height":288},{"@type":"BreadcrumbList","@id":"https:\/\/centrosabia.org.br\/en\/audio\/direitos-humanos-e-resistencia\/#breadcrumb","itemListElement":[{"@type":"ListItem","position":1,"name":"In\u00edcio","item":"https:\/\/centrosabia.org.br\/en\/"},{"@type":"ListItem","position":2,"name":"\u00c1udios","item":"https:\/\/centrosabia.org.br\/en\/audio\/"},{"@type":"ListItem","position":3,"name":"Direitos Humanos e Resist\u00eancia | Cantos do Sabi\u00e1"}]},{"@type":"WebSite","@id":"https:\/\/centrosabia.org.br\/en\/#website","url":"https:\/\/centrosabia.org.br\/en\/","name":"Centro de Desenvolvimento Agroecol\u00f3gico Sabi\u00e1","description":"","publisher":{"@id":"https:\/\/centrosabia.org.br\/en\/#organization"},"potentialAction":[{"@type":"SearchAction","target":{"@type":"EntryPoint","urlTemplate":"https:\/\/centrosabia.org.br\/en\/?s={search_term_string}"},"query-input":{"@type":"PropertyValueSpecification","valueRequired":true,"valueName":"search_term_string"}}],"inLanguage":"en-US"},{"@type":"Organization","@id":"https:\/\/centrosabia.org.br\/en\/#organization","name":"Centro de Desenvolvimento Agroecol\u00f3gico Sabi\u00e1","url":"https:\/\/centrosabia.org.br\/en\/","logo":{"@type":"ImageObject","inLanguage":"en-US","@id":"https:\/\/centrosabia.org.br\/en\/#\/schema\/logo\/image\/","url":"https:\/\/centrosabia.org.br\/wp-content\/uploads\/2021\/10\/logo.png","contentUrl":"https:\/\/centrosabia.org.br\/wp-content\/uploads\/2021\/10\/logo.png","width":174,"height":84,"caption":"Centro de Desenvolvimento Agroecol\u00f3gico Sabi\u00e1"},"image":{"@id":"https:\/\/centrosabia.org.br\/en\/#\/schema\/logo\/image\/"}}]}},"_links":{"self":[{"href":"https:\/\/centrosabia.org.br\/en\/wp-json\/wp\/v2\/audio\/17084","targetHints":{"allow":["GET"]}}],"collection":[{"href":"https:\/\/centrosabia.org.br\/en\/wp-json\/wp\/v2\/audio"}],"about":[{"href":"https:\/\/centrosabia.org.br\/en\/wp-json\/wp\/v2\/types\/audio"}],"wp:featuredmedia":[{"embeddable":true,"href":"https:\/\/centrosabia.org.br\/en\/wp-json\/wp\/v2\/media\/23384"}],"wp:attachment":[{"href":"https:\/\/centrosabia.org.br\/en\/wp-json\/wp\/v2\/media?parent=17084"}],"wp:term":[{"taxonomy":"tema","embeddable":true,"href":"https:\/\/centrosabia.org.br\/en\/wp-json\/wp\/v2\/tema?post=17084"},{"taxonomy":"decada","embeddable":true,"href":"https:\/\/centrosabia.org.br\/en\/wp-json\/wp\/v2\/decada?post=17084"},{"taxonomy":"curadoria","embeddable":true,"href":"https:\/\/centrosabia.org.br\/en\/wp-json\/wp\/v2\/curadoria?post=17084"}],"curies":[{"name":"wp","href":"https:\/\/api.w.org\/{rel}","templated":true}]}}

Direitos Humanos e Resistência | Cantos do Sabiá

<p>&#x1f3a7; O Cantos do Sabiá vem falar do dia 10 de dezembro, o Dia Internacional dos Direitos Humanos! &#x1f30d;&#x1f3f3; Uma importante data para falar da defesa dos direitos universais da humanidade, na defesa de uma sociedade unida e justa. &#x1f4da; O dia 10 de dezembro celebra a oficialização da Declaração Universal dos Direitos Humanos pela Organização das Nações Unidas &#8211; a ONU. &#x1f9fe;</p>
<p></p>
<p>&#x1f4d8; A gente sempre fala de Direitos Humanos e sempre fala da defesa dos Direitos Universais, falamos também da ONU&#8230;  Mas o que é isso tudo? Afinal, o que realmente fazem essas organizações e aliás &#8211; para quê realmente servem estes Direitos Humanos Universais?  ✊&#x1f3fe;✊&#x1f3fd;✊&#x1f3fb;</p>
<p></p>
<p>Hoje a gente conversa sobre a importância de divulgar e promover estes direitos! &#x1f4e3; Falamos da luta das organizações sociais pela manutenção dos direitos humanos e também da luta permanente pela reivindicação dos direitos ainda não garantidos. &#x1f3f3;‍&#x1f308;&#x1f3f4;&#x1f3f3;</p>
<p></p>
<p>E pra falar de toda essa luta permanente, convidamos ao Cantos do Sabiá desta semana a cientista social &#8211; Edna Jatobá! Edna é especialista em políticas e gestão em segurança pública. Coordenadora Executiva do <a href="https://gajop.org/" rel="nofollow">GAJOP</a>. Coordenadora do Observatório da Segurança em Pernambuco e Gestora Local da Plataforma <a href="https://fogocruzado.org.br/" rel="nofollow">Fogo Cruzado</a>.</p>
<p></p>
<p>&#x1f331; Apoie os projetos do Centro Sabiá!</p>
<p></p>
<p><a href="https://centrosabia.org.br/doe/" rel="nofollow">https://centrosabia.org.br/doe/</a></p>
<p></p>
<p>Acompanhe o Centro Sabiá nas Redes! &#x1f4f1;</p>
<p></p>
<p><a href="https://biolinky.co/centrosabia" rel="nofollow">https://biolinky.co/centrosabia</a></p>

<!-- This site is optimized with the Yoast SEO plugin v27.4 - https://yoast.com/product/yoast-seo-wordpress/ -->
<title>Direitos Humanos e Resistência | Cantos do Sabiá - Centro de Desenvolvimento Agroecológico Sabiá</title>
<meta name="robots" content="index, follow, max-snippet:-1, max-image-preview:large, max-video-preview:-1" />
<link rel="canonical" href="https://centrosabia.org.br/en/audio/direitos-humanos-e-resistencia/" />
<meta property="og:locale" content="en_US" />
<meta property="og:type" content="article" />
<meta property="og:title" content="Direitos Humanos e Resistência | Cantos do Sabiá - Centro de Desenvolvimento Agroecológico Sabiá" />
<meta property="og:url" content="https://centrosabia.org.br/en/audio/direitos-humanos-e-resistencia/" />
<meta property="og:site_name" content="Centro de Desenvolvimento Agroecológico Sabiá" />
<meta property="article:modified_time" content="2024-08-05T16:46:00+00:00" />
<meta property="og:image" content="https://centrosabia.org.br/wp-content/uploads/2022/12/CDS_0112_spotify-1-300x169.png" />
	<meta property="og:image:width" content="300" />
	<meta property="og:image:height" content="169" />
	<meta property="og:image:type" content="image/png" />
<meta name="twitter:card" content="summary_large_image" />
<meta name="twitter:label1" content="Est. reading time" />
	<meta name="twitter:data1" content="2 minutes" />
<script type="application/ld+json" class="yoast-schema-graph">{"@context":"https:\/\/schema.org","@graph":[{"@type":"WebPage","@id":"https:\/\/centrosabia.org.br\/en\/audio\/direitos-humanos-e-resistencia\/","url":"https:\/\/centrosabia.org.br\/en\/audio\/direitos-humanos-e-resistencia\/","name":"Direitos Humanos e Resistência | Cantos do Sabiá - Centro de Desenvolvimento Agroecológico Sabiá","isPartOf":{"@id":"https:\/\/centrosabia.org.br\/en\/#website"},"primaryImageOfPage":{"@id":"https:\/\/centrosabia.org.br\/en\/audio\/direitos-humanos-e-resistencia\/#primaryimage"},"image":{"@id":"https:\/\/centrosabia.org.br\/en\/audio\/direitos-humanos-e-resistencia\/#primaryimage"},"thumbnailUrl":"https:\/\/centrosabia.org.br\/wp-content\/uploads\/2022\/12\/CDS_0112_spotify-1.png","datePublished":"2022-12-05T03:00:00+00:00","dateModified":"2024-08-05T16:46:00+00:00","breadcrumb":{"@id":"https:\/\/centrosabia.org.br\/en\/audio\/direitos-humanos-e-resistencia\/#breadcrumb"},"inLanguage":"en-US","potentialAction":[{"@type":"ReadAction","target":["https:\/\/centrosabia.org.br\/en\/audio\/direitos-humanos-e-resistencia\/"]}]},{"@type":"ImageObject","inLanguage":"en-US","@id":"https:\/\/centrosabia.org.br\/en\/audio\/direitos-humanos-e-resistencia\/#primaryimage","url":"https:\/\/centrosabia.org.br\/wp-content\/uploads\/2022\/12\/CDS_0112_spotify-1.png","contentUrl":"https:\/\/centrosabia.org.br\/wp-content\/uploads\/2022\/12\/CDS_0112_spotify-1.png","width":512,"height":288},{"@type":"BreadcrumbList","@id":"https:\/\/centrosabia.org.br\/en\/audio\/direitos-humanos-e-resistencia\/#breadcrumb","itemListElement":[{"@type":"ListItem","position":1,"name":"Início","item":"https:\/\/centrosabia.org.br\/en\/"},{"@type":"ListItem","position":2,"name":"Áudios","item":"https:\/\/centrosabia.org.br\/en\/audio\/"},{"@type":"ListItem","position":3,"name":"Direitos Humanos e Resistência | Cantos do Sabiá"}]},{"@type":"WebSite","@id":"https:\/\/centrosabia.org.br\/en\/#website","url":"https:\/\/centrosabia.org.br\/en\/","name":"Centro de Desenvolvimento Agroecológico Sabiá","description":"","publisher":{"@id":"https:\/\/centrosabia.org.br\/en\/#organization"},"potentialAction":[{"@type":"SearchAction","target":{"@type":"EntryPoint","urlTemplate":"https:\/\/centrosabia.org.br\/en\/?s={search_term_string}"},"query-input":{"@type":"PropertyValueSpecification","valueRequired":true,"valueName":"search_term_string"}}],"inLanguage":"en-US"},{"@type":"Organization","@id":"https:\/\/centrosabia.org.br\/en\/#organization","name":"Centro de Desenvolvimento Agroecológico Sabiá","url":"https:\/\/centrosabia.org.br\/en\/","logo":{"@type":"ImageObject","inLanguage":"en-US","@id":"https:\/\/centrosabia.org.br\/en\/#\/schema\/logo\/image\/","url":"https:\/\/centrosabia.org.br\/wp-content\/uploads\/2021\/10\/logo.png","contentUrl":"https:\/\/centrosabia.org.br\/wp-content\/uploads\/2021\/10\/logo.png","width":174,"height":84,"caption":"Centro de Desenvolvimento Agroecológico Sabiá"},"image":{"@id":"https:\/\/centrosabia.org.br\/en\/#\/schema\/logo\/image\/"}}]}</script>
<!-- / Yoast SEO plugin. -->

Direitos Humanos e Resistência | Cantos do Sabiá - Centro de Desenvolvimento Agroecológico Sabiá

Centro de Desenvolvimento Agroecológico Sabiá

Início

Áudios
