{"id":17092,"date":"2022-11-21T00:00:00","date_gmt":"2022-11-21T03:00:00","guid":{"rendered":"https:\/\/centrosabia.org.br\/audio\/por-um-brasil-antirracista\/"},"modified":"2024-08-05T13:56:18","modified_gmt":"2024-08-05T16:56:18","slug":"por-um-brasil-antirracista","status":"publish","type":"audio","link":"https:\/\/centrosabia.org.br\/en\/audio\/por-um-brasil-antirracista\/","title":{"rendered":"Por Um Brasil Antirracista! | Cantos do Sabi\u00e1"},"content":{"rendered":"<p>&#x1f3a7; O Cantos do Sabi\u00e1 segue na luta do m\u00eas da Negritude! Hoje, falamos com Paula Ferreira, pedagoga do CENDHEC, sobre a Consci\u00eancia Negra, luta antirracista e sobre pol\u00edticas para a popula\u00e7\u00e3o negra! &#x1f91c;&#x1f3ff;&#x1f91b;&#x1f3fe;<\/p>\n<p><\/p>\n<p>20 de novembro \u00e9 o dia em que anualmente celebramos o Dia Da Consci\u00eancia Negra! \u270a&#x1f3ff; Uma data muito importante para agregar conhecimentos sobre a negritude, falar sobre o empoderamento racial, mas tamb\u00e9m denunciar os anos de racismo, estruturados em nossa sociedade, que infelizmente, moldam a vida de milhares de fam\u00edlias negras, muitas delas chefiadas por mulheres. \u270a&#x1f3fe;\u270a&#x1f3fd;<\/p>\n<p><\/p>\n<p>&#x1f37d; A inseguran\u00e7a alimentar, nutricional, a fome, a mis\u00e9ria fazem parte do nosso cen\u00e1rio brasileiro. &#x1f374; E quem s\u00e3o os primeiros e as primeiras a enfrentarem essas crises &#8211; sociais, pol\u00edticas e ambientais? \u00c9 a negritude! S\u00e3o as minorias. \u00a0&#x1f44a;&#x1f3ff;<\/p>\n<p><\/p>\n<p>&#x1f30d; \u00c9 por isso que precisamos pensar num futuro de inclus\u00e3o social, com pol\u00edcias al\u00e9m do emergencial, um futuro &#8211; e um presente de negritude! &#x1f3f4; E por um brasil antirracista! \u270a&#x1f3ff;\u270a&#x1f3fe;\u270a&#x1f3fd;<\/p>\n<p><\/p>\n<p>&#x1f469;&#x1f3ff;\u200d&#x1f3eb; E para se juntar com a gente nesse papo de liberta\u00e7\u00e3o, a gente vem conversar hoje com a pedagoga Paula Ferreira! Paula \u00e9 pedagoga no CENDHEC &#8211; Centro Dom Helder Camara de Estudos e A\u00e7\u00e3o Social, Integrante da Rede de Ativistas pela Educa\u00e7\u00e3o do Malala Fund no Brasil e Integrante do Comit\u00ea Pernambucano da Campanha Nacional pelo Direito \u00e0 Educa\u00e7\u00e3o! &#x1f4da;&#x1f467;&#x1f3ff;&#x1f467;&#x1f3fe;<\/p>\n<p><\/p>\n<p>&#x1f467;&#x1f3ff; Acompanhe a pesquisa do CENDHEC sobre Educa\u00e7\u00e3o!<\/p>\n<p><\/p>\n<p><a href=\"https:\/\/afrontosas.org.br\/\" rel=\"nofollow\">https:\/\/afrontosas.org.br\/<\/a><\/p>\n<p><\/p>\n<p>&#x1f331; Apoie os projetos do Centro Sabi\u00e1!<\/p>\n<p><\/p>\n<p><a href=\"https:\/\/centrosabia.org.br\/doe\/\" rel=\"nofollow\">https:\/\/centrosabia.org.br\/doe\/<\/a><\/p>\n<p><\/p>\n<p>Acompanhe o Centro Sabi\u00e1 nas Redes! &#x1f4f1;<\/p>\n<p><\/p>\n<p><a href=\"https:\/\/biolinky.co\/centrosabia\" rel=\"nofollow\">https:\/\/biolinky.co\/centrosabia<\/a><\/p>\n","protected":false},"featured_media":23394,"template":"","meta":{"_acf_changed":false,"ano":2022},"tema":[2558,2544,2542],"decada":[2502],"curadoria":[],"class_list":["post-17092","audio","type-audio","status-publish","has-post-thumbnail","hentry","tema-comunidades-tradicionais","tema-educacao-contextualizada","tema-troca-de-experiencias","decada-2502"],"blocksy_meta":[],"acf":{"imagem_de_cobertura":22563},"yoast_head":"<!-- This site is optimized with the Yoast SEO plugin v27.4 - https:\/\/yoast.com\/product\/yoast-seo-wordpress\/ -->\n<title>Por Um Brasil Antirracista! | Cantos do Sabi\u00e1 - Centro de Desenvolvimento Agroecol\u00f3gico Sabi\u00e1<\/title>\n<meta name=\"robots\" content=\"index, follow, max-snippet:-1, max-image-preview:large, max-video-preview:-1\" \/>\n<link rel=\"canonical\" href=\"https:\/\/centrosabia.org.br\/en\/audio\/por-um-brasil-antirracista\/\" \/>\n<meta property=\"og:locale\" content=\"en_US\" \/>\n<meta property=\"og:type\" content=\"article\" \/>\n<meta property=\"og:title\" content=\"Por Um Brasil Antirracista! | Cantos do Sabi\u00e1 - Centro de Desenvolvimento Agroecol\u00f3gico Sabi\u00e1\" \/>\n<meta property=\"og:url\" content=\"https:\/\/centrosabia.org.br\/en\/audio\/por-um-brasil-antirracista\/\" \/>\n<meta property=\"og:site_name\" content=\"Centro de Desenvolvimento Agroecol\u00f3gico Sabi\u00e1\" \/>\n<meta property=\"article:modified_time\" content=\"2024-08-05T16:56:18+00:00\" \/>\n<meta property=\"og:image\" content=\"https:\/\/centrosabia.org.br\/wp-content\/uploads\/2022\/11\/CDS_1711_spotify-1-300x169.png\" \/>\n\t<meta property=\"og:image:width\" content=\"300\" \/>\n\t<meta property=\"og:image:height\" content=\"169\" \/>\n\t<meta property=\"og:image:type\" content=\"image\/png\" \/>\n<meta name=\"twitter:card\" content=\"summary_large_image\" \/>\n<meta name=\"twitter:label1\" content=\"Est. reading time\" \/>\n\t<meta name=\"twitter:data1\" content=\"2 minutes\" \/>\n<script type=\"application\/ld+json\" class=\"yoast-schema-graph\">{\"@context\":\"https:\\\/\\\/schema.org\",\"@graph\":[{\"@type\":\"WebPage\",\"@id\":\"https:\\\/\\\/centrosabia.org.br\\\/en\\\/audio\\\/por-um-brasil-antirracista\\\/\",\"url\":\"https:\\\/\\\/centrosabia.org.br\\\/en\\\/audio\\\/por-um-brasil-antirracista\\\/\",\"name\":\"Por Um Brasil Antirracista! | Cantos do Sabi\u00e1 - Centro de Desenvolvimento Agroecol\u00f3gico Sabi\u00e1\",\"isPartOf\":{\"@id\":\"https:\\\/\\\/centrosabia.org.br\\\/en\\\/#website\"},\"primaryImageOfPage\":{\"@id\":\"https:\\\/\\\/centrosabia.org.br\\\/en\\\/audio\\\/por-um-brasil-antirracista\\\/#primaryimage\"},\"image\":{\"@id\":\"https:\\\/\\\/centrosabia.org.br\\\/en\\\/audio\\\/por-um-brasil-antirracista\\\/#primaryimage\"},\"thumbnailUrl\":\"https:\\\/\\\/centrosabia.org.br\\\/wp-content\\\/uploads\\\/2022\\\/11\\\/CDS_1711_spotify-1.png\",\"datePublished\":\"2022-11-21T03:00:00+00:00\",\"dateModified\":\"2024-08-05T16:56:18+00:00\",\"breadcrumb\":{\"@id\":\"https:\\\/\\\/centrosabia.org.br\\\/en\\\/audio\\\/por-um-brasil-antirracista\\\/#breadcrumb\"},\"inLanguage\":\"en-US\",\"potentialAction\":[{\"@type\":\"ReadAction\",\"target\":[\"https:\\\/\\\/centrosabia.org.br\\\/en\\\/audio\\\/por-um-brasil-antirracista\\\/\"]}]},{\"@type\":\"ImageObject\",\"inLanguage\":\"en-US\",\"@id\":\"https:\\\/\\\/centrosabia.org.br\\\/en\\\/audio\\\/por-um-brasil-antirracista\\\/#primaryimage\",\"url\":\"https:\\\/\\\/centrosabia.org.br\\\/wp-content\\\/uploads\\\/2022\\\/11\\\/CDS_1711_spotify-1.png\",\"contentUrl\":\"https:\\\/\\\/centrosabia.org.br\\\/wp-content\\\/uploads\\\/2022\\\/11\\\/CDS_1711_spotify-1.png\",\"width\":512,\"height\":288},{\"@type\":\"BreadcrumbList\",\"@id\":\"https:\\\/\\\/centrosabia.org.br\\\/en\\\/audio\\\/por-um-brasil-antirracista\\\/#breadcrumb\",\"itemListElement\":[{\"@type\":\"ListItem\",\"position\":1,\"name\":\"In\u00edcio\",\"item\":\"https:\\\/\\\/centrosabia.org.br\\\/en\\\/\"},{\"@type\":\"ListItem\",\"position\":2,\"name\":\"\u00c1udios\",\"item\":\"https:\\\/\\\/centrosabia.org.br\\\/en\\\/audio\\\/\"},{\"@type\":\"ListItem\",\"position\":3,\"name\":\"Por Um Brasil Antirracista! | Cantos do Sabi\u00e1\"}]},{\"@type\":\"WebSite\",\"@id\":\"https:\\\/\\\/centrosabia.org.br\\\/en\\\/#website\",\"url\":\"https:\\\/\\\/centrosabia.org.br\\\/en\\\/\",\"name\":\"Centro de Desenvolvimento Agroecol\u00f3gico Sabi\u00e1\",\"description\":\"\",\"publisher\":{\"@id\":\"https:\\\/\\\/centrosabia.org.br\\\/en\\\/#organization\"},\"potentialAction\":[{\"@type\":\"SearchAction\",\"target\":{\"@type\":\"EntryPoint\",\"urlTemplate\":\"https:\\\/\\\/centrosabia.org.br\\\/en\\\/?s={search_term_string}\"},\"query-input\":{\"@type\":\"PropertyValueSpecification\",\"valueRequired\":true,\"valueName\":\"search_term_string\"}}],\"inLanguage\":\"en-US\"},{\"@type\":\"Organization\",\"@id\":\"https:\\\/\\\/centrosabia.org.br\\\/en\\\/#organization\",\"name\":\"Centro de Desenvolvimento Agroecol\u00f3gico Sabi\u00e1\",\"url\":\"https:\\\/\\\/centrosabia.org.br\\\/en\\\/\",\"logo\":{\"@type\":\"ImageObject\",\"inLanguage\":\"en-US\",\"@id\":\"https:\\\/\\\/centrosabia.org.br\\\/en\\\/#\\\/schema\\\/logo\\\/image\\\/\",\"url\":\"https:\\\/\\\/centrosabia.org.br\\\/wp-content\\\/uploads\\\/2021\\\/10\\\/logo.png\",\"contentUrl\":\"https:\\\/\\\/centrosabia.org.br\\\/wp-content\\\/uploads\\\/2021\\\/10\\\/logo.png\",\"width\":174,\"height\":84,\"caption\":\"Centro de Desenvolvimento Agroecol\u00f3gico Sabi\u00e1\"},\"image\":{\"@id\":\"https:\\\/\\\/centrosabia.org.br\\\/en\\\/#\\\/schema\\\/logo\\\/image\\\/\"}}]}<\/script>\n<!-- \/ Yoast SEO plugin. -->","yoast_head_json":{"title":"Por Um Brasil Antirracista! | Cantos do Sabi\u00e1 - Centro de Desenvolvimento Agroecol\u00f3gico Sabi\u00e1","robots":{"index":"index","follow":"follow","max-snippet":"max-snippet:-1","max-image-preview":"max-image-preview:large","max-video-preview":"max-video-preview:-1"},"canonical":"https:\/\/centrosabia.org.br\/en\/audio\/por-um-brasil-antirracista\/","og_locale":"en_US","og_type":"article","og_title":"Por Um Brasil Antirracista! | Cantos do Sabi\u00e1 - Centro de Desenvolvimento Agroecol\u00f3gico Sabi\u00e1","og_url":"https:\/\/centrosabia.org.br\/en\/audio\/por-um-brasil-antirracista\/","og_site_name":"Centro de Desenvolvimento Agroecol\u00f3gico Sabi\u00e1","article_modified_time":"2024-08-05T16:56:18+00:00","og_image":[{"width":300,"height":169,"url":"https:\/\/centrosabia.org.br\/wp-content\/uploads\/2022\/11\/CDS_1711_spotify-1-300x169.png","type":"image\/png"}],"twitter_card":"summary_large_image","twitter_misc":{"Est. reading time":"2 minutes"},"schema":{"@context":"https:\/\/schema.org","@graph":[{"@type":"WebPage","@id":"https:\/\/centrosabia.org.br\/en\/audio\/por-um-brasil-antirracista\/","url":"https:\/\/centrosabia.org.br\/en\/audio\/por-um-brasil-antirracista\/","name":"Por Um Brasil Antirracista! | Cantos do Sabi\u00e1 - Centro de Desenvolvimento Agroecol\u00f3gico Sabi\u00e1","isPartOf":{"@id":"https:\/\/centrosabia.org.br\/en\/#website"},"primaryImageOfPage":{"@id":"https:\/\/centrosabia.org.br\/en\/audio\/por-um-brasil-antirracista\/#primaryimage"},"image":{"@id":"https:\/\/centrosabia.org.br\/en\/audio\/por-um-brasil-antirracista\/#primaryimage"},"thumbnailUrl":"https:\/\/centrosabia.org.br\/wp-content\/uploads\/2022\/11\/CDS_1711_spotify-1.png","datePublished":"2022-11-21T03:00:00+00:00","dateModified":"2024-08-05T16:56:18+00:00","breadcrumb":{"@id":"https:\/\/centrosabia.org.br\/en\/audio\/por-um-brasil-antirracista\/#breadcrumb"},"inLanguage":"en-US","potentialAction":[{"@type":"ReadAction","target":["https:\/\/centrosabia.org.br\/en\/audio\/por-um-brasil-antirracista\/"]}]},{"@type":"ImageObject","inLanguage":"en-US","@id":"https:\/\/centrosabia.org.br\/en\/audio\/por-um-brasil-antirracista\/#primaryimage","url":"https:\/\/centrosabia.org.br\/wp-content\/uploads\/2022\/11\/CDS_1711_spotify-1.png","contentUrl":"https:\/\/centrosabia.org.br\/wp-content\/uploads\/2022\/11\/CDS_1711_spotify-1.png","width":512,"height":288},{"@type":"BreadcrumbList","@id":"https:\/\/centrosabia.org.br\/en\/audio\/por-um-brasil-antirracista\/#breadcrumb","itemListElement":[{"@type":"ListItem","position":1,"name":"In\u00edcio","item":"https:\/\/centrosabia.org.br\/en\/"},{"@type":"ListItem","position":2,"name":"\u00c1udios","item":"https:\/\/centrosabia.org.br\/en\/audio\/"},{"@type":"ListItem","position":3,"name":"Por Um Brasil Antirracista! | Cantos do Sabi\u00e1"}]},{"@type":"WebSite","@id":"https:\/\/centrosabia.org.br\/en\/#website","url":"https:\/\/centrosabia.org.br\/en\/","name":"Centro de Desenvolvimento Agroecol\u00f3gico Sabi\u00e1","description":"","publisher":{"@id":"https:\/\/centrosabia.org.br\/en\/#organization"},"potentialAction":[{"@type":"SearchAction","target":{"@type":"EntryPoint","urlTemplate":"https:\/\/centrosabia.org.br\/en\/?s={search_term_string}"},"query-input":{"@type":"PropertyValueSpecification","valueRequired":true,"valueName":"search_term_string"}}],"inLanguage":"en-US"},{"@type":"Organization","@id":"https:\/\/centrosabia.org.br\/en\/#organization","name":"Centro de Desenvolvimento Agroecol\u00f3gico Sabi\u00e1","url":"https:\/\/centrosabia.org.br\/en\/","logo":{"@type":"ImageObject","inLanguage":"en-US","@id":"https:\/\/centrosabia.org.br\/en\/#\/schema\/logo\/image\/","url":"https:\/\/centrosabia.org.br\/wp-content\/uploads\/2021\/10\/logo.png","contentUrl":"https:\/\/centrosabia.org.br\/wp-content\/uploads\/2021\/10\/logo.png","width":174,"height":84,"caption":"Centro de Desenvolvimento Agroecol\u00f3gico Sabi\u00e1"},"image":{"@id":"https:\/\/centrosabia.org.br\/en\/#\/schema\/logo\/image\/"}}]}},"_links":{"self":[{"href":"https:\/\/centrosabia.org.br\/en\/wp-json\/wp\/v2\/audio\/17092","targetHints":{"allow":["GET"]}}],"collection":[{"href":"https:\/\/centrosabia.org.br\/en\/wp-json\/wp\/v2\/audio"}],"about":[{"href":"https:\/\/centrosabia.org.br\/en\/wp-json\/wp\/v2\/types\/audio"}],"wp:featuredmedia":[{"embeddable":true,"href":"https:\/\/centrosabia.org.br\/en\/wp-json\/wp\/v2\/media\/23394"}],"wp:attachment":[{"href":"https:\/\/centrosabia.org.br\/en\/wp-json\/wp\/v2\/media?parent=17092"}],"wp:term":[{"taxonomy":"tema","embeddable":true,"href":"https:\/\/centrosabia.org.br\/en\/wp-json\/wp\/v2\/tema?post=17092"},{"taxonomy":"decada","embeddable":true,"href":"https:\/\/centrosabia.org.br\/en\/wp-json\/wp\/v2\/decada?post=17092"},{"taxonomy":"curadoria","embeddable":true,"href":"https:\/\/centrosabia.org.br\/en\/wp-json\/wp\/v2\/curadoria?post=17092"}],"curies":[{"name":"wp","href":"https:\/\/api.w.org\/{rel}","templated":true}]}}

Por Um Brasil Antirracista! | Cantos do Sabiá

<p>&#x1f3a7; O Cantos do Sabiá segue na luta do mês da Negritude! Hoje, falamos com Paula Ferreira, pedagoga do CENDHEC, sobre a Consciência Negra, luta antirracista e sobre políticas para a população negra! &#x1f91c;&#x1f3ff;&#x1f91b;&#x1f3fe;</p>
<p></p>
<p>20 de novembro é o dia em que anualmente celebramos o Dia Da Consciência Negra! ✊&#x1f3ff; Uma data muito importante para agregar conhecimentos sobre a negritude, falar sobre o empoderamento racial, mas também denunciar os anos de racismo, estruturados em nossa sociedade, que infelizmente, moldam a vida de milhares de famílias negras, muitas delas chefiadas por mulheres. ✊&#x1f3fe;✊&#x1f3fd;</p>
<p></p>
<p>&#x1f37d; A insegurança alimentar, nutricional, a fome, a miséria fazem parte do nosso cenário brasileiro. &#x1f374; E quem são os primeiros e as primeiras a enfrentarem essas crises &#8211; sociais, políticas e ambientais? É a negritude! São as minorias.  &#x1f44a;&#x1f3ff;</p>
<p></p>
<p>&#x1f30d; É por isso que precisamos pensar num futuro de inclusão social, com polícias além do emergencial, um futuro &#8211; e um presente de negritude! &#x1f3f4; E por um brasil antirracista! ✊&#x1f3ff;✊&#x1f3fe;✊&#x1f3fd;</p>
<p></p>
<p>&#x1f469;&#x1f3ff;‍&#x1f3eb; E para se juntar com a gente nesse papo de libertação, a gente vem conversar hoje com a pedagoga Paula Ferreira! Paula é pedagoga no CENDHEC &#8211; Centro Dom Helder Camara de Estudos e Ação Social, Integrante da Rede de Ativistas pela Educação do Malala Fund no Brasil e Integrante do Comitê Pernambucano da Campanha Nacional pelo Direito à Educação! &#x1f4da;&#x1f467;&#x1f3ff;&#x1f467;&#x1f3fe;</p>
<p></p>
<p>&#x1f467;&#x1f3ff; Acompanhe a pesquisa do CENDHEC sobre Educação!</p>
<p></p>
<p><a href="https://afrontosas.org.br/" rel="nofollow">https://afrontosas.org.br/</a></p>
<p></p>
<p>&#x1f331; Apoie os projetos do Centro Sabiá!</p>
<p></p>
<p><a href="https://centrosabia.org.br/doe/" rel="nofollow">https://centrosabia.org.br/doe/</a></p>
<p></p>
<p>Acompanhe o Centro Sabiá nas Redes! &#x1f4f1;</p>
<p></p>
<p><a href="https://biolinky.co/centrosabia" rel="nofollow">https://biolinky.co/centrosabia</a></p>

<!-- This site is optimized with the Yoast SEO plugin v27.4 - https://yoast.com/product/yoast-seo-wordpress/ -->
<title>Por Um Brasil Antirracista! | Cantos do Sabiá - Centro de Desenvolvimento Agroecológico Sabiá</title>
<meta name="robots" content="index, follow, max-snippet:-1, max-image-preview:large, max-video-preview:-1" />
<link rel="canonical" href="https://centrosabia.org.br/en/audio/por-um-brasil-antirracista/" />
<meta property="og:locale" content="en_US" />
<meta property="og:type" content="article" />
<meta property="og:title" content="Por Um Brasil Antirracista! | Cantos do Sabiá - Centro de Desenvolvimento Agroecológico Sabiá" />
<meta property="og:url" content="https://centrosabia.org.br/en/audio/por-um-brasil-antirracista/" />
<meta property="og:site_name" content="Centro de Desenvolvimento Agroecológico Sabiá" />
<meta property="article:modified_time" content="2024-08-05T16:56:18+00:00" />
<meta property="og:image" content="https://centrosabia.org.br/wp-content/uploads/2022/11/CDS_1711_spotify-1-300x169.png" />
	<meta property="og:image:width" content="300" />
	<meta property="og:image:height" content="169" />
	<meta property="og:image:type" content="image/png" />
<meta name="twitter:card" content="summary_large_image" />
<meta name="twitter:label1" content="Est. reading time" />
	<meta name="twitter:data1" content="2 minutes" />
<script type="application/ld+json" class="yoast-schema-graph">{"@context":"https:\/\/schema.org","@graph":[{"@type":"WebPage","@id":"https:\/\/centrosabia.org.br\/en\/audio\/por-um-brasil-antirracista\/","url":"https:\/\/centrosabia.org.br\/en\/audio\/por-um-brasil-antirracista\/","name":"Por Um Brasil Antirracista! | Cantos do Sabiá - Centro de Desenvolvimento Agroecológico Sabiá","isPartOf":{"@id":"https:\/\/centrosabia.org.br\/en\/#website"},"primaryImageOfPage":{"@id":"https:\/\/centrosabia.org.br\/en\/audio\/por-um-brasil-antirracista\/#primaryimage"},"image":{"@id":"https:\/\/centrosabia.org.br\/en\/audio\/por-um-brasil-antirracista\/#primaryimage"},"thumbnailUrl":"https:\/\/centrosabia.org.br\/wp-content\/uploads\/2022\/11\/CDS_1711_spotify-1.png","datePublished":"2022-11-21T03:00:00+00:00","dateModified":"2024-08-05T16:56:18+00:00","breadcrumb":{"@id":"https:\/\/centrosabia.org.br\/en\/audio\/por-um-brasil-antirracista\/#breadcrumb"},"inLanguage":"en-US","potentialAction":[{"@type":"ReadAction","target":["https:\/\/centrosabia.org.br\/en\/audio\/por-um-brasil-antirracista\/"]}]},{"@type":"ImageObject","inLanguage":"en-US","@id":"https:\/\/centrosabia.org.br\/en\/audio\/por-um-brasil-antirracista\/#primaryimage","url":"https:\/\/centrosabia.org.br\/wp-content\/uploads\/2022\/11\/CDS_1711_spotify-1.png","contentUrl":"https:\/\/centrosabia.org.br\/wp-content\/uploads\/2022\/11\/CDS_1711_spotify-1.png","width":512,"height":288},{"@type":"BreadcrumbList","@id":"https:\/\/centrosabia.org.br\/en\/audio\/por-um-brasil-antirracista\/#breadcrumb","itemListElement":[{"@type":"ListItem","position":1,"name":"Início","item":"https:\/\/centrosabia.org.br\/en\/"},{"@type":"ListItem","position":2,"name":"Áudios","item":"https:\/\/centrosabia.org.br\/en\/audio\/"},{"@type":"ListItem","position":3,"name":"Por Um Brasil Antirracista! | Cantos do Sabiá"}]},{"@type":"WebSite","@id":"https:\/\/centrosabia.org.br\/en\/#website","url":"https:\/\/centrosabia.org.br\/en\/","name":"Centro de Desenvolvimento Agroecológico Sabiá","description":"","publisher":{"@id":"https:\/\/centrosabia.org.br\/en\/#organization"},"potentialAction":[{"@type":"SearchAction","target":{"@type":"EntryPoint","urlTemplate":"https:\/\/centrosabia.org.br\/en\/?s={search_term_string}"},"query-input":{"@type":"PropertyValueSpecification","valueRequired":true,"valueName":"search_term_string"}}],"inLanguage":"en-US"},{"@type":"Organization","@id":"https:\/\/centrosabia.org.br\/en\/#organization","name":"Centro de Desenvolvimento Agroecológico Sabiá","url":"https:\/\/centrosabia.org.br\/en\/","logo":{"@type":"ImageObject","inLanguage":"en-US","@id":"https:\/\/centrosabia.org.br\/en\/#\/schema\/logo\/image\/","url":"https:\/\/centrosabia.org.br\/wp-content\/uploads\/2021\/10\/logo.png","contentUrl":"https:\/\/centrosabia.org.br\/wp-content\/uploads\/2021\/10\/logo.png","width":174,"height":84,"caption":"Centro de Desenvolvimento Agroecológico Sabiá"},"image":{"@id":"https:\/\/centrosabia.org.br\/en\/#\/schema\/logo\/image\/"}}]}</script>
<!-- / Yoast SEO plugin. -->

Por Um Brasil Antirracista! | Cantos do Sabiá - Centro de Desenvolvimento Agroecológico Sabiá

Centro de Desenvolvimento Agroecológico Sabiá

Início

Áudios
