{"id":17100,"date":"2022-11-14T00:00:00","date_gmt":"2022-11-14T03:00:00","guid":{"rendered":"https:\/\/centrosabia.org.br\/audio\/ancestralidade-e-as-sementes-crioulas\/"},"modified":"2024-08-05T14:03:58","modified_gmt":"2024-08-05T17:03:58","slug":"ancestralidade-e-as-sementes-crioulas","status":"publish","type":"audio","link":"https:\/\/centrosabia.org.br\/en\/audio\/ancestralidade-e-as-sementes-crioulas\/","title":{"rendered":"Ancestralidade e as Sementes Crioulas | Cantos do Sabi\u00e1"},"content":{"rendered":"<p>&#x1f3a7; No semi\u00e1rido pulsa uma energia de vida e de resist\u00eancia. E essas vidas passam pelas sementes, pelo alimento original e ancestral. &#x1f30d; O Cantos do Sabi\u00e1 fala das Sementes crioulas e da import\u00e2ncia de defend\u00ea-las! &#x1f331;&#x1f333;<\/p>\n<p><\/p>\n<p>&#x1f37d; Em meio a um Brasil que vive e convive com inseguran\u00e7a alimentar, nutricional, com a fome latente &#8211; e em todos os lugares a gente vem falar de resist\u00eancia hist\u00f3rica! &#x1f468;&#x1f3ff;\u200d&#x1f33e;&#x1f469;&#x1f3fe;\u200d&#x1f33e; Uma resist\u00eancia que surge bem antes do consumo de alimentos, da compra dos produtos, da venda dos frutos, de antes mesmo do plantio! &#x1f33d;&#x1f955;&#x1f954;<\/p>\n<p><\/p>\n<p>&#x1f33f; Sementes Crioulas s\u00e3o a base e o patrim\u00f4nio da agricultura familiar! \u00c9 atrav\u00e9s das sementes de resist\u00eancia, que podemos ter uma alimenta\u00e7\u00e3o verdadeiramente rica em nutrientes, e livre de venenos, agrot\u00f3xicos e transg\u00eanicos. &#x1f374;<\/p>\n<p><\/p>\n<p>Para falar dessa ancestralidade e defesa da tradi\u00e7\u00e3o &#8211; livre de qu\u00edmicos, convidamos jovens da agricultura do povo Xukuru do Ororub\u00e1! Conversamos esta semana com Ane Souza Rodrigues e Eduardo Oliveira.<\/p>\n<p>&#x1f37d;Fa\u00e7a parte da mudan\u00e7a! Doe. &#x1f957;<\/p>\n<p>centrosabia.org.br\/doe<\/p>\n","protected":false},"featured_media":23398,"template":"","meta":{"_acf_changed":false,"ano":2022},"tema":[2558,2514,2548],"decada":[2502],"curadoria":[],"class_list":["post-17100","audio","type-audio","status-publish","has-post-thumbnail","hentry","tema-comunidades-tradicionais","tema-sementes","tema-sementes-crioulas","decada-2502"],"blocksy_meta":[],"acf":{"imagem_de_cobertura":""},"yoast_head":"<!-- This site is optimized with the Yoast SEO plugin v27.4 - https:\/\/yoast.com\/product\/yoast-seo-wordpress\/ -->\n<title>Ancestralidade e as Sementes Crioulas | Cantos do Sabi\u00e1 - Centro de Desenvolvimento Agroecol\u00f3gico Sabi\u00e1<\/title>\n<meta name=\"robots\" content=\"index, follow, max-snippet:-1, max-image-preview:large, max-video-preview:-1\" \/>\n<link rel=\"canonical\" href=\"https:\/\/centrosabia.org.br\/en\/audio\/ancestralidade-e-as-sementes-crioulas\/\" \/>\n<meta property=\"og:locale\" content=\"en_US\" \/>\n<meta property=\"og:type\" content=\"article\" \/>\n<meta property=\"og:title\" content=\"Ancestralidade e as Sementes Crioulas | Cantos do Sabi\u00e1 - Centro de Desenvolvimento Agroecol\u00f3gico Sabi\u00e1\" \/>\n<meta property=\"og:url\" content=\"https:\/\/centrosabia.org.br\/en\/audio\/ancestralidade-e-as-sementes-crioulas\/\" \/>\n<meta property=\"og:site_name\" content=\"Centro de Desenvolvimento Agroecol\u00f3gico Sabi\u00e1\" \/>\n<meta property=\"article:modified_time\" content=\"2024-08-05T17:03:58+00:00\" \/>\n<meta property=\"og:image\" content=\"https:\/\/centrosabia.org.br\/wp-content\/uploads\/2022\/11\/CDS_1011_spotify-1-1-300x169.png\" \/>\n\t<meta property=\"og:image:width\" content=\"300\" \/>\n\t<meta property=\"og:image:height\" content=\"169\" \/>\n\t<meta property=\"og:image:type\" content=\"image\/png\" \/>\n<meta name=\"twitter:card\" content=\"summary_large_image\" \/>\n<meta name=\"twitter:label1\" content=\"Est. reading time\" \/>\n\t<meta name=\"twitter:data1\" content=\"2 minutes\" \/>\n<script type=\"application\/ld+json\" class=\"yoast-schema-graph\">{\"@context\":\"https:\\\/\\\/schema.org\",\"@graph\":[{\"@type\":\"WebPage\",\"@id\":\"https:\\\/\\\/centrosabia.org.br\\\/en\\\/audio\\\/ancestralidade-e-as-sementes-crioulas\\\/\",\"url\":\"https:\\\/\\\/centrosabia.org.br\\\/en\\\/audio\\\/ancestralidade-e-as-sementes-crioulas\\\/\",\"name\":\"Ancestralidade e as Sementes Crioulas | Cantos do Sabi\u00e1 - Centro de Desenvolvimento Agroecol\u00f3gico Sabi\u00e1\",\"isPartOf\":{\"@id\":\"https:\\\/\\\/centrosabia.org.br\\\/en\\\/#website\"},\"primaryImageOfPage\":{\"@id\":\"https:\\\/\\\/centrosabia.org.br\\\/en\\\/audio\\\/ancestralidade-e-as-sementes-crioulas\\\/#primaryimage\"},\"image\":{\"@id\":\"https:\\\/\\\/centrosabia.org.br\\\/en\\\/audio\\\/ancestralidade-e-as-sementes-crioulas\\\/#primaryimage\"},\"thumbnailUrl\":\"https:\\\/\\\/centrosabia.org.br\\\/wp-content\\\/uploads\\\/2022\\\/11\\\/CDS_1011_spotify-1-1.png\",\"datePublished\":\"2022-11-14T03:00:00+00:00\",\"dateModified\":\"2024-08-05T17:03:58+00:00\",\"breadcrumb\":{\"@id\":\"https:\\\/\\\/centrosabia.org.br\\\/en\\\/audio\\\/ancestralidade-e-as-sementes-crioulas\\\/#breadcrumb\"},\"inLanguage\":\"en-US\",\"potentialAction\":[{\"@type\":\"ReadAction\",\"target\":[\"https:\\\/\\\/centrosabia.org.br\\\/en\\\/audio\\\/ancestralidade-e-as-sementes-crioulas\\\/\"]}]},{\"@type\":\"ImageObject\",\"inLanguage\":\"en-US\",\"@id\":\"https:\\\/\\\/centrosabia.org.br\\\/en\\\/audio\\\/ancestralidade-e-as-sementes-crioulas\\\/#primaryimage\",\"url\":\"https:\\\/\\\/centrosabia.org.br\\\/wp-content\\\/uploads\\\/2022\\\/11\\\/CDS_1011_spotify-1-1.png\",\"contentUrl\":\"https:\\\/\\\/centrosabia.org.br\\\/wp-content\\\/uploads\\\/2022\\\/11\\\/CDS_1011_spotify-1-1.png\",\"width\":512,\"height\":288},{\"@type\":\"BreadcrumbList\",\"@id\":\"https:\\\/\\\/centrosabia.org.br\\\/en\\\/audio\\\/ancestralidade-e-as-sementes-crioulas\\\/#breadcrumb\",\"itemListElement\":[{\"@type\":\"ListItem\",\"position\":1,\"name\":\"In\u00edcio\",\"item\":\"https:\\\/\\\/centrosabia.org.br\\\/en\\\/\"},{\"@type\":\"ListItem\",\"position\":2,\"name\":\"\u00c1udios\",\"item\":\"https:\\\/\\\/centrosabia.org.br\\\/en\\\/audio\\\/\"},{\"@type\":\"ListItem\",\"position\":3,\"name\":\"Ancestralidade e as Sementes Crioulas | Cantos do Sabi\u00e1\"}]},{\"@type\":\"WebSite\",\"@id\":\"https:\\\/\\\/centrosabia.org.br\\\/en\\\/#website\",\"url\":\"https:\\\/\\\/centrosabia.org.br\\\/en\\\/\",\"name\":\"Centro de Desenvolvimento Agroecol\u00f3gico Sabi\u00e1\",\"description\":\"\",\"publisher\":{\"@id\":\"https:\\\/\\\/centrosabia.org.br\\\/en\\\/#organization\"},\"potentialAction\":[{\"@type\":\"SearchAction\",\"target\":{\"@type\":\"EntryPoint\",\"urlTemplate\":\"https:\\\/\\\/centrosabia.org.br\\\/en\\\/?s={search_term_string}\"},\"query-input\":{\"@type\":\"PropertyValueSpecification\",\"valueRequired\":true,\"valueName\":\"search_term_string\"}}],\"inLanguage\":\"en-US\"},{\"@type\":\"Organization\",\"@id\":\"https:\\\/\\\/centrosabia.org.br\\\/en\\\/#organization\",\"name\":\"Centro de Desenvolvimento Agroecol\u00f3gico Sabi\u00e1\",\"url\":\"https:\\\/\\\/centrosabia.org.br\\\/en\\\/\",\"logo\":{\"@type\":\"ImageObject\",\"inLanguage\":\"en-US\",\"@id\":\"https:\\\/\\\/centrosabia.org.br\\\/en\\\/#\\\/schema\\\/logo\\\/image\\\/\",\"url\":\"https:\\\/\\\/centrosabia.org.br\\\/wp-content\\\/uploads\\\/2021\\\/10\\\/logo.png\",\"contentUrl\":\"https:\\\/\\\/centrosabia.org.br\\\/wp-content\\\/uploads\\\/2021\\\/10\\\/logo.png\",\"width\":174,\"height\":84,\"caption\":\"Centro de Desenvolvimento Agroecol\u00f3gico Sabi\u00e1\"},\"image\":{\"@id\":\"https:\\\/\\\/centrosabia.org.br\\\/en\\\/#\\\/schema\\\/logo\\\/image\\\/\"}}]}<\/script>\n<!-- \/ Yoast SEO plugin. -->","yoast_head_json":{"title":"Ancestralidade e as Sementes Crioulas | Cantos do Sabi\u00e1 - Centro de Desenvolvimento Agroecol\u00f3gico Sabi\u00e1","robots":{"index":"index","follow":"follow","max-snippet":"max-snippet:-1","max-image-preview":"max-image-preview:large","max-video-preview":"max-video-preview:-1"},"canonical":"https:\/\/centrosabia.org.br\/en\/audio\/ancestralidade-e-as-sementes-crioulas\/","og_locale":"en_US","og_type":"article","og_title":"Ancestralidade e as Sementes Crioulas | Cantos do Sabi\u00e1 - Centro de Desenvolvimento Agroecol\u00f3gico Sabi\u00e1","og_url":"https:\/\/centrosabia.org.br\/en\/audio\/ancestralidade-e-as-sementes-crioulas\/","og_site_name":"Centro de Desenvolvimento Agroecol\u00f3gico Sabi\u00e1","article_modified_time":"2024-08-05T17:03:58+00:00","og_image":[{"width":300,"height":169,"url":"https:\/\/centrosabia.org.br\/wp-content\/uploads\/2022\/11\/CDS_1011_spotify-1-1-300x169.png","type":"image\/png"}],"twitter_card":"summary_large_image","twitter_misc":{"Est. reading time":"2 minutes"},"schema":{"@context":"https:\/\/schema.org","@graph":[{"@type":"WebPage","@id":"https:\/\/centrosabia.org.br\/en\/audio\/ancestralidade-e-as-sementes-crioulas\/","url":"https:\/\/centrosabia.org.br\/en\/audio\/ancestralidade-e-as-sementes-crioulas\/","name":"Ancestralidade e as Sementes Crioulas | Cantos do Sabi\u00e1 - Centro de Desenvolvimento Agroecol\u00f3gico Sabi\u00e1","isPartOf":{"@id":"https:\/\/centrosabia.org.br\/en\/#website"},"primaryImageOfPage":{"@id":"https:\/\/centrosabia.org.br\/en\/audio\/ancestralidade-e-as-sementes-crioulas\/#primaryimage"},"image":{"@id":"https:\/\/centrosabia.org.br\/en\/audio\/ancestralidade-e-as-sementes-crioulas\/#primaryimage"},"thumbnailUrl":"https:\/\/centrosabia.org.br\/wp-content\/uploads\/2022\/11\/CDS_1011_spotify-1-1.png","datePublished":"2022-11-14T03:00:00+00:00","dateModified":"2024-08-05T17:03:58+00:00","breadcrumb":{"@id":"https:\/\/centrosabia.org.br\/en\/audio\/ancestralidade-e-as-sementes-crioulas\/#breadcrumb"},"inLanguage":"en-US","potentialAction":[{"@type":"ReadAction","target":["https:\/\/centrosabia.org.br\/en\/audio\/ancestralidade-e-as-sementes-crioulas\/"]}]},{"@type":"ImageObject","inLanguage":"en-US","@id":"https:\/\/centrosabia.org.br\/en\/audio\/ancestralidade-e-as-sementes-crioulas\/#primaryimage","url":"https:\/\/centrosabia.org.br\/wp-content\/uploads\/2022\/11\/CDS_1011_spotify-1-1.png","contentUrl":"https:\/\/centrosabia.org.br\/wp-content\/uploads\/2022\/11\/CDS_1011_spotify-1-1.png","width":512,"height":288},{"@type":"BreadcrumbList","@id":"https:\/\/centrosabia.org.br\/en\/audio\/ancestralidade-e-as-sementes-crioulas\/#breadcrumb","itemListElement":[{"@type":"ListItem","position":1,"name":"In\u00edcio","item":"https:\/\/centrosabia.org.br\/en\/"},{"@type":"ListItem","position":2,"name":"\u00c1udios","item":"https:\/\/centrosabia.org.br\/en\/audio\/"},{"@type":"ListItem","position":3,"name":"Ancestralidade e as Sementes Crioulas | Cantos do Sabi\u00e1"}]},{"@type":"WebSite","@id":"https:\/\/centrosabia.org.br\/en\/#website","url":"https:\/\/centrosabia.org.br\/en\/","name":"Centro de Desenvolvimento Agroecol\u00f3gico Sabi\u00e1","description":"","publisher":{"@id":"https:\/\/centrosabia.org.br\/en\/#organization"},"potentialAction":[{"@type":"SearchAction","target":{"@type":"EntryPoint","urlTemplate":"https:\/\/centrosabia.org.br\/en\/?s={search_term_string}"},"query-input":{"@type":"PropertyValueSpecification","valueRequired":true,"valueName":"search_term_string"}}],"inLanguage":"en-US"},{"@type":"Organization","@id":"https:\/\/centrosabia.org.br\/en\/#organization","name":"Centro de Desenvolvimento Agroecol\u00f3gico Sabi\u00e1","url":"https:\/\/centrosabia.org.br\/en\/","logo":{"@type":"ImageObject","inLanguage":"en-US","@id":"https:\/\/centrosabia.org.br\/en\/#\/schema\/logo\/image\/","url":"https:\/\/centrosabia.org.br\/wp-content\/uploads\/2021\/10\/logo.png","contentUrl":"https:\/\/centrosabia.org.br\/wp-content\/uploads\/2021\/10\/logo.png","width":174,"height":84,"caption":"Centro de Desenvolvimento Agroecol\u00f3gico Sabi\u00e1"},"image":{"@id":"https:\/\/centrosabia.org.br\/en\/#\/schema\/logo\/image\/"}}]}},"_links":{"self":[{"href":"https:\/\/centrosabia.org.br\/en\/wp-json\/wp\/v2\/audio\/17100","targetHints":{"allow":["GET"]}}],"collection":[{"href":"https:\/\/centrosabia.org.br\/en\/wp-json\/wp\/v2\/audio"}],"about":[{"href":"https:\/\/centrosabia.org.br\/en\/wp-json\/wp\/v2\/types\/audio"}],"wp:featuredmedia":[{"embeddable":true,"href":"https:\/\/centrosabia.org.br\/en\/wp-json\/wp\/v2\/media\/23398"}],"wp:attachment":[{"href":"https:\/\/centrosabia.org.br\/en\/wp-json\/wp\/v2\/media?parent=17100"}],"wp:term":[{"taxonomy":"tema","embeddable":true,"href":"https:\/\/centrosabia.org.br\/en\/wp-json\/wp\/v2\/tema?post=17100"},{"taxonomy":"decada","embeddable":true,"href":"https:\/\/centrosabia.org.br\/en\/wp-json\/wp\/v2\/decada?post=17100"},{"taxonomy":"curadoria","embeddable":true,"href":"https:\/\/centrosabia.org.br\/en\/wp-json\/wp\/v2\/curadoria?post=17100"}],"curies":[{"name":"wp","href":"https:\/\/api.w.org\/{rel}","templated":true}]}}

Ancestralidade e as Sementes Crioulas | Cantos do Sabiá

<p>&#x1f3a7; No semiárido pulsa uma energia de vida e de resistência. E essas vidas passam pelas sementes, pelo alimento original e ancestral. &#x1f30d; O Cantos do Sabiá fala das Sementes crioulas e da importância de defendê-las! &#x1f331;&#x1f333;</p>
<p></p>
<p>&#x1f37d; Em meio a um Brasil que vive e convive com insegurança alimentar, nutricional, com a fome latente &#8211; e em todos os lugares a gente vem falar de resistência histórica! &#x1f468;&#x1f3ff;‍&#x1f33e;&#x1f469;&#x1f3fe;‍&#x1f33e; Uma resistência que surge bem antes do consumo de alimentos, da compra dos produtos, da venda dos frutos, de antes mesmo do plantio! &#x1f33d;&#x1f955;&#x1f954;</p>
<p></p>
<p>&#x1f33f; Sementes Crioulas são a base e o patrimônio da agricultura familiar! É através das sementes de resistência, que podemos ter uma alimentação verdadeiramente rica em nutrientes, e livre de venenos, agrotóxicos e transgênicos. &#x1f374;</p>
<p></p>
<p>Para falar dessa ancestralidade e defesa da tradição &#8211; livre de químicos, convidamos jovens da agricultura do povo Xukuru do Ororubá! Conversamos esta semana com Ane Souza Rodrigues e Eduardo Oliveira.</p>
<p>&#x1f37d;Faça parte da mudança! Doe. &#x1f957;</p>
<p>centrosabia.org.br/doe</p>

<!-- This site is optimized with the Yoast SEO plugin v27.4 - https://yoast.com/product/yoast-seo-wordpress/ -->
<title>Ancestralidade e as Sementes Crioulas | Cantos do Sabiá - Centro de Desenvolvimento Agroecológico Sabiá</title>
<meta name="robots" content="index, follow, max-snippet:-1, max-image-preview:large, max-video-preview:-1" />
<link rel="canonical" href="https://centrosabia.org.br/en/audio/ancestralidade-e-as-sementes-crioulas/" />
<meta property="og:locale" content="en_US" />
<meta property="og:type" content="article" />
<meta property="og:title" content="Ancestralidade e as Sementes Crioulas | Cantos do Sabiá - Centro de Desenvolvimento Agroecológico Sabiá" />
<meta property="og:url" content="https://centrosabia.org.br/en/audio/ancestralidade-e-as-sementes-crioulas/" />
<meta property="og:site_name" content="Centro de Desenvolvimento Agroecológico Sabiá" />
<meta property="article:modified_time" content="2024-08-05T17:03:58+00:00" />
<meta property="og:image" content="https://centrosabia.org.br/wp-content/uploads/2022/11/CDS_1011_spotify-1-1-300x169.png" />
	<meta property="og:image:width" content="300" />
	<meta property="og:image:height" content="169" />
	<meta property="og:image:type" content="image/png" />
<meta name="twitter:card" content="summary_large_image" />
<meta name="twitter:label1" content="Est. reading time" />
	<meta name="twitter:data1" content="2 minutes" />
<script type="application/ld+json" class="yoast-schema-graph">{"@context":"https:\/\/schema.org","@graph":[{"@type":"WebPage","@id":"https:\/\/centrosabia.org.br\/en\/audio\/ancestralidade-e-as-sementes-crioulas\/","url":"https:\/\/centrosabia.org.br\/en\/audio\/ancestralidade-e-as-sementes-crioulas\/","name":"Ancestralidade e as Sementes Crioulas | Cantos do Sabiá - Centro de Desenvolvimento Agroecológico Sabiá","isPartOf":{"@id":"https:\/\/centrosabia.org.br\/en\/#website"},"primaryImageOfPage":{"@id":"https:\/\/centrosabia.org.br\/en\/audio\/ancestralidade-e-as-sementes-crioulas\/#primaryimage"},"image":{"@id":"https:\/\/centrosabia.org.br\/en\/audio\/ancestralidade-e-as-sementes-crioulas\/#primaryimage"},"thumbnailUrl":"https:\/\/centrosabia.org.br\/wp-content\/uploads\/2022\/11\/CDS_1011_spotify-1-1.png","datePublished":"2022-11-14T03:00:00+00:00","dateModified":"2024-08-05T17:03:58+00:00","breadcrumb":{"@id":"https:\/\/centrosabia.org.br\/en\/audio\/ancestralidade-e-as-sementes-crioulas\/#breadcrumb"},"inLanguage":"en-US","potentialAction":[{"@type":"ReadAction","target":["https:\/\/centrosabia.org.br\/en\/audio\/ancestralidade-e-as-sementes-crioulas\/"]}]},{"@type":"ImageObject","inLanguage":"en-US","@id":"https:\/\/centrosabia.org.br\/en\/audio\/ancestralidade-e-as-sementes-crioulas\/#primaryimage","url":"https:\/\/centrosabia.org.br\/wp-content\/uploads\/2022\/11\/CDS_1011_spotify-1-1.png","contentUrl":"https:\/\/centrosabia.org.br\/wp-content\/uploads\/2022\/11\/CDS_1011_spotify-1-1.png","width":512,"height":288},{"@type":"BreadcrumbList","@id":"https:\/\/centrosabia.org.br\/en\/audio\/ancestralidade-e-as-sementes-crioulas\/#breadcrumb","itemListElement":[{"@type":"ListItem","position":1,"name":"Início","item":"https:\/\/centrosabia.org.br\/en\/"},{"@type":"ListItem","position":2,"name":"Áudios","item":"https:\/\/centrosabia.org.br\/en\/audio\/"},{"@type":"ListItem","position":3,"name":"Ancestralidade e as Sementes Crioulas | Cantos do Sabiá"}]},{"@type":"WebSite","@id":"https:\/\/centrosabia.org.br\/en\/#website","url":"https:\/\/centrosabia.org.br\/en\/","name":"Centro de Desenvolvimento Agroecológico Sabiá","description":"","publisher":{"@id":"https:\/\/centrosabia.org.br\/en\/#organization"},"potentialAction":[{"@type":"SearchAction","target":{"@type":"EntryPoint","urlTemplate":"https:\/\/centrosabia.org.br\/en\/?s={search_term_string}"},"query-input":{"@type":"PropertyValueSpecification","valueRequired":true,"valueName":"search_term_string"}}],"inLanguage":"en-US"},{"@type":"Organization","@id":"https:\/\/centrosabia.org.br\/en\/#organization","name":"Centro de Desenvolvimento Agroecológico Sabiá","url":"https:\/\/centrosabia.org.br\/en\/","logo":{"@type":"ImageObject","inLanguage":"en-US","@id":"https:\/\/centrosabia.org.br\/en\/#\/schema\/logo\/image\/","url":"https:\/\/centrosabia.org.br\/wp-content\/uploads\/2021\/10\/logo.png","contentUrl":"https:\/\/centrosabia.org.br\/wp-content\/uploads\/2021\/10\/logo.png","width":174,"height":84,"caption":"Centro de Desenvolvimento Agroecológico Sabiá"},"image":{"@id":"https:\/\/centrosabia.org.br\/en\/#\/schema\/logo\/image\/"}}]}</script>
<!-- / Yoast SEO plugin. -->

Ancestralidade e as Sementes Crioulas | Cantos do Sabiá - Centro de Desenvolvimento Agroecológico Sabiá

Centro de Desenvolvimento Agroecológico Sabiá

Início

Áudios
