{"id":17108,"date":"2022-11-07T00:00:00","date_gmt":"2022-11-07T03:00:00","guid":{"rendered":"https:\/\/centrosabia.org.br\/audio\/racismo-ambiental\/"},"modified":"2024-08-05T14:06:54","modified_gmt":"2024-08-05T17:06:54","slug":"racismo-ambiental","status":"publish","type":"audio","link":"https:\/\/centrosabia.org.br\/en\/audio\/racismo-ambiental\/","title":{"rendered":"Racismo Ambiental? | Cantos do Sabi\u00e1"},"content":{"rendered":"<p>&#x1f4a5;RACISMO AMBIENTAL?&#x1f4a5;O Cantos do Sabi\u00e1 de hoje entra na discuss\u00e3o do m\u00eas da resist\u00eancia negra. Falamos de racismo ambiental, e o combate a esse mal hist\u00f3rico de nosso pa\u00eds! Novembro \u00e9 o m\u00eas da consci\u00eancia negra! M\u00eas em que celebramos a negritude, cultura popular negra, resistimos juntos e lutamos &#8211; tamb\u00e9m juntos e juntas &#8211; contra o racismo estrutural do Brasil.&#x1f517;<\/p>\n<p><\/p>\n<p>&#x1f331; Falar de agroecologia e meio ambiente \u00e9 tamb\u00e9m enfrentar preconceito, e lutar contra o racismo. \u00a0O Brasil \u00e9 um pa\u00eds que nasce no racismo, no preconceito e no exterm\u00ednio de povos pretos e ind\u00edgenas. &#x1f30d; O racismo infelizmente j\u00e1 est\u00e1 entranhando nas veias de nosso pa\u00eds &#8211; que se desenvolveu como uma monarquia, e institucionalizou o racismo na escravid\u00e3o. \u274c<\/p>\n<p><\/p>\n<p>Mas afinal, O que \u00e9 o Racismo Ambiental?! \u270a&#x1f3fe; \u00c9 para falar desse tema t\u00e3o importante que participa do nosso podcast &#8211; Robeyonc\u00e9 Lima! &#x1f469;&#x1f3ff;\u200d&#x1f4bc; Robeyonc\u00e9 \u00e9 a 1\u00aa advogada travesti preta de Pernambuco, Co-Deputada estadual, candidata a Deputada federal com mais de 80 mil votos.&#x1f91c;&#x1f3ff;&#x1f91b;&#x1f3fe;<\/p>\n<p><\/p>\n<p>Acompanhe Robeyonc\u00e9! \u2696<\/p>\n<p>linktr.ee\/robeyonce<\/p>\n<p>Acesse o <a href=\"https:\/\/bit.ly\/3h7hg7I\" rel=\"nofollow\">Dois Dedos de Prosa<\/a>, \u00e9 gratuito! &#x1f4f0;<\/p>\n<p><a href=\"https:\/\/bit.ly\/3h7hg7I\" rel=\"nofollow\">https:\/\/bit.ly\/3h7hg7I<\/a><\/p>\n<p><\/p>\n<p>Apoie o Centro Sabi\u00e1! Doe. &#x1f54a;<\/p>\n<p><\/p>\n<p>centrosabia.org.br\/doe<\/p>\n","protected":false},"featured_media":23401,"template":"","meta":{"_acf_changed":false,"ano":2022},"tema":[2558,2513,2539],"decada":[2502],"curadoria":[],"class_list":["post-17108","audio","type-audio","status-publish","has-post-thumbnail","hentry","tema-comunidades-tradicionais","tema-meio-ambiente","tema-mudancas-climaticas","decada-2502"],"blocksy_meta":[],"acf":{"imagem_de_cobertura":""},"yoast_head":"<!-- This site is optimized with the Yoast SEO plugin v27.4 - https:\/\/yoast.com\/product\/yoast-seo-wordpress\/ -->\n<title>Racismo Ambiental? | Cantos do Sabi\u00e1 - Centro de Desenvolvimento Agroecol\u00f3gico Sabi\u00e1<\/title>\n<meta name=\"robots\" content=\"index, follow, max-snippet:-1, max-image-preview:large, max-video-preview:-1\" \/>\n<link rel=\"canonical\" href=\"https:\/\/centrosabia.org.br\/en\/audio\/racismo-ambiental\/\" \/>\n<meta property=\"og:locale\" content=\"en_US\" \/>\n<meta property=\"og:type\" content=\"article\" \/>\n<meta property=\"og:title\" content=\"Racismo Ambiental? | Cantos do Sabi\u00e1 - Centro de Desenvolvimento Agroecol\u00f3gico Sabi\u00e1\" \/>\n<meta property=\"og:url\" content=\"https:\/\/centrosabia.org.br\/en\/audio\/racismo-ambiental\/\" \/>\n<meta property=\"og:site_name\" content=\"Centro de Desenvolvimento Agroecol\u00f3gico Sabi\u00e1\" \/>\n<meta property=\"article:modified_time\" content=\"2024-08-05T17:06:54+00:00\" \/>\n<meta property=\"og:image\" content=\"https:\/\/centrosabia.org.br\/wp-content\/uploads\/2022\/11\/CDS_0311_spotify-1-300x169.png\" \/>\n\t<meta property=\"og:image:width\" content=\"300\" \/>\n\t<meta property=\"og:image:height\" content=\"169\" \/>\n\t<meta property=\"og:image:type\" content=\"image\/png\" \/>\n<meta name=\"twitter:card\" content=\"summary_large_image\" \/>\n<meta name=\"twitter:label1\" content=\"Est. reading time\" \/>\n\t<meta name=\"twitter:data1\" content=\"2 minutes\" \/>\n<script type=\"application\/ld+json\" class=\"yoast-schema-graph\">{\"@context\":\"https:\\\/\\\/schema.org\",\"@graph\":[{\"@type\":\"WebPage\",\"@id\":\"https:\\\/\\\/centrosabia.org.br\\\/en\\\/audio\\\/racismo-ambiental\\\/\",\"url\":\"https:\\\/\\\/centrosabia.org.br\\\/en\\\/audio\\\/racismo-ambiental\\\/\",\"name\":\"Racismo Ambiental? | Cantos do Sabi\u00e1 - Centro de Desenvolvimento Agroecol\u00f3gico Sabi\u00e1\",\"isPartOf\":{\"@id\":\"https:\\\/\\\/centrosabia.org.br\\\/en\\\/#website\"},\"primaryImageOfPage\":{\"@id\":\"https:\\\/\\\/centrosabia.org.br\\\/en\\\/audio\\\/racismo-ambiental\\\/#primaryimage\"},\"image\":{\"@id\":\"https:\\\/\\\/centrosabia.org.br\\\/en\\\/audio\\\/racismo-ambiental\\\/#primaryimage\"},\"thumbnailUrl\":\"https:\\\/\\\/centrosabia.org.br\\\/wp-content\\\/uploads\\\/2022\\\/11\\\/CDS_0311_spotify-1.png\",\"datePublished\":\"2022-11-07T03:00:00+00:00\",\"dateModified\":\"2024-08-05T17:06:54+00:00\",\"breadcrumb\":{\"@id\":\"https:\\\/\\\/centrosabia.org.br\\\/en\\\/audio\\\/racismo-ambiental\\\/#breadcrumb\"},\"inLanguage\":\"en-US\",\"potentialAction\":[{\"@type\":\"ReadAction\",\"target\":[\"https:\\\/\\\/centrosabia.org.br\\\/en\\\/audio\\\/racismo-ambiental\\\/\"]}]},{\"@type\":\"ImageObject\",\"inLanguage\":\"en-US\",\"@id\":\"https:\\\/\\\/centrosabia.org.br\\\/en\\\/audio\\\/racismo-ambiental\\\/#primaryimage\",\"url\":\"https:\\\/\\\/centrosabia.org.br\\\/wp-content\\\/uploads\\\/2022\\\/11\\\/CDS_0311_spotify-1.png\",\"contentUrl\":\"https:\\\/\\\/centrosabia.org.br\\\/wp-content\\\/uploads\\\/2022\\\/11\\\/CDS_0311_spotify-1.png\",\"width\":512,\"height\":288},{\"@type\":\"BreadcrumbList\",\"@id\":\"https:\\\/\\\/centrosabia.org.br\\\/en\\\/audio\\\/racismo-ambiental\\\/#breadcrumb\",\"itemListElement\":[{\"@type\":\"ListItem\",\"position\":1,\"name\":\"In\u00edcio\",\"item\":\"https:\\\/\\\/centrosabia.org.br\\\/en\\\/\"},{\"@type\":\"ListItem\",\"position\":2,\"name\":\"\u00c1udios\",\"item\":\"https:\\\/\\\/centrosabia.org.br\\\/en\\\/audio\\\/\"},{\"@type\":\"ListItem\",\"position\":3,\"name\":\"Racismo Ambiental? | Cantos do Sabi\u00e1\"}]},{\"@type\":\"WebSite\",\"@id\":\"https:\\\/\\\/centrosabia.org.br\\\/en\\\/#website\",\"url\":\"https:\\\/\\\/centrosabia.org.br\\\/en\\\/\",\"name\":\"Centro de Desenvolvimento Agroecol\u00f3gico Sabi\u00e1\",\"description\":\"\",\"publisher\":{\"@id\":\"https:\\\/\\\/centrosabia.org.br\\\/en\\\/#organization\"},\"potentialAction\":[{\"@type\":\"SearchAction\",\"target\":{\"@type\":\"EntryPoint\",\"urlTemplate\":\"https:\\\/\\\/centrosabia.org.br\\\/en\\\/?s={search_term_string}\"},\"query-input\":{\"@type\":\"PropertyValueSpecification\",\"valueRequired\":true,\"valueName\":\"search_term_string\"}}],\"inLanguage\":\"en-US\"},{\"@type\":\"Organization\",\"@id\":\"https:\\\/\\\/centrosabia.org.br\\\/en\\\/#organization\",\"name\":\"Centro de Desenvolvimento Agroecol\u00f3gico Sabi\u00e1\",\"url\":\"https:\\\/\\\/centrosabia.org.br\\\/en\\\/\",\"logo\":{\"@type\":\"ImageObject\",\"inLanguage\":\"en-US\",\"@id\":\"https:\\\/\\\/centrosabia.org.br\\\/en\\\/#\\\/schema\\\/logo\\\/image\\\/\",\"url\":\"https:\\\/\\\/centrosabia.org.br\\\/wp-content\\\/uploads\\\/2021\\\/10\\\/logo.png\",\"contentUrl\":\"https:\\\/\\\/centrosabia.org.br\\\/wp-content\\\/uploads\\\/2021\\\/10\\\/logo.png\",\"width\":174,\"height\":84,\"caption\":\"Centro de Desenvolvimento Agroecol\u00f3gico Sabi\u00e1\"},\"image\":{\"@id\":\"https:\\\/\\\/centrosabia.org.br\\\/en\\\/#\\\/schema\\\/logo\\\/image\\\/\"}}]}<\/script>\n<!-- \/ Yoast SEO plugin. -->","yoast_head_json":{"title":"Racismo Ambiental? | Cantos do Sabi\u00e1 - Centro de Desenvolvimento Agroecol\u00f3gico Sabi\u00e1","robots":{"index":"index","follow":"follow","max-snippet":"max-snippet:-1","max-image-preview":"max-image-preview:large","max-video-preview":"max-video-preview:-1"},"canonical":"https:\/\/centrosabia.org.br\/en\/audio\/racismo-ambiental\/","og_locale":"en_US","og_type":"article","og_title":"Racismo Ambiental? | Cantos do Sabi\u00e1 - Centro de Desenvolvimento Agroecol\u00f3gico Sabi\u00e1","og_url":"https:\/\/centrosabia.org.br\/en\/audio\/racismo-ambiental\/","og_site_name":"Centro de Desenvolvimento Agroecol\u00f3gico Sabi\u00e1","article_modified_time":"2024-08-05T17:06:54+00:00","og_image":[{"width":300,"height":169,"url":"https:\/\/centrosabia.org.br\/wp-content\/uploads\/2022\/11\/CDS_0311_spotify-1-300x169.png","type":"image\/png"}],"twitter_card":"summary_large_image","twitter_misc":{"Est. reading time":"2 minutes"},"schema":{"@context":"https:\/\/schema.org","@graph":[{"@type":"WebPage","@id":"https:\/\/centrosabia.org.br\/en\/audio\/racismo-ambiental\/","url":"https:\/\/centrosabia.org.br\/en\/audio\/racismo-ambiental\/","name":"Racismo Ambiental? | Cantos do Sabi\u00e1 - Centro de Desenvolvimento Agroecol\u00f3gico Sabi\u00e1","isPartOf":{"@id":"https:\/\/centrosabia.org.br\/en\/#website"},"primaryImageOfPage":{"@id":"https:\/\/centrosabia.org.br\/en\/audio\/racismo-ambiental\/#primaryimage"},"image":{"@id":"https:\/\/centrosabia.org.br\/en\/audio\/racismo-ambiental\/#primaryimage"},"thumbnailUrl":"https:\/\/centrosabia.org.br\/wp-content\/uploads\/2022\/11\/CDS_0311_spotify-1.png","datePublished":"2022-11-07T03:00:00+00:00","dateModified":"2024-08-05T17:06:54+00:00","breadcrumb":{"@id":"https:\/\/centrosabia.org.br\/en\/audio\/racismo-ambiental\/#breadcrumb"},"inLanguage":"en-US","potentialAction":[{"@type":"ReadAction","target":["https:\/\/centrosabia.org.br\/en\/audio\/racismo-ambiental\/"]}]},{"@type":"ImageObject","inLanguage":"en-US","@id":"https:\/\/centrosabia.org.br\/en\/audio\/racismo-ambiental\/#primaryimage","url":"https:\/\/centrosabia.org.br\/wp-content\/uploads\/2022\/11\/CDS_0311_spotify-1.png","contentUrl":"https:\/\/centrosabia.org.br\/wp-content\/uploads\/2022\/11\/CDS_0311_spotify-1.png","width":512,"height":288},{"@type":"BreadcrumbList","@id":"https:\/\/centrosabia.org.br\/en\/audio\/racismo-ambiental\/#breadcrumb","itemListElement":[{"@type":"ListItem","position":1,"name":"In\u00edcio","item":"https:\/\/centrosabia.org.br\/en\/"},{"@type":"ListItem","position":2,"name":"\u00c1udios","item":"https:\/\/centrosabia.org.br\/en\/audio\/"},{"@type":"ListItem","position":3,"name":"Racismo Ambiental? | Cantos do Sabi\u00e1"}]},{"@type":"WebSite","@id":"https:\/\/centrosabia.org.br\/en\/#website","url":"https:\/\/centrosabia.org.br\/en\/","name":"Centro de Desenvolvimento Agroecol\u00f3gico Sabi\u00e1","description":"","publisher":{"@id":"https:\/\/centrosabia.org.br\/en\/#organization"},"potentialAction":[{"@type":"SearchAction","target":{"@type":"EntryPoint","urlTemplate":"https:\/\/centrosabia.org.br\/en\/?s={search_term_string}"},"query-input":{"@type":"PropertyValueSpecification","valueRequired":true,"valueName":"search_term_string"}}],"inLanguage":"en-US"},{"@type":"Organization","@id":"https:\/\/centrosabia.org.br\/en\/#organization","name":"Centro de Desenvolvimento Agroecol\u00f3gico Sabi\u00e1","url":"https:\/\/centrosabia.org.br\/en\/","logo":{"@type":"ImageObject","inLanguage":"en-US","@id":"https:\/\/centrosabia.org.br\/en\/#\/schema\/logo\/image\/","url":"https:\/\/centrosabia.org.br\/wp-content\/uploads\/2021\/10\/logo.png","contentUrl":"https:\/\/centrosabia.org.br\/wp-content\/uploads\/2021\/10\/logo.png","width":174,"height":84,"caption":"Centro de Desenvolvimento Agroecol\u00f3gico Sabi\u00e1"},"image":{"@id":"https:\/\/centrosabia.org.br\/en\/#\/schema\/logo\/image\/"}}]}},"_links":{"self":[{"href":"https:\/\/centrosabia.org.br\/en\/wp-json\/wp\/v2\/audio\/17108","targetHints":{"allow":["GET"]}}],"collection":[{"href":"https:\/\/centrosabia.org.br\/en\/wp-json\/wp\/v2\/audio"}],"about":[{"href":"https:\/\/centrosabia.org.br\/en\/wp-json\/wp\/v2\/types\/audio"}],"wp:featuredmedia":[{"embeddable":true,"href":"https:\/\/centrosabia.org.br\/en\/wp-json\/wp\/v2\/media\/23401"}],"wp:attachment":[{"href":"https:\/\/centrosabia.org.br\/en\/wp-json\/wp\/v2\/media?parent=17108"}],"wp:term":[{"taxonomy":"tema","embeddable":true,"href":"https:\/\/centrosabia.org.br\/en\/wp-json\/wp\/v2\/tema?post=17108"},{"taxonomy":"decada","embeddable":true,"href":"https:\/\/centrosabia.org.br\/en\/wp-json\/wp\/v2\/decada?post=17108"},{"taxonomy":"curadoria","embeddable":true,"href":"https:\/\/centrosabia.org.br\/en\/wp-json\/wp\/v2\/curadoria?post=17108"}],"curies":[{"name":"wp","href":"https:\/\/api.w.org\/{rel}","templated":true}]}}

Racismo Ambiental? | Cantos do Sabiá

<p>&#x1f4a5;RACISMO AMBIENTAL?&#x1f4a5;O Cantos do Sabiá de hoje entra na discussão do mês da resistência negra. Falamos de racismo ambiental, e o combate a esse mal histórico de nosso país! Novembro é o mês da consciência negra! Mês em que celebramos a negritude, cultura popular negra, resistimos juntos e lutamos &#8211; também juntos e juntas &#8211; contra o racismo estrutural do Brasil.&#x1f517;</p>
<p></p>
<p>&#x1f331; Falar de agroecologia e meio ambiente é também enfrentar preconceito, e lutar contra o racismo.  O Brasil é um país que nasce no racismo, no preconceito e no extermínio de povos pretos e indígenas. &#x1f30d; O racismo infelizmente já está entranhando nas veias de nosso país &#8211; que se desenvolveu como uma monarquia, e institucionalizou o racismo na escravidão. ❌</p>
<p></p>
<p>Mas afinal, O que é o Racismo Ambiental?! ✊&#x1f3fe; É para falar desse tema tão importante que participa do nosso podcast &#8211; Robeyoncé Lima! &#x1f469;&#x1f3ff;‍&#x1f4bc; Robeyoncé é a 1ª advogada travesti preta de Pernambuco, Co-Deputada estadual, candidata a Deputada federal com mais de 80 mil votos.&#x1f91c;&#x1f3ff;&#x1f91b;&#x1f3fe;</p>
<p></p>
<p>Acompanhe Robeyoncé! ⚖</p>
<p>linktr.ee/robeyonce</p>
<p>Acesse o <a href="https://bit.ly/3h7hg7I" rel="nofollow">Dois Dedos de Prosa</a>, é gratuito! &#x1f4f0;</p>
<p><a href="https://bit.ly/3h7hg7I" rel="nofollow">https://bit.ly/3h7hg7I</a></p>
<p></p>
<p>Apoie o Centro Sabiá! Doe. &#x1f54a;</p>
<p></p>
<p>centrosabia.org.br/doe</p>

<!-- This site is optimized with the Yoast SEO plugin v27.4 - https://yoast.com/product/yoast-seo-wordpress/ -->
<title>Racismo Ambiental? | Cantos do Sabiá - Centro de Desenvolvimento Agroecológico Sabiá</title>
<meta name="robots" content="index, follow, max-snippet:-1, max-image-preview:large, max-video-preview:-1" />
<link rel="canonical" href="https://centrosabia.org.br/en/audio/racismo-ambiental/" />
<meta property="og:locale" content="en_US" />
<meta property="og:type" content="article" />
<meta property="og:title" content="Racismo Ambiental? | Cantos do Sabiá - Centro de Desenvolvimento Agroecológico Sabiá" />
<meta property="og:url" content="https://centrosabia.org.br/en/audio/racismo-ambiental/" />
<meta property="og:site_name" content="Centro de Desenvolvimento Agroecológico Sabiá" />
<meta property="article:modified_time" content="2024-08-05T17:06:54+00:00" />
<meta property="og:image" content="https://centrosabia.org.br/wp-content/uploads/2022/11/CDS_0311_spotify-1-300x169.png" />
	<meta property="og:image:width" content="300" />
	<meta property="og:image:height" content="169" />
	<meta property="og:image:type" content="image/png" />
<meta name="twitter:card" content="summary_large_image" />
<meta name="twitter:label1" content="Est. reading time" />
	<meta name="twitter:data1" content="2 minutes" />
<script type="application/ld+json" class="yoast-schema-graph">{"@context":"https:\/\/schema.org","@graph":[{"@type":"WebPage","@id":"https:\/\/centrosabia.org.br\/en\/audio\/racismo-ambiental\/","url":"https:\/\/centrosabia.org.br\/en\/audio\/racismo-ambiental\/","name":"Racismo Ambiental? | Cantos do Sabiá - Centro de Desenvolvimento Agroecológico Sabiá","isPartOf":{"@id":"https:\/\/centrosabia.org.br\/en\/#website"},"primaryImageOfPage":{"@id":"https:\/\/centrosabia.org.br\/en\/audio\/racismo-ambiental\/#primaryimage"},"image":{"@id":"https:\/\/centrosabia.org.br\/en\/audio\/racismo-ambiental\/#primaryimage"},"thumbnailUrl":"https:\/\/centrosabia.org.br\/wp-content\/uploads\/2022\/11\/CDS_0311_spotify-1.png","datePublished":"2022-11-07T03:00:00+00:00","dateModified":"2024-08-05T17:06:54+00:00","breadcrumb":{"@id":"https:\/\/centrosabia.org.br\/en\/audio\/racismo-ambiental\/#breadcrumb"},"inLanguage":"en-US","potentialAction":[{"@type":"ReadAction","target":["https:\/\/centrosabia.org.br\/en\/audio\/racismo-ambiental\/"]}]},{"@type":"ImageObject","inLanguage":"en-US","@id":"https:\/\/centrosabia.org.br\/en\/audio\/racismo-ambiental\/#primaryimage","url":"https:\/\/centrosabia.org.br\/wp-content\/uploads\/2022\/11\/CDS_0311_spotify-1.png","contentUrl":"https:\/\/centrosabia.org.br\/wp-content\/uploads\/2022\/11\/CDS_0311_spotify-1.png","width":512,"height":288},{"@type":"BreadcrumbList","@id":"https:\/\/centrosabia.org.br\/en\/audio\/racismo-ambiental\/#breadcrumb","itemListElement":[{"@type":"ListItem","position":1,"name":"Início","item":"https:\/\/centrosabia.org.br\/en\/"},{"@type":"ListItem","position":2,"name":"Áudios","item":"https:\/\/centrosabia.org.br\/en\/audio\/"},{"@type":"ListItem","position":3,"name":"Racismo Ambiental? | Cantos do Sabiá"}]},{"@type":"WebSite","@id":"https:\/\/centrosabia.org.br\/en\/#website","url":"https:\/\/centrosabia.org.br\/en\/","name":"Centro de Desenvolvimento Agroecológico Sabiá","description":"","publisher":{"@id":"https:\/\/centrosabia.org.br\/en\/#organization"},"potentialAction":[{"@type":"SearchAction","target":{"@type":"EntryPoint","urlTemplate":"https:\/\/centrosabia.org.br\/en\/?s={search_term_string}"},"query-input":{"@type":"PropertyValueSpecification","valueRequired":true,"valueName":"search_term_string"}}],"inLanguage":"en-US"},{"@type":"Organization","@id":"https:\/\/centrosabia.org.br\/en\/#organization","name":"Centro de Desenvolvimento Agroecológico Sabiá","url":"https:\/\/centrosabia.org.br\/en\/","logo":{"@type":"ImageObject","inLanguage":"en-US","@id":"https:\/\/centrosabia.org.br\/en\/#\/schema\/logo\/image\/","url":"https:\/\/centrosabia.org.br\/wp-content\/uploads\/2021\/10\/logo.png","contentUrl":"https:\/\/centrosabia.org.br\/wp-content\/uploads\/2021\/10\/logo.png","width":174,"height":84,"caption":"Centro de Desenvolvimento Agroecológico Sabiá"},"image":{"@id":"https:\/\/centrosabia.org.br\/en\/#\/schema\/logo\/image\/"}}]}</script>
<!-- / Yoast SEO plugin. -->

Racismo Ambiental? | Cantos do Sabiá - Centro de Desenvolvimento Agroecológico Sabiá

Centro de Desenvolvimento Agroecológico Sabiá

Início

Áudios
