{"id":17140,"date":"2022-10-10T00:00:00","date_gmt":"2022-10-10T03:00:00","guid":{"rendered":"https:\/\/centrosabia.org.br\/audio\/por-um-nordeste-agroecologico\/"},"modified":"2024-08-05T14:17:33","modified_gmt":"2024-08-05T17:17:33","slug":"por-um-nordeste-agroecologico","status":"publish","type":"audio","link":"https:\/\/centrosabia.org.br\/en\/audio\/por-um-nordeste-agroecologico\/","title":{"rendered":"Por um Nordeste Agroecol\u00f3gico! | Cantos do Sabi\u00e1"},"content":{"rendered":"<p>&#x1f3a7; Esta segunda no Cantos do Sabi\u00e1 vamos falar de nordestinidades, \u00a0de agroecologia e do dia 8 de outubro, \u00a0dia do nordestino e da nordestina! &#x1f468;&#x1f3fd;\u200d&#x1f33e;&#x1f469;&#x1f3ff;\u200d&#x1f33e;<\/p>\n<p><\/p>\n<p>&#x1f33d; Falamos sobre o dia 8 de outubro, \u00a0dia do nordestino e da nordestina! \u00a0Uma importante data para falar de resist\u00eancia, \u00a0lutas sociais, \u00a0e \u00e9 claro, agroecologia! &#x1f360;&#x1f954; \u00a0O centro sabi\u00e1 se mobiliza durante esse m\u00eas de outubro para falar de agroecologia e combate \u00e0 fome, \u00a0portanto, \u00a0hoje falamos do dia do nordestino na perspectiva de um nordeste agroecol\u00f3gico! &#x1f331;<\/p>\n<p><\/p>\n<p>&#x1f50e; Diferente do que se acredita, \u00a0a vida e a produ\u00e7\u00e3o pulsam no nordeste! \u00a0Segundo os dados da Ag\u00eancia PRODETEC, \u00a088% dos produtores do nordeste \u00a0s\u00e3o da agricultura familiar. &#x1f37d; \u00a0Esses estabelecimentos respondem por 82,9% da ocupa\u00e7\u00e3o de m\u00e3o de obra no campo. \u00a0E s\u00e3o estes produtores e produtoras da agricultura familiar que garantem a seguran\u00e7a alimentar localmente.<\/p>\n<p><\/p>\n<p>Ent\u00e3o sim! \u00a0O nordeste produz, o nordeste alimenta. \u00a0Por isso lutamos por um nordeste agroecol\u00f3gico! \u00c9 pensando nesta luta que convidamos ao nosso podcast semanal o ex-presidente do Instituto Agron\u00f4mico de Pernambuco (IPA) Reginaldo Alves! Ele \u00e9 Engenheiro agr\u00f4nomo e ge\u00f3grafo, ex-integrante da Diretoria de Extens\u00e3o Rural. &#x1f468;&#x1f3fd;\u200d&#x1f52c;<\/p>\n<p><\/p>\n<p><a href=\"https:\/\/centrosabia.org.br\/tag\/cantos-do-sabia\/\" rel=\"nofollow\">Cantos do Sabi\u00e1<\/a> \u00e9 o Podcast do Centro Sabi\u00e1! Semanalmente discutimos agroecologia, sustentabilidade e pol\u00edtica no campo e cidade! O podcast vai ao ar todas \u00e0s segundas-feiras, com a edi\u00e7\u00e3o completa da entrevista que originalmente comp\u00f5em o programa de r\u00e1dio do Centro. <a href=\"https:\/\/spoti.fi\/31VtUj5\" rel=\"nofollow\">https:\/\/spoti.fi\/31VtUj5<\/a><\/p>\n","protected":false},"featured_media":23414,"template":"","meta":{"_acf_changed":false,"ano":2022},"tema":[2523,2519,2535],"decada":[2502],"curadoria":[],"class_list":["post-17140","audio","type-audio","status-publish","has-post-thumbnail","hentry","tema-agricultura-familiar","tema-agroecologia","tema-convivencia-com-semiarido","decada-2502"],"blocksy_meta":[],"acf":{"imagem_de_cobertura":""},"yoast_head":"<!-- This site is optimized with the Yoast SEO plugin v27.4 - https:\/\/yoast.com\/product\/yoast-seo-wordpress\/ -->\n<title>Por um Nordeste Agroecol\u00f3gico! | Cantos do Sabi\u00e1 - Centro de Desenvolvimento Agroecol\u00f3gico Sabi\u00e1<\/title>\n<meta name=\"robots\" content=\"index, follow, max-snippet:-1, max-image-preview:large, max-video-preview:-1\" \/>\n<link rel=\"canonical\" href=\"https:\/\/centrosabia.org.br\/en\/audio\/por-um-nordeste-agroecologico\/\" \/>\n<meta property=\"og:locale\" content=\"en_US\" \/>\n<meta property=\"og:type\" content=\"article\" \/>\n<meta property=\"og:title\" content=\"Por um Nordeste Agroecol\u00f3gico! | Cantos do Sabi\u00e1 - Centro de Desenvolvimento Agroecol\u00f3gico Sabi\u00e1\" \/>\n<meta property=\"og:url\" content=\"https:\/\/centrosabia.org.br\/en\/audio\/por-um-nordeste-agroecologico\/\" \/>\n<meta property=\"og:site_name\" content=\"Centro de Desenvolvimento Agroecol\u00f3gico Sabi\u00e1\" \/>\n<meta property=\"article:modified_time\" content=\"2024-08-05T17:17:33+00:00\" \/>\n<meta property=\"og:image\" content=\"https:\/\/centrosabia.org.br\/wp-content\/uploads\/2022\/10\/4-CDS_0710_SPOTIFY-1-300x169.png\" \/>\n\t<meta property=\"og:image:width\" content=\"300\" \/>\n\t<meta property=\"og:image:height\" content=\"169\" \/>\n\t<meta property=\"og:image:type\" content=\"image\/png\" \/>\n<meta name=\"twitter:card\" content=\"summary_large_image\" \/>\n<meta name=\"twitter:label1\" content=\"Est. reading time\" \/>\n\t<meta name=\"twitter:data1\" content=\"2 minutes\" \/>\n<script type=\"application\/ld+json\" class=\"yoast-schema-graph\">{\"@context\":\"https:\\\/\\\/schema.org\",\"@graph\":[{\"@type\":\"WebPage\",\"@id\":\"https:\\\/\\\/centrosabia.org.br\\\/en\\\/audio\\\/por-um-nordeste-agroecologico\\\/\",\"url\":\"https:\\\/\\\/centrosabia.org.br\\\/en\\\/audio\\\/por-um-nordeste-agroecologico\\\/\",\"name\":\"Por um Nordeste Agroecol\u00f3gico! | Cantos do Sabi\u00e1 - Centro de Desenvolvimento Agroecol\u00f3gico Sabi\u00e1\",\"isPartOf\":{\"@id\":\"https:\\\/\\\/centrosabia.org.br\\\/en\\\/#website\"},\"primaryImageOfPage\":{\"@id\":\"https:\\\/\\\/centrosabia.org.br\\\/en\\\/audio\\\/por-um-nordeste-agroecologico\\\/#primaryimage\"},\"image\":{\"@id\":\"https:\\\/\\\/centrosabia.org.br\\\/en\\\/audio\\\/por-um-nordeste-agroecologico\\\/#primaryimage\"},\"thumbnailUrl\":\"https:\\\/\\\/centrosabia.org.br\\\/wp-content\\\/uploads\\\/2022\\\/10\\\/4-CDS_0710_SPOTIFY-1.png\",\"datePublished\":\"2022-10-10T03:00:00+00:00\",\"dateModified\":\"2024-08-05T17:17:33+00:00\",\"breadcrumb\":{\"@id\":\"https:\\\/\\\/centrosabia.org.br\\\/en\\\/audio\\\/por-um-nordeste-agroecologico\\\/#breadcrumb\"},\"inLanguage\":\"en-US\",\"potentialAction\":[{\"@type\":\"ReadAction\",\"target\":[\"https:\\\/\\\/centrosabia.org.br\\\/en\\\/audio\\\/por-um-nordeste-agroecologico\\\/\"]}]},{\"@type\":\"ImageObject\",\"inLanguage\":\"en-US\",\"@id\":\"https:\\\/\\\/centrosabia.org.br\\\/en\\\/audio\\\/por-um-nordeste-agroecologico\\\/#primaryimage\",\"url\":\"https:\\\/\\\/centrosabia.org.br\\\/wp-content\\\/uploads\\\/2022\\\/10\\\/4-CDS_0710_SPOTIFY-1.png\",\"contentUrl\":\"https:\\\/\\\/centrosabia.org.br\\\/wp-content\\\/uploads\\\/2022\\\/10\\\/4-CDS_0710_SPOTIFY-1.png\",\"width\":512,\"height\":288},{\"@type\":\"BreadcrumbList\",\"@id\":\"https:\\\/\\\/centrosabia.org.br\\\/en\\\/audio\\\/por-um-nordeste-agroecologico\\\/#breadcrumb\",\"itemListElement\":[{\"@type\":\"ListItem\",\"position\":1,\"name\":\"In\u00edcio\",\"item\":\"https:\\\/\\\/centrosabia.org.br\\\/en\\\/\"},{\"@type\":\"ListItem\",\"position\":2,\"name\":\"\u00c1udios\",\"item\":\"https:\\\/\\\/centrosabia.org.br\\\/en\\\/audio\\\/\"},{\"@type\":\"ListItem\",\"position\":3,\"name\":\"Por um Nordeste Agroecol\u00f3gico! | Cantos do Sabi\u00e1\"}]},{\"@type\":\"WebSite\",\"@id\":\"https:\\\/\\\/centrosabia.org.br\\\/en\\\/#website\",\"url\":\"https:\\\/\\\/centrosabia.org.br\\\/en\\\/\",\"name\":\"Centro de Desenvolvimento Agroecol\u00f3gico Sabi\u00e1\",\"description\":\"\",\"publisher\":{\"@id\":\"https:\\\/\\\/centrosabia.org.br\\\/en\\\/#organization\"},\"potentialAction\":[{\"@type\":\"SearchAction\",\"target\":{\"@type\":\"EntryPoint\",\"urlTemplate\":\"https:\\\/\\\/centrosabia.org.br\\\/en\\\/?s={search_term_string}\"},\"query-input\":{\"@type\":\"PropertyValueSpecification\",\"valueRequired\":true,\"valueName\":\"search_term_string\"}}],\"inLanguage\":\"en-US\"},{\"@type\":\"Organization\",\"@id\":\"https:\\\/\\\/centrosabia.org.br\\\/en\\\/#organization\",\"name\":\"Centro de Desenvolvimento Agroecol\u00f3gico Sabi\u00e1\",\"url\":\"https:\\\/\\\/centrosabia.org.br\\\/en\\\/\",\"logo\":{\"@type\":\"ImageObject\",\"inLanguage\":\"en-US\",\"@id\":\"https:\\\/\\\/centrosabia.org.br\\\/en\\\/#\\\/schema\\\/logo\\\/image\\\/\",\"url\":\"https:\\\/\\\/centrosabia.org.br\\\/wp-content\\\/uploads\\\/2021\\\/10\\\/logo.png\",\"contentUrl\":\"https:\\\/\\\/centrosabia.org.br\\\/wp-content\\\/uploads\\\/2021\\\/10\\\/logo.png\",\"width\":174,\"height\":84,\"caption\":\"Centro de Desenvolvimento Agroecol\u00f3gico Sabi\u00e1\"},\"image\":{\"@id\":\"https:\\\/\\\/centrosabia.org.br\\\/en\\\/#\\\/schema\\\/logo\\\/image\\\/\"}}]}<\/script>\n<!-- \/ Yoast SEO plugin. -->","yoast_head_json":{"title":"Por um Nordeste Agroecol\u00f3gico! | Cantos do Sabi\u00e1 - Centro de Desenvolvimento Agroecol\u00f3gico Sabi\u00e1","robots":{"index":"index","follow":"follow","max-snippet":"max-snippet:-1","max-image-preview":"max-image-preview:large","max-video-preview":"max-video-preview:-1"},"canonical":"https:\/\/centrosabia.org.br\/en\/audio\/por-um-nordeste-agroecologico\/","og_locale":"en_US","og_type":"article","og_title":"Por um Nordeste Agroecol\u00f3gico! | Cantos do Sabi\u00e1 - Centro de Desenvolvimento Agroecol\u00f3gico Sabi\u00e1","og_url":"https:\/\/centrosabia.org.br\/en\/audio\/por-um-nordeste-agroecologico\/","og_site_name":"Centro de Desenvolvimento Agroecol\u00f3gico Sabi\u00e1","article_modified_time":"2024-08-05T17:17:33+00:00","og_image":[{"width":300,"height":169,"url":"https:\/\/centrosabia.org.br\/wp-content\/uploads\/2022\/10\/4-CDS_0710_SPOTIFY-1-300x169.png","type":"image\/png"}],"twitter_card":"summary_large_image","twitter_misc":{"Est. reading time":"2 minutes"},"schema":{"@context":"https:\/\/schema.org","@graph":[{"@type":"WebPage","@id":"https:\/\/centrosabia.org.br\/en\/audio\/por-um-nordeste-agroecologico\/","url":"https:\/\/centrosabia.org.br\/en\/audio\/por-um-nordeste-agroecologico\/","name":"Por um Nordeste Agroecol\u00f3gico! | Cantos do Sabi\u00e1 - Centro de Desenvolvimento Agroecol\u00f3gico Sabi\u00e1","isPartOf":{"@id":"https:\/\/centrosabia.org.br\/en\/#website"},"primaryImageOfPage":{"@id":"https:\/\/centrosabia.org.br\/en\/audio\/por-um-nordeste-agroecologico\/#primaryimage"},"image":{"@id":"https:\/\/centrosabia.org.br\/en\/audio\/por-um-nordeste-agroecologico\/#primaryimage"},"thumbnailUrl":"https:\/\/centrosabia.org.br\/wp-content\/uploads\/2022\/10\/4-CDS_0710_SPOTIFY-1.png","datePublished":"2022-10-10T03:00:00+00:00","dateModified":"2024-08-05T17:17:33+00:00","breadcrumb":{"@id":"https:\/\/centrosabia.org.br\/en\/audio\/por-um-nordeste-agroecologico\/#breadcrumb"},"inLanguage":"en-US","potentialAction":[{"@type":"ReadAction","target":["https:\/\/centrosabia.org.br\/en\/audio\/por-um-nordeste-agroecologico\/"]}]},{"@type":"ImageObject","inLanguage":"en-US","@id":"https:\/\/centrosabia.org.br\/en\/audio\/por-um-nordeste-agroecologico\/#primaryimage","url":"https:\/\/centrosabia.org.br\/wp-content\/uploads\/2022\/10\/4-CDS_0710_SPOTIFY-1.png","contentUrl":"https:\/\/centrosabia.org.br\/wp-content\/uploads\/2022\/10\/4-CDS_0710_SPOTIFY-1.png","width":512,"height":288},{"@type":"BreadcrumbList","@id":"https:\/\/centrosabia.org.br\/en\/audio\/por-um-nordeste-agroecologico\/#breadcrumb","itemListElement":[{"@type":"ListItem","position":1,"name":"In\u00edcio","item":"https:\/\/centrosabia.org.br\/en\/"},{"@type":"ListItem","position":2,"name":"\u00c1udios","item":"https:\/\/centrosabia.org.br\/en\/audio\/"},{"@type":"ListItem","position":3,"name":"Por um Nordeste Agroecol\u00f3gico! | Cantos do Sabi\u00e1"}]},{"@type":"WebSite","@id":"https:\/\/centrosabia.org.br\/en\/#website","url":"https:\/\/centrosabia.org.br\/en\/","name":"Centro de Desenvolvimento Agroecol\u00f3gico Sabi\u00e1","description":"","publisher":{"@id":"https:\/\/centrosabia.org.br\/en\/#organization"},"potentialAction":[{"@type":"SearchAction","target":{"@type":"EntryPoint","urlTemplate":"https:\/\/centrosabia.org.br\/en\/?s={search_term_string}"},"query-input":{"@type":"PropertyValueSpecification","valueRequired":true,"valueName":"search_term_string"}}],"inLanguage":"en-US"},{"@type":"Organization","@id":"https:\/\/centrosabia.org.br\/en\/#organization","name":"Centro de Desenvolvimento Agroecol\u00f3gico Sabi\u00e1","url":"https:\/\/centrosabia.org.br\/en\/","logo":{"@type":"ImageObject","inLanguage":"en-US","@id":"https:\/\/centrosabia.org.br\/en\/#\/schema\/logo\/image\/","url":"https:\/\/centrosabia.org.br\/wp-content\/uploads\/2021\/10\/logo.png","contentUrl":"https:\/\/centrosabia.org.br\/wp-content\/uploads\/2021\/10\/logo.png","width":174,"height":84,"caption":"Centro de Desenvolvimento Agroecol\u00f3gico Sabi\u00e1"},"image":{"@id":"https:\/\/centrosabia.org.br\/en\/#\/schema\/logo\/image\/"}}]}},"_links":{"self":[{"href":"https:\/\/centrosabia.org.br\/en\/wp-json\/wp\/v2\/audio\/17140","targetHints":{"allow":["GET"]}}],"collection":[{"href":"https:\/\/centrosabia.org.br\/en\/wp-json\/wp\/v2\/audio"}],"about":[{"href":"https:\/\/centrosabia.org.br\/en\/wp-json\/wp\/v2\/types\/audio"}],"wp:featuredmedia":[{"embeddable":true,"href":"https:\/\/centrosabia.org.br\/en\/wp-json\/wp\/v2\/media\/23414"}],"wp:attachment":[{"href":"https:\/\/centrosabia.org.br\/en\/wp-json\/wp\/v2\/media?parent=17140"}],"wp:term":[{"taxonomy":"tema","embeddable":true,"href":"https:\/\/centrosabia.org.br\/en\/wp-json\/wp\/v2\/tema?post=17140"},{"taxonomy":"decada","embeddable":true,"href":"https:\/\/centrosabia.org.br\/en\/wp-json\/wp\/v2\/decada?post=17140"},{"taxonomy":"curadoria","embeddable":true,"href":"https:\/\/centrosabia.org.br\/en\/wp-json\/wp\/v2\/curadoria?post=17140"}],"curies":[{"name":"wp","href":"https:\/\/api.w.org\/{rel}","templated":true}]}}

Por um Nordeste Agroecológico! | Cantos do Sabiá

<p>&#x1f3a7; Esta segunda no Cantos do Sabiá vamos falar de nordestinidades,  de agroecologia e do dia 8 de outubro,  dia do nordestino e da nordestina! &#x1f468;&#x1f3fd;‍&#x1f33e;&#x1f469;&#x1f3ff;‍&#x1f33e;</p>
<p></p>
<p>&#x1f33d; Falamos sobre o dia 8 de outubro,  dia do nordestino e da nordestina!  Uma importante data para falar de resistência,  lutas sociais,  e é claro, agroecologia! &#x1f360;&#x1f954;  O centro sabiá se mobiliza durante esse mês de outubro para falar de agroecologia e combate à fome,  portanto,  hoje falamos do dia do nordestino na perspectiva de um nordeste agroecológico! &#x1f331;</p>
<p></p>
<p>&#x1f50e; Diferente do que se acredita,  a vida e a produção pulsam no nordeste!  Segundo os dados da Agência PRODETEC,  88% dos produtores do nordeste  são da agricultura familiar. &#x1f37d;  Esses estabelecimentos respondem por 82,9% da ocupação de mão de obra no campo.  E são estes produtores e produtoras da agricultura familiar que garantem a segurança alimentar localmente.</p>
<p></p>
<p>Então sim!  O nordeste produz, o nordeste alimenta.  Por isso lutamos por um nordeste agroecológico! É pensando nesta luta que convidamos ao nosso podcast semanal o ex-presidente do Instituto Agronômico de Pernambuco (IPA) Reginaldo Alves! Ele é Engenheiro agrônomo e geógrafo, ex-integrante da Diretoria de Extensão Rural. &#x1f468;&#x1f3fd;‍&#x1f52c;</p>
<p></p>
<p><a href="https://centrosabia.org.br/tag/cantos-do-sabia/" rel="nofollow">Cantos do Sabiá</a> é o Podcast do Centro Sabiá! Semanalmente discutimos agroecologia, sustentabilidade e política no campo e cidade! O podcast vai ao ar todas às segundas-feiras, com a edição completa da entrevista que originalmente compõem o programa de rádio do Centro. <a href="https://spoti.fi/31VtUj5" rel="nofollow">https://spoti.fi/31VtUj5</a></p>

<!-- This site is optimized with the Yoast SEO plugin v27.4 - https://yoast.com/product/yoast-seo-wordpress/ -->
<title>Por um Nordeste Agroecológico! | Cantos do Sabiá - Centro de Desenvolvimento Agroecológico Sabiá</title>
<meta name="robots" content="index, follow, max-snippet:-1, max-image-preview:large, max-video-preview:-1" />
<link rel="canonical" href="https://centrosabia.org.br/en/audio/por-um-nordeste-agroecologico/" />
<meta property="og:locale" content="en_US" />
<meta property="og:type" content="article" />
<meta property="og:title" content="Por um Nordeste Agroecológico! | Cantos do Sabiá - Centro de Desenvolvimento Agroecológico Sabiá" />
<meta property="og:url" content="https://centrosabia.org.br/en/audio/por-um-nordeste-agroecologico/" />
<meta property="og:site_name" content="Centro de Desenvolvimento Agroecológico Sabiá" />
<meta property="article:modified_time" content="2024-08-05T17:17:33+00:00" />
<meta property="og:image" content="https://centrosabia.org.br/wp-content/uploads/2022/10/4-CDS_0710_SPOTIFY-1-300x169.png" />
	<meta property="og:image:width" content="300" />
	<meta property="og:image:height" content="169" />
	<meta property="og:image:type" content="image/png" />
<meta name="twitter:card" content="summary_large_image" />
<meta name="twitter:label1" content="Est. reading time" />
	<meta name="twitter:data1" content="2 minutes" />
<script type="application/ld+json" class="yoast-schema-graph">{"@context":"https:\/\/schema.org","@graph":[{"@type":"WebPage","@id":"https:\/\/centrosabia.org.br\/en\/audio\/por-um-nordeste-agroecologico\/","url":"https:\/\/centrosabia.org.br\/en\/audio\/por-um-nordeste-agroecologico\/","name":"Por um Nordeste Agroecológico! | Cantos do Sabiá - Centro de Desenvolvimento Agroecológico Sabiá","isPartOf":{"@id":"https:\/\/centrosabia.org.br\/en\/#website"},"primaryImageOfPage":{"@id":"https:\/\/centrosabia.org.br\/en\/audio\/por-um-nordeste-agroecologico\/#primaryimage"},"image":{"@id":"https:\/\/centrosabia.org.br\/en\/audio\/por-um-nordeste-agroecologico\/#primaryimage"},"thumbnailUrl":"https:\/\/centrosabia.org.br\/wp-content\/uploads\/2022\/10\/4-CDS_0710_SPOTIFY-1.png","datePublished":"2022-10-10T03:00:00+00:00","dateModified":"2024-08-05T17:17:33+00:00","breadcrumb":{"@id":"https:\/\/centrosabia.org.br\/en\/audio\/por-um-nordeste-agroecologico\/#breadcrumb"},"inLanguage":"en-US","potentialAction":[{"@type":"ReadAction","target":["https:\/\/centrosabia.org.br\/en\/audio\/por-um-nordeste-agroecologico\/"]}]},{"@type":"ImageObject","inLanguage":"en-US","@id":"https:\/\/centrosabia.org.br\/en\/audio\/por-um-nordeste-agroecologico\/#primaryimage","url":"https:\/\/centrosabia.org.br\/wp-content\/uploads\/2022\/10\/4-CDS_0710_SPOTIFY-1.png","contentUrl":"https:\/\/centrosabia.org.br\/wp-content\/uploads\/2022\/10\/4-CDS_0710_SPOTIFY-1.png","width":512,"height":288},{"@type":"BreadcrumbList","@id":"https:\/\/centrosabia.org.br\/en\/audio\/por-um-nordeste-agroecologico\/#breadcrumb","itemListElement":[{"@type":"ListItem","position":1,"name":"Início","item":"https:\/\/centrosabia.org.br\/en\/"},{"@type":"ListItem","position":2,"name":"Áudios","item":"https:\/\/centrosabia.org.br\/en\/audio\/"},{"@type":"ListItem","position":3,"name":"Por um Nordeste Agroecológico! | Cantos do Sabiá"}]},{"@type":"WebSite","@id":"https:\/\/centrosabia.org.br\/en\/#website","url":"https:\/\/centrosabia.org.br\/en\/","name":"Centro de Desenvolvimento Agroecológico Sabiá","description":"","publisher":{"@id":"https:\/\/centrosabia.org.br\/en\/#organization"},"potentialAction":[{"@type":"SearchAction","target":{"@type":"EntryPoint","urlTemplate":"https:\/\/centrosabia.org.br\/en\/?s={search_term_string}"},"query-input":{"@type":"PropertyValueSpecification","valueRequired":true,"valueName":"search_term_string"}}],"inLanguage":"en-US"},{"@type":"Organization","@id":"https:\/\/centrosabia.org.br\/en\/#organization","name":"Centro de Desenvolvimento Agroecológico Sabiá","url":"https:\/\/centrosabia.org.br\/en\/","logo":{"@type":"ImageObject","inLanguage":"en-US","@id":"https:\/\/centrosabia.org.br\/en\/#\/schema\/logo\/image\/","url":"https:\/\/centrosabia.org.br\/wp-content\/uploads\/2021\/10\/logo.png","contentUrl":"https:\/\/centrosabia.org.br\/wp-content\/uploads\/2021\/10\/logo.png","width":174,"height":84,"caption":"Centro de Desenvolvimento Agroecológico Sabiá"},"image":{"@id":"https:\/\/centrosabia.org.br\/en\/#\/schema\/logo\/image\/"}}]}</script>
<!-- / Yoast SEO plugin. -->

Por um Nordeste Agroecológico! | Cantos do Sabiá - Centro de Desenvolvimento Agroecológico Sabiá

Centro de Desenvolvimento Agroecológico Sabiá

Início

Áudios
