{"id":17164,"date":"2022-09-19T00:00:00","date_gmt":"2022-09-19T03:00:00","guid":{"rendered":"https:\/\/centrosabia.org.br\/audio\/diga-nao-as-queimadas\/"},"modified":"2024-08-05T14:35:19","modified_gmt":"2024-08-05T17:35:19","slug":"diga-nao-as-queimadas","status":"publish","type":"audio","link":"https:\/\/centrosabia.org.br\/en\/audio\/diga-nao-as-queimadas\/","title":{"rendered":"Diga n\u00e3o \u00e0s Queimadas! | Cantos do Sabi\u00e1"},"content":{"rendered":"<p>&#x1f3a7; O Cantos do Sabi\u00e1, podcast do Centro Sabi\u00e1, vem bater de frente contra as queimadas! &#x1f525;&#x1f480; Hoje somos o pa\u00eds das queimadas ilegais, do desmatamento e do envenenamento da comida, por meio de agrot\u00f3xicos. &#x1f9ea;\u2620 \u00c9 pensando em todos esses retrocessos, e procurando solu\u00e7\u00f5es sustent\u00e1veis e agroecol\u00f3gicas, que nosso podcast vem se juntar \u00e0 campanha contra queimadas do Centro Sabi\u00e1; diga n\u00e3o \u00e0s queimadas! &#x1f332;&#x1f333; Onde o fogo pega, a morte fica. &#x1f525;&#x1f480;<\/p>\n<p><\/p>\n<p>&#x1f5fa; O levantamento de dados do MAPBiomas revelou que, entre 1985 e 2020, o Brasil queimou uma \u00e1rea de 1,67 KM\u00b2, ou seja, 19,6% do Brasil. &#x1f525;\u2620 Por que isso acontece? Por que tantas queimadas em nosso pa\u00eds? E que mal estas queimadas podem fazer ao solo, vegeta\u00e7\u00e3o e pessoas? \u00c9 sobre tudo isso que conversamos!<\/p>\n<p><\/p>\n<p>E para discutir conosco, convidamos ao podcast &#8211; Paulo Maier!&#x1f3a4; Paulo Foi Diretor do ICMBio, Diretor Nacional de Projetos PNUD, Superintendente do Ibama no Mato Grosso e Gerente do Ibama em Santar\u00e9m no Par\u00e1. Membro do Centro de Estudos Ambientais, da PJR e CPT. &#x1f331;<\/p>\n","protected":false},"featured_media":23423,"template":"","meta":{"_acf_changed":false,"ano":2022},"tema":[2513,2505,2518],"decada":[2502],"curadoria":[],"class_list":["post-17164","audio","type-audio","status-publish","has-post-thumbnail","hentry","tema-meio-ambiente","tema-semiarido","tema-sustentabilidade","decada-2502"],"blocksy_meta":[],"acf":{"imagem_de_cobertura":""},"yoast_head":"<!-- This site is optimized with the Yoast SEO plugin v27.4 - https:\/\/yoast.com\/product\/yoast-seo-wordpress\/ -->\n<title>Diga n\u00e3o \u00e0s Queimadas! | Cantos do Sabi\u00e1 - Centro de Desenvolvimento Agroecol\u00f3gico Sabi\u00e1<\/title>\n<meta name=\"robots\" content=\"index, follow, max-snippet:-1, max-image-preview:large, max-video-preview:-1\" \/>\n<link rel=\"canonical\" href=\"https:\/\/centrosabia.org.br\/en\/audio\/diga-nao-as-queimadas\/\" \/>\n<meta property=\"og:locale\" content=\"en_US\" \/>\n<meta property=\"og:type\" content=\"article\" \/>\n<meta property=\"og:title\" content=\"Diga n\u00e3o \u00e0s Queimadas! | Cantos do Sabi\u00e1 - Centro de Desenvolvimento Agroecol\u00f3gico Sabi\u00e1\" \/>\n<meta property=\"og:url\" content=\"https:\/\/centrosabia.org.br\/en\/audio\/diga-nao-as-queimadas\/\" \/>\n<meta property=\"og:site_name\" content=\"Centro de Desenvolvimento Agroecol\u00f3gico Sabi\u00e1\" \/>\n<meta property=\"article:modified_time\" content=\"2024-08-05T17:35:19+00:00\" \/>\n<meta property=\"og:image\" content=\"https:\/\/centrosabia.org.br\/wp-content\/uploads\/2022\/09\/15-CDS_1609_spotify-300x169.png\" \/>\n\t<meta property=\"og:image:width\" content=\"300\" \/>\n\t<meta property=\"og:image:height\" content=\"169\" \/>\n\t<meta property=\"og:image:type\" content=\"image\/png\" \/>\n<meta name=\"twitter:card\" content=\"summary_large_image\" \/>\n<meta name=\"twitter:label1\" content=\"Est. reading time\" \/>\n\t<meta name=\"twitter:data1\" content=\"2 minutes\" \/>\n<script type=\"application\/ld+json\" class=\"yoast-schema-graph\">{\"@context\":\"https:\\\/\\\/schema.org\",\"@graph\":[{\"@type\":\"WebPage\",\"@id\":\"https:\\\/\\\/centrosabia.org.br\\\/en\\\/audio\\\/diga-nao-as-queimadas\\\/\",\"url\":\"https:\\\/\\\/centrosabia.org.br\\\/en\\\/audio\\\/diga-nao-as-queimadas\\\/\",\"name\":\"Diga n\u00e3o \u00e0s Queimadas! | Cantos do Sabi\u00e1 - Centro de Desenvolvimento Agroecol\u00f3gico Sabi\u00e1\",\"isPartOf\":{\"@id\":\"https:\\\/\\\/centrosabia.org.br\\\/en\\\/#website\"},\"primaryImageOfPage\":{\"@id\":\"https:\\\/\\\/centrosabia.org.br\\\/en\\\/audio\\\/diga-nao-as-queimadas\\\/#primaryimage\"},\"image\":{\"@id\":\"https:\\\/\\\/centrosabia.org.br\\\/en\\\/audio\\\/diga-nao-as-queimadas\\\/#primaryimage\"},\"thumbnailUrl\":\"https:\\\/\\\/centrosabia.org.br\\\/wp-content\\\/uploads\\\/2022\\\/09\\\/15-CDS_1609_spotify.png\",\"datePublished\":\"2022-09-19T03:00:00+00:00\",\"dateModified\":\"2024-08-05T17:35:19+00:00\",\"breadcrumb\":{\"@id\":\"https:\\\/\\\/centrosabia.org.br\\\/en\\\/audio\\\/diga-nao-as-queimadas\\\/#breadcrumb\"},\"inLanguage\":\"en-US\",\"potentialAction\":[{\"@type\":\"ReadAction\",\"target\":[\"https:\\\/\\\/centrosabia.org.br\\\/en\\\/audio\\\/diga-nao-as-queimadas\\\/\"]}]},{\"@type\":\"ImageObject\",\"inLanguage\":\"en-US\",\"@id\":\"https:\\\/\\\/centrosabia.org.br\\\/en\\\/audio\\\/diga-nao-as-queimadas\\\/#primaryimage\",\"url\":\"https:\\\/\\\/centrosabia.org.br\\\/wp-content\\\/uploads\\\/2022\\\/09\\\/15-CDS_1609_spotify.png\",\"contentUrl\":\"https:\\\/\\\/centrosabia.org.br\\\/wp-content\\\/uploads\\\/2022\\\/09\\\/15-CDS_1609_spotify.png\",\"width\":512,\"height\":288},{\"@type\":\"BreadcrumbList\",\"@id\":\"https:\\\/\\\/centrosabia.org.br\\\/en\\\/audio\\\/diga-nao-as-queimadas\\\/#breadcrumb\",\"itemListElement\":[{\"@type\":\"ListItem\",\"position\":1,\"name\":\"In\u00edcio\",\"item\":\"https:\\\/\\\/centrosabia.org.br\\\/en\\\/\"},{\"@type\":\"ListItem\",\"position\":2,\"name\":\"\u00c1udios\",\"item\":\"https:\\\/\\\/centrosabia.org.br\\\/en\\\/audio\\\/\"},{\"@type\":\"ListItem\",\"position\":3,\"name\":\"Diga n\u00e3o \u00e0s Queimadas! | Cantos do Sabi\u00e1\"}]},{\"@type\":\"WebSite\",\"@id\":\"https:\\\/\\\/centrosabia.org.br\\\/en\\\/#website\",\"url\":\"https:\\\/\\\/centrosabia.org.br\\\/en\\\/\",\"name\":\"Centro de Desenvolvimento Agroecol\u00f3gico Sabi\u00e1\",\"description\":\"\",\"publisher\":{\"@id\":\"https:\\\/\\\/centrosabia.org.br\\\/en\\\/#organization\"},\"potentialAction\":[{\"@type\":\"SearchAction\",\"target\":{\"@type\":\"EntryPoint\",\"urlTemplate\":\"https:\\\/\\\/centrosabia.org.br\\\/en\\\/?s={search_term_string}\"},\"query-input\":{\"@type\":\"PropertyValueSpecification\",\"valueRequired\":true,\"valueName\":\"search_term_string\"}}],\"inLanguage\":\"en-US\"},{\"@type\":\"Organization\",\"@id\":\"https:\\\/\\\/centrosabia.org.br\\\/en\\\/#organization\",\"name\":\"Centro de Desenvolvimento Agroecol\u00f3gico Sabi\u00e1\",\"url\":\"https:\\\/\\\/centrosabia.org.br\\\/en\\\/\",\"logo\":{\"@type\":\"ImageObject\",\"inLanguage\":\"en-US\",\"@id\":\"https:\\\/\\\/centrosabia.org.br\\\/en\\\/#\\\/schema\\\/logo\\\/image\\\/\",\"url\":\"https:\\\/\\\/centrosabia.org.br\\\/wp-content\\\/uploads\\\/2021\\\/10\\\/logo.png\",\"contentUrl\":\"https:\\\/\\\/centrosabia.org.br\\\/wp-content\\\/uploads\\\/2021\\\/10\\\/logo.png\",\"width\":174,\"height\":84,\"caption\":\"Centro de Desenvolvimento Agroecol\u00f3gico Sabi\u00e1\"},\"image\":{\"@id\":\"https:\\\/\\\/centrosabia.org.br\\\/en\\\/#\\\/schema\\\/logo\\\/image\\\/\"}}]}<\/script>\n<!-- \/ Yoast SEO plugin. -->","yoast_head_json":{"title":"Diga n\u00e3o \u00e0s Queimadas! | Cantos do Sabi\u00e1 - Centro de Desenvolvimento Agroecol\u00f3gico Sabi\u00e1","robots":{"index":"index","follow":"follow","max-snippet":"max-snippet:-1","max-image-preview":"max-image-preview:large","max-video-preview":"max-video-preview:-1"},"canonical":"https:\/\/centrosabia.org.br\/en\/audio\/diga-nao-as-queimadas\/","og_locale":"en_US","og_type":"article","og_title":"Diga n\u00e3o \u00e0s Queimadas! | Cantos do Sabi\u00e1 - Centro de Desenvolvimento Agroecol\u00f3gico Sabi\u00e1","og_url":"https:\/\/centrosabia.org.br\/en\/audio\/diga-nao-as-queimadas\/","og_site_name":"Centro de Desenvolvimento Agroecol\u00f3gico Sabi\u00e1","article_modified_time":"2024-08-05T17:35:19+00:00","og_image":[{"width":300,"height":169,"url":"https:\/\/centrosabia.org.br\/wp-content\/uploads\/2022\/09\/15-CDS_1609_spotify-300x169.png","type":"image\/png"}],"twitter_card":"summary_large_image","twitter_misc":{"Est. reading time":"2 minutes"},"schema":{"@context":"https:\/\/schema.org","@graph":[{"@type":"WebPage","@id":"https:\/\/centrosabia.org.br\/en\/audio\/diga-nao-as-queimadas\/","url":"https:\/\/centrosabia.org.br\/en\/audio\/diga-nao-as-queimadas\/","name":"Diga n\u00e3o \u00e0s Queimadas! | Cantos do Sabi\u00e1 - Centro de Desenvolvimento Agroecol\u00f3gico Sabi\u00e1","isPartOf":{"@id":"https:\/\/centrosabia.org.br\/en\/#website"},"primaryImageOfPage":{"@id":"https:\/\/centrosabia.org.br\/en\/audio\/diga-nao-as-queimadas\/#primaryimage"},"image":{"@id":"https:\/\/centrosabia.org.br\/en\/audio\/diga-nao-as-queimadas\/#primaryimage"},"thumbnailUrl":"https:\/\/centrosabia.org.br\/wp-content\/uploads\/2022\/09\/15-CDS_1609_spotify.png","datePublished":"2022-09-19T03:00:00+00:00","dateModified":"2024-08-05T17:35:19+00:00","breadcrumb":{"@id":"https:\/\/centrosabia.org.br\/en\/audio\/diga-nao-as-queimadas\/#breadcrumb"},"inLanguage":"en-US","potentialAction":[{"@type":"ReadAction","target":["https:\/\/centrosabia.org.br\/en\/audio\/diga-nao-as-queimadas\/"]}]},{"@type":"ImageObject","inLanguage":"en-US","@id":"https:\/\/centrosabia.org.br\/en\/audio\/diga-nao-as-queimadas\/#primaryimage","url":"https:\/\/centrosabia.org.br\/wp-content\/uploads\/2022\/09\/15-CDS_1609_spotify.png","contentUrl":"https:\/\/centrosabia.org.br\/wp-content\/uploads\/2022\/09\/15-CDS_1609_spotify.png","width":512,"height":288},{"@type":"BreadcrumbList","@id":"https:\/\/centrosabia.org.br\/en\/audio\/diga-nao-as-queimadas\/#breadcrumb","itemListElement":[{"@type":"ListItem","position":1,"name":"In\u00edcio","item":"https:\/\/centrosabia.org.br\/en\/"},{"@type":"ListItem","position":2,"name":"\u00c1udios","item":"https:\/\/centrosabia.org.br\/en\/audio\/"},{"@type":"ListItem","position":3,"name":"Diga n\u00e3o \u00e0s Queimadas! | Cantos do Sabi\u00e1"}]},{"@type":"WebSite","@id":"https:\/\/centrosabia.org.br\/en\/#website","url":"https:\/\/centrosabia.org.br\/en\/","name":"Centro de Desenvolvimento Agroecol\u00f3gico Sabi\u00e1","description":"","publisher":{"@id":"https:\/\/centrosabia.org.br\/en\/#organization"},"potentialAction":[{"@type":"SearchAction","target":{"@type":"EntryPoint","urlTemplate":"https:\/\/centrosabia.org.br\/en\/?s={search_term_string}"},"query-input":{"@type":"PropertyValueSpecification","valueRequired":true,"valueName":"search_term_string"}}],"inLanguage":"en-US"},{"@type":"Organization","@id":"https:\/\/centrosabia.org.br\/en\/#organization","name":"Centro de Desenvolvimento Agroecol\u00f3gico Sabi\u00e1","url":"https:\/\/centrosabia.org.br\/en\/","logo":{"@type":"ImageObject","inLanguage":"en-US","@id":"https:\/\/centrosabia.org.br\/en\/#\/schema\/logo\/image\/","url":"https:\/\/centrosabia.org.br\/wp-content\/uploads\/2021\/10\/logo.png","contentUrl":"https:\/\/centrosabia.org.br\/wp-content\/uploads\/2021\/10\/logo.png","width":174,"height":84,"caption":"Centro de Desenvolvimento Agroecol\u00f3gico Sabi\u00e1"},"image":{"@id":"https:\/\/centrosabia.org.br\/en\/#\/schema\/logo\/image\/"}}]}},"_links":{"self":[{"href":"https:\/\/centrosabia.org.br\/en\/wp-json\/wp\/v2\/audio\/17164","targetHints":{"allow":["GET"]}}],"collection":[{"href":"https:\/\/centrosabia.org.br\/en\/wp-json\/wp\/v2\/audio"}],"about":[{"href":"https:\/\/centrosabia.org.br\/en\/wp-json\/wp\/v2\/types\/audio"}],"wp:featuredmedia":[{"embeddable":true,"href":"https:\/\/centrosabia.org.br\/en\/wp-json\/wp\/v2\/media\/23423"}],"wp:attachment":[{"href":"https:\/\/centrosabia.org.br\/en\/wp-json\/wp\/v2\/media?parent=17164"}],"wp:term":[{"taxonomy":"tema","embeddable":true,"href":"https:\/\/centrosabia.org.br\/en\/wp-json\/wp\/v2\/tema?post=17164"},{"taxonomy":"decada","embeddable":true,"href":"https:\/\/centrosabia.org.br\/en\/wp-json\/wp\/v2\/decada?post=17164"},{"taxonomy":"curadoria","embeddable":true,"href":"https:\/\/centrosabia.org.br\/en\/wp-json\/wp\/v2\/curadoria?post=17164"}],"curies":[{"name":"wp","href":"https:\/\/api.w.org\/{rel}","templated":true}]}}

Diga não às Queimadas! | Cantos do Sabiá

<p>&#x1f3a7; O Cantos do Sabiá, podcast do Centro Sabiá, vem bater de frente contra as queimadas! &#x1f525;&#x1f480; Hoje somos o país das queimadas ilegais, do desmatamento e do envenenamento da comida, por meio de agrotóxicos. &#x1f9ea;☠ É pensando em todos esses retrocessos, e procurando soluções sustentáveis e agroecológicas, que nosso podcast vem se juntar à campanha contra queimadas do Centro Sabiá; diga não às queimadas! &#x1f332;&#x1f333; Onde o fogo pega, a morte fica. &#x1f525;&#x1f480;</p>
<p></p>
<p>&#x1f5fa; O levantamento de dados do MAPBiomas revelou que, entre 1985 e 2020, o Brasil queimou uma área de 1,67 KM², ou seja, 19,6% do Brasil. &#x1f525;☠ Por que isso acontece? Por que tantas queimadas em nosso país? E que mal estas queimadas podem fazer ao solo, vegetação e pessoas? É sobre tudo isso que conversamos!</p>
<p></p>
<p>E para discutir conosco, convidamos ao podcast &#8211; Paulo Maier!&#x1f3a4; Paulo Foi Diretor do ICMBio, Diretor Nacional de Projetos PNUD, Superintendente do Ibama no Mato Grosso e Gerente do Ibama em Santarém no Pará. Membro do Centro de Estudos Ambientais, da PJR e CPT. &#x1f331;</p>

<!-- This site is optimized with the Yoast SEO plugin v27.4 - https://yoast.com/product/yoast-seo-wordpress/ -->
<title>Diga não às Queimadas! | Cantos do Sabiá - Centro de Desenvolvimento Agroecológico Sabiá</title>
<meta name="robots" content="index, follow, max-snippet:-1, max-image-preview:large, max-video-preview:-1" />
<link rel="canonical" href="https://centrosabia.org.br/en/audio/diga-nao-as-queimadas/" />
<meta property="og:locale" content="en_US" />
<meta property="og:type" content="article" />
<meta property="og:title" content="Diga não às Queimadas! | Cantos do Sabiá - Centro de Desenvolvimento Agroecológico Sabiá" />
<meta property="og:url" content="https://centrosabia.org.br/en/audio/diga-nao-as-queimadas/" />
<meta property="og:site_name" content="Centro de Desenvolvimento Agroecológico Sabiá" />
<meta property="article:modified_time" content="2024-08-05T17:35:19+00:00" />
<meta property="og:image" content="https://centrosabia.org.br/wp-content/uploads/2022/09/15-CDS_1609_spotify-300x169.png" />
	<meta property="og:image:width" content="300" />
	<meta property="og:image:height" content="169" />
	<meta property="og:image:type" content="image/png" />
<meta name="twitter:card" content="summary_large_image" />
<meta name="twitter:label1" content="Est. reading time" />
	<meta name="twitter:data1" content="2 minutes" />
<script type="application/ld+json" class="yoast-schema-graph">{"@context":"https:\/\/schema.org","@graph":[{"@type":"WebPage","@id":"https:\/\/centrosabia.org.br\/en\/audio\/diga-nao-as-queimadas\/","url":"https:\/\/centrosabia.org.br\/en\/audio\/diga-nao-as-queimadas\/","name":"Diga não às Queimadas! | Cantos do Sabiá - Centro de Desenvolvimento Agroecológico Sabiá","isPartOf":{"@id":"https:\/\/centrosabia.org.br\/en\/#website"},"primaryImageOfPage":{"@id":"https:\/\/centrosabia.org.br\/en\/audio\/diga-nao-as-queimadas\/#primaryimage"},"image":{"@id":"https:\/\/centrosabia.org.br\/en\/audio\/diga-nao-as-queimadas\/#primaryimage"},"thumbnailUrl":"https:\/\/centrosabia.org.br\/wp-content\/uploads\/2022\/09\/15-CDS_1609_spotify.png","datePublished":"2022-09-19T03:00:00+00:00","dateModified":"2024-08-05T17:35:19+00:00","breadcrumb":{"@id":"https:\/\/centrosabia.org.br\/en\/audio\/diga-nao-as-queimadas\/#breadcrumb"},"inLanguage":"en-US","potentialAction":[{"@type":"ReadAction","target":["https:\/\/centrosabia.org.br\/en\/audio\/diga-nao-as-queimadas\/"]}]},{"@type":"ImageObject","inLanguage":"en-US","@id":"https:\/\/centrosabia.org.br\/en\/audio\/diga-nao-as-queimadas\/#primaryimage","url":"https:\/\/centrosabia.org.br\/wp-content\/uploads\/2022\/09\/15-CDS_1609_spotify.png","contentUrl":"https:\/\/centrosabia.org.br\/wp-content\/uploads\/2022\/09\/15-CDS_1609_spotify.png","width":512,"height":288},{"@type":"BreadcrumbList","@id":"https:\/\/centrosabia.org.br\/en\/audio\/diga-nao-as-queimadas\/#breadcrumb","itemListElement":[{"@type":"ListItem","position":1,"name":"Início","item":"https:\/\/centrosabia.org.br\/en\/"},{"@type":"ListItem","position":2,"name":"Áudios","item":"https:\/\/centrosabia.org.br\/en\/audio\/"},{"@type":"ListItem","position":3,"name":"Diga não às Queimadas! | Cantos do Sabiá"}]},{"@type":"WebSite","@id":"https:\/\/centrosabia.org.br\/en\/#website","url":"https:\/\/centrosabia.org.br\/en\/","name":"Centro de Desenvolvimento Agroecológico Sabiá","description":"","publisher":{"@id":"https:\/\/centrosabia.org.br\/en\/#organization"},"potentialAction":[{"@type":"SearchAction","target":{"@type":"EntryPoint","urlTemplate":"https:\/\/centrosabia.org.br\/en\/?s={search_term_string}"},"query-input":{"@type":"PropertyValueSpecification","valueRequired":true,"valueName":"search_term_string"}}],"inLanguage":"en-US"},{"@type":"Organization","@id":"https:\/\/centrosabia.org.br\/en\/#organization","name":"Centro de Desenvolvimento Agroecológico Sabiá","url":"https:\/\/centrosabia.org.br\/en\/","logo":{"@type":"ImageObject","inLanguage":"en-US","@id":"https:\/\/centrosabia.org.br\/en\/#\/schema\/logo\/image\/","url":"https:\/\/centrosabia.org.br\/wp-content\/uploads\/2021\/10\/logo.png","contentUrl":"https:\/\/centrosabia.org.br\/wp-content\/uploads\/2021\/10\/logo.png","width":174,"height":84,"caption":"Centro de Desenvolvimento Agroecológico Sabiá"},"image":{"@id":"https:\/\/centrosabia.org.br\/en\/#\/schema\/logo\/image\/"}}]}</script>
<!-- / Yoast SEO plugin. -->

Diga não às Queimadas! | Cantos do Sabiá - Centro de Desenvolvimento Agroecológico Sabiá

Centro de Desenvolvimento Agroecológico Sabiá

Início

Áudios
