{"id":17172,"date":"2022-09-12T00:00:00","date_gmt":"2022-09-12T03:00:00","guid":{"rendered":"https:\/\/centrosabia.org.br\/audio\/reuso-de-agua-cinza-para-a-agricultura-familiar\/"},"modified":"2024-08-05T14:36:25","modified_gmt":"2024-08-05T17:36:25","slug":"reuso-de-agua-cinza-para-a-agricultura-familiar","status":"publish","type":"audio","link":"https:\/\/centrosabia.org.br\/en\/audio\/reuso-de-agua-cinza-para-a-agricultura-familiar\/","title":{"rendered":"Reuso de \u00c1gua Cinza para a Agricultura Familiar | Cantos do Sabi\u00e1"},"content":{"rendered":"<p>&#x1f3a7; O Cantos do Sabi\u00e1 desta segunda-feira vem falar sobre vem falar do Semi\u00e1rido, da conviv\u00eancia com os climas extremos e sobre tecnologias sociais de acesso \u00e0 \u00e1gua! &#x1f304;<\/p>\n<p><\/p>\n<p>O semi\u00e1rido brasileiro comp\u00f5e 18% do territ\u00f3rio nacional! Isso significa que s\u00e3o mais de 26 milh\u00f5es de brasileiros e brasileiras que convivem com climas extremos, \u00a0baixa umidade, longas estiagens\u2026 E que convivem com o semi\u00e1rido. &#x1f321;\u2600<\/p>\n<p><\/p>\n<p>Quem vive no campo e no semi\u00e1rido, \u00a0sabe que n\u00e3o \u00e9 poss\u00edvel combater o clima: \u00a0mas \u00e9 preciso aprender a conviver com ele! \u00c9 da\u00ed que surgem as tecnologias sociais de acesso \u00e0 \u00e1gua: Viv\u00eancia e conviv\u00eancia vem do aprendizado, e as tecnologias sociais, como a de Reuso de \u00c1gua Cinza e cisternas de placas \u00a0vem para fortalecer a vida no campo! &#x1f30a;&#x1f6bf;<\/p>\n<p><\/p>\n<p>\u2049 Mas como funcionam essas tecnologias sociais? Afinal, que diferen\u00e7a faz esse Reuso de \u00c1gua Cinza para o campo e para a economia de \u00e1gua no semi\u00e1rido? &#x1f335;<\/p>\n<p><\/p>\n<p>Para conversar conosco sobre esses assuntos de conviv\u00eancia com o semi\u00e1rido e tamb\u00e9m sobre RAC, que convidamos ao podcast o t\u00e9cnico agr\u00edcola Raimundo Bertino! &#x1f468;&#x1f3fd;\u200d&#x1f33e; Raimundo \u00e9 especialista em agricultura org\u00e2nica e mestrando em extens\u00e3o rural! Tamb\u00e9m estar\u00e1 conosco a agricultora familiar &#8211; Deasolange Rom\u00e3o! &#x1f469;&#x1f3fd;\u200d&#x1f33e;<\/p>\n","protected":false},"featured_media":23426,"template":"","meta":{"_acf_changed":false,"ano":2022},"tema":[2538,2554,2549],"decada":[2502],"curadoria":[],"class_list":["post-17172","audio","type-audio","status-publish","has-post-thumbnail","hentry","tema-agua","tema-cisternas","tema-reuso-aguas-cinzas","decada-2502"],"blocksy_meta":[],"acf":{"imagem_de_cobertura":""},"yoast_head":"<!-- This site is optimized with the Yoast SEO plugin v27.4 - https:\/\/yoast.com\/product\/yoast-seo-wordpress\/ -->\n<title>Reuso de \u00c1gua Cinza para a Agricultura Familiar | Cantos do Sabi\u00e1 - Centro de Desenvolvimento Agroecol\u00f3gico Sabi\u00e1<\/title>\n<meta name=\"robots\" content=\"index, follow, max-snippet:-1, max-image-preview:large, max-video-preview:-1\" \/>\n<link rel=\"canonical\" href=\"https:\/\/centrosabia.org.br\/en\/audio\/reuso-de-agua-cinza-para-a-agricultura-familiar\/\" \/>\n<meta property=\"og:locale\" content=\"en_US\" \/>\n<meta property=\"og:type\" content=\"article\" \/>\n<meta property=\"og:title\" content=\"Reuso de \u00c1gua Cinza para a Agricultura Familiar | Cantos do Sabi\u00e1 - Centro de Desenvolvimento Agroecol\u00f3gico Sabi\u00e1\" \/>\n<meta property=\"og:url\" content=\"https:\/\/centrosabia.org.br\/en\/audio\/reuso-de-agua-cinza-para-a-agricultura-familiar\/\" \/>\n<meta property=\"og:site_name\" content=\"Centro de Desenvolvimento Agroecol\u00f3gico Sabi\u00e1\" \/>\n<meta property=\"article:modified_time\" content=\"2024-08-05T17:36:25+00:00\" \/>\n<meta property=\"og:image\" content=\"https:\/\/centrosabia.org.br\/wp-content\/uploads\/2022\/09\/16-CDS_0809_SPOTIFY-300x169.png\" \/>\n\t<meta property=\"og:image:width\" content=\"300\" \/>\n\t<meta property=\"og:image:height\" content=\"169\" \/>\n\t<meta property=\"og:image:type\" content=\"image\/png\" \/>\n<meta name=\"twitter:card\" content=\"summary_large_image\" \/>\n<meta name=\"twitter:label1\" content=\"Est. reading time\" \/>\n\t<meta name=\"twitter:data1\" content=\"2 minutes\" \/>\n<script type=\"application\/ld+json\" class=\"yoast-schema-graph\">{\"@context\":\"https:\\\/\\\/schema.org\",\"@graph\":[{\"@type\":\"WebPage\",\"@id\":\"https:\\\/\\\/centrosabia.org.br\\\/en\\\/audio\\\/reuso-de-agua-cinza-para-a-agricultura-familiar\\\/\",\"url\":\"https:\\\/\\\/centrosabia.org.br\\\/en\\\/audio\\\/reuso-de-agua-cinza-para-a-agricultura-familiar\\\/\",\"name\":\"Reuso de \u00c1gua Cinza para a Agricultura Familiar | Cantos do Sabi\u00e1 - Centro de Desenvolvimento Agroecol\u00f3gico Sabi\u00e1\",\"isPartOf\":{\"@id\":\"https:\\\/\\\/centrosabia.org.br\\\/en\\\/#website\"},\"primaryImageOfPage\":{\"@id\":\"https:\\\/\\\/centrosabia.org.br\\\/en\\\/audio\\\/reuso-de-agua-cinza-para-a-agricultura-familiar\\\/#primaryimage\"},\"image\":{\"@id\":\"https:\\\/\\\/centrosabia.org.br\\\/en\\\/audio\\\/reuso-de-agua-cinza-para-a-agricultura-familiar\\\/#primaryimage\"},\"thumbnailUrl\":\"https:\\\/\\\/centrosabia.org.br\\\/wp-content\\\/uploads\\\/2022\\\/09\\\/16-CDS_0809_SPOTIFY.png\",\"datePublished\":\"2022-09-12T03:00:00+00:00\",\"dateModified\":\"2024-08-05T17:36:25+00:00\",\"breadcrumb\":{\"@id\":\"https:\\\/\\\/centrosabia.org.br\\\/en\\\/audio\\\/reuso-de-agua-cinza-para-a-agricultura-familiar\\\/#breadcrumb\"},\"inLanguage\":\"en-US\",\"potentialAction\":[{\"@type\":\"ReadAction\",\"target\":[\"https:\\\/\\\/centrosabia.org.br\\\/en\\\/audio\\\/reuso-de-agua-cinza-para-a-agricultura-familiar\\\/\"]}]},{\"@type\":\"ImageObject\",\"inLanguage\":\"en-US\",\"@id\":\"https:\\\/\\\/centrosabia.org.br\\\/en\\\/audio\\\/reuso-de-agua-cinza-para-a-agricultura-familiar\\\/#primaryimage\",\"url\":\"https:\\\/\\\/centrosabia.org.br\\\/wp-content\\\/uploads\\\/2022\\\/09\\\/16-CDS_0809_SPOTIFY.png\",\"contentUrl\":\"https:\\\/\\\/centrosabia.org.br\\\/wp-content\\\/uploads\\\/2022\\\/09\\\/16-CDS_0809_SPOTIFY.png\",\"width\":512,\"height\":288},{\"@type\":\"BreadcrumbList\",\"@id\":\"https:\\\/\\\/centrosabia.org.br\\\/en\\\/audio\\\/reuso-de-agua-cinza-para-a-agricultura-familiar\\\/#breadcrumb\",\"itemListElement\":[{\"@type\":\"ListItem\",\"position\":1,\"name\":\"In\u00edcio\",\"item\":\"https:\\\/\\\/centrosabia.org.br\\\/en\\\/\"},{\"@type\":\"ListItem\",\"position\":2,\"name\":\"\u00c1udios\",\"item\":\"https:\\\/\\\/centrosabia.org.br\\\/en\\\/audio\\\/\"},{\"@type\":\"ListItem\",\"position\":3,\"name\":\"Reuso de \u00c1gua Cinza para a Agricultura Familiar | Cantos do Sabi\u00e1\"}]},{\"@type\":\"WebSite\",\"@id\":\"https:\\\/\\\/centrosabia.org.br\\\/en\\\/#website\",\"url\":\"https:\\\/\\\/centrosabia.org.br\\\/en\\\/\",\"name\":\"Centro de Desenvolvimento Agroecol\u00f3gico Sabi\u00e1\",\"description\":\"\",\"publisher\":{\"@id\":\"https:\\\/\\\/centrosabia.org.br\\\/en\\\/#organization\"},\"potentialAction\":[{\"@type\":\"SearchAction\",\"target\":{\"@type\":\"EntryPoint\",\"urlTemplate\":\"https:\\\/\\\/centrosabia.org.br\\\/en\\\/?s={search_term_string}\"},\"query-input\":{\"@type\":\"PropertyValueSpecification\",\"valueRequired\":true,\"valueName\":\"search_term_string\"}}],\"inLanguage\":\"en-US\"},{\"@type\":\"Organization\",\"@id\":\"https:\\\/\\\/centrosabia.org.br\\\/en\\\/#organization\",\"name\":\"Centro de Desenvolvimento Agroecol\u00f3gico Sabi\u00e1\",\"url\":\"https:\\\/\\\/centrosabia.org.br\\\/en\\\/\",\"logo\":{\"@type\":\"ImageObject\",\"inLanguage\":\"en-US\",\"@id\":\"https:\\\/\\\/centrosabia.org.br\\\/en\\\/#\\\/schema\\\/logo\\\/image\\\/\",\"url\":\"https:\\\/\\\/centrosabia.org.br\\\/wp-content\\\/uploads\\\/2021\\\/10\\\/logo.png\",\"contentUrl\":\"https:\\\/\\\/centrosabia.org.br\\\/wp-content\\\/uploads\\\/2021\\\/10\\\/logo.png\",\"width\":174,\"height\":84,\"caption\":\"Centro de Desenvolvimento Agroecol\u00f3gico Sabi\u00e1\"},\"image\":{\"@id\":\"https:\\\/\\\/centrosabia.org.br\\\/en\\\/#\\\/schema\\\/logo\\\/image\\\/\"}}]}<\/script>\n<!-- \/ Yoast SEO plugin. -->","yoast_head_json":{"title":"Reuso de \u00c1gua Cinza para a Agricultura Familiar | Cantos do Sabi\u00e1 - Centro de Desenvolvimento Agroecol\u00f3gico Sabi\u00e1","robots":{"index":"index","follow":"follow","max-snippet":"max-snippet:-1","max-image-preview":"max-image-preview:large","max-video-preview":"max-video-preview:-1"},"canonical":"https:\/\/centrosabia.org.br\/en\/audio\/reuso-de-agua-cinza-para-a-agricultura-familiar\/","og_locale":"en_US","og_type":"article","og_title":"Reuso de \u00c1gua Cinza para a Agricultura Familiar | Cantos do Sabi\u00e1 - Centro de Desenvolvimento Agroecol\u00f3gico Sabi\u00e1","og_url":"https:\/\/centrosabia.org.br\/en\/audio\/reuso-de-agua-cinza-para-a-agricultura-familiar\/","og_site_name":"Centro de Desenvolvimento Agroecol\u00f3gico Sabi\u00e1","article_modified_time":"2024-08-05T17:36:25+00:00","og_image":[{"width":300,"height":169,"url":"https:\/\/centrosabia.org.br\/wp-content\/uploads\/2022\/09\/16-CDS_0809_SPOTIFY-300x169.png","type":"image\/png"}],"twitter_card":"summary_large_image","twitter_misc":{"Est. reading time":"2 minutes"},"schema":{"@context":"https:\/\/schema.org","@graph":[{"@type":"WebPage","@id":"https:\/\/centrosabia.org.br\/en\/audio\/reuso-de-agua-cinza-para-a-agricultura-familiar\/","url":"https:\/\/centrosabia.org.br\/en\/audio\/reuso-de-agua-cinza-para-a-agricultura-familiar\/","name":"Reuso de \u00c1gua Cinza para a Agricultura Familiar | Cantos do Sabi\u00e1 - Centro de Desenvolvimento Agroecol\u00f3gico Sabi\u00e1","isPartOf":{"@id":"https:\/\/centrosabia.org.br\/en\/#website"},"primaryImageOfPage":{"@id":"https:\/\/centrosabia.org.br\/en\/audio\/reuso-de-agua-cinza-para-a-agricultura-familiar\/#primaryimage"},"image":{"@id":"https:\/\/centrosabia.org.br\/en\/audio\/reuso-de-agua-cinza-para-a-agricultura-familiar\/#primaryimage"},"thumbnailUrl":"https:\/\/centrosabia.org.br\/wp-content\/uploads\/2022\/09\/16-CDS_0809_SPOTIFY.png","datePublished":"2022-09-12T03:00:00+00:00","dateModified":"2024-08-05T17:36:25+00:00","breadcrumb":{"@id":"https:\/\/centrosabia.org.br\/en\/audio\/reuso-de-agua-cinza-para-a-agricultura-familiar\/#breadcrumb"},"inLanguage":"en-US","potentialAction":[{"@type":"ReadAction","target":["https:\/\/centrosabia.org.br\/en\/audio\/reuso-de-agua-cinza-para-a-agricultura-familiar\/"]}]},{"@type":"ImageObject","inLanguage":"en-US","@id":"https:\/\/centrosabia.org.br\/en\/audio\/reuso-de-agua-cinza-para-a-agricultura-familiar\/#primaryimage","url":"https:\/\/centrosabia.org.br\/wp-content\/uploads\/2022\/09\/16-CDS_0809_SPOTIFY.png","contentUrl":"https:\/\/centrosabia.org.br\/wp-content\/uploads\/2022\/09\/16-CDS_0809_SPOTIFY.png","width":512,"height":288},{"@type":"BreadcrumbList","@id":"https:\/\/centrosabia.org.br\/en\/audio\/reuso-de-agua-cinza-para-a-agricultura-familiar\/#breadcrumb","itemListElement":[{"@type":"ListItem","position":1,"name":"In\u00edcio","item":"https:\/\/centrosabia.org.br\/en\/"},{"@type":"ListItem","position":2,"name":"\u00c1udios","item":"https:\/\/centrosabia.org.br\/en\/audio\/"},{"@type":"ListItem","position":3,"name":"Reuso de \u00c1gua Cinza para a Agricultura Familiar | Cantos do Sabi\u00e1"}]},{"@type":"WebSite","@id":"https:\/\/centrosabia.org.br\/en\/#website","url":"https:\/\/centrosabia.org.br\/en\/","name":"Centro de Desenvolvimento Agroecol\u00f3gico Sabi\u00e1","description":"","publisher":{"@id":"https:\/\/centrosabia.org.br\/en\/#organization"},"potentialAction":[{"@type":"SearchAction","target":{"@type":"EntryPoint","urlTemplate":"https:\/\/centrosabia.org.br\/en\/?s={search_term_string}"},"query-input":{"@type":"PropertyValueSpecification","valueRequired":true,"valueName":"search_term_string"}}],"inLanguage":"en-US"},{"@type":"Organization","@id":"https:\/\/centrosabia.org.br\/en\/#organization","name":"Centro de Desenvolvimento Agroecol\u00f3gico Sabi\u00e1","url":"https:\/\/centrosabia.org.br\/en\/","logo":{"@type":"ImageObject","inLanguage":"en-US","@id":"https:\/\/centrosabia.org.br\/en\/#\/schema\/logo\/image\/","url":"https:\/\/centrosabia.org.br\/wp-content\/uploads\/2021\/10\/logo.png","contentUrl":"https:\/\/centrosabia.org.br\/wp-content\/uploads\/2021\/10\/logo.png","width":174,"height":84,"caption":"Centro de Desenvolvimento Agroecol\u00f3gico Sabi\u00e1"},"image":{"@id":"https:\/\/centrosabia.org.br\/en\/#\/schema\/logo\/image\/"}}]}},"_links":{"self":[{"href":"https:\/\/centrosabia.org.br\/en\/wp-json\/wp\/v2\/audio\/17172","targetHints":{"allow":["GET"]}}],"collection":[{"href":"https:\/\/centrosabia.org.br\/en\/wp-json\/wp\/v2\/audio"}],"about":[{"href":"https:\/\/centrosabia.org.br\/en\/wp-json\/wp\/v2\/types\/audio"}],"wp:featuredmedia":[{"embeddable":true,"href":"https:\/\/centrosabia.org.br\/en\/wp-json\/wp\/v2\/media\/23426"}],"wp:attachment":[{"href":"https:\/\/centrosabia.org.br\/en\/wp-json\/wp\/v2\/media?parent=17172"}],"wp:term":[{"taxonomy":"tema","embeddable":true,"href":"https:\/\/centrosabia.org.br\/en\/wp-json\/wp\/v2\/tema?post=17172"},{"taxonomy":"decada","embeddable":true,"href":"https:\/\/centrosabia.org.br\/en\/wp-json\/wp\/v2\/decada?post=17172"},{"taxonomy":"curadoria","embeddable":true,"href":"https:\/\/centrosabia.org.br\/en\/wp-json\/wp\/v2\/curadoria?post=17172"}],"curies":[{"name":"wp","href":"https:\/\/api.w.org\/{rel}","templated":true}]}}

Reuso de Água Cinza para a Agricultura Familiar | Cantos do Sabiá

<p>&#x1f3a7; O Cantos do Sabiá desta segunda-feira vem falar sobre vem falar do Semiárido, da convivência com os climas extremos e sobre tecnologias sociais de acesso à água! &#x1f304;</p>
<p></p>
<p>O semiárido brasileiro compõe 18% do território nacional! Isso significa que são mais de 26 milhões de brasileiros e brasileiras que convivem com climas extremos,  baixa umidade, longas estiagens… E que convivem com o semiárido. &#x1f321;☀</p>
<p></p>
<p>Quem vive no campo e no semiárido,  sabe que não é possível combater o clima:  mas é preciso aprender a conviver com ele! É daí que surgem as tecnologias sociais de acesso à água: Vivência e convivência vem do aprendizado, e as tecnologias sociais, como a de Reuso de Água Cinza e cisternas de placas  vem para fortalecer a vida no campo! &#x1f30a;&#x1f6bf;</p>
<p></p>
<p>⁉ Mas como funcionam essas tecnologias sociais? Afinal, que diferença faz esse Reuso de Água Cinza para o campo e para a economia de água no semiárido? &#x1f335;</p>
<p></p>
<p>Para conversar conosco sobre esses assuntos de convivência com o semiárido e também sobre RAC, que convidamos ao podcast o técnico agrícola Raimundo Bertino! &#x1f468;&#x1f3fd;‍&#x1f33e; Raimundo é especialista em agricultura orgânica e mestrando em extensão rural! Também estará conosco a agricultora familiar &#8211; Deasolange Romão! &#x1f469;&#x1f3fd;‍&#x1f33e;</p>

<!-- This site is optimized with the Yoast SEO plugin v27.4 - https://yoast.com/product/yoast-seo-wordpress/ -->
<title>Reuso de Água Cinza para a Agricultura Familiar | Cantos do Sabiá - Centro de Desenvolvimento Agroecológico Sabiá</title>
<meta name="robots" content="index, follow, max-snippet:-1, max-image-preview:large, max-video-preview:-1" />
<link rel="canonical" href="https://centrosabia.org.br/en/audio/reuso-de-agua-cinza-para-a-agricultura-familiar/" />
<meta property="og:locale" content="en_US" />
<meta property="og:type" content="article" />
<meta property="og:title" content="Reuso de Água Cinza para a Agricultura Familiar | Cantos do Sabiá - Centro de Desenvolvimento Agroecológico Sabiá" />
<meta property="og:url" content="https://centrosabia.org.br/en/audio/reuso-de-agua-cinza-para-a-agricultura-familiar/" />
<meta property="og:site_name" content="Centro de Desenvolvimento Agroecológico Sabiá" />
<meta property="article:modified_time" content="2024-08-05T17:36:25+00:00" />
<meta property="og:image" content="https://centrosabia.org.br/wp-content/uploads/2022/09/16-CDS_0809_SPOTIFY-300x169.png" />
	<meta property="og:image:width" content="300" />
	<meta property="og:image:height" content="169" />
	<meta property="og:image:type" content="image/png" />
<meta name="twitter:card" content="summary_large_image" />
<meta name="twitter:label1" content="Est. reading time" />
	<meta name="twitter:data1" content="2 minutes" />
<script type="application/ld+json" class="yoast-schema-graph">{"@context":"https:\/\/schema.org","@graph":[{"@type":"WebPage","@id":"https:\/\/centrosabia.org.br\/en\/audio\/reuso-de-agua-cinza-para-a-agricultura-familiar\/","url":"https:\/\/centrosabia.org.br\/en\/audio\/reuso-de-agua-cinza-para-a-agricultura-familiar\/","name":"Reuso de Água Cinza para a Agricultura Familiar | Cantos do Sabiá - Centro de Desenvolvimento Agroecológico Sabiá","isPartOf":{"@id":"https:\/\/centrosabia.org.br\/en\/#website"},"primaryImageOfPage":{"@id":"https:\/\/centrosabia.org.br\/en\/audio\/reuso-de-agua-cinza-para-a-agricultura-familiar\/#primaryimage"},"image":{"@id":"https:\/\/centrosabia.org.br\/en\/audio\/reuso-de-agua-cinza-para-a-agricultura-familiar\/#primaryimage"},"thumbnailUrl":"https:\/\/centrosabia.org.br\/wp-content\/uploads\/2022\/09\/16-CDS_0809_SPOTIFY.png","datePublished":"2022-09-12T03:00:00+00:00","dateModified":"2024-08-05T17:36:25+00:00","breadcrumb":{"@id":"https:\/\/centrosabia.org.br\/en\/audio\/reuso-de-agua-cinza-para-a-agricultura-familiar\/#breadcrumb"},"inLanguage":"en-US","potentialAction":[{"@type":"ReadAction","target":["https:\/\/centrosabia.org.br\/en\/audio\/reuso-de-agua-cinza-para-a-agricultura-familiar\/"]}]},{"@type":"ImageObject","inLanguage":"en-US","@id":"https:\/\/centrosabia.org.br\/en\/audio\/reuso-de-agua-cinza-para-a-agricultura-familiar\/#primaryimage","url":"https:\/\/centrosabia.org.br\/wp-content\/uploads\/2022\/09\/16-CDS_0809_SPOTIFY.png","contentUrl":"https:\/\/centrosabia.org.br\/wp-content\/uploads\/2022\/09\/16-CDS_0809_SPOTIFY.png","width":512,"height":288},{"@type":"BreadcrumbList","@id":"https:\/\/centrosabia.org.br\/en\/audio\/reuso-de-agua-cinza-para-a-agricultura-familiar\/#breadcrumb","itemListElement":[{"@type":"ListItem","position":1,"name":"Início","item":"https:\/\/centrosabia.org.br\/en\/"},{"@type":"ListItem","position":2,"name":"Áudios","item":"https:\/\/centrosabia.org.br\/en\/audio\/"},{"@type":"ListItem","position":3,"name":"Reuso de Água Cinza para a Agricultura Familiar | Cantos do Sabiá"}]},{"@type":"WebSite","@id":"https:\/\/centrosabia.org.br\/en\/#website","url":"https:\/\/centrosabia.org.br\/en\/","name":"Centro de Desenvolvimento Agroecológico Sabiá","description":"","publisher":{"@id":"https:\/\/centrosabia.org.br\/en\/#organization"},"potentialAction":[{"@type":"SearchAction","target":{"@type":"EntryPoint","urlTemplate":"https:\/\/centrosabia.org.br\/en\/?s={search_term_string}"},"query-input":{"@type":"PropertyValueSpecification","valueRequired":true,"valueName":"search_term_string"}}],"inLanguage":"en-US"},{"@type":"Organization","@id":"https:\/\/centrosabia.org.br\/en\/#organization","name":"Centro de Desenvolvimento Agroecológico Sabiá","url":"https:\/\/centrosabia.org.br\/en\/","logo":{"@type":"ImageObject","inLanguage":"en-US","@id":"https:\/\/centrosabia.org.br\/en\/#\/schema\/logo\/image\/","url":"https:\/\/centrosabia.org.br\/wp-content\/uploads\/2021\/10\/logo.png","contentUrl":"https:\/\/centrosabia.org.br\/wp-content\/uploads\/2021\/10\/logo.png","width":174,"height":84,"caption":"Centro de Desenvolvimento Agroecológico Sabiá"},"image":{"@id":"https:\/\/centrosabia.org.br\/en\/#\/schema\/logo\/image\/"}}]}</script>
<!-- / Yoast SEO plugin. -->

Reuso de Água Cinza para a Agricultura Familiar | Cantos do Sabiá - Centro de Desenvolvimento Agroecológico Sabiá

Centro de Desenvolvimento Agroecológico Sabiá

Início

Áudios
