{"id":17188,"date":"2022-08-22T00:00:00","date_gmt":"2022-08-22T03:00:00","guid":{"rendered":"https:\/\/centrosabia.org.br\/audio\/para-que-sustentabilidade\/"},"modified":"2024-08-05T14:48:13","modified_gmt":"2024-08-05T17:48:13","slug":"para-que-sustentabilidade","status":"publish","type":"audio","link":"https:\/\/centrosabia.org.br\/en\/audio\/para-que-sustentabilidade\/","title":{"rendered":"Para qu\u00ea Sustentabilidade? | Cantos do Sabi\u00e1"},"content":{"rendered":"<p>&#x1f3a7; O Cantos do Sabi\u00e1 desta segunda-feira fala sobre uma pauta muito importante para os debates da agroecologia, do meio ambiente, preserva\u00e7\u00e3o ambiental e direitos humanos! Esta semana falamos da Sustentabilidade! Afinal, para qu\u00ea isso? &#x1f332;&#x1f38b;<\/p>\n<p><\/p>\n<p>Apesar do Brasil ser um pa\u00eds rico em natureza, plantas e animais, e tamb\u00e9m um pa\u00eds consideravelmente verde, o que vivemos hoje em nosso meio ambiente, vai de encontro a tudo que \u00e9 sustent\u00e1vel: Somos o pa\u00eds do desmatamento, das queimadas, dos retrocessos ambientais e nas leis de prote\u00e7\u00e3o \u00e0 natureza. &#x1f99c;&#x1f331;<\/p>\n<p><\/p>\n<p>O Brasil hoje \u00e9 o pa\u00eds insustent\u00e1vel. \u274c Que n\u00e3o produz pesquisas, n\u00e3o defende povos ind\u00edgenas, n\u00e3o recua com o agroneg\u00f3cio nem com o veneno. Regredimos d\u00e9cadas em prote\u00e7\u00e3o ambiental. \u00a0Afinal, ainda somos um Brasil sustent\u00e1vel? &#x1f4c9;<\/p>\n<p><\/p>\n<p>\u00c9 para falar destes temas de sustentabilidade e futuro de nosso pa\u00eds que conversamos com Carlos Magno! Ele \u00e9 mestre em agroecologia e desenvolvimento rural sustent\u00e1vel. &#x1f33e;&#x1f335; Ele tamb\u00e9m \u00e9 Coordenador de mobiliza\u00e7\u00e3o social do Centro Sabi\u00e1 e membro do painel de governan\u00e7a da Plataforma Semi\u00e1ridos Am\u00e9rica Latina. &#x1f468;&#x1f3fd;\u200d&#x1f52c;<\/p>\n<p><\/p>\n<p><a href=\"https:\/\/centrosabia.org.br\/tag\/cantos-do-sabia\/\" rel=\"nofollow\">Cantos do Sabi\u00e1<\/a> \u00e9 o Podcast do Centro Sabi\u00e1! Semanalmente discutimos agroecologia, sustentabilidade e pol\u00edtica no campo e cidade! O podcast vai ao ar todas \u00e0s segundas-feiras, com a edi\u00e7\u00e3o completa da entrevista que originalmente comp\u00f5em o programa de r\u00e1dio do Centro. <a href=\"https:\/\/spoti.fi\/31VtUj5\" rel=\"nofollow\">https:\/\/spoti.fi\/31VtUj5<\/a><\/p>\n","protected":false},"featured_media":23435,"template":"","meta":{"_acf_changed":false,"ano":2022},"tema":[2535,2513,2518],"decada":[2502],"curadoria":[],"class_list":["post-17188","audio","type-audio","status-publish","has-post-thumbnail","hentry","tema-convivencia-com-semiarido","tema-meio-ambiente","tema-sustentabilidade","decada-2502"],"blocksy_meta":[],"acf":{"imagem_de_cobertura":""},"yoast_head":"<!-- This site is optimized with the Yoast SEO plugin v27.4 - https:\/\/yoast.com\/product\/yoast-seo-wordpress\/ -->\n<title>Para qu\u00ea Sustentabilidade? | Cantos do Sabi\u00e1 - Centro de Desenvolvimento Agroecol\u00f3gico Sabi\u00e1<\/title>\n<meta name=\"robots\" content=\"index, follow, max-snippet:-1, max-image-preview:large, max-video-preview:-1\" \/>\n<link rel=\"canonical\" href=\"https:\/\/centrosabia.org.br\/en\/audio\/para-que-sustentabilidade\/\" \/>\n<meta property=\"og:locale\" content=\"en_US\" \/>\n<meta property=\"og:type\" content=\"article\" \/>\n<meta property=\"og:title\" content=\"Para qu\u00ea Sustentabilidade? | Cantos do Sabi\u00e1 - Centro de Desenvolvimento Agroecol\u00f3gico Sabi\u00e1\" \/>\n<meta property=\"og:url\" content=\"https:\/\/centrosabia.org.br\/en\/audio\/para-que-sustentabilidade\/\" \/>\n<meta property=\"og:site_name\" content=\"Centro de Desenvolvimento Agroecol\u00f3gico Sabi\u00e1\" \/>\n<meta property=\"article:modified_time\" content=\"2024-08-05T17:48:13+00:00\" \/>\n<meta property=\"og:image\" content=\"https:\/\/centrosabia.org.br\/wp-content\/uploads\/2022\/09\/19-CDS_1908_SPOTIFY-300x169.png\" \/>\n\t<meta property=\"og:image:width\" content=\"300\" \/>\n\t<meta property=\"og:image:height\" content=\"169\" \/>\n\t<meta property=\"og:image:type\" content=\"image\/png\" \/>\n<meta name=\"twitter:card\" content=\"summary_large_image\" \/>\n<meta name=\"twitter:label1\" content=\"Est. reading time\" \/>\n\t<meta name=\"twitter:data1\" content=\"2 minutes\" \/>\n<script type=\"application\/ld+json\" class=\"yoast-schema-graph\">{\"@context\":\"https:\\\/\\\/schema.org\",\"@graph\":[{\"@type\":\"WebPage\",\"@id\":\"https:\\\/\\\/centrosabia.org.br\\\/en\\\/audio\\\/para-que-sustentabilidade\\\/\",\"url\":\"https:\\\/\\\/centrosabia.org.br\\\/en\\\/audio\\\/para-que-sustentabilidade\\\/\",\"name\":\"Para qu\u00ea Sustentabilidade? | Cantos do Sabi\u00e1 - Centro de Desenvolvimento Agroecol\u00f3gico Sabi\u00e1\",\"isPartOf\":{\"@id\":\"https:\\\/\\\/centrosabia.org.br\\\/en\\\/#website\"},\"primaryImageOfPage\":{\"@id\":\"https:\\\/\\\/centrosabia.org.br\\\/en\\\/audio\\\/para-que-sustentabilidade\\\/#primaryimage\"},\"image\":{\"@id\":\"https:\\\/\\\/centrosabia.org.br\\\/en\\\/audio\\\/para-que-sustentabilidade\\\/#primaryimage\"},\"thumbnailUrl\":\"https:\\\/\\\/centrosabia.org.br\\\/wp-content\\\/uploads\\\/2022\\\/09\\\/19-CDS_1908_SPOTIFY.png\",\"datePublished\":\"2022-08-22T03:00:00+00:00\",\"dateModified\":\"2024-08-05T17:48:13+00:00\",\"breadcrumb\":{\"@id\":\"https:\\\/\\\/centrosabia.org.br\\\/en\\\/audio\\\/para-que-sustentabilidade\\\/#breadcrumb\"},\"inLanguage\":\"en-US\",\"potentialAction\":[{\"@type\":\"ReadAction\",\"target\":[\"https:\\\/\\\/centrosabia.org.br\\\/en\\\/audio\\\/para-que-sustentabilidade\\\/\"]}]},{\"@type\":\"ImageObject\",\"inLanguage\":\"en-US\",\"@id\":\"https:\\\/\\\/centrosabia.org.br\\\/en\\\/audio\\\/para-que-sustentabilidade\\\/#primaryimage\",\"url\":\"https:\\\/\\\/centrosabia.org.br\\\/wp-content\\\/uploads\\\/2022\\\/09\\\/19-CDS_1908_SPOTIFY.png\",\"contentUrl\":\"https:\\\/\\\/centrosabia.org.br\\\/wp-content\\\/uploads\\\/2022\\\/09\\\/19-CDS_1908_SPOTIFY.png\",\"width\":512,\"height\":288},{\"@type\":\"BreadcrumbList\",\"@id\":\"https:\\\/\\\/centrosabia.org.br\\\/en\\\/audio\\\/para-que-sustentabilidade\\\/#breadcrumb\",\"itemListElement\":[{\"@type\":\"ListItem\",\"position\":1,\"name\":\"In\u00edcio\",\"item\":\"https:\\\/\\\/centrosabia.org.br\\\/en\\\/\"},{\"@type\":\"ListItem\",\"position\":2,\"name\":\"\u00c1udios\",\"item\":\"https:\\\/\\\/centrosabia.org.br\\\/en\\\/audio\\\/\"},{\"@type\":\"ListItem\",\"position\":3,\"name\":\"Para qu\u00ea Sustentabilidade? | Cantos do Sabi\u00e1\"}]},{\"@type\":\"WebSite\",\"@id\":\"https:\\\/\\\/centrosabia.org.br\\\/en\\\/#website\",\"url\":\"https:\\\/\\\/centrosabia.org.br\\\/en\\\/\",\"name\":\"Centro de Desenvolvimento Agroecol\u00f3gico Sabi\u00e1\",\"description\":\"\",\"publisher\":{\"@id\":\"https:\\\/\\\/centrosabia.org.br\\\/en\\\/#organization\"},\"potentialAction\":[{\"@type\":\"SearchAction\",\"target\":{\"@type\":\"EntryPoint\",\"urlTemplate\":\"https:\\\/\\\/centrosabia.org.br\\\/en\\\/?s={search_term_string}\"},\"query-input\":{\"@type\":\"PropertyValueSpecification\",\"valueRequired\":true,\"valueName\":\"search_term_string\"}}],\"inLanguage\":\"en-US\"},{\"@type\":\"Organization\",\"@id\":\"https:\\\/\\\/centrosabia.org.br\\\/en\\\/#organization\",\"name\":\"Centro de Desenvolvimento Agroecol\u00f3gico Sabi\u00e1\",\"url\":\"https:\\\/\\\/centrosabia.org.br\\\/en\\\/\",\"logo\":{\"@type\":\"ImageObject\",\"inLanguage\":\"en-US\",\"@id\":\"https:\\\/\\\/centrosabia.org.br\\\/en\\\/#\\\/schema\\\/logo\\\/image\\\/\",\"url\":\"https:\\\/\\\/centrosabia.org.br\\\/wp-content\\\/uploads\\\/2021\\\/10\\\/logo.png\",\"contentUrl\":\"https:\\\/\\\/centrosabia.org.br\\\/wp-content\\\/uploads\\\/2021\\\/10\\\/logo.png\",\"width\":174,\"height\":84,\"caption\":\"Centro de Desenvolvimento Agroecol\u00f3gico Sabi\u00e1\"},\"image\":{\"@id\":\"https:\\\/\\\/centrosabia.org.br\\\/en\\\/#\\\/schema\\\/logo\\\/image\\\/\"}}]}<\/script>\n<!-- \/ Yoast SEO plugin. -->","yoast_head_json":{"title":"Para qu\u00ea Sustentabilidade? | Cantos do Sabi\u00e1 - Centro de Desenvolvimento Agroecol\u00f3gico Sabi\u00e1","robots":{"index":"index","follow":"follow","max-snippet":"max-snippet:-1","max-image-preview":"max-image-preview:large","max-video-preview":"max-video-preview:-1"},"canonical":"https:\/\/centrosabia.org.br\/en\/audio\/para-que-sustentabilidade\/","og_locale":"en_US","og_type":"article","og_title":"Para qu\u00ea Sustentabilidade? | Cantos do Sabi\u00e1 - Centro de Desenvolvimento Agroecol\u00f3gico Sabi\u00e1","og_url":"https:\/\/centrosabia.org.br\/en\/audio\/para-que-sustentabilidade\/","og_site_name":"Centro de Desenvolvimento Agroecol\u00f3gico Sabi\u00e1","article_modified_time":"2024-08-05T17:48:13+00:00","og_image":[{"width":300,"height":169,"url":"https:\/\/centrosabia.org.br\/wp-content\/uploads\/2022\/09\/19-CDS_1908_SPOTIFY-300x169.png","type":"image\/png"}],"twitter_card":"summary_large_image","twitter_misc":{"Est. reading time":"2 minutes"},"schema":{"@context":"https:\/\/schema.org","@graph":[{"@type":"WebPage","@id":"https:\/\/centrosabia.org.br\/en\/audio\/para-que-sustentabilidade\/","url":"https:\/\/centrosabia.org.br\/en\/audio\/para-que-sustentabilidade\/","name":"Para qu\u00ea Sustentabilidade? | Cantos do Sabi\u00e1 - Centro de Desenvolvimento Agroecol\u00f3gico Sabi\u00e1","isPartOf":{"@id":"https:\/\/centrosabia.org.br\/en\/#website"},"primaryImageOfPage":{"@id":"https:\/\/centrosabia.org.br\/en\/audio\/para-que-sustentabilidade\/#primaryimage"},"image":{"@id":"https:\/\/centrosabia.org.br\/en\/audio\/para-que-sustentabilidade\/#primaryimage"},"thumbnailUrl":"https:\/\/centrosabia.org.br\/wp-content\/uploads\/2022\/09\/19-CDS_1908_SPOTIFY.png","datePublished":"2022-08-22T03:00:00+00:00","dateModified":"2024-08-05T17:48:13+00:00","breadcrumb":{"@id":"https:\/\/centrosabia.org.br\/en\/audio\/para-que-sustentabilidade\/#breadcrumb"},"inLanguage":"en-US","potentialAction":[{"@type":"ReadAction","target":["https:\/\/centrosabia.org.br\/en\/audio\/para-que-sustentabilidade\/"]}]},{"@type":"ImageObject","inLanguage":"en-US","@id":"https:\/\/centrosabia.org.br\/en\/audio\/para-que-sustentabilidade\/#primaryimage","url":"https:\/\/centrosabia.org.br\/wp-content\/uploads\/2022\/09\/19-CDS_1908_SPOTIFY.png","contentUrl":"https:\/\/centrosabia.org.br\/wp-content\/uploads\/2022\/09\/19-CDS_1908_SPOTIFY.png","width":512,"height":288},{"@type":"BreadcrumbList","@id":"https:\/\/centrosabia.org.br\/en\/audio\/para-que-sustentabilidade\/#breadcrumb","itemListElement":[{"@type":"ListItem","position":1,"name":"In\u00edcio","item":"https:\/\/centrosabia.org.br\/en\/"},{"@type":"ListItem","position":2,"name":"\u00c1udios","item":"https:\/\/centrosabia.org.br\/en\/audio\/"},{"@type":"ListItem","position":3,"name":"Para qu\u00ea Sustentabilidade? | Cantos do Sabi\u00e1"}]},{"@type":"WebSite","@id":"https:\/\/centrosabia.org.br\/en\/#website","url":"https:\/\/centrosabia.org.br\/en\/","name":"Centro de Desenvolvimento Agroecol\u00f3gico Sabi\u00e1","description":"","publisher":{"@id":"https:\/\/centrosabia.org.br\/en\/#organization"},"potentialAction":[{"@type":"SearchAction","target":{"@type":"EntryPoint","urlTemplate":"https:\/\/centrosabia.org.br\/en\/?s={search_term_string}"},"query-input":{"@type":"PropertyValueSpecification","valueRequired":true,"valueName":"search_term_string"}}],"inLanguage":"en-US"},{"@type":"Organization","@id":"https:\/\/centrosabia.org.br\/en\/#organization","name":"Centro de Desenvolvimento Agroecol\u00f3gico Sabi\u00e1","url":"https:\/\/centrosabia.org.br\/en\/","logo":{"@type":"ImageObject","inLanguage":"en-US","@id":"https:\/\/centrosabia.org.br\/en\/#\/schema\/logo\/image\/","url":"https:\/\/centrosabia.org.br\/wp-content\/uploads\/2021\/10\/logo.png","contentUrl":"https:\/\/centrosabia.org.br\/wp-content\/uploads\/2021\/10\/logo.png","width":174,"height":84,"caption":"Centro de Desenvolvimento Agroecol\u00f3gico Sabi\u00e1"},"image":{"@id":"https:\/\/centrosabia.org.br\/en\/#\/schema\/logo\/image\/"}}]}},"_links":{"self":[{"href":"https:\/\/centrosabia.org.br\/en\/wp-json\/wp\/v2\/audio\/17188","targetHints":{"allow":["GET"]}}],"collection":[{"href":"https:\/\/centrosabia.org.br\/en\/wp-json\/wp\/v2\/audio"}],"about":[{"href":"https:\/\/centrosabia.org.br\/en\/wp-json\/wp\/v2\/types\/audio"}],"wp:featuredmedia":[{"embeddable":true,"href":"https:\/\/centrosabia.org.br\/en\/wp-json\/wp\/v2\/media\/23435"}],"wp:attachment":[{"href":"https:\/\/centrosabia.org.br\/en\/wp-json\/wp\/v2\/media?parent=17188"}],"wp:term":[{"taxonomy":"tema","embeddable":true,"href":"https:\/\/centrosabia.org.br\/en\/wp-json\/wp\/v2\/tema?post=17188"},{"taxonomy":"decada","embeddable":true,"href":"https:\/\/centrosabia.org.br\/en\/wp-json\/wp\/v2\/decada?post=17188"},{"taxonomy":"curadoria","embeddable":true,"href":"https:\/\/centrosabia.org.br\/en\/wp-json\/wp\/v2\/curadoria?post=17188"}],"curies":[{"name":"wp","href":"https:\/\/api.w.org\/{rel}","templated":true}]}}

Para quê Sustentabilidade? | Cantos do Sabiá

<p>&#x1f3a7; O Cantos do Sabiá desta segunda-feira fala sobre uma pauta muito importante para os debates da agroecologia, do meio ambiente, preservação ambiental e direitos humanos! Esta semana falamos da Sustentabilidade! Afinal, para quê isso? &#x1f332;&#x1f38b;</p>
<p></p>
<p>Apesar do Brasil ser um país rico em natureza, plantas e animais, e também um país consideravelmente verde, o que vivemos hoje em nosso meio ambiente, vai de encontro a tudo que é sustentável: Somos o país do desmatamento, das queimadas, dos retrocessos ambientais e nas leis de proteção à natureza. &#x1f99c;&#x1f331;</p>
<p></p>
<p>O Brasil hoje é o país insustentável. ❌ Que não produz pesquisas, não defende povos indígenas, não recua com o agronegócio nem com o veneno. Regredimos décadas em proteção ambiental.  Afinal, ainda somos um Brasil sustentável? &#x1f4c9;</p>
<p></p>
<p>É para falar destes temas de sustentabilidade e futuro de nosso país que conversamos com Carlos Magno! Ele é mestre em agroecologia e desenvolvimento rural sustentável. &#x1f33e;&#x1f335; Ele também é Coordenador de mobilização social do Centro Sabiá e membro do painel de governança da Plataforma Semiáridos América Latina. &#x1f468;&#x1f3fd;‍&#x1f52c;</p>
<p></p>
<p><a href="https://centrosabia.org.br/tag/cantos-do-sabia/" rel="nofollow">Cantos do Sabiá</a> é o Podcast do Centro Sabiá! Semanalmente discutimos agroecologia, sustentabilidade e política no campo e cidade! O podcast vai ao ar todas às segundas-feiras, com a edição completa da entrevista que originalmente compõem o programa de rádio do Centro. <a href="https://spoti.fi/31VtUj5" rel="nofollow">https://spoti.fi/31VtUj5</a></p>

<!-- This site is optimized with the Yoast SEO plugin v27.4 - https://yoast.com/product/yoast-seo-wordpress/ -->
<title>Para quê Sustentabilidade? | Cantos do Sabiá - Centro de Desenvolvimento Agroecológico Sabiá</title>
<meta name="robots" content="index, follow, max-snippet:-1, max-image-preview:large, max-video-preview:-1" />
<link rel="canonical" href="https://centrosabia.org.br/en/audio/para-que-sustentabilidade/" />
<meta property="og:locale" content="en_US" />
<meta property="og:type" content="article" />
<meta property="og:title" content="Para quê Sustentabilidade? | Cantos do Sabiá - Centro de Desenvolvimento Agroecológico Sabiá" />
<meta property="og:url" content="https://centrosabia.org.br/en/audio/para-que-sustentabilidade/" />
<meta property="og:site_name" content="Centro de Desenvolvimento Agroecológico Sabiá" />
<meta property="article:modified_time" content="2024-08-05T17:48:13+00:00" />
<meta property="og:image" content="https://centrosabia.org.br/wp-content/uploads/2022/09/19-CDS_1908_SPOTIFY-300x169.png" />
	<meta property="og:image:width" content="300" />
	<meta property="og:image:height" content="169" />
	<meta property="og:image:type" content="image/png" />
<meta name="twitter:card" content="summary_large_image" />
<meta name="twitter:label1" content="Est. reading time" />
	<meta name="twitter:data1" content="2 minutes" />
<script type="application/ld+json" class="yoast-schema-graph">{"@context":"https:\/\/schema.org","@graph":[{"@type":"WebPage","@id":"https:\/\/centrosabia.org.br\/en\/audio\/para-que-sustentabilidade\/","url":"https:\/\/centrosabia.org.br\/en\/audio\/para-que-sustentabilidade\/","name":"Para quê Sustentabilidade? | Cantos do Sabiá - Centro de Desenvolvimento Agroecológico Sabiá","isPartOf":{"@id":"https:\/\/centrosabia.org.br\/en\/#website"},"primaryImageOfPage":{"@id":"https:\/\/centrosabia.org.br\/en\/audio\/para-que-sustentabilidade\/#primaryimage"},"image":{"@id":"https:\/\/centrosabia.org.br\/en\/audio\/para-que-sustentabilidade\/#primaryimage"},"thumbnailUrl":"https:\/\/centrosabia.org.br\/wp-content\/uploads\/2022\/09\/19-CDS_1908_SPOTIFY.png","datePublished":"2022-08-22T03:00:00+00:00","dateModified":"2024-08-05T17:48:13+00:00","breadcrumb":{"@id":"https:\/\/centrosabia.org.br\/en\/audio\/para-que-sustentabilidade\/#breadcrumb"},"inLanguage":"en-US","potentialAction":[{"@type":"ReadAction","target":["https:\/\/centrosabia.org.br\/en\/audio\/para-que-sustentabilidade\/"]}]},{"@type":"ImageObject","inLanguage":"en-US","@id":"https:\/\/centrosabia.org.br\/en\/audio\/para-que-sustentabilidade\/#primaryimage","url":"https:\/\/centrosabia.org.br\/wp-content\/uploads\/2022\/09\/19-CDS_1908_SPOTIFY.png","contentUrl":"https:\/\/centrosabia.org.br\/wp-content\/uploads\/2022\/09\/19-CDS_1908_SPOTIFY.png","width":512,"height":288},{"@type":"BreadcrumbList","@id":"https:\/\/centrosabia.org.br\/en\/audio\/para-que-sustentabilidade\/#breadcrumb","itemListElement":[{"@type":"ListItem","position":1,"name":"Início","item":"https:\/\/centrosabia.org.br\/en\/"},{"@type":"ListItem","position":2,"name":"Áudios","item":"https:\/\/centrosabia.org.br\/en\/audio\/"},{"@type":"ListItem","position":3,"name":"Para quê Sustentabilidade? | Cantos do Sabiá"}]},{"@type":"WebSite","@id":"https:\/\/centrosabia.org.br\/en\/#website","url":"https:\/\/centrosabia.org.br\/en\/","name":"Centro de Desenvolvimento Agroecológico Sabiá","description":"","publisher":{"@id":"https:\/\/centrosabia.org.br\/en\/#organization"},"potentialAction":[{"@type":"SearchAction","target":{"@type":"EntryPoint","urlTemplate":"https:\/\/centrosabia.org.br\/en\/?s={search_term_string}"},"query-input":{"@type":"PropertyValueSpecification","valueRequired":true,"valueName":"search_term_string"}}],"inLanguage":"en-US"},{"@type":"Organization","@id":"https:\/\/centrosabia.org.br\/en\/#organization","name":"Centro de Desenvolvimento Agroecológico Sabiá","url":"https:\/\/centrosabia.org.br\/en\/","logo":{"@type":"ImageObject","inLanguage":"en-US","@id":"https:\/\/centrosabia.org.br\/en\/#\/schema\/logo\/image\/","url":"https:\/\/centrosabia.org.br\/wp-content\/uploads\/2021\/10\/logo.png","contentUrl":"https:\/\/centrosabia.org.br\/wp-content\/uploads\/2021\/10\/logo.png","width":174,"height":84,"caption":"Centro de Desenvolvimento Agroecológico Sabiá"},"image":{"@id":"https:\/\/centrosabia.org.br\/en\/#\/schema\/logo\/image\/"}}]}</script>
<!-- / Yoast SEO plugin. -->

Para quê Sustentabilidade? | Cantos do Sabiá - Centro de Desenvolvimento Agroecológico Sabiá

Centro de Desenvolvimento Agroecológico Sabiá

Início

Áudios
