{"id":17216,"date":"2022-07-18T00:00:00","date_gmt":"2022-07-18T03:00:00","guid":{"rendered":"https:\/\/centrosabia.org.br\/audio\/protecao-as-florestas-no-governo-do-desmatamento\/"},"modified":"2024-08-05T15:18:25","modified_gmt":"2024-08-05T18:18:25","slug":"protecao-as-florestas-no-governo-do-desmatamento","status":"publish","type":"audio","link":"https:\/\/centrosabia.org.br\/en\/audio\/protecao-as-florestas-no-governo-do-desmatamento\/","title":{"rendered":"Prote\u00e7\u00e3o \u00e0s Florestas no Governo do Desmatamento | Cantos do Sabi\u00e1"},"content":{"rendered":"<p>&#x1f3a7; Esta semana o Cantos do Sabi\u00e1, nosso podcast semanal, fala sobre o dia 17 de julho, o Dia de Prote\u00e7\u00e3o \u00e0s Florestas. Uma importante data para discutir preserva\u00e7\u00e3o ambiental, compromisso com a defesa da fauna e flora!<\/p>\n<p><\/p>\n<p><\/p>\n<p><\/p>\n<p>Infelizmente, o Brasil hoje \u00e9 o pa\u00eds do Desmatamento. Dados do Instituto de Pesquisas Espaciais apontam que o primeiro trimestre de 2022 acumula o maior n\u00edvel de alertas de desmatamento da hist\u00f3ria de nosso pa\u00eds: S\u00e3o mais de 940 KM\u00b2 de terras desmatadas. Vivemos em meio a pol\u00edticas de desmatamento, destrui\u00e7\u00e3o ambiental, e em um mundo que vive os efeitos ca\u00f3ticos do aquecimento global.<\/p>\n<p><\/p>\n<p><\/p>\n<p><\/p>\n<p>\u00c9 para falar da import\u00e2ncia da preserva\u00e7\u00e3o das florestas, e sobre o futuro de nosso pa\u00eds, que convidamos ao nosso podcast a engenheira florestal e especialista em ecologia &#8211; Isabelle Meunier! Ela \u00e9 doutora em ci\u00eancias florestais.<\/p>\n<p><\/p>\n<p><\/p>\n<p><\/p>\n<p>&#x1f333; Defenda a Agroecologia! Apoie o Centro Sabi\u00e1 aqui:<\/p>\n<p><\/p>\n<p><a href=\"https:\/\/centrosabia.org.br\/doe\/\" rel=\"nofollow\">https:\/\/centrosabia.org.br\/doe\/<\/a>\u00a0<\/p>\n<p><\/p>\n<p><\/p>\n","protected":false},"featured_media":23463,"template":"","meta":{"_acf_changed":false,"ano":2022},"tema":[2521,2509,2518],"decada":[2502],"curadoria":[],"class_list":["post-17216","audio","type-audio","status-publish","has-post-thumbnail","hentry","tema-agrofloresta","tema-politica","tema-sustentabilidade","decada-2502"],"blocksy_meta":[],"acf":{"imagem_de_cobertura":""},"yoast_head":"<!-- This site is optimized with the Yoast SEO plugin v27.4 - https:\/\/yoast.com\/product\/yoast-seo-wordpress\/ -->\n<title>Prote\u00e7\u00e3o \u00e0s Florestas no Governo do Desmatamento | Cantos do Sabi\u00e1 - Centro de Desenvolvimento Agroecol\u00f3gico Sabi\u00e1<\/title>\n<meta name=\"robots\" content=\"index, follow, max-snippet:-1, max-image-preview:large, max-video-preview:-1\" \/>\n<link rel=\"canonical\" href=\"https:\/\/centrosabia.org.br\/en\/audio\/protecao-as-florestas-no-governo-do-desmatamento\/\" \/>\n<meta property=\"og:locale\" content=\"en_US\" \/>\n<meta property=\"og:type\" content=\"article\" \/>\n<meta property=\"og:title\" content=\"Prote\u00e7\u00e3o \u00e0s Florestas no Governo do Desmatamento | Cantos do Sabi\u00e1 - Centro de Desenvolvimento Agroecol\u00f3gico Sabi\u00e1\" \/>\n<meta property=\"og:url\" content=\"https:\/\/centrosabia.org.br\/en\/audio\/protecao-as-florestas-no-governo-do-desmatamento\/\" \/>\n<meta property=\"og:site_name\" content=\"Centro de Desenvolvimento Agroecol\u00f3gico Sabi\u00e1\" \/>\n<meta property=\"article:modified_time\" content=\"2024-08-05T18:18:25+00:00\" \/>\n<meta property=\"og:image\" content=\"https:\/\/centrosabia.org.br\/wp-content\/uploads\/2022\/07\/24-CDS_1507_spotify-300x169.png\" \/>\n\t<meta property=\"og:image:width\" content=\"300\" \/>\n\t<meta property=\"og:image:height\" content=\"169\" \/>\n\t<meta property=\"og:image:type\" content=\"image\/png\" \/>\n<meta name=\"twitter:card\" content=\"summary_large_image\" \/>\n<meta name=\"twitter:label1\" content=\"Est. reading time\" \/>\n\t<meta name=\"twitter:data1\" content=\"2 minutes\" \/>\n<script type=\"application\/ld+json\" class=\"yoast-schema-graph\">{\"@context\":\"https:\\\/\\\/schema.org\",\"@graph\":[{\"@type\":\"WebPage\",\"@id\":\"https:\\\/\\\/centrosabia.org.br\\\/en\\\/audio\\\/protecao-as-florestas-no-governo-do-desmatamento\\\/\",\"url\":\"https:\\\/\\\/centrosabia.org.br\\\/en\\\/audio\\\/protecao-as-florestas-no-governo-do-desmatamento\\\/\",\"name\":\"Prote\u00e7\u00e3o \u00e0s Florestas no Governo do Desmatamento | Cantos do Sabi\u00e1 - Centro de Desenvolvimento Agroecol\u00f3gico Sabi\u00e1\",\"isPartOf\":{\"@id\":\"https:\\\/\\\/centrosabia.org.br\\\/en\\\/#website\"},\"primaryImageOfPage\":{\"@id\":\"https:\\\/\\\/centrosabia.org.br\\\/en\\\/audio\\\/protecao-as-florestas-no-governo-do-desmatamento\\\/#primaryimage\"},\"image\":{\"@id\":\"https:\\\/\\\/centrosabia.org.br\\\/en\\\/audio\\\/protecao-as-florestas-no-governo-do-desmatamento\\\/#primaryimage\"},\"thumbnailUrl\":\"https:\\\/\\\/centrosabia.org.br\\\/wp-content\\\/uploads\\\/2022\\\/07\\\/24-CDS_1507_spotify.png\",\"datePublished\":\"2022-07-18T03:00:00+00:00\",\"dateModified\":\"2024-08-05T18:18:25+00:00\",\"breadcrumb\":{\"@id\":\"https:\\\/\\\/centrosabia.org.br\\\/en\\\/audio\\\/protecao-as-florestas-no-governo-do-desmatamento\\\/#breadcrumb\"},\"inLanguage\":\"en-US\",\"potentialAction\":[{\"@type\":\"ReadAction\",\"target\":[\"https:\\\/\\\/centrosabia.org.br\\\/en\\\/audio\\\/protecao-as-florestas-no-governo-do-desmatamento\\\/\"]}]},{\"@type\":\"ImageObject\",\"inLanguage\":\"en-US\",\"@id\":\"https:\\\/\\\/centrosabia.org.br\\\/en\\\/audio\\\/protecao-as-florestas-no-governo-do-desmatamento\\\/#primaryimage\",\"url\":\"https:\\\/\\\/centrosabia.org.br\\\/wp-content\\\/uploads\\\/2022\\\/07\\\/24-CDS_1507_spotify.png\",\"contentUrl\":\"https:\\\/\\\/centrosabia.org.br\\\/wp-content\\\/uploads\\\/2022\\\/07\\\/24-CDS_1507_spotify.png\",\"width\":512,\"height\":288},{\"@type\":\"BreadcrumbList\",\"@id\":\"https:\\\/\\\/centrosabia.org.br\\\/en\\\/audio\\\/protecao-as-florestas-no-governo-do-desmatamento\\\/#breadcrumb\",\"itemListElement\":[{\"@type\":\"ListItem\",\"position\":1,\"name\":\"In\u00edcio\",\"item\":\"https:\\\/\\\/centrosabia.org.br\\\/en\\\/\"},{\"@type\":\"ListItem\",\"position\":2,\"name\":\"\u00c1udios\",\"item\":\"https:\\\/\\\/centrosabia.org.br\\\/en\\\/audio\\\/\"},{\"@type\":\"ListItem\",\"position\":3,\"name\":\"Prote\u00e7\u00e3o \u00e0s Florestas no Governo do Desmatamento | Cantos do Sabi\u00e1\"}]},{\"@type\":\"WebSite\",\"@id\":\"https:\\\/\\\/centrosabia.org.br\\\/en\\\/#website\",\"url\":\"https:\\\/\\\/centrosabia.org.br\\\/en\\\/\",\"name\":\"Centro de Desenvolvimento Agroecol\u00f3gico Sabi\u00e1\",\"description\":\"\",\"publisher\":{\"@id\":\"https:\\\/\\\/centrosabia.org.br\\\/en\\\/#organization\"},\"potentialAction\":[{\"@type\":\"SearchAction\",\"target\":{\"@type\":\"EntryPoint\",\"urlTemplate\":\"https:\\\/\\\/centrosabia.org.br\\\/en\\\/?s={search_term_string}\"},\"query-input\":{\"@type\":\"PropertyValueSpecification\",\"valueRequired\":true,\"valueName\":\"search_term_string\"}}],\"inLanguage\":\"en-US\"},{\"@type\":\"Organization\",\"@id\":\"https:\\\/\\\/centrosabia.org.br\\\/en\\\/#organization\",\"name\":\"Centro de Desenvolvimento Agroecol\u00f3gico Sabi\u00e1\",\"url\":\"https:\\\/\\\/centrosabia.org.br\\\/en\\\/\",\"logo\":{\"@type\":\"ImageObject\",\"inLanguage\":\"en-US\",\"@id\":\"https:\\\/\\\/centrosabia.org.br\\\/en\\\/#\\\/schema\\\/logo\\\/image\\\/\",\"url\":\"https:\\\/\\\/centrosabia.org.br\\\/wp-content\\\/uploads\\\/2021\\\/10\\\/logo.png\",\"contentUrl\":\"https:\\\/\\\/centrosabia.org.br\\\/wp-content\\\/uploads\\\/2021\\\/10\\\/logo.png\",\"width\":174,\"height\":84,\"caption\":\"Centro de Desenvolvimento Agroecol\u00f3gico Sabi\u00e1\"},\"image\":{\"@id\":\"https:\\\/\\\/centrosabia.org.br\\\/en\\\/#\\\/schema\\\/logo\\\/image\\\/\"}}]}<\/script>\n<!-- \/ Yoast SEO plugin. -->","yoast_head_json":{"title":"Prote\u00e7\u00e3o \u00e0s Florestas no Governo do Desmatamento | Cantos do Sabi\u00e1 - Centro de Desenvolvimento Agroecol\u00f3gico Sabi\u00e1","robots":{"index":"index","follow":"follow","max-snippet":"max-snippet:-1","max-image-preview":"max-image-preview:large","max-video-preview":"max-video-preview:-1"},"canonical":"https:\/\/centrosabia.org.br\/en\/audio\/protecao-as-florestas-no-governo-do-desmatamento\/","og_locale":"en_US","og_type":"article","og_title":"Prote\u00e7\u00e3o \u00e0s Florestas no Governo do Desmatamento | Cantos do Sabi\u00e1 - Centro de Desenvolvimento Agroecol\u00f3gico Sabi\u00e1","og_url":"https:\/\/centrosabia.org.br\/en\/audio\/protecao-as-florestas-no-governo-do-desmatamento\/","og_site_name":"Centro de Desenvolvimento Agroecol\u00f3gico Sabi\u00e1","article_modified_time":"2024-08-05T18:18:25+00:00","og_image":[{"width":300,"height":169,"url":"https:\/\/centrosabia.org.br\/wp-content\/uploads\/2022\/07\/24-CDS_1507_spotify-300x169.png","type":"image\/png"}],"twitter_card":"summary_large_image","twitter_misc":{"Est. reading time":"2 minutes"},"schema":{"@context":"https:\/\/schema.org","@graph":[{"@type":"WebPage","@id":"https:\/\/centrosabia.org.br\/en\/audio\/protecao-as-florestas-no-governo-do-desmatamento\/","url":"https:\/\/centrosabia.org.br\/en\/audio\/protecao-as-florestas-no-governo-do-desmatamento\/","name":"Prote\u00e7\u00e3o \u00e0s Florestas no Governo do Desmatamento | Cantos do Sabi\u00e1 - Centro de Desenvolvimento Agroecol\u00f3gico Sabi\u00e1","isPartOf":{"@id":"https:\/\/centrosabia.org.br\/en\/#website"},"primaryImageOfPage":{"@id":"https:\/\/centrosabia.org.br\/en\/audio\/protecao-as-florestas-no-governo-do-desmatamento\/#primaryimage"},"image":{"@id":"https:\/\/centrosabia.org.br\/en\/audio\/protecao-as-florestas-no-governo-do-desmatamento\/#primaryimage"},"thumbnailUrl":"https:\/\/centrosabia.org.br\/wp-content\/uploads\/2022\/07\/24-CDS_1507_spotify.png","datePublished":"2022-07-18T03:00:00+00:00","dateModified":"2024-08-05T18:18:25+00:00","breadcrumb":{"@id":"https:\/\/centrosabia.org.br\/en\/audio\/protecao-as-florestas-no-governo-do-desmatamento\/#breadcrumb"},"inLanguage":"en-US","potentialAction":[{"@type":"ReadAction","target":["https:\/\/centrosabia.org.br\/en\/audio\/protecao-as-florestas-no-governo-do-desmatamento\/"]}]},{"@type":"ImageObject","inLanguage":"en-US","@id":"https:\/\/centrosabia.org.br\/en\/audio\/protecao-as-florestas-no-governo-do-desmatamento\/#primaryimage","url":"https:\/\/centrosabia.org.br\/wp-content\/uploads\/2022\/07\/24-CDS_1507_spotify.png","contentUrl":"https:\/\/centrosabia.org.br\/wp-content\/uploads\/2022\/07\/24-CDS_1507_spotify.png","width":512,"height":288},{"@type":"BreadcrumbList","@id":"https:\/\/centrosabia.org.br\/en\/audio\/protecao-as-florestas-no-governo-do-desmatamento\/#breadcrumb","itemListElement":[{"@type":"ListItem","position":1,"name":"In\u00edcio","item":"https:\/\/centrosabia.org.br\/en\/"},{"@type":"ListItem","position":2,"name":"\u00c1udios","item":"https:\/\/centrosabia.org.br\/en\/audio\/"},{"@type":"ListItem","position":3,"name":"Prote\u00e7\u00e3o \u00e0s Florestas no Governo do Desmatamento | Cantos do Sabi\u00e1"}]},{"@type":"WebSite","@id":"https:\/\/centrosabia.org.br\/en\/#website","url":"https:\/\/centrosabia.org.br\/en\/","name":"Centro de Desenvolvimento Agroecol\u00f3gico Sabi\u00e1","description":"","publisher":{"@id":"https:\/\/centrosabia.org.br\/en\/#organization"},"potentialAction":[{"@type":"SearchAction","target":{"@type":"EntryPoint","urlTemplate":"https:\/\/centrosabia.org.br\/en\/?s={search_term_string}"},"query-input":{"@type":"PropertyValueSpecification","valueRequired":true,"valueName":"search_term_string"}}],"inLanguage":"en-US"},{"@type":"Organization","@id":"https:\/\/centrosabia.org.br\/en\/#organization","name":"Centro de Desenvolvimento Agroecol\u00f3gico Sabi\u00e1","url":"https:\/\/centrosabia.org.br\/en\/","logo":{"@type":"ImageObject","inLanguage":"en-US","@id":"https:\/\/centrosabia.org.br\/en\/#\/schema\/logo\/image\/","url":"https:\/\/centrosabia.org.br\/wp-content\/uploads\/2021\/10\/logo.png","contentUrl":"https:\/\/centrosabia.org.br\/wp-content\/uploads\/2021\/10\/logo.png","width":174,"height":84,"caption":"Centro de Desenvolvimento Agroecol\u00f3gico Sabi\u00e1"},"image":{"@id":"https:\/\/centrosabia.org.br\/en\/#\/schema\/logo\/image\/"}}]}},"_links":{"self":[{"href":"https:\/\/centrosabia.org.br\/en\/wp-json\/wp\/v2\/audio\/17216","targetHints":{"allow":["GET"]}}],"collection":[{"href":"https:\/\/centrosabia.org.br\/en\/wp-json\/wp\/v2\/audio"}],"about":[{"href":"https:\/\/centrosabia.org.br\/en\/wp-json\/wp\/v2\/types\/audio"}],"wp:featuredmedia":[{"embeddable":true,"href":"https:\/\/centrosabia.org.br\/en\/wp-json\/wp\/v2\/media\/23463"}],"wp:attachment":[{"href":"https:\/\/centrosabia.org.br\/en\/wp-json\/wp\/v2\/media?parent=17216"}],"wp:term":[{"taxonomy":"tema","embeddable":true,"href":"https:\/\/centrosabia.org.br\/en\/wp-json\/wp\/v2\/tema?post=17216"},{"taxonomy":"decada","embeddable":true,"href":"https:\/\/centrosabia.org.br\/en\/wp-json\/wp\/v2\/decada?post=17216"},{"taxonomy":"curadoria","embeddable":true,"href":"https:\/\/centrosabia.org.br\/en\/wp-json\/wp\/v2\/curadoria?post=17216"}],"curies":[{"name":"wp","href":"https:\/\/api.w.org\/{rel}","templated":true}]}}

Proteção às Florestas no Governo do Desmatamento | Cantos do Sabiá

<p>&#x1f3a7; Esta semana o Cantos do Sabiá, nosso podcast semanal, fala sobre o dia 17 de julho, o Dia de Proteção às Florestas. Uma importante data para discutir preservação ambiental, compromisso com a defesa da fauna e flora!</p>
<p></p>
<p></p>
<p></p>
<p>Infelizmente, o Brasil hoje é o país do Desmatamento. Dados do Instituto de Pesquisas Espaciais apontam que o primeiro trimestre de 2022 acumula o maior nível de alertas de desmatamento da história de nosso país: São mais de 940 KM² de terras desmatadas. Vivemos em meio a políticas de desmatamento, destruição ambiental, e em um mundo que vive os efeitos caóticos do aquecimento global.</p>
<p></p>
<p></p>
<p></p>
<p>É para falar da importância da preservação das florestas, e sobre o futuro de nosso país, que convidamos ao nosso podcast a engenheira florestal e especialista em ecologia &#8211; Isabelle Meunier! Ela é doutora em ciências florestais.</p>
<p></p>
<p></p>
<p></p>
<p>&#x1f333; Defenda a Agroecologia! Apoie o Centro Sabiá aqui:</p>
<p></p>
<p><a href="https://centrosabia.org.br/doe/" rel="nofollow">https://centrosabia.org.br/doe/</a> </p>
<p></p>
<p></p>

<!-- This site is optimized with the Yoast SEO plugin v27.4 - https://yoast.com/product/yoast-seo-wordpress/ -->
<title>Proteção às Florestas no Governo do Desmatamento | Cantos do Sabiá - Centro de Desenvolvimento Agroecológico Sabiá</title>
<meta name="robots" content="index, follow, max-snippet:-1, max-image-preview:large, max-video-preview:-1" />
<link rel="canonical" href="https://centrosabia.org.br/en/audio/protecao-as-florestas-no-governo-do-desmatamento/" />
<meta property="og:locale" content="en_US" />
<meta property="og:type" content="article" />
<meta property="og:title" content="Proteção às Florestas no Governo do Desmatamento | Cantos do Sabiá - Centro de Desenvolvimento Agroecológico Sabiá" />
<meta property="og:url" content="https://centrosabia.org.br/en/audio/protecao-as-florestas-no-governo-do-desmatamento/" />
<meta property="og:site_name" content="Centro de Desenvolvimento Agroecológico Sabiá" />
<meta property="article:modified_time" content="2024-08-05T18:18:25+00:00" />
<meta property="og:image" content="https://centrosabia.org.br/wp-content/uploads/2022/07/24-CDS_1507_spotify-300x169.png" />
	<meta property="og:image:width" content="300" />
	<meta property="og:image:height" content="169" />
	<meta property="og:image:type" content="image/png" />
<meta name="twitter:card" content="summary_large_image" />
<meta name="twitter:label1" content="Est. reading time" />
	<meta name="twitter:data1" content="2 minutes" />
<script type="application/ld+json" class="yoast-schema-graph">{"@context":"https:\/\/schema.org","@graph":[{"@type":"WebPage","@id":"https:\/\/centrosabia.org.br\/en\/audio\/protecao-as-florestas-no-governo-do-desmatamento\/","url":"https:\/\/centrosabia.org.br\/en\/audio\/protecao-as-florestas-no-governo-do-desmatamento\/","name":"Proteção às Florestas no Governo do Desmatamento | Cantos do Sabiá - Centro de Desenvolvimento Agroecológico Sabiá","isPartOf":{"@id":"https:\/\/centrosabia.org.br\/en\/#website"},"primaryImageOfPage":{"@id":"https:\/\/centrosabia.org.br\/en\/audio\/protecao-as-florestas-no-governo-do-desmatamento\/#primaryimage"},"image":{"@id":"https:\/\/centrosabia.org.br\/en\/audio\/protecao-as-florestas-no-governo-do-desmatamento\/#primaryimage"},"thumbnailUrl":"https:\/\/centrosabia.org.br\/wp-content\/uploads\/2022\/07\/24-CDS_1507_spotify.png","datePublished":"2022-07-18T03:00:00+00:00","dateModified":"2024-08-05T18:18:25+00:00","breadcrumb":{"@id":"https:\/\/centrosabia.org.br\/en\/audio\/protecao-as-florestas-no-governo-do-desmatamento\/#breadcrumb"},"inLanguage":"en-US","potentialAction":[{"@type":"ReadAction","target":["https:\/\/centrosabia.org.br\/en\/audio\/protecao-as-florestas-no-governo-do-desmatamento\/"]}]},{"@type":"ImageObject","inLanguage":"en-US","@id":"https:\/\/centrosabia.org.br\/en\/audio\/protecao-as-florestas-no-governo-do-desmatamento\/#primaryimage","url":"https:\/\/centrosabia.org.br\/wp-content\/uploads\/2022\/07\/24-CDS_1507_spotify.png","contentUrl":"https:\/\/centrosabia.org.br\/wp-content\/uploads\/2022\/07\/24-CDS_1507_spotify.png","width":512,"height":288},{"@type":"BreadcrumbList","@id":"https:\/\/centrosabia.org.br\/en\/audio\/protecao-as-florestas-no-governo-do-desmatamento\/#breadcrumb","itemListElement":[{"@type":"ListItem","position":1,"name":"Início","item":"https:\/\/centrosabia.org.br\/en\/"},{"@type":"ListItem","position":2,"name":"Áudios","item":"https:\/\/centrosabia.org.br\/en\/audio\/"},{"@type":"ListItem","position":3,"name":"Proteção às Florestas no Governo do Desmatamento | Cantos do Sabiá"}]},{"@type":"WebSite","@id":"https:\/\/centrosabia.org.br\/en\/#website","url":"https:\/\/centrosabia.org.br\/en\/","name":"Centro de Desenvolvimento Agroecológico Sabiá","description":"","publisher":{"@id":"https:\/\/centrosabia.org.br\/en\/#organization"},"potentialAction":[{"@type":"SearchAction","target":{"@type":"EntryPoint","urlTemplate":"https:\/\/centrosabia.org.br\/en\/?s={search_term_string}"},"query-input":{"@type":"PropertyValueSpecification","valueRequired":true,"valueName":"search_term_string"}}],"inLanguage":"en-US"},{"@type":"Organization","@id":"https:\/\/centrosabia.org.br\/en\/#organization","name":"Centro de Desenvolvimento Agroecológico Sabiá","url":"https:\/\/centrosabia.org.br\/en\/","logo":{"@type":"ImageObject","inLanguage":"en-US","@id":"https:\/\/centrosabia.org.br\/en\/#\/schema\/logo\/image\/","url":"https:\/\/centrosabia.org.br\/wp-content\/uploads\/2021\/10\/logo.png","contentUrl":"https:\/\/centrosabia.org.br\/wp-content\/uploads\/2021\/10\/logo.png","width":174,"height":84,"caption":"Centro de Desenvolvimento Agroecológico Sabiá"},"image":{"@id":"https:\/\/centrosabia.org.br\/en\/#\/schema\/logo\/image\/"}}]}</script>
<!-- / Yoast SEO plugin. -->

Proteção às Florestas no Governo do Desmatamento | Cantos do Sabiá - Centro de Desenvolvimento Agroecológico Sabiá

Centro de Desenvolvimento Agroecológico Sabiá

Início

Áudios
