{"id":17232,"date":"2022-06-13T00:00:00","date_gmt":"2022-06-13T03:00:00","guid":{"rendered":"https:\/\/centrosabia.org.br\/audio\/combate-a-desertificacao-e-mudancas-climaticas\/"},"modified":"2024-08-05T15:25:07","modified_gmt":"2024-08-05T18:25:07","slug":"combate-a-desertificacao-e-mudancas-climaticas","status":"publish","type":"audio","link":"https:\/\/centrosabia.org.br\/en\/audio\/combate-a-desertificacao-e-mudancas-climaticas\/","title":{"rendered":"Combate \u00e0 Desertifica\u00e7\u00e3o e Mudan\u00e7as Clim\u00e1ticas | Cantos do Sabi\u00e1"},"content":{"rendered":"<p>&#x1f3a7; Esta semana o Cantos do Sabi\u00e1 fala sobre o combate \u00e0 Desertifica\u00e7\u00e3o! Falamos sobre o dia 17 de Junho, o Dia Mundial de Combate \u00e0 Desertifica\u00e7\u00e3o! &#x1f3dc; Uma importante data para discutir problemas reais e muito atuais do nosso mundo: O planeta est\u00e1 aquecendo! \u2600 E isso significa que as mudan\u00e7as clim\u00e1ticas est\u00e3o cada vez mais velozes e violentas. E isso influencia muito nos biomas, meio ambiente e na biodiversidade! &#x1f335;<\/p>\n<p><\/p>\n<p>Por isso que o dia 17 de Junho foi institu\u00eddo pela ONU (Organiza\u00e7\u00e3o das Na\u00e7\u00f5es Unidas) como o Dia Mundial de Combate \u00e0 Desertifica\u00e7\u00e3o. Uma data para discutir a crescente desertifica\u00e7\u00e3o de nossos biomas, e tamb\u00e9m para discutir formas de defender a nossa rica fauna e flora global! Precisamos defender o planeta; precisamos combater a Desertifica\u00e7\u00e3o! &#x1f335;<\/p>\n<p><\/p>\n<p>\u00c9 para falar sobre o assunto que hoje convidamos Clerison Bel\u00e9m para o Cantos do Sabi\u00e1! Clerison \u00e9 formado em Zootecnia pela Univasf e \u00e9 mestre em ci\u00eancia animal. Atualmente ele \u00e9 o coordenador Institucional do Instituto Regional da Pequena Agropecu\u00e1ria Apropriada &#8211; IRPAA! &#x1f335;<\/p>\n","protected":false},"featured_media":23475,"template":"","meta":{"_acf_changed":false,"ano":2022},"tema":[2560,2535,2539],"decada":[2502],"curadoria":[],"class_list":["post-17232","audio","type-audio","status-publish","has-post-thumbnail","hentry","tema-combate-a-desertificacao","tema-convivencia-com-semiarido","tema-mudancas-climaticas","decada-2502"],"blocksy_meta":[],"acf":{"imagem_de_cobertura":""},"yoast_head":"<!-- This site is optimized with the Yoast SEO plugin v27.4 - https:\/\/yoast.com\/product\/yoast-seo-wordpress\/ -->\n<title>Combate \u00e0 Desertifica\u00e7\u00e3o e Mudan\u00e7as Clim\u00e1ticas | Cantos do Sabi\u00e1 - Centro de Desenvolvimento Agroecol\u00f3gico Sabi\u00e1<\/title>\n<meta name=\"robots\" content=\"index, follow, max-snippet:-1, max-image-preview:large, max-video-preview:-1\" \/>\n<link rel=\"canonical\" href=\"https:\/\/centrosabia.org.br\/en\/audio\/combate-a-desertificacao-e-mudancas-climaticas\/\" \/>\n<meta property=\"og:locale\" content=\"en_US\" \/>\n<meta property=\"og:type\" content=\"article\" \/>\n<meta property=\"og:title\" content=\"Combate \u00e0 Desertifica\u00e7\u00e3o e Mudan\u00e7as Clim\u00e1ticas | Cantos do Sabi\u00e1 - Centro de Desenvolvimento Agroecol\u00f3gico Sabi\u00e1\" \/>\n<meta property=\"og:url\" content=\"https:\/\/centrosabia.org.br\/en\/audio\/combate-a-desertificacao-e-mudancas-climaticas\/\" \/>\n<meta property=\"og:site_name\" content=\"Centro de Desenvolvimento Agroecol\u00f3gico Sabi\u00e1\" \/>\n<meta property=\"article:modified_time\" content=\"2024-08-05T18:25:07+00:00\" \/>\n<meta property=\"og:image\" content=\"https:\/\/centrosabia.org.br\/wp-content\/uploads\/2022\/07\/28-CDS_1006_card-300x169.png\" \/>\n\t<meta property=\"og:image:width\" content=\"300\" \/>\n\t<meta property=\"og:image:height\" content=\"169\" \/>\n\t<meta property=\"og:image:type\" content=\"image\/png\" \/>\n<meta name=\"twitter:card\" content=\"summary_large_image\" \/>\n<meta name=\"twitter:label1\" content=\"Est. reading time\" \/>\n\t<meta name=\"twitter:data1\" content=\"2 minutes\" \/>\n<script type=\"application\/ld+json\" class=\"yoast-schema-graph\">{\"@context\":\"https:\\\/\\\/schema.org\",\"@graph\":[{\"@type\":\"WebPage\",\"@id\":\"https:\\\/\\\/centrosabia.org.br\\\/en\\\/audio\\\/combate-a-desertificacao-e-mudancas-climaticas\\\/\",\"url\":\"https:\\\/\\\/centrosabia.org.br\\\/en\\\/audio\\\/combate-a-desertificacao-e-mudancas-climaticas\\\/\",\"name\":\"Combate \u00e0 Desertifica\u00e7\u00e3o e Mudan\u00e7as Clim\u00e1ticas | Cantos do Sabi\u00e1 - Centro de Desenvolvimento Agroecol\u00f3gico Sabi\u00e1\",\"isPartOf\":{\"@id\":\"https:\\\/\\\/centrosabia.org.br\\\/en\\\/#website\"},\"primaryImageOfPage\":{\"@id\":\"https:\\\/\\\/centrosabia.org.br\\\/en\\\/audio\\\/combate-a-desertificacao-e-mudancas-climaticas\\\/#primaryimage\"},\"image\":{\"@id\":\"https:\\\/\\\/centrosabia.org.br\\\/en\\\/audio\\\/combate-a-desertificacao-e-mudancas-climaticas\\\/#primaryimage\"},\"thumbnailUrl\":\"https:\\\/\\\/centrosabia.org.br\\\/wp-content\\\/uploads\\\/2022\\\/07\\\/28-CDS_1006_card.png\",\"datePublished\":\"2022-06-13T03:00:00+00:00\",\"dateModified\":\"2024-08-05T18:25:07+00:00\",\"breadcrumb\":{\"@id\":\"https:\\\/\\\/centrosabia.org.br\\\/en\\\/audio\\\/combate-a-desertificacao-e-mudancas-climaticas\\\/#breadcrumb\"},\"inLanguage\":\"en-US\",\"potentialAction\":[{\"@type\":\"ReadAction\",\"target\":[\"https:\\\/\\\/centrosabia.org.br\\\/en\\\/audio\\\/combate-a-desertificacao-e-mudancas-climaticas\\\/\"]}]},{\"@type\":\"ImageObject\",\"inLanguage\":\"en-US\",\"@id\":\"https:\\\/\\\/centrosabia.org.br\\\/en\\\/audio\\\/combate-a-desertificacao-e-mudancas-climaticas\\\/#primaryimage\",\"url\":\"https:\\\/\\\/centrosabia.org.br\\\/wp-content\\\/uploads\\\/2022\\\/07\\\/28-CDS_1006_card.png\",\"contentUrl\":\"https:\\\/\\\/centrosabia.org.br\\\/wp-content\\\/uploads\\\/2022\\\/07\\\/28-CDS_1006_card.png\",\"width\":512,\"height\":288},{\"@type\":\"BreadcrumbList\",\"@id\":\"https:\\\/\\\/centrosabia.org.br\\\/en\\\/audio\\\/combate-a-desertificacao-e-mudancas-climaticas\\\/#breadcrumb\",\"itemListElement\":[{\"@type\":\"ListItem\",\"position\":1,\"name\":\"In\u00edcio\",\"item\":\"https:\\\/\\\/centrosabia.org.br\\\/en\\\/\"},{\"@type\":\"ListItem\",\"position\":2,\"name\":\"\u00c1udios\",\"item\":\"https:\\\/\\\/centrosabia.org.br\\\/en\\\/audio\\\/\"},{\"@type\":\"ListItem\",\"position\":3,\"name\":\"Combate \u00e0 Desertifica\u00e7\u00e3o e Mudan\u00e7as Clim\u00e1ticas | Cantos do Sabi\u00e1\"}]},{\"@type\":\"WebSite\",\"@id\":\"https:\\\/\\\/centrosabia.org.br\\\/en\\\/#website\",\"url\":\"https:\\\/\\\/centrosabia.org.br\\\/en\\\/\",\"name\":\"Centro de Desenvolvimento Agroecol\u00f3gico Sabi\u00e1\",\"description\":\"\",\"publisher\":{\"@id\":\"https:\\\/\\\/centrosabia.org.br\\\/en\\\/#organization\"},\"potentialAction\":[{\"@type\":\"SearchAction\",\"target\":{\"@type\":\"EntryPoint\",\"urlTemplate\":\"https:\\\/\\\/centrosabia.org.br\\\/en\\\/?s={search_term_string}\"},\"query-input\":{\"@type\":\"PropertyValueSpecification\",\"valueRequired\":true,\"valueName\":\"search_term_string\"}}],\"inLanguage\":\"en-US\"},{\"@type\":\"Organization\",\"@id\":\"https:\\\/\\\/centrosabia.org.br\\\/en\\\/#organization\",\"name\":\"Centro de Desenvolvimento Agroecol\u00f3gico Sabi\u00e1\",\"url\":\"https:\\\/\\\/centrosabia.org.br\\\/en\\\/\",\"logo\":{\"@type\":\"ImageObject\",\"inLanguage\":\"en-US\",\"@id\":\"https:\\\/\\\/centrosabia.org.br\\\/en\\\/#\\\/schema\\\/logo\\\/image\\\/\",\"url\":\"https:\\\/\\\/centrosabia.org.br\\\/wp-content\\\/uploads\\\/2021\\\/10\\\/logo.png\",\"contentUrl\":\"https:\\\/\\\/centrosabia.org.br\\\/wp-content\\\/uploads\\\/2021\\\/10\\\/logo.png\",\"width\":174,\"height\":84,\"caption\":\"Centro de Desenvolvimento Agroecol\u00f3gico Sabi\u00e1\"},\"image\":{\"@id\":\"https:\\\/\\\/centrosabia.org.br\\\/en\\\/#\\\/schema\\\/logo\\\/image\\\/\"}}]}<\/script>\n<!-- \/ Yoast SEO plugin. -->","yoast_head_json":{"title":"Combate \u00e0 Desertifica\u00e7\u00e3o e Mudan\u00e7as Clim\u00e1ticas | Cantos do Sabi\u00e1 - Centro de Desenvolvimento Agroecol\u00f3gico Sabi\u00e1","robots":{"index":"index","follow":"follow","max-snippet":"max-snippet:-1","max-image-preview":"max-image-preview:large","max-video-preview":"max-video-preview:-1"},"canonical":"https:\/\/centrosabia.org.br\/en\/audio\/combate-a-desertificacao-e-mudancas-climaticas\/","og_locale":"en_US","og_type":"article","og_title":"Combate \u00e0 Desertifica\u00e7\u00e3o e Mudan\u00e7as Clim\u00e1ticas | Cantos do Sabi\u00e1 - Centro de Desenvolvimento Agroecol\u00f3gico Sabi\u00e1","og_url":"https:\/\/centrosabia.org.br\/en\/audio\/combate-a-desertificacao-e-mudancas-climaticas\/","og_site_name":"Centro de Desenvolvimento Agroecol\u00f3gico Sabi\u00e1","article_modified_time":"2024-08-05T18:25:07+00:00","og_image":[{"width":300,"height":169,"url":"https:\/\/centrosabia.org.br\/wp-content\/uploads\/2022\/07\/28-CDS_1006_card-300x169.png","type":"image\/png"}],"twitter_card":"summary_large_image","twitter_misc":{"Est. reading time":"2 minutes"},"schema":{"@context":"https:\/\/schema.org","@graph":[{"@type":"WebPage","@id":"https:\/\/centrosabia.org.br\/en\/audio\/combate-a-desertificacao-e-mudancas-climaticas\/","url":"https:\/\/centrosabia.org.br\/en\/audio\/combate-a-desertificacao-e-mudancas-climaticas\/","name":"Combate \u00e0 Desertifica\u00e7\u00e3o e Mudan\u00e7as Clim\u00e1ticas | Cantos do Sabi\u00e1 - Centro de Desenvolvimento Agroecol\u00f3gico Sabi\u00e1","isPartOf":{"@id":"https:\/\/centrosabia.org.br\/en\/#website"},"primaryImageOfPage":{"@id":"https:\/\/centrosabia.org.br\/en\/audio\/combate-a-desertificacao-e-mudancas-climaticas\/#primaryimage"},"image":{"@id":"https:\/\/centrosabia.org.br\/en\/audio\/combate-a-desertificacao-e-mudancas-climaticas\/#primaryimage"},"thumbnailUrl":"https:\/\/centrosabia.org.br\/wp-content\/uploads\/2022\/07\/28-CDS_1006_card.png","datePublished":"2022-06-13T03:00:00+00:00","dateModified":"2024-08-05T18:25:07+00:00","breadcrumb":{"@id":"https:\/\/centrosabia.org.br\/en\/audio\/combate-a-desertificacao-e-mudancas-climaticas\/#breadcrumb"},"inLanguage":"en-US","potentialAction":[{"@type":"ReadAction","target":["https:\/\/centrosabia.org.br\/en\/audio\/combate-a-desertificacao-e-mudancas-climaticas\/"]}]},{"@type":"ImageObject","inLanguage":"en-US","@id":"https:\/\/centrosabia.org.br\/en\/audio\/combate-a-desertificacao-e-mudancas-climaticas\/#primaryimage","url":"https:\/\/centrosabia.org.br\/wp-content\/uploads\/2022\/07\/28-CDS_1006_card.png","contentUrl":"https:\/\/centrosabia.org.br\/wp-content\/uploads\/2022\/07\/28-CDS_1006_card.png","width":512,"height":288},{"@type":"BreadcrumbList","@id":"https:\/\/centrosabia.org.br\/en\/audio\/combate-a-desertificacao-e-mudancas-climaticas\/#breadcrumb","itemListElement":[{"@type":"ListItem","position":1,"name":"In\u00edcio","item":"https:\/\/centrosabia.org.br\/en\/"},{"@type":"ListItem","position":2,"name":"\u00c1udios","item":"https:\/\/centrosabia.org.br\/en\/audio\/"},{"@type":"ListItem","position":3,"name":"Combate \u00e0 Desertifica\u00e7\u00e3o e Mudan\u00e7as Clim\u00e1ticas | Cantos do Sabi\u00e1"}]},{"@type":"WebSite","@id":"https:\/\/centrosabia.org.br\/en\/#website","url":"https:\/\/centrosabia.org.br\/en\/","name":"Centro de Desenvolvimento Agroecol\u00f3gico Sabi\u00e1","description":"","publisher":{"@id":"https:\/\/centrosabia.org.br\/en\/#organization"},"potentialAction":[{"@type":"SearchAction","target":{"@type":"EntryPoint","urlTemplate":"https:\/\/centrosabia.org.br\/en\/?s={search_term_string}"},"query-input":{"@type":"PropertyValueSpecification","valueRequired":true,"valueName":"search_term_string"}}],"inLanguage":"en-US"},{"@type":"Organization","@id":"https:\/\/centrosabia.org.br\/en\/#organization","name":"Centro de Desenvolvimento Agroecol\u00f3gico Sabi\u00e1","url":"https:\/\/centrosabia.org.br\/en\/","logo":{"@type":"ImageObject","inLanguage":"en-US","@id":"https:\/\/centrosabia.org.br\/en\/#\/schema\/logo\/image\/","url":"https:\/\/centrosabia.org.br\/wp-content\/uploads\/2021\/10\/logo.png","contentUrl":"https:\/\/centrosabia.org.br\/wp-content\/uploads\/2021\/10\/logo.png","width":174,"height":84,"caption":"Centro de Desenvolvimento Agroecol\u00f3gico Sabi\u00e1"},"image":{"@id":"https:\/\/centrosabia.org.br\/en\/#\/schema\/logo\/image\/"}}]}},"_links":{"self":[{"href":"https:\/\/centrosabia.org.br\/en\/wp-json\/wp\/v2\/audio\/17232","targetHints":{"allow":["GET"]}}],"collection":[{"href":"https:\/\/centrosabia.org.br\/en\/wp-json\/wp\/v2\/audio"}],"about":[{"href":"https:\/\/centrosabia.org.br\/en\/wp-json\/wp\/v2\/types\/audio"}],"wp:featuredmedia":[{"embeddable":true,"href":"https:\/\/centrosabia.org.br\/en\/wp-json\/wp\/v2\/media\/23475"}],"wp:attachment":[{"href":"https:\/\/centrosabia.org.br\/en\/wp-json\/wp\/v2\/media?parent=17232"}],"wp:term":[{"taxonomy":"tema","embeddable":true,"href":"https:\/\/centrosabia.org.br\/en\/wp-json\/wp\/v2\/tema?post=17232"},{"taxonomy":"decada","embeddable":true,"href":"https:\/\/centrosabia.org.br\/en\/wp-json\/wp\/v2\/decada?post=17232"},{"taxonomy":"curadoria","embeddable":true,"href":"https:\/\/centrosabia.org.br\/en\/wp-json\/wp\/v2\/curadoria?post=17232"}],"curies":[{"name":"wp","href":"https:\/\/api.w.org\/{rel}","templated":true}]}}

Combate à Desertificação e Mudanças Climáticas | Cantos do Sabiá

<p>&#x1f3a7; Esta semana o Cantos do Sabiá fala sobre o combate à Desertificação! Falamos sobre o dia 17 de Junho, o Dia Mundial de Combate à Desertificação! &#x1f3dc; Uma importante data para discutir problemas reais e muito atuais do nosso mundo: O planeta está aquecendo! ☀ E isso significa que as mudanças climáticas estão cada vez mais velozes e violentas. E isso influencia muito nos biomas, meio ambiente e na biodiversidade! &#x1f335;</p>
<p></p>
<p>Por isso que o dia 17 de Junho foi instituído pela ONU (Organização das Nações Unidas) como o Dia Mundial de Combate à Desertificação. Uma data para discutir a crescente desertificação de nossos biomas, e também para discutir formas de defender a nossa rica fauna e flora global! Precisamos defender o planeta; precisamos combater a Desertificação! &#x1f335;</p>
<p></p>
<p>É para falar sobre o assunto que hoje convidamos Clerison Belém para o Cantos do Sabiá! Clerison é formado em Zootecnia pela Univasf e é mestre em ciência animal. Atualmente ele é o coordenador Institucional do Instituto Regional da Pequena Agropecuária Apropriada &#8211; IRPAA! &#x1f335;</p>

<!-- This site is optimized with the Yoast SEO plugin v27.4 - https://yoast.com/product/yoast-seo-wordpress/ -->
<title>Combate à Desertificação e Mudanças Climáticas | Cantos do Sabiá - Centro de Desenvolvimento Agroecológico Sabiá</title>
<meta name="robots" content="index, follow, max-snippet:-1, max-image-preview:large, max-video-preview:-1" />
<link rel="canonical" href="https://centrosabia.org.br/en/audio/combate-a-desertificacao-e-mudancas-climaticas/" />
<meta property="og:locale" content="en_US" />
<meta property="og:type" content="article" />
<meta property="og:title" content="Combate à Desertificação e Mudanças Climáticas | Cantos do Sabiá - Centro de Desenvolvimento Agroecológico Sabiá" />
<meta property="og:url" content="https://centrosabia.org.br/en/audio/combate-a-desertificacao-e-mudancas-climaticas/" />
<meta property="og:site_name" content="Centro de Desenvolvimento Agroecológico Sabiá" />
<meta property="article:modified_time" content="2024-08-05T18:25:07+00:00" />
<meta property="og:image" content="https://centrosabia.org.br/wp-content/uploads/2022/07/28-CDS_1006_card-300x169.png" />
	<meta property="og:image:width" content="300" />
	<meta property="og:image:height" content="169" />
	<meta property="og:image:type" content="image/png" />
<meta name="twitter:card" content="summary_large_image" />
<meta name="twitter:label1" content="Est. reading time" />
	<meta name="twitter:data1" content="2 minutes" />
<script type="application/ld+json" class="yoast-schema-graph">{"@context":"https:\/\/schema.org","@graph":[{"@type":"WebPage","@id":"https:\/\/centrosabia.org.br\/en\/audio\/combate-a-desertificacao-e-mudancas-climaticas\/","url":"https:\/\/centrosabia.org.br\/en\/audio\/combate-a-desertificacao-e-mudancas-climaticas\/","name":"Combate à Desertificação e Mudanças Climáticas | Cantos do Sabiá - Centro de Desenvolvimento Agroecológico Sabiá","isPartOf":{"@id":"https:\/\/centrosabia.org.br\/en\/#website"},"primaryImageOfPage":{"@id":"https:\/\/centrosabia.org.br\/en\/audio\/combate-a-desertificacao-e-mudancas-climaticas\/#primaryimage"},"image":{"@id":"https:\/\/centrosabia.org.br\/en\/audio\/combate-a-desertificacao-e-mudancas-climaticas\/#primaryimage"},"thumbnailUrl":"https:\/\/centrosabia.org.br\/wp-content\/uploads\/2022\/07\/28-CDS_1006_card.png","datePublished":"2022-06-13T03:00:00+00:00","dateModified":"2024-08-05T18:25:07+00:00","breadcrumb":{"@id":"https:\/\/centrosabia.org.br\/en\/audio\/combate-a-desertificacao-e-mudancas-climaticas\/#breadcrumb"},"inLanguage":"en-US","potentialAction":[{"@type":"ReadAction","target":["https:\/\/centrosabia.org.br\/en\/audio\/combate-a-desertificacao-e-mudancas-climaticas\/"]}]},{"@type":"ImageObject","inLanguage":"en-US","@id":"https:\/\/centrosabia.org.br\/en\/audio\/combate-a-desertificacao-e-mudancas-climaticas\/#primaryimage","url":"https:\/\/centrosabia.org.br\/wp-content\/uploads\/2022\/07\/28-CDS_1006_card.png","contentUrl":"https:\/\/centrosabia.org.br\/wp-content\/uploads\/2022\/07\/28-CDS_1006_card.png","width":512,"height":288},{"@type":"BreadcrumbList","@id":"https:\/\/centrosabia.org.br\/en\/audio\/combate-a-desertificacao-e-mudancas-climaticas\/#breadcrumb","itemListElement":[{"@type":"ListItem","position":1,"name":"Início","item":"https:\/\/centrosabia.org.br\/en\/"},{"@type":"ListItem","position":2,"name":"Áudios","item":"https:\/\/centrosabia.org.br\/en\/audio\/"},{"@type":"ListItem","position":3,"name":"Combate à Desertificação e Mudanças Climáticas | Cantos do Sabiá"}]},{"@type":"WebSite","@id":"https:\/\/centrosabia.org.br\/en\/#website","url":"https:\/\/centrosabia.org.br\/en\/","name":"Centro de Desenvolvimento Agroecológico Sabiá","description":"","publisher":{"@id":"https:\/\/centrosabia.org.br\/en\/#organization"},"potentialAction":[{"@type":"SearchAction","target":{"@type":"EntryPoint","urlTemplate":"https:\/\/centrosabia.org.br\/en\/?s={search_term_string}"},"query-input":{"@type":"PropertyValueSpecification","valueRequired":true,"valueName":"search_term_string"}}],"inLanguage":"en-US"},{"@type":"Organization","@id":"https:\/\/centrosabia.org.br\/en\/#organization","name":"Centro de Desenvolvimento Agroecológico Sabiá","url":"https:\/\/centrosabia.org.br\/en\/","logo":{"@type":"ImageObject","inLanguage":"en-US","@id":"https:\/\/centrosabia.org.br\/en\/#\/schema\/logo\/image\/","url":"https:\/\/centrosabia.org.br\/wp-content\/uploads\/2021\/10\/logo.png","contentUrl":"https:\/\/centrosabia.org.br\/wp-content\/uploads\/2021\/10\/logo.png","width":174,"height":84,"caption":"Centro de Desenvolvimento Agroecológico Sabiá"},"image":{"@id":"https:\/\/centrosabia.org.br\/en\/#\/schema\/logo\/image\/"}}]}</script>
<!-- / Yoast SEO plugin. -->

Combate à Desertificação e Mudanças Climáticas | Cantos do Sabiá - Centro de Desenvolvimento Agroecológico Sabiá

Centro de Desenvolvimento Agroecológico Sabiá

Início

Áudios
