{"id":17268,"date":"2022-04-04T00:00:00","date_gmt":"2022-04-04T03:00:00","guid":{"rendered":"https:\/\/centrosabia.org.br\/audio\/pesquisa-da-populacao-lgbt-no-campo\/"},"modified":"2024-08-05T16:03:44","modified_gmt":"2024-08-05T19:03:44","slug":"pesquisa-da-populacao-lgbt-no-campo","status":"publish","type":"audio","link":"https:\/\/centrosabia.org.br\/en\/audio\/pesquisa-da-populacao-lgbt-no-campo\/","title":{"rendered":"Pesquisa da Popula\u00e7\u00e3o LGBT+ no Campo! | Cantos do Sabi\u00e1"},"content":{"rendered":"<p>&#x1f3a7; Esta semana o Cantos do Sabi\u00e1, nosso podcast semanal, fala sobre a luta da popula\u00e7\u00e3o LGBTQIA&#43; no campo! &#x1f4e3; A vida da popula\u00e7\u00e3o LGBT&#43; j\u00e1 \u00e9 cheia de desafios &#8211; e torna-se ainda mais dif\u00edcil quando n\u00e3o sabemos como combater, nem temos dados suficientes em pesquisas oficiais, para que haja um plano de defesa contra as viol\u00eancias no campo a popula\u00e7\u00e3o LGBT&#43;. \u270a&#x1f3fc;\u270a&#x1f3fb;\u00a0<\/p>\n<p><\/p>\n<p><\/p>\n<p><\/p>\n<p>\u270a&#x1f3fe;\u270a&#x1f3ff; \u00c9 por isso que o Instituto Federal do Rio Grande do Norte, em parceria com o Centro Sabi\u00e1 e do CETRA, produz uma pesquisa no meio rural, para estudar \u201cAs \u00a0Condi\u00e7\u00f5es de Vida da Popula\u00e7\u00e3o Rural LGBT&#43; da Regi\u00e3o Nordeste\u201d \u203c &#x1f4d6; Atrav\u00e9s da informa\u00e7\u00e3o, podemos virar o jogo, e produzir frentes de defesa \u00e0 popula\u00e7\u00e3o LGBT&#43; em todo o meio rural nordestino!<\/p>\n<p><\/p>\n<p><\/p>\n<p><\/p>\n<p>E \u00e9 para falar desse tema, que convidamos para o programa da semana o pesquisador Rafael Toitio, doutor em Ci\u00eancias Sociais e professor do IFRN, e tamb\u00e9m Ferreira Lima, t\u00e9cnico em agroecologia e professor! &#x1f468;&#x1f3fe;\u200d&#x1f3eb;&#x1f468;&#x1f3fc;\u200d&#x1f3eb;<\/p>\n","protected":false},"featured_media":23505,"template":"","meta":{"_acf_changed":false,"ano":2022},"tema":[2523,2552,2542],"decada":[2502],"curadoria":[],"class_list":["post-17268","audio","type-audio","status-publish","has-post-thumbnail","hentry","tema-agricultura-familiar","tema-diversidade-na-producao","tema-troca-de-experiencias","decada-2502"],"blocksy_meta":[],"acf":{"imagem_de_cobertura":""},"yoast_head":"<!-- This site is optimized with the Yoast SEO plugin v27.4 - https:\/\/yoast.com\/product\/yoast-seo-wordpress\/ -->\n<title>Pesquisa da Popula\u00e7\u00e3o LGBT+ no Campo! | Cantos do Sabi\u00e1 - Centro de Desenvolvimento Agroecol\u00f3gico Sabi\u00e1<\/title>\n<meta name=\"robots\" content=\"index, follow, max-snippet:-1, max-image-preview:large, max-video-preview:-1\" \/>\n<link rel=\"canonical\" href=\"https:\/\/centrosabia.org.br\/en\/audio\/pesquisa-da-populacao-lgbt-no-campo\/\" \/>\n<meta property=\"og:locale\" content=\"en_US\" \/>\n<meta property=\"og:type\" content=\"article\" \/>\n<meta property=\"og:title\" content=\"Pesquisa da Popula\u00e7\u00e3o LGBT+ no Campo! | Cantos do Sabi\u00e1 - Centro de Desenvolvimento Agroecol\u00f3gico Sabi\u00e1\" \/>\n<meta property=\"og:url\" content=\"https:\/\/centrosabia.org.br\/en\/audio\/pesquisa-da-populacao-lgbt-no-campo\/\" \/>\n<meta property=\"og:site_name\" content=\"Centro de Desenvolvimento Agroecol\u00f3gico Sabi\u00e1\" \/>\n<meta property=\"article:modified_time\" content=\"2024-08-05T19:03:44+00:00\" \/>\n<meta property=\"og:image\" content=\"https:\/\/centrosabia.org.br\/wp-content\/uploads\/2022\/05\/37-CANTOS_0104_SPOTIFY-300x169.png\" \/>\n\t<meta property=\"og:image:width\" content=\"300\" \/>\n\t<meta property=\"og:image:height\" content=\"169\" \/>\n\t<meta property=\"og:image:type\" content=\"image\/png\" \/>\n<meta name=\"twitter:card\" content=\"summary_large_image\" \/>\n<meta name=\"twitter:label1\" content=\"Est. reading time\" \/>\n\t<meta name=\"twitter:data1\" content=\"2 minutes\" \/>\n<script type=\"application\/ld+json\" class=\"yoast-schema-graph\">{\"@context\":\"https:\\\/\\\/schema.org\",\"@graph\":[{\"@type\":\"WebPage\",\"@id\":\"https:\\\/\\\/centrosabia.org.br\\\/en\\\/audio\\\/pesquisa-da-populacao-lgbt-no-campo\\\/\",\"url\":\"https:\\\/\\\/centrosabia.org.br\\\/en\\\/audio\\\/pesquisa-da-populacao-lgbt-no-campo\\\/\",\"name\":\"Pesquisa da Popula\u00e7\u00e3o LGBT+ no Campo! | Cantos do Sabi\u00e1 - Centro de Desenvolvimento Agroecol\u00f3gico Sabi\u00e1\",\"isPartOf\":{\"@id\":\"https:\\\/\\\/centrosabia.org.br\\\/en\\\/#website\"},\"primaryImageOfPage\":{\"@id\":\"https:\\\/\\\/centrosabia.org.br\\\/en\\\/audio\\\/pesquisa-da-populacao-lgbt-no-campo\\\/#primaryimage\"},\"image\":{\"@id\":\"https:\\\/\\\/centrosabia.org.br\\\/en\\\/audio\\\/pesquisa-da-populacao-lgbt-no-campo\\\/#primaryimage\"},\"thumbnailUrl\":\"https:\\\/\\\/centrosabia.org.br\\\/wp-content\\\/uploads\\\/2022\\\/05\\\/37-CANTOS_0104_SPOTIFY.png\",\"datePublished\":\"2022-04-04T03:00:00+00:00\",\"dateModified\":\"2024-08-05T19:03:44+00:00\",\"breadcrumb\":{\"@id\":\"https:\\\/\\\/centrosabia.org.br\\\/en\\\/audio\\\/pesquisa-da-populacao-lgbt-no-campo\\\/#breadcrumb\"},\"inLanguage\":\"en-US\",\"potentialAction\":[{\"@type\":\"ReadAction\",\"target\":[\"https:\\\/\\\/centrosabia.org.br\\\/en\\\/audio\\\/pesquisa-da-populacao-lgbt-no-campo\\\/\"]}]},{\"@type\":\"ImageObject\",\"inLanguage\":\"en-US\",\"@id\":\"https:\\\/\\\/centrosabia.org.br\\\/en\\\/audio\\\/pesquisa-da-populacao-lgbt-no-campo\\\/#primaryimage\",\"url\":\"https:\\\/\\\/centrosabia.org.br\\\/wp-content\\\/uploads\\\/2022\\\/05\\\/37-CANTOS_0104_SPOTIFY.png\",\"contentUrl\":\"https:\\\/\\\/centrosabia.org.br\\\/wp-content\\\/uploads\\\/2022\\\/05\\\/37-CANTOS_0104_SPOTIFY.png\",\"width\":512,\"height\":288},{\"@type\":\"BreadcrumbList\",\"@id\":\"https:\\\/\\\/centrosabia.org.br\\\/en\\\/audio\\\/pesquisa-da-populacao-lgbt-no-campo\\\/#breadcrumb\",\"itemListElement\":[{\"@type\":\"ListItem\",\"position\":1,\"name\":\"In\u00edcio\",\"item\":\"https:\\\/\\\/centrosabia.org.br\\\/en\\\/\"},{\"@type\":\"ListItem\",\"position\":2,\"name\":\"\u00c1udios\",\"item\":\"https:\\\/\\\/centrosabia.org.br\\\/en\\\/audio\\\/\"},{\"@type\":\"ListItem\",\"position\":3,\"name\":\"Pesquisa da Popula\u00e7\u00e3o LGBT+ no Campo! | Cantos do Sabi\u00e1\"}]},{\"@type\":\"WebSite\",\"@id\":\"https:\\\/\\\/centrosabia.org.br\\\/en\\\/#website\",\"url\":\"https:\\\/\\\/centrosabia.org.br\\\/en\\\/\",\"name\":\"Centro de Desenvolvimento Agroecol\u00f3gico Sabi\u00e1\",\"description\":\"\",\"publisher\":{\"@id\":\"https:\\\/\\\/centrosabia.org.br\\\/en\\\/#organization\"},\"potentialAction\":[{\"@type\":\"SearchAction\",\"target\":{\"@type\":\"EntryPoint\",\"urlTemplate\":\"https:\\\/\\\/centrosabia.org.br\\\/en\\\/?s={search_term_string}\"},\"query-input\":{\"@type\":\"PropertyValueSpecification\",\"valueRequired\":true,\"valueName\":\"search_term_string\"}}],\"inLanguage\":\"en-US\"},{\"@type\":\"Organization\",\"@id\":\"https:\\\/\\\/centrosabia.org.br\\\/en\\\/#organization\",\"name\":\"Centro de Desenvolvimento Agroecol\u00f3gico Sabi\u00e1\",\"url\":\"https:\\\/\\\/centrosabia.org.br\\\/en\\\/\",\"logo\":{\"@type\":\"ImageObject\",\"inLanguage\":\"en-US\",\"@id\":\"https:\\\/\\\/centrosabia.org.br\\\/en\\\/#\\\/schema\\\/logo\\\/image\\\/\",\"url\":\"https:\\\/\\\/centrosabia.org.br\\\/wp-content\\\/uploads\\\/2021\\\/10\\\/logo.png\",\"contentUrl\":\"https:\\\/\\\/centrosabia.org.br\\\/wp-content\\\/uploads\\\/2021\\\/10\\\/logo.png\",\"width\":174,\"height\":84,\"caption\":\"Centro de Desenvolvimento Agroecol\u00f3gico Sabi\u00e1\"},\"image\":{\"@id\":\"https:\\\/\\\/centrosabia.org.br\\\/en\\\/#\\\/schema\\\/logo\\\/image\\\/\"}}]}<\/script>\n<!-- \/ Yoast SEO plugin. -->","yoast_head_json":{"title":"Pesquisa da Popula\u00e7\u00e3o LGBT+ no Campo! | Cantos do Sabi\u00e1 - Centro de Desenvolvimento Agroecol\u00f3gico Sabi\u00e1","robots":{"index":"index","follow":"follow","max-snippet":"max-snippet:-1","max-image-preview":"max-image-preview:large","max-video-preview":"max-video-preview:-1"},"canonical":"https:\/\/centrosabia.org.br\/en\/audio\/pesquisa-da-populacao-lgbt-no-campo\/","og_locale":"en_US","og_type":"article","og_title":"Pesquisa da Popula\u00e7\u00e3o LGBT+ no Campo! | Cantos do Sabi\u00e1 - Centro de Desenvolvimento Agroecol\u00f3gico Sabi\u00e1","og_url":"https:\/\/centrosabia.org.br\/en\/audio\/pesquisa-da-populacao-lgbt-no-campo\/","og_site_name":"Centro de Desenvolvimento Agroecol\u00f3gico Sabi\u00e1","article_modified_time":"2024-08-05T19:03:44+00:00","og_image":[{"width":300,"height":169,"url":"https:\/\/centrosabia.org.br\/wp-content\/uploads\/2022\/05\/37-CANTOS_0104_SPOTIFY-300x169.png","type":"image\/png"}],"twitter_card":"summary_large_image","twitter_misc":{"Est. reading time":"2 minutes"},"schema":{"@context":"https:\/\/schema.org","@graph":[{"@type":"WebPage","@id":"https:\/\/centrosabia.org.br\/en\/audio\/pesquisa-da-populacao-lgbt-no-campo\/","url":"https:\/\/centrosabia.org.br\/en\/audio\/pesquisa-da-populacao-lgbt-no-campo\/","name":"Pesquisa da Popula\u00e7\u00e3o LGBT+ no Campo! | Cantos do Sabi\u00e1 - Centro de Desenvolvimento Agroecol\u00f3gico Sabi\u00e1","isPartOf":{"@id":"https:\/\/centrosabia.org.br\/en\/#website"},"primaryImageOfPage":{"@id":"https:\/\/centrosabia.org.br\/en\/audio\/pesquisa-da-populacao-lgbt-no-campo\/#primaryimage"},"image":{"@id":"https:\/\/centrosabia.org.br\/en\/audio\/pesquisa-da-populacao-lgbt-no-campo\/#primaryimage"},"thumbnailUrl":"https:\/\/centrosabia.org.br\/wp-content\/uploads\/2022\/05\/37-CANTOS_0104_SPOTIFY.png","datePublished":"2022-04-04T03:00:00+00:00","dateModified":"2024-08-05T19:03:44+00:00","breadcrumb":{"@id":"https:\/\/centrosabia.org.br\/en\/audio\/pesquisa-da-populacao-lgbt-no-campo\/#breadcrumb"},"inLanguage":"en-US","potentialAction":[{"@type":"ReadAction","target":["https:\/\/centrosabia.org.br\/en\/audio\/pesquisa-da-populacao-lgbt-no-campo\/"]}]},{"@type":"ImageObject","inLanguage":"en-US","@id":"https:\/\/centrosabia.org.br\/en\/audio\/pesquisa-da-populacao-lgbt-no-campo\/#primaryimage","url":"https:\/\/centrosabia.org.br\/wp-content\/uploads\/2022\/05\/37-CANTOS_0104_SPOTIFY.png","contentUrl":"https:\/\/centrosabia.org.br\/wp-content\/uploads\/2022\/05\/37-CANTOS_0104_SPOTIFY.png","width":512,"height":288},{"@type":"BreadcrumbList","@id":"https:\/\/centrosabia.org.br\/en\/audio\/pesquisa-da-populacao-lgbt-no-campo\/#breadcrumb","itemListElement":[{"@type":"ListItem","position":1,"name":"In\u00edcio","item":"https:\/\/centrosabia.org.br\/en\/"},{"@type":"ListItem","position":2,"name":"\u00c1udios","item":"https:\/\/centrosabia.org.br\/en\/audio\/"},{"@type":"ListItem","position":3,"name":"Pesquisa da Popula\u00e7\u00e3o LGBT+ no Campo! | Cantos do Sabi\u00e1"}]},{"@type":"WebSite","@id":"https:\/\/centrosabia.org.br\/en\/#website","url":"https:\/\/centrosabia.org.br\/en\/","name":"Centro de Desenvolvimento Agroecol\u00f3gico Sabi\u00e1","description":"","publisher":{"@id":"https:\/\/centrosabia.org.br\/en\/#organization"},"potentialAction":[{"@type":"SearchAction","target":{"@type":"EntryPoint","urlTemplate":"https:\/\/centrosabia.org.br\/en\/?s={search_term_string}"},"query-input":{"@type":"PropertyValueSpecification","valueRequired":true,"valueName":"search_term_string"}}],"inLanguage":"en-US"},{"@type":"Organization","@id":"https:\/\/centrosabia.org.br\/en\/#organization","name":"Centro de Desenvolvimento Agroecol\u00f3gico Sabi\u00e1","url":"https:\/\/centrosabia.org.br\/en\/","logo":{"@type":"ImageObject","inLanguage":"en-US","@id":"https:\/\/centrosabia.org.br\/en\/#\/schema\/logo\/image\/","url":"https:\/\/centrosabia.org.br\/wp-content\/uploads\/2021\/10\/logo.png","contentUrl":"https:\/\/centrosabia.org.br\/wp-content\/uploads\/2021\/10\/logo.png","width":174,"height":84,"caption":"Centro de Desenvolvimento Agroecol\u00f3gico Sabi\u00e1"},"image":{"@id":"https:\/\/centrosabia.org.br\/en\/#\/schema\/logo\/image\/"}}]}},"_links":{"self":[{"href":"https:\/\/centrosabia.org.br\/en\/wp-json\/wp\/v2\/audio\/17268","targetHints":{"allow":["GET"]}}],"collection":[{"href":"https:\/\/centrosabia.org.br\/en\/wp-json\/wp\/v2\/audio"}],"about":[{"href":"https:\/\/centrosabia.org.br\/en\/wp-json\/wp\/v2\/types\/audio"}],"wp:featuredmedia":[{"embeddable":true,"href":"https:\/\/centrosabia.org.br\/en\/wp-json\/wp\/v2\/media\/23505"}],"wp:attachment":[{"href":"https:\/\/centrosabia.org.br\/en\/wp-json\/wp\/v2\/media?parent=17268"}],"wp:term":[{"taxonomy":"tema","embeddable":true,"href":"https:\/\/centrosabia.org.br\/en\/wp-json\/wp\/v2\/tema?post=17268"},{"taxonomy":"decada","embeddable":true,"href":"https:\/\/centrosabia.org.br\/en\/wp-json\/wp\/v2\/decada?post=17268"},{"taxonomy":"curadoria","embeddable":true,"href":"https:\/\/centrosabia.org.br\/en\/wp-json\/wp\/v2\/curadoria?post=17268"}],"curies":[{"name":"wp","href":"https:\/\/api.w.org\/{rel}","templated":true}]}}

Pesquisa da População LGBT+ no Campo! | Cantos do Sabiá

<p>&#x1f3a7; Esta semana o Cantos do Sabiá, nosso podcast semanal, fala sobre a luta da população LGBTQIA&#43; no campo! &#x1f4e3; A vida da população LGBT&#43; já é cheia de desafios &#8211; e torna-se ainda mais difícil quando não sabemos como combater, nem temos dados suficientes em pesquisas oficiais, para que haja um plano de defesa contra as violências no campo a população LGBT&#43;. ✊&#x1f3fc;✊&#x1f3fb; </p>
<p></p>
<p></p>
<p></p>
<p>✊&#x1f3fe;✊&#x1f3ff; É por isso que o Instituto Federal do Rio Grande do Norte, em parceria com o Centro Sabiá e do CETRA, produz uma pesquisa no meio rural, para estudar “As  Condições de Vida da População Rural LGBT&#43; da Região Nordeste” ‼ &#x1f4d6; Através da informação, podemos virar o jogo, e produzir frentes de defesa à população LGBT&#43; em todo o meio rural nordestino!</p>
<p></p>
<p></p>
<p></p>
<p>E é para falar desse tema, que convidamos para o programa da semana o pesquisador Rafael Toitio, doutor em Ciências Sociais e professor do IFRN, e também Ferreira Lima, técnico em agroecologia e professor! &#x1f468;&#x1f3fe;‍&#x1f3eb;&#x1f468;&#x1f3fc;‍&#x1f3eb;</p>

<!-- This site is optimized with the Yoast SEO plugin v27.4 - https://yoast.com/product/yoast-seo-wordpress/ -->
<title>Pesquisa da População LGBT+ no Campo! | Cantos do Sabiá - Centro de Desenvolvimento Agroecológico Sabiá</title>
<meta name="robots" content="index, follow, max-snippet:-1, max-image-preview:large, max-video-preview:-1" />
<link rel="canonical" href="https://centrosabia.org.br/en/audio/pesquisa-da-populacao-lgbt-no-campo/" />
<meta property="og:locale" content="en_US" />
<meta property="og:type" content="article" />
<meta property="og:title" content="Pesquisa da População LGBT+ no Campo! | Cantos do Sabiá - Centro de Desenvolvimento Agroecológico Sabiá" />
<meta property="og:url" content="https://centrosabia.org.br/en/audio/pesquisa-da-populacao-lgbt-no-campo/" />
<meta property="og:site_name" content="Centro de Desenvolvimento Agroecológico Sabiá" />
<meta property="article:modified_time" content="2024-08-05T19:03:44+00:00" />
<meta property="og:image" content="https://centrosabia.org.br/wp-content/uploads/2022/05/37-CANTOS_0104_SPOTIFY-300x169.png" />
	<meta property="og:image:width" content="300" />
	<meta property="og:image:height" content="169" />
	<meta property="og:image:type" content="image/png" />
<meta name="twitter:card" content="summary_large_image" />
<meta name="twitter:label1" content="Est. reading time" />
	<meta name="twitter:data1" content="2 minutes" />
<script type="application/ld+json" class="yoast-schema-graph">{"@context":"https:\/\/schema.org","@graph":[{"@type":"WebPage","@id":"https:\/\/centrosabia.org.br\/en\/audio\/pesquisa-da-populacao-lgbt-no-campo\/","url":"https:\/\/centrosabia.org.br\/en\/audio\/pesquisa-da-populacao-lgbt-no-campo\/","name":"Pesquisa da População LGBT+ no Campo! | Cantos do Sabiá - Centro de Desenvolvimento Agroecológico Sabiá","isPartOf":{"@id":"https:\/\/centrosabia.org.br\/en\/#website"},"primaryImageOfPage":{"@id":"https:\/\/centrosabia.org.br\/en\/audio\/pesquisa-da-populacao-lgbt-no-campo\/#primaryimage"},"image":{"@id":"https:\/\/centrosabia.org.br\/en\/audio\/pesquisa-da-populacao-lgbt-no-campo\/#primaryimage"},"thumbnailUrl":"https:\/\/centrosabia.org.br\/wp-content\/uploads\/2022\/05\/37-CANTOS_0104_SPOTIFY.png","datePublished":"2022-04-04T03:00:00+00:00","dateModified":"2024-08-05T19:03:44+00:00","breadcrumb":{"@id":"https:\/\/centrosabia.org.br\/en\/audio\/pesquisa-da-populacao-lgbt-no-campo\/#breadcrumb"},"inLanguage":"en-US","potentialAction":[{"@type":"ReadAction","target":["https:\/\/centrosabia.org.br\/en\/audio\/pesquisa-da-populacao-lgbt-no-campo\/"]}]},{"@type":"ImageObject","inLanguage":"en-US","@id":"https:\/\/centrosabia.org.br\/en\/audio\/pesquisa-da-populacao-lgbt-no-campo\/#primaryimage","url":"https:\/\/centrosabia.org.br\/wp-content\/uploads\/2022\/05\/37-CANTOS_0104_SPOTIFY.png","contentUrl":"https:\/\/centrosabia.org.br\/wp-content\/uploads\/2022\/05\/37-CANTOS_0104_SPOTIFY.png","width":512,"height":288},{"@type":"BreadcrumbList","@id":"https:\/\/centrosabia.org.br\/en\/audio\/pesquisa-da-populacao-lgbt-no-campo\/#breadcrumb","itemListElement":[{"@type":"ListItem","position":1,"name":"Início","item":"https:\/\/centrosabia.org.br\/en\/"},{"@type":"ListItem","position":2,"name":"Áudios","item":"https:\/\/centrosabia.org.br\/en\/audio\/"},{"@type":"ListItem","position":3,"name":"Pesquisa da População LGBT+ no Campo! | Cantos do Sabiá"}]},{"@type":"WebSite","@id":"https:\/\/centrosabia.org.br\/en\/#website","url":"https:\/\/centrosabia.org.br\/en\/","name":"Centro de Desenvolvimento Agroecológico Sabiá","description":"","publisher":{"@id":"https:\/\/centrosabia.org.br\/en\/#organization"},"potentialAction":[{"@type":"SearchAction","target":{"@type":"EntryPoint","urlTemplate":"https:\/\/centrosabia.org.br\/en\/?s={search_term_string}"},"query-input":{"@type":"PropertyValueSpecification","valueRequired":true,"valueName":"search_term_string"}}],"inLanguage":"en-US"},{"@type":"Organization","@id":"https:\/\/centrosabia.org.br\/en\/#organization","name":"Centro de Desenvolvimento Agroecológico Sabiá","url":"https:\/\/centrosabia.org.br\/en\/","logo":{"@type":"ImageObject","inLanguage":"en-US","@id":"https:\/\/centrosabia.org.br\/en\/#\/schema\/logo\/image\/","url":"https:\/\/centrosabia.org.br\/wp-content\/uploads\/2021\/10\/logo.png","contentUrl":"https:\/\/centrosabia.org.br\/wp-content\/uploads\/2021\/10\/logo.png","width":174,"height":84,"caption":"Centro de Desenvolvimento Agroecológico Sabiá"},"image":{"@id":"https:\/\/centrosabia.org.br\/en\/#\/schema\/logo\/image\/"}}]}</script>
<!-- / Yoast SEO plugin. -->

Pesquisa da População LGBT+ no Campo! | Cantos do Sabiá - Centro de Desenvolvimento Agroecológico Sabiá

Centro de Desenvolvimento Agroecológico Sabiá

Início

Áudios
