{"id":17324,"date":"2022-01-17T00:00:00","date_gmt":"2022-01-17T03:00:00","guid":{"rendered":"https:\/\/centrosabia.org.br\/audio\/conheca-as-feiras-agroecologicas\/"},"modified":"2024-08-05T16:16:20","modified_gmt":"2024-08-05T19:16:20","slug":"conheca-as-feiras-agroecologicas","status":"publish","type":"audio","link":"https:\/\/centrosabia.org.br\/en\/audio\/conheca-as-feiras-agroecologicas\/","title":{"rendered":"Conhe\u00e7a as Feiras Agroecol\u00f3gicas! | Cantos do Sabi\u00e1"},"content":{"rendered":"<p>Voc\u00ea tem que conhecer as Feiras Agroecol\u00f3gicas! Por isso o Cantos do Sabi\u00e1, nosso podcast semanal, vem discutir a import\u00e2ncia desses espa\u00e7os, que v\u00e3o bem al\u00e9m da compra e venda de alimentos! Feiras Agroecol\u00f3gicas s\u00e3o espa\u00e7os de conviv\u00eancia, de sa\u00fade e de muita prosa. Espa\u00e7os que movimentam a economia rural, e ajudam fam\u00edlias agricultoras em todo Brasil a garantir uma renda familiar. \u00c9 bom sempre lembrar: A agricultura familiar alimenta o pa\u00eds!\u00a0<\/p>\n<p><\/p>\n<p>Por isso devemos apoiar n\u00e3o s\u00f3 os espa\u00e7os das feiras, mas tamb\u00e9m os agricultores e agricultoras que dedicam suas vidas \u00e0 estes espa\u00e7os. Para conversar conosco, convidamos o assessor para mercados do Centro Sabi\u00e1, Ma\u00edlson Rodrigues! Ele \u00e9 ex-gerente de Processos Agroecol\u00f3gicos da SDA &#8211; Secretaria de Desenvolvimento Agr\u00e1rio.<\/p>\n<p><\/p>\n<p><\/p>\n<p><\/p>\n<p>&#x1f331; Quer apoiar os projetos do Centro Sabi\u00e1? Ent\u00e3o fa\u00e7a a sua doa\u00e7\u00e3o! Clique no link: <a href=\"https:\/\/centrosabia.org.br\/doe\/\" rel=\"nofollow\">https:\/\/centrosabia.org.br\/doe\/<\/a><\/p>\n<p><\/p>\n<p>&#x1f469;&#x1f3fc;\u200d&#x1f33e;&#x1f468;&#x1f3ff;\u200d&#x1f33e; Conhe\u00e7a a Feira Agroecol\u00f3gica mais pr\u00f3xima de sua casa! <a href=\"https:\/\/centrosabia.org.br\/feiras\/\" rel=\"nofollow\">https:\/\/centrosabia.org.br\/feiras\/<\/a><\/p>\n<p><\/p>\n<p><\/p>\n<p><\/p>\n<p>#podcast #CantosdoSabi\u00e1 #FeirasAgroecol\u00f3gicas #agroecologia #feira<\/p>\n<p><\/p>\n<p><\/p>\n","protected":false},"featured_media":23529,"template":"","meta":{"_acf_changed":false,"ano":2022},"tema":[2523,2519,2555],"decada":[2502],"curadoria":[],"class_list":["post-17324","audio","type-audio","status-publish","has-post-thumbnail","hentry","tema-agricultura-familiar","tema-agroecologia","tema-feiras-agroecologicas","decada-2502"],"blocksy_meta":[],"acf":{"imagem_de_cobertura":""},"yoast_head":"<!-- This site is optimized with the Yoast SEO plugin v27.4 - https:\/\/yoast.com\/product\/yoast-seo-wordpress\/ -->\n<title>Conhe\u00e7a as Feiras Agroecol\u00f3gicas! | Cantos do Sabi\u00e1 - Centro de Desenvolvimento Agroecol\u00f3gico Sabi\u00e1<\/title>\n<meta name=\"robots\" content=\"index, follow, max-snippet:-1, max-image-preview:large, max-video-preview:-1\" \/>\n<link rel=\"canonical\" href=\"https:\/\/centrosabia.org.br\/en\/audio\/conheca-as-feiras-agroecologicas\/\" \/>\n<meta property=\"og:locale\" content=\"en_US\" \/>\n<meta property=\"og:type\" content=\"article\" \/>\n<meta property=\"og:title\" content=\"Conhe\u00e7a as Feiras Agroecol\u00f3gicas! | Cantos do Sabi\u00e1 - Centro de Desenvolvimento Agroecol\u00f3gico Sabi\u00e1\" \/>\n<meta property=\"og:url\" content=\"https:\/\/centrosabia.org.br\/en\/audio\/conheca-as-feiras-agroecologicas\/\" \/>\n<meta property=\"og:site_name\" content=\"Centro de Desenvolvimento Agroecol\u00f3gico Sabi\u00e1\" \/>\n<meta property=\"article:modified_time\" content=\"2024-08-05T19:16:20+00:00\" \/>\n<meta property=\"og:image\" content=\"https:\/\/centrosabia.org.br\/wp-content\/uploads\/2022\/05\/45-CANTOS-DO-SABIA-16jan-300x169.png\" \/>\n\t<meta property=\"og:image:width\" content=\"300\" \/>\n\t<meta property=\"og:image:height\" content=\"169\" \/>\n\t<meta property=\"og:image:type\" content=\"image\/png\" \/>\n<meta name=\"twitter:card\" content=\"summary_large_image\" \/>\n<meta name=\"twitter:label1\" content=\"Est. reading time\" \/>\n\t<meta name=\"twitter:data1\" content=\"2 minutes\" \/>\n<script type=\"application\/ld+json\" class=\"yoast-schema-graph\">{\"@context\":\"https:\\\/\\\/schema.org\",\"@graph\":[{\"@type\":\"WebPage\",\"@id\":\"https:\\\/\\\/centrosabia.org.br\\\/en\\\/audio\\\/conheca-as-feiras-agroecologicas\\\/\",\"url\":\"https:\\\/\\\/centrosabia.org.br\\\/en\\\/audio\\\/conheca-as-feiras-agroecologicas\\\/\",\"name\":\"Conhe\u00e7a as Feiras Agroecol\u00f3gicas! | Cantos do Sabi\u00e1 - Centro de Desenvolvimento Agroecol\u00f3gico Sabi\u00e1\",\"isPartOf\":{\"@id\":\"https:\\\/\\\/centrosabia.org.br\\\/en\\\/#website\"},\"primaryImageOfPage\":{\"@id\":\"https:\\\/\\\/centrosabia.org.br\\\/en\\\/audio\\\/conheca-as-feiras-agroecologicas\\\/#primaryimage\"},\"image\":{\"@id\":\"https:\\\/\\\/centrosabia.org.br\\\/en\\\/audio\\\/conheca-as-feiras-agroecologicas\\\/#primaryimage\"},\"thumbnailUrl\":\"https:\\\/\\\/centrosabia.org.br\\\/wp-content\\\/uploads\\\/2022\\\/05\\\/45-CANTOS-DO-SABIA-16jan.png\",\"datePublished\":\"2022-01-17T03:00:00+00:00\",\"dateModified\":\"2024-08-05T19:16:20+00:00\",\"breadcrumb\":{\"@id\":\"https:\\\/\\\/centrosabia.org.br\\\/en\\\/audio\\\/conheca-as-feiras-agroecologicas\\\/#breadcrumb\"},\"inLanguage\":\"en-US\",\"potentialAction\":[{\"@type\":\"ReadAction\",\"target\":[\"https:\\\/\\\/centrosabia.org.br\\\/en\\\/audio\\\/conheca-as-feiras-agroecologicas\\\/\"]}]},{\"@type\":\"ImageObject\",\"inLanguage\":\"en-US\",\"@id\":\"https:\\\/\\\/centrosabia.org.br\\\/en\\\/audio\\\/conheca-as-feiras-agroecologicas\\\/#primaryimage\",\"url\":\"https:\\\/\\\/centrosabia.org.br\\\/wp-content\\\/uploads\\\/2022\\\/05\\\/45-CANTOS-DO-SABIA-16jan.png\",\"contentUrl\":\"https:\\\/\\\/centrosabia.org.br\\\/wp-content\\\/uploads\\\/2022\\\/05\\\/45-CANTOS-DO-SABIA-16jan.png\",\"width\":512,\"height\":288},{\"@type\":\"BreadcrumbList\",\"@id\":\"https:\\\/\\\/centrosabia.org.br\\\/en\\\/audio\\\/conheca-as-feiras-agroecologicas\\\/#breadcrumb\",\"itemListElement\":[{\"@type\":\"ListItem\",\"position\":1,\"name\":\"In\u00edcio\",\"item\":\"https:\\\/\\\/centrosabia.org.br\\\/en\\\/\"},{\"@type\":\"ListItem\",\"position\":2,\"name\":\"\u00c1udios\",\"item\":\"https:\\\/\\\/centrosabia.org.br\\\/en\\\/audio\\\/\"},{\"@type\":\"ListItem\",\"position\":3,\"name\":\"Conhe\u00e7a as Feiras Agroecol\u00f3gicas! | Cantos do Sabi\u00e1\"}]},{\"@type\":\"WebSite\",\"@id\":\"https:\\\/\\\/centrosabia.org.br\\\/en\\\/#website\",\"url\":\"https:\\\/\\\/centrosabia.org.br\\\/en\\\/\",\"name\":\"Centro de Desenvolvimento Agroecol\u00f3gico Sabi\u00e1\",\"description\":\"\",\"publisher\":{\"@id\":\"https:\\\/\\\/centrosabia.org.br\\\/en\\\/#organization\"},\"potentialAction\":[{\"@type\":\"SearchAction\",\"target\":{\"@type\":\"EntryPoint\",\"urlTemplate\":\"https:\\\/\\\/centrosabia.org.br\\\/en\\\/?s={search_term_string}\"},\"query-input\":{\"@type\":\"PropertyValueSpecification\",\"valueRequired\":true,\"valueName\":\"search_term_string\"}}],\"inLanguage\":\"en-US\"},{\"@type\":\"Organization\",\"@id\":\"https:\\\/\\\/centrosabia.org.br\\\/en\\\/#organization\",\"name\":\"Centro de Desenvolvimento Agroecol\u00f3gico Sabi\u00e1\",\"url\":\"https:\\\/\\\/centrosabia.org.br\\\/en\\\/\",\"logo\":{\"@type\":\"ImageObject\",\"inLanguage\":\"en-US\",\"@id\":\"https:\\\/\\\/centrosabia.org.br\\\/en\\\/#\\\/schema\\\/logo\\\/image\\\/\",\"url\":\"https:\\\/\\\/centrosabia.org.br\\\/wp-content\\\/uploads\\\/2021\\\/10\\\/logo.png\",\"contentUrl\":\"https:\\\/\\\/centrosabia.org.br\\\/wp-content\\\/uploads\\\/2021\\\/10\\\/logo.png\",\"width\":174,\"height\":84,\"caption\":\"Centro de Desenvolvimento Agroecol\u00f3gico Sabi\u00e1\"},\"image\":{\"@id\":\"https:\\\/\\\/centrosabia.org.br\\\/en\\\/#\\\/schema\\\/logo\\\/image\\\/\"}}]}<\/script>\n<!-- \/ Yoast SEO plugin. -->","yoast_head_json":{"title":"Conhe\u00e7a as Feiras Agroecol\u00f3gicas! | Cantos do Sabi\u00e1 - Centro de Desenvolvimento Agroecol\u00f3gico Sabi\u00e1","robots":{"index":"index","follow":"follow","max-snippet":"max-snippet:-1","max-image-preview":"max-image-preview:large","max-video-preview":"max-video-preview:-1"},"canonical":"https:\/\/centrosabia.org.br\/en\/audio\/conheca-as-feiras-agroecologicas\/","og_locale":"en_US","og_type":"article","og_title":"Conhe\u00e7a as Feiras Agroecol\u00f3gicas! | Cantos do Sabi\u00e1 - Centro de Desenvolvimento Agroecol\u00f3gico Sabi\u00e1","og_url":"https:\/\/centrosabia.org.br\/en\/audio\/conheca-as-feiras-agroecologicas\/","og_site_name":"Centro de Desenvolvimento Agroecol\u00f3gico Sabi\u00e1","article_modified_time":"2024-08-05T19:16:20+00:00","og_image":[{"width":300,"height":169,"url":"https:\/\/centrosabia.org.br\/wp-content\/uploads\/2022\/05\/45-CANTOS-DO-SABIA-16jan-300x169.png","type":"image\/png"}],"twitter_card":"summary_large_image","twitter_misc":{"Est. reading time":"2 minutes"},"schema":{"@context":"https:\/\/schema.org","@graph":[{"@type":"WebPage","@id":"https:\/\/centrosabia.org.br\/en\/audio\/conheca-as-feiras-agroecologicas\/","url":"https:\/\/centrosabia.org.br\/en\/audio\/conheca-as-feiras-agroecologicas\/","name":"Conhe\u00e7a as Feiras Agroecol\u00f3gicas! | Cantos do Sabi\u00e1 - Centro de Desenvolvimento Agroecol\u00f3gico Sabi\u00e1","isPartOf":{"@id":"https:\/\/centrosabia.org.br\/en\/#website"},"primaryImageOfPage":{"@id":"https:\/\/centrosabia.org.br\/en\/audio\/conheca-as-feiras-agroecologicas\/#primaryimage"},"image":{"@id":"https:\/\/centrosabia.org.br\/en\/audio\/conheca-as-feiras-agroecologicas\/#primaryimage"},"thumbnailUrl":"https:\/\/centrosabia.org.br\/wp-content\/uploads\/2022\/05\/45-CANTOS-DO-SABIA-16jan.png","datePublished":"2022-01-17T03:00:00+00:00","dateModified":"2024-08-05T19:16:20+00:00","breadcrumb":{"@id":"https:\/\/centrosabia.org.br\/en\/audio\/conheca-as-feiras-agroecologicas\/#breadcrumb"},"inLanguage":"en-US","potentialAction":[{"@type":"ReadAction","target":["https:\/\/centrosabia.org.br\/en\/audio\/conheca-as-feiras-agroecologicas\/"]}]},{"@type":"ImageObject","inLanguage":"en-US","@id":"https:\/\/centrosabia.org.br\/en\/audio\/conheca-as-feiras-agroecologicas\/#primaryimage","url":"https:\/\/centrosabia.org.br\/wp-content\/uploads\/2022\/05\/45-CANTOS-DO-SABIA-16jan.png","contentUrl":"https:\/\/centrosabia.org.br\/wp-content\/uploads\/2022\/05\/45-CANTOS-DO-SABIA-16jan.png","width":512,"height":288},{"@type":"BreadcrumbList","@id":"https:\/\/centrosabia.org.br\/en\/audio\/conheca-as-feiras-agroecologicas\/#breadcrumb","itemListElement":[{"@type":"ListItem","position":1,"name":"In\u00edcio","item":"https:\/\/centrosabia.org.br\/en\/"},{"@type":"ListItem","position":2,"name":"\u00c1udios","item":"https:\/\/centrosabia.org.br\/en\/audio\/"},{"@type":"ListItem","position":3,"name":"Conhe\u00e7a as Feiras Agroecol\u00f3gicas! | Cantos do Sabi\u00e1"}]},{"@type":"WebSite","@id":"https:\/\/centrosabia.org.br\/en\/#website","url":"https:\/\/centrosabia.org.br\/en\/","name":"Centro de Desenvolvimento Agroecol\u00f3gico Sabi\u00e1","description":"","publisher":{"@id":"https:\/\/centrosabia.org.br\/en\/#organization"},"potentialAction":[{"@type":"SearchAction","target":{"@type":"EntryPoint","urlTemplate":"https:\/\/centrosabia.org.br\/en\/?s={search_term_string}"},"query-input":{"@type":"PropertyValueSpecification","valueRequired":true,"valueName":"search_term_string"}}],"inLanguage":"en-US"},{"@type":"Organization","@id":"https:\/\/centrosabia.org.br\/en\/#organization","name":"Centro de Desenvolvimento Agroecol\u00f3gico Sabi\u00e1","url":"https:\/\/centrosabia.org.br\/en\/","logo":{"@type":"ImageObject","inLanguage":"en-US","@id":"https:\/\/centrosabia.org.br\/en\/#\/schema\/logo\/image\/","url":"https:\/\/centrosabia.org.br\/wp-content\/uploads\/2021\/10\/logo.png","contentUrl":"https:\/\/centrosabia.org.br\/wp-content\/uploads\/2021\/10\/logo.png","width":174,"height":84,"caption":"Centro de Desenvolvimento Agroecol\u00f3gico Sabi\u00e1"},"image":{"@id":"https:\/\/centrosabia.org.br\/en\/#\/schema\/logo\/image\/"}}]}},"_links":{"self":[{"href":"https:\/\/centrosabia.org.br\/en\/wp-json\/wp\/v2\/audio\/17324","targetHints":{"allow":["GET"]}}],"collection":[{"href":"https:\/\/centrosabia.org.br\/en\/wp-json\/wp\/v2\/audio"}],"about":[{"href":"https:\/\/centrosabia.org.br\/en\/wp-json\/wp\/v2\/types\/audio"}],"wp:featuredmedia":[{"embeddable":true,"href":"https:\/\/centrosabia.org.br\/en\/wp-json\/wp\/v2\/media\/23529"}],"wp:attachment":[{"href":"https:\/\/centrosabia.org.br\/en\/wp-json\/wp\/v2\/media?parent=17324"}],"wp:term":[{"taxonomy":"tema","embeddable":true,"href":"https:\/\/centrosabia.org.br\/en\/wp-json\/wp\/v2\/tema?post=17324"},{"taxonomy":"decada","embeddable":true,"href":"https:\/\/centrosabia.org.br\/en\/wp-json\/wp\/v2\/decada?post=17324"},{"taxonomy":"curadoria","embeddable":true,"href":"https:\/\/centrosabia.org.br\/en\/wp-json\/wp\/v2\/curadoria?post=17324"}],"curies":[{"name":"wp","href":"https:\/\/api.w.org\/{rel}","templated":true}]}}

Conheça as Feiras Agroecológicas! | Cantos do Sabiá

<p>Você tem que conhecer as Feiras Agroecológicas! Por isso o Cantos do Sabiá, nosso podcast semanal, vem discutir a importância desses espaços, que vão bem além da compra e venda de alimentos! Feiras Agroecológicas são espaços de convivência, de saúde e de muita prosa. Espaços que movimentam a economia rural, e ajudam famílias agricultoras em todo Brasil a garantir uma renda familiar. É bom sempre lembrar: A agricultura familiar alimenta o país! </p>
<p></p>
<p>Por isso devemos apoiar não só os espaços das feiras, mas também os agricultores e agricultoras que dedicam suas vidas à estes espaços. Para conversar conosco, convidamos o assessor para mercados do Centro Sabiá, Maílson Rodrigues! Ele é ex-gerente de Processos Agroecológicos da SDA &#8211; Secretaria de Desenvolvimento Agrário.</p>
<p></p>
<p></p>
<p></p>
<p>&#x1f331; Quer apoiar os projetos do Centro Sabiá? Então faça a sua doação! Clique no link: <a href="https://centrosabia.org.br/doe/" rel="nofollow">https://centrosabia.org.br/doe/</a></p>
<p></p>
<p>&#x1f469;&#x1f3fc;‍&#x1f33e;&#x1f468;&#x1f3ff;‍&#x1f33e; Conheça a Feira Agroecológica mais próxima de sua casa! <a href="https://centrosabia.org.br/feiras/" rel="nofollow">https://centrosabia.org.br/feiras/</a></p>
<p></p>
<p></p>
<p></p>
<p>#podcast #CantosdoSabiá #FeirasAgroecológicas #agroecologia #feira</p>
<p></p>
<p></p>

<!-- This site is optimized with the Yoast SEO plugin v27.4 - https://yoast.com/product/yoast-seo-wordpress/ -->
<title>Conheça as Feiras Agroecológicas! | Cantos do Sabiá - Centro de Desenvolvimento Agroecológico Sabiá</title>
<meta name="robots" content="index, follow, max-snippet:-1, max-image-preview:large, max-video-preview:-1" />
<link rel="canonical" href="https://centrosabia.org.br/en/audio/conheca-as-feiras-agroecologicas/" />
<meta property="og:locale" content="en_US" />
<meta property="og:type" content="article" />
<meta property="og:title" content="Conheça as Feiras Agroecológicas! | Cantos do Sabiá - Centro de Desenvolvimento Agroecológico Sabiá" />
<meta property="og:url" content="https://centrosabia.org.br/en/audio/conheca-as-feiras-agroecologicas/" />
<meta property="og:site_name" content="Centro de Desenvolvimento Agroecológico Sabiá" />
<meta property="article:modified_time" content="2024-08-05T19:16:20+00:00" />
<meta property="og:image" content="https://centrosabia.org.br/wp-content/uploads/2022/05/45-CANTOS-DO-SABIA-16jan-300x169.png" />
	<meta property="og:image:width" content="300" />
	<meta property="og:image:height" content="169" />
	<meta property="og:image:type" content="image/png" />
<meta name="twitter:card" content="summary_large_image" />
<meta name="twitter:label1" content="Est. reading time" />
	<meta name="twitter:data1" content="2 minutes" />
<script type="application/ld+json" class="yoast-schema-graph">{"@context":"https:\/\/schema.org","@graph":[{"@type":"WebPage","@id":"https:\/\/centrosabia.org.br\/en\/audio\/conheca-as-feiras-agroecologicas\/","url":"https:\/\/centrosabia.org.br\/en\/audio\/conheca-as-feiras-agroecologicas\/","name":"Conheça as Feiras Agroecológicas! | Cantos do Sabiá - Centro de Desenvolvimento Agroecológico Sabiá","isPartOf":{"@id":"https:\/\/centrosabia.org.br\/en\/#website"},"primaryImageOfPage":{"@id":"https:\/\/centrosabia.org.br\/en\/audio\/conheca-as-feiras-agroecologicas\/#primaryimage"},"image":{"@id":"https:\/\/centrosabia.org.br\/en\/audio\/conheca-as-feiras-agroecologicas\/#primaryimage"},"thumbnailUrl":"https:\/\/centrosabia.org.br\/wp-content\/uploads\/2022\/05\/45-CANTOS-DO-SABIA-16jan.png","datePublished":"2022-01-17T03:00:00+00:00","dateModified":"2024-08-05T19:16:20+00:00","breadcrumb":{"@id":"https:\/\/centrosabia.org.br\/en\/audio\/conheca-as-feiras-agroecologicas\/#breadcrumb"},"inLanguage":"en-US","potentialAction":[{"@type":"ReadAction","target":["https:\/\/centrosabia.org.br\/en\/audio\/conheca-as-feiras-agroecologicas\/"]}]},{"@type":"ImageObject","inLanguage":"en-US","@id":"https:\/\/centrosabia.org.br\/en\/audio\/conheca-as-feiras-agroecologicas\/#primaryimage","url":"https:\/\/centrosabia.org.br\/wp-content\/uploads\/2022\/05\/45-CANTOS-DO-SABIA-16jan.png","contentUrl":"https:\/\/centrosabia.org.br\/wp-content\/uploads\/2022\/05\/45-CANTOS-DO-SABIA-16jan.png","width":512,"height":288},{"@type":"BreadcrumbList","@id":"https:\/\/centrosabia.org.br\/en\/audio\/conheca-as-feiras-agroecologicas\/#breadcrumb","itemListElement":[{"@type":"ListItem","position":1,"name":"Início","item":"https:\/\/centrosabia.org.br\/en\/"},{"@type":"ListItem","position":2,"name":"Áudios","item":"https:\/\/centrosabia.org.br\/en\/audio\/"},{"@type":"ListItem","position":3,"name":"Conheça as Feiras Agroecológicas! | Cantos do Sabiá"}]},{"@type":"WebSite","@id":"https:\/\/centrosabia.org.br\/en\/#website","url":"https:\/\/centrosabia.org.br\/en\/","name":"Centro de Desenvolvimento Agroecológico Sabiá","description":"","publisher":{"@id":"https:\/\/centrosabia.org.br\/en\/#organization"},"potentialAction":[{"@type":"SearchAction","target":{"@type":"EntryPoint","urlTemplate":"https:\/\/centrosabia.org.br\/en\/?s={search_term_string}"},"query-input":{"@type":"PropertyValueSpecification","valueRequired":true,"valueName":"search_term_string"}}],"inLanguage":"en-US"},{"@type":"Organization","@id":"https:\/\/centrosabia.org.br\/en\/#organization","name":"Centro de Desenvolvimento Agroecológico Sabiá","url":"https:\/\/centrosabia.org.br\/en\/","logo":{"@type":"ImageObject","inLanguage":"en-US","@id":"https:\/\/centrosabia.org.br\/en\/#\/schema\/logo\/image\/","url":"https:\/\/centrosabia.org.br\/wp-content\/uploads\/2021\/10\/logo.png","contentUrl":"https:\/\/centrosabia.org.br\/wp-content\/uploads\/2021\/10\/logo.png","width":174,"height":84,"caption":"Centro de Desenvolvimento Agroecológico Sabiá"},"image":{"@id":"https:\/\/centrosabia.org.br\/en\/#\/schema\/logo\/image\/"}}]}</script>
<!-- / Yoast SEO plugin. -->

Conheça as Feiras Agroecológicas! | Cantos do Sabiá - Centro de Desenvolvimento Agroecológico Sabiá

Centro de Desenvolvimento Agroecológico Sabiá

Início

Áudios
