{"id":17328,"date":"2022-01-10T00:00:00","date_gmt":"2022-01-10T03:00:00","guid":{"rendered":"https:\/\/centrosabia.org.br\/audio\/os-desafios-politicos-em-2022-para-o-campo-e-cidade\/"},"modified":"2024-08-05T16:17:59","modified_gmt":"2024-08-05T19:17:59","slug":"os-desafios-politicos-em-2022-para-o-campo-e-cidade","status":"publish","type":"audio","link":"https:\/\/centrosabia.org.br\/en\/audio\/os-desafios-politicos-em-2022-para-o-campo-e-cidade\/","title":{"rendered":"Os Desafios Pol\u00edticos em 2022 para o Campo e Cidade | Cantos do Sabi\u00e1"},"content":{"rendered":"<p>2022 j\u00e1 come\u00e7ou, e traz desafios gigantescos para a Democracia, Direitos Humanos e Pol\u00edtica que queremos para o futuro do nosso pa\u00eds. Estamos em ano de elei\u00e7\u00f5es! Portanto, quais os desafios pol\u00edticos que devemos ficar atentos, neste ano que inicia? \u00c9 sobre isso que o Cantos do Sabi\u00e1 vem discutir! Para falar sobre o assunto, convidamos \u00a0Alexandre Henrique Pires, Coordenador Geral do Centro Sabi\u00e1! Ele \u00e9 sertanejo, bi\u00f3logo e tamb\u00e9m faz parte da Coordena\u00e7\u00e3o da ASA BRASIL, a Articula\u00e7\u00e3o do Semi\u00e1rido Brasileiro.<\/p>\n<p><\/p>\n<p><\/p>\n<p><\/p>\n<p>Ajude o campo, ajude a cidade! Fa\u00e7a uma doa\u00e7\u00e3o para os projetos do Centro Sabi\u00e1! https:\/\/centrosabia.org.br\/doe\/<\/p>\n<p><\/p>\n<p><\/p>\n<p><\/p>\n<p>#podcast #CantosdoSabi\u00e1 #Pol\u00edtica #Politica2022 #Democracia<\/p>\n<p><\/p>\n<p><\/p>\n","protected":false},"featured_media":23532,"template":"","meta":{"_acf_changed":false,"ano":2022},"tema":[2523,2550,2509],"decada":[2502],"curadoria":[],"class_list":["post-17328","audio","type-audio","status-publish","has-post-thumbnail","hentry","tema-agricultura-familiar","tema-agricultura-urbana","tema-politica","decada-2502"],"blocksy_meta":[],"acf":{"imagem_de_cobertura":""},"yoast_head":"<!-- This site is optimized with the Yoast SEO plugin v27.4 - https:\/\/yoast.com\/product\/yoast-seo-wordpress\/ -->\n<title>Os Desafios Pol\u00edticos em 2022 para o Campo e Cidade | Cantos do Sabi\u00e1 - Centro de Desenvolvimento Agroecol\u00f3gico Sabi\u00e1<\/title>\n<meta name=\"robots\" content=\"index, follow, max-snippet:-1, max-image-preview:large, max-video-preview:-1\" \/>\n<link rel=\"canonical\" href=\"https:\/\/centrosabia.org.br\/en\/audio\/os-desafios-politicos-em-2022-para-o-campo-e-cidade\/\" \/>\n<meta property=\"og:locale\" content=\"en_US\" \/>\n<meta property=\"og:type\" content=\"article\" \/>\n<meta property=\"og:title\" content=\"Os Desafios Pol\u00edticos em 2022 para o Campo e Cidade | Cantos do Sabi\u00e1 - Centro de Desenvolvimento Agroecol\u00f3gico Sabi\u00e1\" \/>\n<meta property=\"og:url\" content=\"https:\/\/centrosabia.org.br\/en\/audio\/os-desafios-politicos-em-2022-para-o-campo-e-cidade\/\" \/>\n<meta property=\"og:site_name\" content=\"Centro de Desenvolvimento Agroecol\u00f3gico Sabi\u00e1\" \/>\n<meta property=\"article:modified_time\" content=\"2024-08-05T19:17:59+00:00\" \/>\n<meta property=\"og:image\" content=\"https:\/\/centrosabia.org.br\/wp-content\/uploads\/2022\/05\/46-PGM-CANSABIA-T06E01-OS-DESAFIOS-POLITICOS-DE-2022-2022-01-09-2-300x150.png\" \/>\n\t<meta property=\"og:image:width\" content=\"300\" \/>\n\t<meta property=\"og:image:height\" content=\"150\" \/>\n\t<meta property=\"og:image:type\" content=\"image\/png\" \/>\n<meta name=\"twitter:card\" content=\"summary_large_image\" \/>\n<meta name=\"twitter:label1\" content=\"Est. reading time\" \/>\n\t<meta name=\"twitter:data1\" content=\"1 minute\" \/>\n<script type=\"application\/ld+json\" class=\"yoast-schema-graph\">{\"@context\":\"https:\\\/\\\/schema.org\",\"@graph\":[{\"@type\":\"WebPage\",\"@id\":\"https:\\\/\\\/centrosabia.org.br\\\/en\\\/audio\\\/os-desafios-politicos-em-2022-para-o-campo-e-cidade\\\/\",\"url\":\"https:\\\/\\\/centrosabia.org.br\\\/en\\\/audio\\\/os-desafios-politicos-em-2022-para-o-campo-e-cidade\\\/\",\"name\":\"Os Desafios Pol\u00edticos em 2022 para o Campo e Cidade | Cantos do Sabi\u00e1 - Centro de Desenvolvimento Agroecol\u00f3gico Sabi\u00e1\",\"isPartOf\":{\"@id\":\"https:\\\/\\\/centrosabia.org.br\\\/en\\\/#website\"},\"primaryImageOfPage\":{\"@id\":\"https:\\\/\\\/centrosabia.org.br\\\/en\\\/audio\\\/os-desafios-politicos-em-2022-para-o-campo-e-cidade\\\/#primaryimage\"},\"image\":{\"@id\":\"https:\\\/\\\/centrosabia.org.br\\\/en\\\/audio\\\/os-desafios-politicos-em-2022-para-o-campo-e-cidade\\\/#primaryimage\"},\"thumbnailUrl\":\"https:\\\/\\\/centrosabia.org.br\\\/wp-content\\\/uploads\\\/2022\\\/05\\\/46-PGM-CANSABIA-T06E01-OS-DESAFIOS-POLITICOS-DE-2022-2022-01-09-2.png\",\"datePublished\":\"2022-01-10T03:00:00+00:00\",\"dateModified\":\"2024-08-05T19:17:59+00:00\",\"breadcrumb\":{\"@id\":\"https:\\\/\\\/centrosabia.org.br\\\/en\\\/audio\\\/os-desafios-politicos-em-2022-para-o-campo-e-cidade\\\/#breadcrumb\"},\"inLanguage\":\"en-US\",\"potentialAction\":[{\"@type\":\"ReadAction\",\"target\":[\"https:\\\/\\\/centrosabia.org.br\\\/en\\\/audio\\\/os-desafios-politicos-em-2022-para-o-campo-e-cidade\\\/\"]}]},{\"@type\":\"ImageObject\",\"inLanguage\":\"en-US\",\"@id\":\"https:\\\/\\\/centrosabia.org.br\\\/en\\\/audio\\\/os-desafios-politicos-em-2022-para-o-campo-e-cidade\\\/#primaryimage\",\"url\":\"https:\\\/\\\/centrosabia.org.br\\\/wp-content\\\/uploads\\\/2022\\\/05\\\/46-PGM-CANSABIA-T06E01-OS-DESAFIOS-POLITICOS-DE-2022-2022-01-09-2.png\",\"contentUrl\":\"https:\\\/\\\/centrosabia.org.br\\\/wp-content\\\/uploads\\\/2022\\\/05\\\/46-PGM-CANSABIA-T06E01-OS-DESAFIOS-POLITICOS-DE-2022-2022-01-09-2.png\",\"width\":512,\"height\":256},{\"@type\":\"BreadcrumbList\",\"@id\":\"https:\\\/\\\/centrosabia.org.br\\\/en\\\/audio\\\/os-desafios-politicos-em-2022-para-o-campo-e-cidade\\\/#breadcrumb\",\"itemListElement\":[{\"@type\":\"ListItem\",\"position\":1,\"name\":\"In\u00edcio\",\"item\":\"https:\\\/\\\/centrosabia.org.br\\\/en\\\/\"},{\"@type\":\"ListItem\",\"position\":2,\"name\":\"\u00c1udios\",\"item\":\"https:\\\/\\\/centrosabia.org.br\\\/en\\\/audio\\\/\"},{\"@type\":\"ListItem\",\"position\":3,\"name\":\"Os Desafios Pol\u00edticos em 2022 para o Campo e Cidade | Cantos do Sabi\u00e1\"}]},{\"@type\":\"WebSite\",\"@id\":\"https:\\\/\\\/centrosabia.org.br\\\/en\\\/#website\",\"url\":\"https:\\\/\\\/centrosabia.org.br\\\/en\\\/\",\"name\":\"Centro de Desenvolvimento Agroecol\u00f3gico Sabi\u00e1\",\"description\":\"\",\"publisher\":{\"@id\":\"https:\\\/\\\/centrosabia.org.br\\\/en\\\/#organization\"},\"potentialAction\":[{\"@type\":\"SearchAction\",\"target\":{\"@type\":\"EntryPoint\",\"urlTemplate\":\"https:\\\/\\\/centrosabia.org.br\\\/en\\\/?s={search_term_string}\"},\"query-input\":{\"@type\":\"PropertyValueSpecification\",\"valueRequired\":true,\"valueName\":\"search_term_string\"}}],\"inLanguage\":\"en-US\"},{\"@type\":\"Organization\",\"@id\":\"https:\\\/\\\/centrosabia.org.br\\\/en\\\/#organization\",\"name\":\"Centro de Desenvolvimento Agroecol\u00f3gico Sabi\u00e1\",\"url\":\"https:\\\/\\\/centrosabia.org.br\\\/en\\\/\",\"logo\":{\"@type\":\"ImageObject\",\"inLanguage\":\"en-US\",\"@id\":\"https:\\\/\\\/centrosabia.org.br\\\/en\\\/#\\\/schema\\\/logo\\\/image\\\/\",\"url\":\"https:\\\/\\\/centrosabia.org.br\\\/wp-content\\\/uploads\\\/2021\\\/10\\\/logo.png\",\"contentUrl\":\"https:\\\/\\\/centrosabia.org.br\\\/wp-content\\\/uploads\\\/2021\\\/10\\\/logo.png\",\"width\":174,\"height\":84,\"caption\":\"Centro de Desenvolvimento Agroecol\u00f3gico Sabi\u00e1\"},\"image\":{\"@id\":\"https:\\\/\\\/centrosabia.org.br\\\/en\\\/#\\\/schema\\\/logo\\\/image\\\/\"}}]}<\/script>\n<!-- \/ Yoast SEO plugin. -->","yoast_head_json":{"title":"Os Desafios Pol\u00edticos em 2022 para o Campo e Cidade | Cantos do Sabi\u00e1 - Centro de Desenvolvimento Agroecol\u00f3gico Sabi\u00e1","robots":{"index":"index","follow":"follow","max-snippet":"max-snippet:-1","max-image-preview":"max-image-preview:large","max-video-preview":"max-video-preview:-1"},"canonical":"https:\/\/centrosabia.org.br\/en\/audio\/os-desafios-politicos-em-2022-para-o-campo-e-cidade\/","og_locale":"en_US","og_type":"article","og_title":"Os Desafios Pol\u00edticos em 2022 para o Campo e Cidade | Cantos do Sabi\u00e1 - Centro de Desenvolvimento Agroecol\u00f3gico Sabi\u00e1","og_url":"https:\/\/centrosabia.org.br\/en\/audio\/os-desafios-politicos-em-2022-para-o-campo-e-cidade\/","og_site_name":"Centro de Desenvolvimento Agroecol\u00f3gico Sabi\u00e1","article_modified_time":"2024-08-05T19:17:59+00:00","og_image":[{"width":300,"height":150,"url":"https:\/\/centrosabia.org.br\/wp-content\/uploads\/2022\/05\/46-PGM-CANSABIA-T06E01-OS-DESAFIOS-POLITICOS-DE-2022-2022-01-09-2-300x150.png","type":"image\/png"}],"twitter_card":"summary_large_image","twitter_misc":{"Est. reading time":"1 minute"},"schema":{"@context":"https:\/\/schema.org","@graph":[{"@type":"WebPage","@id":"https:\/\/centrosabia.org.br\/en\/audio\/os-desafios-politicos-em-2022-para-o-campo-e-cidade\/","url":"https:\/\/centrosabia.org.br\/en\/audio\/os-desafios-politicos-em-2022-para-o-campo-e-cidade\/","name":"Os Desafios Pol\u00edticos em 2022 para o Campo e Cidade | Cantos do Sabi\u00e1 - Centro de Desenvolvimento Agroecol\u00f3gico Sabi\u00e1","isPartOf":{"@id":"https:\/\/centrosabia.org.br\/en\/#website"},"primaryImageOfPage":{"@id":"https:\/\/centrosabia.org.br\/en\/audio\/os-desafios-politicos-em-2022-para-o-campo-e-cidade\/#primaryimage"},"image":{"@id":"https:\/\/centrosabia.org.br\/en\/audio\/os-desafios-politicos-em-2022-para-o-campo-e-cidade\/#primaryimage"},"thumbnailUrl":"https:\/\/centrosabia.org.br\/wp-content\/uploads\/2022\/05\/46-PGM-CANSABIA-T06E01-OS-DESAFIOS-POLITICOS-DE-2022-2022-01-09-2.png","datePublished":"2022-01-10T03:00:00+00:00","dateModified":"2024-08-05T19:17:59+00:00","breadcrumb":{"@id":"https:\/\/centrosabia.org.br\/en\/audio\/os-desafios-politicos-em-2022-para-o-campo-e-cidade\/#breadcrumb"},"inLanguage":"en-US","potentialAction":[{"@type":"ReadAction","target":["https:\/\/centrosabia.org.br\/en\/audio\/os-desafios-politicos-em-2022-para-o-campo-e-cidade\/"]}]},{"@type":"ImageObject","inLanguage":"en-US","@id":"https:\/\/centrosabia.org.br\/en\/audio\/os-desafios-politicos-em-2022-para-o-campo-e-cidade\/#primaryimage","url":"https:\/\/centrosabia.org.br\/wp-content\/uploads\/2022\/05\/46-PGM-CANSABIA-T06E01-OS-DESAFIOS-POLITICOS-DE-2022-2022-01-09-2.png","contentUrl":"https:\/\/centrosabia.org.br\/wp-content\/uploads\/2022\/05\/46-PGM-CANSABIA-T06E01-OS-DESAFIOS-POLITICOS-DE-2022-2022-01-09-2.png","width":512,"height":256},{"@type":"BreadcrumbList","@id":"https:\/\/centrosabia.org.br\/en\/audio\/os-desafios-politicos-em-2022-para-o-campo-e-cidade\/#breadcrumb","itemListElement":[{"@type":"ListItem","position":1,"name":"In\u00edcio","item":"https:\/\/centrosabia.org.br\/en\/"},{"@type":"ListItem","position":2,"name":"\u00c1udios","item":"https:\/\/centrosabia.org.br\/en\/audio\/"},{"@type":"ListItem","position":3,"name":"Os Desafios Pol\u00edticos em 2022 para o Campo e Cidade | Cantos do Sabi\u00e1"}]},{"@type":"WebSite","@id":"https:\/\/centrosabia.org.br\/en\/#website","url":"https:\/\/centrosabia.org.br\/en\/","name":"Centro de Desenvolvimento Agroecol\u00f3gico Sabi\u00e1","description":"","publisher":{"@id":"https:\/\/centrosabia.org.br\/en\/#organization"},"potentialAction":[{"@type":"SearchAction","target":{"@type":"EntryPoint","urlTemplate":"https:\/\/centrosabia.org.br\/en\/?s={search_term_string}"},"query-input":{"@type":"PropertyValueSpecification","valueRequired":true,"valueName":"search_term_string"}}],"inLanguage":"en-US"},{"@type":"Organization","@id":"https:\/\/centrosabia.org.br\/en\/#organization","name":"Centro de Desenvolvimento Agroecol\u00f3gico Sabi\u00e1","url":"https:\/\/centrosabia.org.br\/en\/","logo":{"@type":"ImageObject","inLanguage":"en-US","@id":"https:\/\/centrosabia.org.br\/en\/#\/schema\/logo\/image\/","url":"https:\/\/centrosabia.org.br\/wp-content\/uploads\/2021\/10\/logo.png","contentUrl":"https:\/\/centrosabia.org.br\/wp-content\/uploads\/2021\/10\/logo.png","width":174,"height":84,"caption":"Centro de Desenvolvimento Agroecol\u00f3gico Sabi\u00e1"},"image":{"@id":"https:\/\/centrosabia.org.br\/en\/#\/schema\/logo\/image\/"}}]}},"_links":{"self":[{"href":"https:\/\/centrosabia.org.br\/en\/wp-json\/wp\/v2\/audio\/17328","targetHints":{"allow":["GET"]}}],"collection":[{"href":"https:\/\/centrosabia.org.br\/en\/wp-json\/wp\/v2\/audio"}],"about":[{"href":"https:\/\/centrosabia.org.br\/en\/wp-json\/wp\/v2\/types\/audio"}],"wp:featuredmedia":[{"embeddable":true,"href":"https:\/\/centrosabia.org.br\/en\/wp-json\/wp\/v2\/media\/23532"}],"wp:attachment":[{"href":"https:\/\/centrosabia.org.br\/en\/wp-json\/wp\/v2\/media?parent=17328"}],"wp:term":[{"taxonomy":"tema","embeddable":true,"href":"https:\/\/centrosabia.org.br\/en\/wp-json\/wp\/v2\/tema?post=17328"},{"taxonomy":"decada","embeddable":true,"href":"https:\/\/centrosabia.org.br\/en\/wp-json\/wp\/v2\/decada?post=17328"},{"taxonomy":"curadoria","embeddable":true,"href":"https:\/\/centrosabia.org.br\/en\/wp-json\/wp\/v2\/curadoria?post=17328"}],"curies":[{"name":"wp","href":"https:\/\/api.w.org\/{rel}","templated":true}]}}

Os Desafios Políticos em 2022 para o Campo e Cidade | Cantos do Sabiá

<p>2022 já começou, e traz desafios gigantescos para a Democracia, Direitos Humanos e Política que queremos para o futuro do nosso país. Estamos em ano de eleições! Portanto, quais os desafios políticos que devemos ficar atentos, neste ano que inicia? É sobre isso que o Cantos do Sabiá vem discutir! Para falar sobre o assunto, convidamos  Alexandre Henrique Pires, Coordenador Geral do Centro Sabiá! Ele é sertanejo, biólogo e também faz parte da Coordenação da ASA BRASIL, a Articulação do Semiárido Brasileiro.</p>
<p></p>
<p></p>
<p></p>
<p>Ajude o campo, ajude a cidade! Faça uma doação para os projetos do Centro Sabiá! https://centrosabia.org.br/doe/</p>
<p></p>
<p></p>
<p></p>
<p>#podcast #CantosdoSabiá #Política #Politica2022 #Democracia</p>
<p></p>
<p></p>

<!-- This site is optimized with the Yoast SEO plugin v27.4 - https://yoast.com/product/yoast-seo-wordpress/ -->
<title>Os Desafios Políticos em 2022 para o Campo e Cidade | Cantos do Sabiá - Centro de Desenvolvimento Agroecológico Sabiá</title>
<meta name="robots" content="index, follow, max-snippet:-1, max-image-preview:large, max-video-preview:-1" />
<link rel="canonical" href="https://centrosabia.org.br/en/audio/os-desafios-politicos-em-2022-para-o-campo-e-cidade/" />
<meta property="og:locale" content="en_US" />
<meta property="og:type" content="article" />
<meta property="og:title" content="Os Desafios Políticos em 2022 para o Campo e Cidade | Cantos do Sabiá - Centro de Desenvolvimento Agroecológico Sabiá" />
<meta property="og:url" content="https://centrosabia.org.br/en/audio/os-desafios-politicos-em-2022-para-o-campo-e-cidade/" />
<meta property="og:site_name" content="Centro de Desenvolvimento Agroecológico Sabiá" />
<meta property="article:modified_time" content="2024-08-05T19:17:59+00:00" />
<meta property="og:image" content="https://centrosabia.org.br/wp-content/uploads/2022/05/46-PGM-CANSABIA-T06E01-OS-DESAFIOS-POLITICOS-DE-2022-2022-01-09-2-300x150.png" />
	<meta property="og:image:width" content="300" />
	<meta property="og:image:height" content="150" />
	<meta property="og:image:type" content="image/png" />
<meta name="twitter:card" content="summary_large_image" />
<meta name="twitter:label1" content="Est. reading time" />
	<meta name="twitter:data1" content="1 minute" />
<script type="application/ld+json" class="yoast-schema-graph">{"@context":"https:\/\/schema.org","@graph":[{"@type":"WebPage","@id":"https:\/\/centrosabia.org.br\/en\/audio\/os-desafios-politicos-em-2022-para-o-campo-e-cidade\/","url":"https:\/\/centrosabia.org.br\/en\/audio\/os-desafios-politicos-em-2022-para-o-campo-e-cidade\/","name":"Os Desafios Políticos em 2022 para o Campo e Cidade | Cantos do Sabiá - Centro de Desenvolvimento Agroecológico Sabiá","isPartOf":{"@id":"https:\/\/centrosabia.org.br\/en\/#website"},"primaryImageOfPage":{"@id":"https:\/\/centrosabia.org.br\/en\/audio\/os-desafios-politicos-em-2022-para-o-campo-e-cidade\/#primaryimage"},"image":{"@id":"https:\/\/centrosabia.org.br\/en\/audio\/os-desafios-politicos-em-2022-para-o-campo-e-cidade\/#primaryimage"},"thumbnailUrl":"https:\/\/centrosabia.org.br\/wp-content\/uploads\/2022\/05\/46-PGM-CANSABIA-T06E01-OS-DESAFIOS-POLITICOS-DE-2022-2022-01-09-2.png","datePublished":"2022-01-10T03:00:00+00:00","dateModified":"2024-08-05T19:17:59+00:00","breadcrumb":{"@id":"https:\/\/centrosabia.org.br\/en\/audio\/os-desafios-politicos-em-2022-para-o-campo-e-cidade\/#breadcrumb"},"inLanguage":"en-US","potentialAction":[{"@type":"ReadAction","target":["https:\/\/centrosabia.org.br\/en\/audio\/os-desafios-politicos-em-2022-para-o-campo-e-cidade\/"]}]},{"@type":"ImageObject","inLanguage":"en-US","@id":"https:\/\/centrosabia.org.br\/en\/audio\/os-desafios-politicos-em-2022-para-o-campo-e-cidade\/#primaryimage","url":"https:\/\/centrosabia.org.br\/wp-content\/uploads\/2022\/05\/46-PGM-CANSABIA-T06E01-OS-DESAFIOS-POLITICOS-DE-2022-2022-01-09-2.png","contentUrl":"https:\/\/centrosabia.org.br\/wp-content\/uploads\/2022\/05\/46-PGM-CANSABIA-T06E01-OS-DESAFIOS-POLITICOS-DE-2022-2022-01-09-2.png","width":512,"height":256},{"@type":"BreadcrumbList","@id":"https:\/\/centrosabia.org.br\/en\/audio\/os-desafios-politicos-em-2022-para-o-campo-e-cidade\/#breadcrumb","itemListElement":[{"@type":"ListItem","position":1,"name":"Início","item":"https:\/\/centrosabia.org.br\/en\/"},{"@type":"ListItem","position":2,"name":"Áudios","item":"https:\/\/centrosabia.org.br\/en\/audio\/"},{"@type":"ListItem","position":3,"name":"Os Desafios Políticos em 2022 para o Campo e Cidade | Cantos do Sabiá"}]},{"@type":"WebSite","@id":"https:\/\/centrosabia.org.br\/en\/#website","url":"https:\/\/centrosabia.org.br\/en\/","name":"Centro de Desenvolvimento Agroecológico Sabiá","description":"","publisher":{"@id":"https:\/\/centrosabia.org.br\/en\/#organization"},"potentialAction":[{"@type":"SearchAction","target":{"@type":"EntryPoint","urlTemplate":"https:\/\/centrosabia.org.br\/en\/?s={search_term_string}"},"query-input":{"@type":"PropertyValueSpecification","valueRequired":true,"valueName":"search_term_string"}}],"inLanguage":"en-US"},{"@type":"Organization","@id":"https:\/\/centrosabia.org.br\/en\/#organization","name":"Centro de Desenvolvimento Agroecológico Sabiá","url":"https:\/\/centrosabia.org.br\/en\/","logo":{"@type":"ImageObject","inLanguage":"en-US","@id":"https:\/\/centrosabia.org.br\/en\/#\/schema\/logo\/image\/","url":"https:\/\/centrosabia.org.br\/wp-content\/uploads\/2021\/10\/logo.png","contentUrl":"https:\/\/centrosabia.org.br\/wp-content\/uploads\/2021\/10\/logo.png","width":174,"height":84,"caption":"Centro de Desenvolvimento Agroecológico Sabiá"},"image":{"@id":"https:\/\/centrosabia.org.br\/en\/#\/schema\/logo\/image\/"}}]}</script>
<!-- / Yoast SEO plugin. -->

Os Desafios Políticos em 2022 para o Campo e Cidade | Cantos do Sabiá - Centro de Desenvolvimento Agroecológico Sabiá

Centro de Desenvolvimento Agroecológico Sabiá

Início

Áudios
