{"id":17408,"date":"2021-07-12T00:00:00","date_gmt":"2021-07-12T03:00:00","guid":{"rendered":"https:\/\/centrosabia.org.br\/audio\/aniversario-do-centro-sabia-e-o-combate-a-covid-19\/"},"modified":"2024-08-07T10:09:34","modified_gmt":"2024-08-07T13:09:34","slug":"aniversario-do-centro-sabia-e-o-combate-a-covid-19","status":"publish","type":"audio","link":"https:\/\/centrosabia.org.br\/en\/audio\/aniversario-do-centro-sabia-e-o-combate-a-covid-19\/","title":{"rendered":"Anivers\u00e1rio do CENTRO SABI\u00c1 e o combate a COVID-19 | Cantos do Sabi\u00e1"},"content":{"rendered":"<p>Essa semana o Cantos do Sabi\u00e1, nosso podcast semanal, fala sobre o anivers\u00e1rio de 28 ANOS do Centro Sabi\u00e1! Uma conversa sobre a conviv\u00eancia com o Semi\u00e1rido, sobre agroecologia e sobre resist\u00eancia, sobretudo em tempos como estes que atravessamos, da pandemia da Covid-19; afinal, o que tem feito o Centro Sabi\u00e1 em meio \u00e0 pandemia?\u00a0<\/p>\n<p><\/p>\n<p><\/p>\n<p><\/p>\n<p>Para falar sobre o assunto, convidamos Maria Cristina, engenheira agr\u00f4noma, feminista, ativista da agroecologia e direitos humanos, atualmente \u00e9 coordenadora t\u00e9cnico-pedag\u00f3gica do Centro Sabi\u00e1 e Presidenta da Cooperativa de Com\u00e9rcio Justo e Consumo Respons\u00e1vel Agroecoloja.<\/p>\n","protected":false},"featured_media":24047,"template":"","meta":{"_acf_changed":false,"ano":2021},"tema":[2523,2658,2509],"decada":[2502],"curadoria":[],"class_list":["post-17408","audio","type-audio","status-publish","has-post-thumbnail","hentry","tema-agricultura-familiar","tema-arquivos-historicos","tema-politica","decada-2502"],"blocksy_meta":[],"acf":{"imagem_de_cobertura":""},"yoast_head":"<!-- This site is optimized with the Yoast SEO plugin v27.4 - https:\/\/yoast.com\/product\/yoast-seo-wordpress\/ -->\n<title>Anivers\u00e1rio do CENTRO SABI\u00c1 e o combate a COVID-19 | Cantos do Sabi\u00e1 - Centro de Desenvolvimento Agroecol\u00f3gico Sabi\u00e1<\/title>\n<meta name=\"robots\" content=\"index, follow, max-snippet:-1, max-image-preview:large, max-video-preview:-1\" \/>\n<link rel=\"canonical\" href=\"https:\/\/centrosabia.org.br\/en\/audio\/aniversario-do-centro-sabia-e-o-combate-a-covid-19\/\" \/>\n<meta property=\"og:locale\" content=\"en_US\" \/>\n<meta property=\"og:type\" content=\"article\" \/>\n<meta property=\"og:title\" content=\"Anivers\u00e1rio do CENTRO SABI\u00c1 e o combate a COVID-19 | Cantos do Sabi\u00e1 - Centro de Desenvolvimento Agroecol\u00f3gico Sabi\u00e1\" \/>\n<meta property=\"og:url\" content=\"https:\/\/centrosabia.org.br\/en\/audio\/aniversario-do-centro-sabia-e-o-combate-a-covid-19\/\" \/>\n<meta property=\"og:site_name\" content=\"Centro de Desenvolvimento Agroecol\u00f3gico Sabi\u00e1\" \/>\n<meta property=\"article:modified_time\" content=\"2024-08-07T13:09:34+00:00\" \/>\n<meta property=\"og:image\" content=\"https:\/\/centrosabia.org.br\/wp-content\/uploads\/2021\/07\/Aniversario-do-CENTRO-SABIA-e-o-combate-a-COVID-19-300x169.png\" \/>\n\t<meta property=\"og:image:width\" content=\"300\" \/>\n\t<meta property=\"og:image:height\" content=\"169\" \/>\n\t<meta property=\"og:image:type\" content=\"image\/png\" \/>\n<meta name=\"twitter:card\" content=\"summary_large_image\" \/>\n<meta name=\"twitter:label1\" content=\"Est. reading time\" \/>\n\t<meta name=\"twitter:data1\" content=\"1 minute\" \/>\n<script type=\"application\/ld+json\" class=\"yoast-schema-graph\">{\"@context\":\"https:\\\/\\\/schema.org\",\"@graph\":[{\"@type\":\"WebPage\",\"@id\":\"https:\\\/\\\/centrosabia.org.br\\\/en\\\/audio\\\/aniversario-do-centro-sabia-e-o-combate-a-covid-19\\\/\",\"url\":\"https:\\\/\\\/centrosabia.org.br\\\/en\\\/audio\\\/aniversario-do-centro-sabia-e-o-combate-a-covid-19\\\/\",\"name\":\"Anivers\u00e1rio do CENTRO SABI\u00c1 e o combate a COVID-19 | Cantos do Sabi\u00e1 - Centro de Desenvolvimento Agroecol\u00f3gico Sabi\u00e1\",\"isPartOf\":{\"@id\":\"https:\\\/\\\/centrosabia.org.br\\\/en\\\/#website\"},\"primaryImageOfPage\":{\"@id\":\"https:\\\/\\\/centrosabia.org.br\\\/en\\\/audio\\\/aniversario-do-centro-sabia-e-o-combate-a-covid-19\\\/#primaryimage\"},\"image\":{\"@id\":\"https:\\\/\\\/centrosabia.org.br\\\/en\\\/audio\\\/aniversario-do-centro-sabia-e-o-combate-a-covid-19\\\/#primaryimage\"},\"thumbnailUrl\":\"https:\\\/\\\/centrosabia.org.br\\\/wp-content\\\/uploads\\\/2021\\\/07\\\/Aniversario-do-CENTRO-SABIA-e-o-combate-a-COVID-19.png\",\"datePublished\":\"2021-07-12T03:00:00+00:00\",\"dateModified\":\"2024-08-07T13:09:34+00:00\",\"breadcrumb\":{\"@id\":\"https:\\\/\\\/centrosabia.org.br\\\/en\\\/audio\\\/aniversario-do-centro-sabia-e-o-combate-a-covid-19\\\/#breadcrumb\"},\"inLanguage\":\"en-US\",\"potentialAction\":[{\"@type\":\"ReadAction\",\"target\":[\"https:\\\/\\\/centrosabia.org.br\\\/en\\\/audio\\\/aniversario-do-centro-sabia-e-o-combate-a-covid-19\\\/\"]}]},{\"@type\":\"ImageObject\",\"inLanguage\":\"en-US\",\"@id\":\"https:\\\/\\\/centrosabia.org.br\\\/en\\\/audio\\\/aniversario-do-centro-sabia-e-o-combate-a-covid-19\\\/#primaryimage\",\"url\":\"https:\\\/\\\/centrosabia.org.br\\\/wp-content\\\/uploads\\\/2021\\\/07\\\/Aniversario-do-CENTRO-SABIA-e-o-combate-a-COVID-19.png\",\"contentUrl\":\"https:\\\/\\\/centrosabia.org.br\\\/wp-content\\\/uploads\\\/2021\\\/07\\\/Aniversario-do-CENTRO-SABIA-e-o-combate-a-COVID-19.png\",\"width\":512,\"height\":288},{\"@type\":\"BreadcrumbList\",\"@id\":\"https:\\\/\\\/centrosabia.org.br\\\/en\\\/audio\\\/aniversario-do-centro-sabia-e-o-combate-a-covid-19\\\/#breadcrumb\",\"itemListElement\":[{\"@type\":\"ListItem\",\"position\":1,\"name\":\"In\u00edcio\",\"item\":\"https:\\\/\\\/centrosabia.org.br\\\/en\\\/\"},{\"@type\":\"ListItem\",\"position\":2,\"name\":\"\u00c1udios\",\"item\":\"https:\\\/\\\/centrosabia.org.br\\\/en\\\/audio\\\/\"},{\"@type\":\"ListItem\",\"position\":3,\"name\":\"Anivers\u00e1rio do CENTRO SABI\u00c1 e o combate a COVID-19 | Cantos do Sabi\u00e1\"}]},{\"@type\":\"WebSite\",\"@id\":\"https:\\\/\\\/centrosabia.org.br\\\/en\\\/#website\",\"url\":\"https:\\\/\\\/centrosabia.org.br\\\/en\\\/\",\"name\":\"Centro de Desenvolvimento Agroecol\u00f3gico Sabi\u00e1\",\"description\":\"\",\"publisher\":{\"@id\":\"https:\\\/\\\/centrosabia.org.br\\\/en\\\/#organization\"},\"potentialAction\":[{\"@type\":\"SearchAction\",\"target\":{\"@type\":\"EntryPoint\",\"urlTemplate\":\"https:\\\/\\\/centrosabia.org.br\\\/en\\\/?s={search_term_string}\"},\"query-input\":{\"@type\":\"PropertyValueSpecification\",\"valueRequired\":true,\"valueName\":\"search_term_string\"}}],\"inLanguage\":\"en-US\"},{\"@type\":\"Organization\",\"@id\":\"https:\\\/\\\/centrosabia.org.br\\\/en\\\/#organization\",\"name\":\"Centro de Desenvolvimento Agroecol\u00f3gico Sabi\u00e1\",\"url\":\"https:\\\/\\\/centrosabia.org.br\\\/en\\\/\",\"logo\":{\"@type\":\"ImageObject\",\"inLanguage\":\"en-US\",\"@id\":\"https:\\\/\\\/centrosabia.org.br\\\/en\\\/#\\\/schema\\\/logo\\\/image\\\/\",\"url\":\"https:\\\/\\\/centrosabia.org.br\\\/wp-content\\\/uploads\\\/2021\\\/10\\\/logo.png\",\"contentUrl\":\"https:\\\/\\\/centrosabia.org.br\\\/wp-content\\\/uploads\\\/2021\\\/10\\\/logo.png\",\"width\":174,\"height\":84,\"caption\":\"Centro de Desenvolvimento Agroecol\u00f3gico Sabi\u00e1\"},\"image\":{\"@id\":\"https:\\\/\\\/centrosabia.org.br\\\/en\\\/#\\\/schema\\\/logo\\\/image\\\/\"}}]}<\/script>\n<!-- \/ Yoast SEO plugin. -->","yoast_head_json":{"title":"Anivers\u00e1rio do CENTRO SABI\u00c1 e o combate a COVID-19 | Cantos do Sabi\u00e1 - Centro de Desenvolvimento Agroecol\u00f3gico Sabi\u00e1","robots":{"index":"index","follow":"follow","max-snippet":"max-snippet:-1","max-image-preview":"max-image-preview:large","max-video-preview":"max-video-preview:-1"},"canonical":"https:\/\/centrosabia.org.br\/en\/audio\/aniversario-do-centro-sabia-e-o-combate-a-covid-19\/","og_locale":"en_US","og_type":"article","og_title":"Anivers\u00e1rio do CENTRO SABI\u00c1 e o combate a COVID-19 | Cantos do Sabi\u00e1 - Centro de Desenvolvimento Agroecol\u00f3gico Sabi\u00e1","og_url":"https:\/\/centrosabia.org.br\/en\/audio\/aniversario-do-centro-sabia-e-o-combate-a-covid-19\/","og_site_name":"Centro de Desenvolvimento Agroecol\u00f3gico Sabi\u00e1","article_modified_time":"2024-08-07T13:09:34+00:00","og_image":[{"width":300,"height":169,"url":"https:\/\/centrosabia.org.br\/wp-content\/uploads\/2021\/07\/Aniversario-do-CENTRO-SABIA-e-o-combate-a-COVID-19-300x169.png","type":"image\/png"}],"twitter_card":"summary_large_image","twitter_misc":{"Est. reading time":"1 minute"},"schema":{"@context":"https:\/\/schema.org","@graph":[{"@type":"WebPage","@id":"https:\/\/centrosabia.org.br\/en\/audio\/aniversario-do-centro-sabia-e-o-combate-a-covid-19\/","url":"https:\/\/centrosabia.org.br\/en\/audio\/aniversario-do-centro-sabia-e-o-combate-a-covid-19\/","name":"Anivers\u00e1rio do CENTRO SABI\u00c1 e o combate a COVID-19 | Cantos do Sabi\u00e1 - Centro de Desenvolvimento Agroecol\u00f3gico Sabi\u00e1","isPartOf":{"@id":"https:\/\/centrosabia.org.br\/en\/#website"},"primaryImageOfPage":{"@id":"https:\/\/centrosabia.org.br\/en\/audio\/aniversario-do-centro-sabia-e-o-combate-a-covid-19\/#primaryimage"},"image":{"@id":"https:\/\/centrosabia.org.br\/en\/audio\/aniversario-do-centro-sabia-e-o-combate-a-covid-19\/#primaryimage"},"thumbnailUrl":"https:\/\/centrosabia.org.br\/wp-content\/uploads\/2021\/07\/Aniversario-do-CENTRO-SABIA-e-o-combate-a-COVID-19.png","datePublished":"2021-07-12T03:00:00+00:00","dateModified":"2024-08-07T13:09:34+00:00","breadcrumb":{"@id":"https:\/\/centrosabia.org.br\/en\/audio\/aniversario-do-centro-sabia-e-o-combate-a-covid-19\/#breadcrumb"},"inLanguage":"en-US","potentialAction":[{"@type":"ReadAction","target":["https:\/\/centrosabia.org.br\/en\/audio\/aniversario-do-centro-sabia-e-o-combate-a-covid-19\/"]}]},{"@type":"ImageObject","inLanguage":"en-US","@id":"https:\/\/centrosabia.org.br\/en\/audio\/aniversario-do-centro-sabia-e-o-combate-a-covid-19\/#primaryimage","url":"https:\/\/centrosabia.org.br\/wp-content\/uploads\/2021\/07\/Aniversario-do-CENTRO-SABIA-e-o-combate-a-COVID-19.png","contentUrl":"https:\/\/centrosabia.org.br\/wp-content\/uploads\/2021\/07\/Aniversario-do-CENTRO-SABIA-e-o-combate-a-COVID-19.png","width":512,"height":288},{"@type":"BreadcrumbList","@id":"https:\/\/centrosabia.org.br\/en\/audio\/aniversario-do-centro-sabia-e-o-combate-a-covid-19\/#breadcrumb","itemListElement":[{"@type":"ListItem","position":1,"name":"In\u00edcio","item":"https:\/\/centrosabia.org.br\/en\/"},{"@type":"ListItem","position":2,"name":"\u00c1udios","item":"https:\/\/centrosabia.org.br\/en\/audio\/"},{"@type":"ListItem","position":3,"name":"Anivers\u00e1rio do CENTRO SABI\u00c1 e o combate a COVID-19 | Cantos do Sabi\u00e1"}]},{"@type":"WebSite","@id":"https:\/\/centrosabia.org.br\/en\/#website","url":"https:\/\/centrosabia.org.br\/en\/","name":"Centro de Desenvolvimento Agroecol\u00f3gico Sabi\u00e1","description":"","publisher":{"@id":"https:\/\/centrosabia.org.br\/en\/#organization"},"potentialAction":[{"@type":"SearchAction","target":{"@type":"EntryPoint","urlTemplate":"https:\/\/centrosabia.org.br\/en\/?s={search_term_string}"},"query-input":{"@type":"PropertyValueSpecification","valueRequired":true,"valueName":"search_term_string"}}],"inLanguage":"en-US"},{"@type":"Organization","@id":"https:\/\/centrosabia.org.br\/en\/#organization","name":"Centro de Desenvolvimento Agroecol\u00f3gico Sabi\u00e1","url":"https:\/\/centrosabia.org.br\/en\/","logo":{"@type":"ImageObject","inLanguage":"en-US","@id":"https:\/\/centrosabia.org.br\/en\/#\/schema\/logo\/image\/","url":"https:\/\/centrosabia.org.br\/wp-content\/uploads\/2021\/10\/logo.png","contentUrl":"https:\/\/centrosabia.org.br\/wp-content\/uploads\/2021\/10\/logo.png","width":174,"height":84,"caption":"Centro de Desenvolvimento Agroecol\u00f3gico Sabi\u00e1"},"image":{"@id":"https:\/\/centrosabia.org.br\/en\/#\/schema\/logo\/image\/"}}]}},"_links":{"self":[{"href":"https:\/\/centrosabia.org.br\/en\/wp-json\/wp\/v2\/audio\/17408","targetHints":{"allow":["GET"]}}],"collection":[{"href":"https:\/\/centrosabia.org.br\/en\/wp-json\/wp\/v2\/audio"}],"about":[{"href":"https:\/\/centrosabia.org.br\/en\/wp-json\/wp\/v2\/types\/audio"}],"wp:featuredmedia":[{"embeddable":true,"href":"https:\/\/centrosabia.org.br\/en\/wp-json\/wp\/v2\/media\/24047"}],"wp:attachment":[{"href":"https:\/\/centrosabia.org.br\/en\/wp-json\/wp\/v2\/media?parent=17408"}],"wp:term":[{"taxonomy":"tema","embeddable":true,"href":"https:\/\/centrosabia.org.br\/en\/wp-json\/wp\/v2\/tema?post=17408"},{"taxonomy":"decada","embeddable":true,"href":"https:\/\/centrosabia.org.br\/en\/wp-json\/wp\/v2\/decada?post=17408"},{"taxonomy":"curadoria","embeddable":true,"href":"https:\/\/centrosabia.org.br\/en\/wp-json\/wp\/v2\/curadoria?post=17408"}],"curies":[{"name":"wp","href":"https:\/\/api.w.org\/{rel}","templated":true}]}}

Aniversário do CENTRO SABIÁ e o combate a COVID-19 | Cantos do Sabiá

<p>Essa semana o Cantos do Sabiá, nosso podcast semanal, fala sobre o aniversário de 28 ANOS do Centro Sabiá! Uma conversa sobre a convivência com o Semiárido, sobre agroecologia e sobre resistência, sobretudo em tempos como estes que atravessamos, da pandemia da Covid-19; afinal, o que tem feito o Centro Sabiá em meio à pandemia? </p>
<p></p>
<p></p>
<p></p>
<p>Para falar sobre o assunto, convidamos Maria Cristina, engenheira agrônoma, feminista, ativista da agroecologia e direitos humanos, atualmente é coordenadora técnico-pedagógica do Centro Sabiá e Presidenta da Cooperativa de Comércio Justo e Consumo Responsável Agroecoloja.</p>

<!-- This site is optimized with the Yoast SEO plugin v27.4 - https://yoast.com/product/yoast-seo-wordpress/ -->
<title>Aniversário do CENTRO SABIÁ e o combate a COVID-19 | Cantos do Sabiá - Centro de Desenvolvimento Agroecológico Sabiá</title>
<meta name="robots" content="index, follow, max-snippet:-1, max-image-preview:large, max-video-preview:-1" />
<link rel="canonical" href="https://centrosabia.org.br/en/audio/aniversario-do-centro-sabia-e-o-combate-a-covid-19/" />
<meta property="og:locale" content="en_US" />
<meta property="og:type" content="article" />
<meta property="og:title" content="Aniversário do CENTRO SABIÁ e o combate a COVID-19 | Cantos do Sabiá - Centro de Desenvolvimento Agroecológico Sabiá" />
<meta property="og:url" content="https://centrosabia.org.br/en/audio/aniversario-do-centro-sabia-e-o-combate-a-covid-19/" />
<meta property="og:site_name" content="Centro de Desenvolvimento Agroecológico Sabiá" />
<meta property="article:modified_time" content="2024-08-07T13:09:34+00:00" />
<meta property="og:image" content="https://centrosabia.org.br/wp-content/uploads/2021/07/Aniversario-do-CENTRO-SABIA-e-o-combate-a-COVID-19-300x169.png" />
	<meta property="og:image:width" content="300" />
	<meta property="og:image:height" content="169" />
	<meta property="og:image:type" content="image/png" />
<meta name="twitter:card" content="summary_large_image" />
<meta name="twitter:label1" content="Est. reading time" />
	<meta name="twitter:data1" content="1 minute" />
<script type="application/ld+json" class="yoast-schema-graph">{"@context":"https:\/\/schema.org","@graph":[{"@type":"WebPage","@id":"https:\/\/centrosabia.org.br\/en\/audio\/aniversario-do-centro-sabia-e-o-combate-a-covid-19\/","url":"https:\/\/centrosabia.org.br\/en\/audio\/aniversario-do-centro-sabia-e-o-combate-a-covid-19\/","name":"Aniversário do CENTRO SABIÁ e o combate a COVID-19 | Cantos do Sabiá - Centro de Desenvolvimento Agroecológico Sabiá","isPartOf":{"@id":"https:\/\/centrosabia.org.br\/en\/#website"},"primaryImageOfPage":{"@id":"https:\/\/centrosabia.org.br\/en\/audio\/aniversario-do-centro-sabia-e-o-combate-a-covid-19\/#primaryimage"},"image":{"@id":"https:\/\/centrosabia.org.br\/en\/audio\/aniversario-do-centro-sabia-e-o-combate-a-covid-19\/#primaryimage"},"thumbnailUrl":"https:\/\/centrosabia.org.br\/wp-content\/uploads\/2021\/07\/Aniversario-do-CENTRO-SABIA-e-o-combate-a-COVID-19.png","datePublished":"2021-07-12T03:00:00+00:00","dateModified":"2024-08-07T13:09:34+00:00","breadcrumb":{"@id":"https:\/\/centrosabia.org.br\/en\/audio\/aniversario-do-centro-sabia-e-o-combate-a-covid-19\/#breadcrumb"},"inLanguage":"en-US","potentialAction":[{"@type":"ReadAction","target":["https:\/\/centrosabia.org.br\/en\/audio\/aniversario-do-centro-sabia-e-o-combate-a-covid-19\/"]}]},{"@type":"ImageObject","inLanguage":"en-US","@id":"https:\/\/centrosabia.org.br\/en\/audio\/aniversario-do-centro-sabia-e-o-combate-a-covid-19\/#primaryimage","url":"https:\/\/centrosabia.org.br\/wp-content\/uploads\/2021\/07\/Aniversario-do-CENTRO-SABIA-e-o-combate-a-COVID-19.png","contentUrl":"https:\/\/centrosabia.org.br\/wp-content\/uploads\/2021\/07\/Aniversario-do-CENTRO-SABIA-e-o-combate-a-COVID-19.png","width":512,"height":288},{"@type":"BreadcrumbList","@id":"https:\/\/centrosabia.org.br\/en\/audio\/aniversario-do-centro-sabia-e-o-combate-a-covid-19\/#breadcrumb","itemListElement":[{"@type":"ListItem","position":1,"name":"Início","item":"https:\/\/centrosabia.org.br\/en\/"},{"@type":"ListItem","position":2,"name":"Áudios","item":"https:\/\/centrosabia.org.br\/en\/audio\/"},{"@type":"ListItem","position":3,"name":"Aniversário do CENTRO SABIÁ e o combate a COVID-19 | Cantos do Sabiá"}]},{"@type":"WebSite","@id":"https:\/\/centrosabia.org.br\/en\/#website","url":"https:\/\/centrosabia.org.br\/en\/","name":"Centro de Desenvolvimento Agroecológico Sabiá","description":"","publisher":{"@id":"https:\/\/centrosabia.org.br\/en\/#organization"},"potentialAction":[{"@type":"SearchAction","target":{"@type":"EntryPoint","urlTemplate":"https:\/\/centrosabia.org.br\/en\/?s={search_term_string}"},"query-input":{"@type":"PropertyValueSpecification","valueRequired":true,"valueName":"search_term_string"}}],"inLanguage":"en-US"},{"@type":"Organization","@id":"https:\/\/centrosabia.org.br\/en\/#organization","name":"Centro de Desenvolvimento Agroecológico Sabiá","url":"https:\/\/centrosabia.org.br\/en\/","logo":{"@type":"ImageObject","inLanguage":"en-US","@id":"https:\/\/centrosabia.org.br\/en\/#\/schema\/logo\/image\/","url":"https:\/\/centrosabia.org.br\/wp-content\/uploads\/2021\/10\/logo.png","contentUrl":"https:\/\/centrosabia.org.br\/wp-content\/uploads\/2021\/10\/logo.png","width":174,"height":84,"caption":"Centro de Desenvolvimento Agroecológico Sabiá"},"image":{"@id":"https:\/\/centrosabia.org.br\/en\/#\/schema\/logo\/image\/"}}]}</script>
<!-- / Yoast SEO plugin. -->

Aniversário do CENTRO SABIÁ e o combate a COVID-19 | Cantos do Sabiá - Centro de Desenvolvimento Agroecológico Sabiá

Centro de Desenvolvimento Agroecológico Sabiá

Início

Áudios
