{"id":17416,"date":"2021-06-21T00:00:00","date_gmt":"2021-06-21T03:00:00","guid":{"rendered":"https:\/\/centrosabia.org.br\/audio\/o-combate-a-desertificacao\/"},"modified":"2024-08-07T10:50:18","modified_gmt":"2024-08-07T13:50:18","slug":"o-combate-a-desertificacao","status":"publish","type":"audio","link":"https:\/\/centrosabia.org.br\/en\/audio\/o-combate-a-desertificacao\/","title":{"rendered":"O Combate \u00e0 Desertifica\u00e7\u00e3o | Cantos do Sabi\u00e1"},"content":{"rendered":"<p>CANTOS DO SABI\u00c1 |<\/p>\n<p><\/p>\n<p><\/p>\n<p><\/p>\n<p>Essa semana o Cantos do Sabi\u00e1, nosso podcast semanal, debate o Combate \u00e0 Desertifica\u00e7\u00e3o! Falamos do dia 17 de junho, data que marca o calend\u00e1rio agroecol\u00f3gico no combate aos efeitos negativos da seca para o nosso planeta.<\/p>\n<p><\/p>\n<p><\/p>\n<p><\/p>\n<p>Para falar sobre o assunto, convidamos Francisco (Chico) Campello! Ele \u00e9 engenheiro florestal, analista ambiental do Ibama e foi diretor de combate \u00e0 desertifica\u00e7\u00e3o no Minist\u00e9rio do Meio Ambiente.<\/p>\n<p><\/p>\n<p><\/p>\n<p><\/p>\n<p>Quer ouvir o #podcast na \u00edntegra? Ent\u00e3o acesse nosso Spotify e tamb\u00e9m Mixcloud! Os links est\u00e3o na BIO.<\/p>\n<p><\/p>\n<p><\/p>\n<p><\/p>\n<p>#CentroSabi\u00e1 #podcast #CantosdoSabi\u00e1 #S\u00e3oJo\u00e3o #Pandemia #COVID19 #Sa\u00fade<\/p>\n","protected":false},"featured_media":24087,"template":"","meta":{"_acf_changed":false,"ano":2021},"tema":[2659,2560,2513],"decada":[2502],"curadoria":[],"class_list":["post-17416","audio","type-audio","status-publish","has-post-thumbnail","hentry","tema-bioma-caatinga","tema-combate-a-desertificacao","tema-meio-ambiente","decada-2502"],"blocksy_meta":[],"acf":{"imagem_de_cobertura":""},"yoast_head":"<!-- This site is optimized with the Yoast SEO plugin v27.4 - https:\/\/yoast.com\/product\/yoast-seo-wordpress\/ -->\n<title>O Combate \u00e0 Desertifica\u00e7\u00e3o | Cantos do Sabi\u00e1 - Centro de Desenvolvimento Agroecol\u00f3gico Sabi\u00e1<\/title>\n<meta name=\"robots\" content=\"index, follow, max-snippet:-1, max-image-preview:large, max-video-preview:-1\" \/>\n<link rel=\"canonical\" href=\"https:\/\/centrosabia.org.br\/en\/audio\/o-combate-a-desertificacao\/\" \/>\n<meta property=\"og:locale\" content=\"en_US\" \/>\n<meta property=\"og:type\" content=\"article\" \/>\n<meta property=\"og:title\" content=\"O Combate \u00e0 Desertifica\u00e7\u00e3o | Cantos do Sabi\u00e1 - Centro de Desenvolvimento Agroecol\u00f3gico Sabi\u00e1\" \/>\n<meta property=\"og:url\" content=\"https:\/\/centrosabia.org.br\/en\/audio\/o-combate-a-desertificacao\/\" \/>\n<meta property=\"og:site_name\" content=\"Centro de Desenvolvimento Agroecol\u00f3gico Sabi\u00e1\" \/>\n<meta property=\"article:modified_time\" content=\"2024-08-07T13:50:18+00:00\" \/>\n<meta property=\"og:image\" content=\"https:\/\/centrosabia.org.br\/wp-content\/uploads\/2021\/06\/O-Combate-a-Desertificacao-300x169.png\" \/>\n\t<meta property=\"og:image:width\" content=\"300\" \/>\n\t<meta property=\"og:image:height\" content=\"169\" \/>\n\t<meta property=\"og:image:type\" content=\"image\/png\" \/>\n<meta name=\"twitter:card\" content=\"summary_large_image\" \/>\n<meta name=\"twitter:label1\" content=\"Est. reading time\" \/>\n\t<meta name=\"twitter:data1\" content=\"1 minute\" \/>\n<script type=\"application\/ld+json\" class=\"yoast-schema-graph\">{\"@context\":\"https:\\\/\\\/schema.org\",\"@graph\":[{\"@type\":\"WebPage\",\"@id\":\"https:\\\/\\\/centrosabia.org.br\\\/en\\\/audio\\\/o-combate-a-desertificacao\\\/\",\"url\":\"https:\\\/\\\/centrosabia.org.br\\\/en\\\/audio\\\/o-combate-a-desertificacao\\\/\",\"name\":\"O Combate \u00e0 Desertifica\u00e7\u00e3o | Cantos do Sabi\u00e1 - Centro de Desenvolvimento Agroecol\u00f3gico Sabi\u00e1\",\"isPartOf\":{\"@id\":\"https:\\\/\\\/centrosabia.org.br\\\/en\\\/#website\"},\"primaryImageOfPage\":{\"@id\":\"https:\\\/\\\/centrosabia.org.br\\\/en\\\/audio\\\/o-combate-a-desertificacao\\\/#primaryimage\"},\"image\":{\"@id\":\"https:\\\/\\\/centrosabia.org.br\\\/en\\\/audio\\\/o-combate-a-desertificacao\\\/#primaryimage\"},\"thumbnailUrl\":\"https:\\\/\\\/centrosabia.org.br\\\/wp-content\\\/uploads\\\/2021\\\/06\\\/O-Combate-a-Desertificacao.png\",\"datePublished\":\"2021-06-21T03:00:00+00:00\",\"dateModified\":\"2024-08-07T13:50:18+00:00\",\"breadcrumb\":{\"@id\":\"https:\\\/\\\/centrosabia.org.br\\\/en\\\/audio\\\/o-combate-a-desertificacao\\\/#breadcrumb\"},\"inLanguage\":\"en-US\",\"potentialAction\":[{\"@type\":\"ReadAction\",\"target\":[\"https:\\\/\\\/centrosabia.org.br\\\/en\\\/audio\\\/o-combate-a-desertificacao\\\/\"]}]},{\"@type\":\"ImageObject\",\"inLanguage\":\"en-US\",\"@id\":\"https:\\\/\\\/centrosabia.org.br\\\/en\\\/audio\\\/o-combate-a-desertificacao\\\/#primaryimage\",\"url\":\"https:\\\/\\\/centrosabia.org.br\\\/wp-content\\\/uploads\\\/2021\\\/06\\\/O-Combate-a-Desertificacao.png\",\"contentUrl\":\"https:\\\/\\\/centrosabia.org.br\\\/wp-content\\\/uploads\\\/2021\\\/06\\\/O-Combate-a-Desertificacao.png\",\"width\":512,\"height\":288},{\"@type\":\"BreadcrumbList\",\"@id\":\"https:\\\/\\\/centrosabia.org.br\\\/en\\\/audio\\\/o-combate-a-desertificacao\\\/#breadcrumb\",\"itemListElement\":[{\"@type\":\"ListItem\",\"position\":1,\"name\":\"In\u00edcio\",\"item\":\"https:\\\/\\\/centrosabia.org.br\\\/en\\\/\"},{\"@type\":\"ListItem\",\"position\":2,\"name\":\"\u00c1udios\",\"item\":\"https:\\\/\\\/centrosabia.org.br\\\/en\\\/audio\\\/\"},{\"@type\":\"ListItem\",\"position\":3,\"name\":\"O Combate \u00e0 Desertifica\u00e7\u00e3o | Cantos do Sabi\u00e1\"}]},{\"@type\":\"WebSite\",\"@id\":\"https:\\\/\\\/centrosabia.org.br\\\/en\\\/#website\",\"url\":\"https:\\\/\\\/centrosabia.org.br\\\/en\\\/\",\"name\":\"Centro de Desenvolvimento Agroecol\u00f3gico Sabi\u00e1\",\"description\":\"\",\"publisher\":{\"@id\":\"https:\\\/\\\/centrosabia.org.br\\\/en\\\/#organization\"},\"potentialAction\":[{\"@type\":\"SearchAction\",\"target\":{\"@type\":\"EntryPoint\",\"urlTemplate\":\"https:\\\/\\\/centrosabia.org.br\\\/en\\\/?s={search_term_string}\"},\"query-input\":{\"@type\":\"PropertyValueSpecification\",\"valueRequired\":true,\"valueName\":\"search_term_string\"}}],\"inLanguage\":\"en-US\"},{\"@type\":\"Organization\",\"@id\":\"https:\\\/\\\/centrosabia.org.br\\\/en\\\/#organization\",\"name\":\"Centro de Desenvolvimento Agroecol\u00f3gico Sabi\u00e1\",\"url\":\"https:\\\/\\\/centrosabia.org.br\\\/en\\\/\",\"logo\":{\"@type\":\"ImageObject\",\"inLanguage\":\"en-US\",\"@id\":\"https:\\\/\\\/centrosabia.org.br\\\/en\\\/#\\\/schema\\\/logo\\\/image\\\/\",\"url\":\"https:\\\/\\\/centrosabia.org.br\\\/wp-content\\\/uploads\\\/2021\\\/10\\\/logo.png\",\"contentUrl\":\"https:\\\/\\\/centrosabia.org.br\\\/wp-content\\\/uploads\\\/2021\\\/10\\\/logo.png\",\"width\":174,\"height\":84,\"caption\":\"Centro de Desenvolvimento Agroecol\u00f3gico Sabi\u00e1\"},\"image\":{\"@id\":\"https:\\\/\\\/centrosabia.org.br\\\/en\\\/#\\\/schema\\\/logo\\\/image\\\/\"}}]}<\/script>\n<!-- \/ Yoast SEO plugin. -->","yoast_head_json":{"title":"O Combate \u00e0 Desertifica\u00e7\u00e3o | Cantos do Sabi\u00e1 - Centro de Desenvolvimento Agroecol\u00f3gico Sabi\u00e1","robots":{"index":"index","follow":"follow","max-snippet":"max-snippet:-1","max-image-preview":"max-image-preview:large","max-video-preview":"max-video-preview:-1"},"canonical":"https:\/\/centrosabia.org.br\/en\/audio\/o-combate-a-desertificacao\/","og_locale":"en_US","og_type":"article","og_title":"O Combate \u00e0 Desertifica\u00e7\u00e3o | Cantos do Sabi\u00e1 - Centro de Desenvolvimento Agroecol\u00f3gico Sabi\u00e1","og_url":"https:\/\/centrosabia.org.br\/en\/audio\/o-combate-a-desertificacao\/","og_site_name":"Centro de Desenvolvimento Agroecol\u00f3gico Sabi\u00e1","article_modified_time":"2024-08-07T13:50:18+00:00","og_image":[{"width":300,"height":169,"url":"https:\/\/centrosabia.org.br\/wp-content\/uploads\/2021\/06\/O-Combate-a-Desertificacao-300x169.png","type":"image\/png"}],"twitter_card":"summary_large_image","twitter_misc":{"Est. reading time":"1 minute"},"schema":{"@context":"https:\/\/schema.org","@graph":[{"@type":"WebPage","@id":"https:\/\/centrosabia.org.br\/en\/audio\/o-combate-a-desertificacao\/","url":"https:\/\/centrosabia.org.br\/en\/audio\/o-combate-a-desertificacao\/","name":"O Combate \u00e0 Desertifica\u00e7\u00e3o | Cantos do Sabi\u00e1 - Centro de Desenvolvimento Agroecol\u00f3gico Sabi\u00e1","isPartOf":{"@id":"https:\/\/centrosabia.org.br\/en\/#website"},"primaryImageOfPage":{"@id":"https:\/\/centrosabia.org.br\/en\/audio\/o-combate-a-desertificacao\/#primaryimage"},"image":{"@id":"https:\/\/centrosabia.org.br\/en\/audio\/o-combate-a-desertificacao\/#primaryimage"},"thumbnailUrl":"https:\/\/centrosabia.org.br\/wp-content\/uploads\/2021\/06\/O-Combate-a-Desertificacao.png","datePublished":"2021-06-21T03:00:00+00:00","dateModified":"2024-08-07T13:50:18+00:00","breadcrumb":{"@id":"https:\/\/centrosabia.org.br\/en\/audio\/o-combate-a-desertificacao\/#breadcrumb"},"inLanguage":"en-US","potentialAction":[{"@type":"ReadAction","target":["https:\/\/centrosabia.org.br\/en\/audio\/o-combate-a-desertificacao\/"]}]},{"@type":"ImageObject","inLanguage":"en-US","@id":"https:\/\/centrosabia.org.br\/en\/audio\/o-combate-a-desertificacao\/#primaryimage","url":"https:\/\/centrosabia.org.br\/wp-content\/uploads\/2021\/06\/O-Combate-a-Desertificacao.png","contentUrl":"https:\/\/centrosabia.org.br\/wp-content\/uploads\/2021\/06\/O-Combate-a-Desertificacao.png","width":512,"height":288},{"@type":"BreadcrumbList","@id":"https:\/\/centrosabia.org.br\/en\/audio\/o-combate-a-desertificacao\/#breadcrumb","itemListElement":[{"@type":"ListItem","position":1,"name":"In\u00edcio","item":"https:\/\/centrosabia.org.br\/en\/"},{"@type":"ListItem","position":2,"name":"\u00c1udios","item":"https:\/\/centrosabia.org.br\/en\/audio\/"},{"@type":"ListItem","position":3,"name":"O Combate \u00e0 Desertifica\u00e7\u00e3o | Cantos do Sabi\u00e1"}]},{"@type":"WebSite","@id":"https:\/\/centrosabia.org.br\/en\/#website","url":"https:\/\/centrosabia.org.br\/en\/","name":"Centro de Desenvolvimento Agroecol\u00f3gico Sabi\u00e1","description":"","publisher":{"@id":"https:\/\/centrosabia.org.br\/en\/#organization"},"potentialAction":[{"@type":"SearchAction","target":{"@type":"EntryPoint","urlTemplate":"https:\/\/centrosabia.org.br\/en\/?s={search_term_string}"},"query-input":{"@type":"PropertyValueSpecification","valueRequired":true,"valueName":"search_term_string"}}],"inLanguage":"en-US"},{"@type":"Organization","@id":"https:\/\/centrosabia.org.br\/en\/#organization","name":"Centro de Desenvolvimento Agroecol\u00f3gico Sabi\u00e1","url":"https:\/\/centrosabia.org.br\/en\/","logo":{"@type":"ImageObject","inLanguage":"en-US","@id":"https:\/\/centrosabia.org.br\/en\/#\/schema\/logo\/image\/","url":"https:\/\/centrosabia.org.br\/wp-content\/uploads\/2021\/10\/logo.png","contentUrl":"https:\/\/centrosabia.org.br\/wp-content\/uploads\/2021\/10\/logo.png","width":174,"height":84,"caption":"Centro de Desenvolvimento Agroecol\u00f3gico Sabi\u00e1"},"image":{"@id":"https:\/\/centrosabia.org.br\/en\/#\/schema\/logo\/image\/"}}]}},"_links":{"self":[{"href":"https:\/\/centrosabia.org.br\/en\/wp-json\/wp\/v2\/audio\/17416","targetHints":{"allow":["GET"]}}],"collection":[{"href":"https:\/\/centrosabia.org.br\/en\/wp-json\/wp\/v2\/audio"}],"about":[{"href":"https:\/\/centrosabia.org.br\/en\/wp-json\/wp\/v2\/types\/audio"}],"wp:featuredmedia":[{"embeddable":true,"href":"https:\/\/centrosabia.org.br\/en\/wp-json\/wp\/v2\/media\/24087"}],"wp:attachment":[{"href":"https:\/\/centrosabia.org.br\/en\/wp-json\/wp\/v2\/media?parent=17416"}],"wp:term":[{"taxonomy":"tema","embeddable":true,"href":"https:\/\/centrosabia.org.br\/en\/wp-json\/wp\/v2\/tema?post=17416"},{"taxonomy":"decada","embeddable":true,"href":"https:\/\/centrosabia.org.br\/en\/wp-json\/wp\/v2\/decada?post=17416"},{"taxonomy":"curadoria","embeddable":true,"href":"https:\/\/centrosabia.org.br\/en\/wp-json\/wp\/v2\/curadoria?post=17416"}],"curies":[{"name":"wp","href":"https:\/\/api.w.org\/{rel}","templated":true}]}}

O Combate à Desertificação | Cantos do Sabiá

<p>CANTOS DO SABIÁ |</p>
<p></p>
<p></p>
<p></p>
<p>Essa semana o Cantos do Sabiá, nosso podcast semanal, debate o Combate à Desertificação! Falamos do dia 17 de junho, data que marca o calendário agroecológico no combate aos efeitos negativos da seca para o nosso planeta.</p>
<p></p>
<p></p>
<p></p>
<p>Para falar sobre o assunto, convidamos Francisco (Chico) Campello! Ele é engenheiro florestal, analista ambiental do Ibama e foi diretor de combate à desertificação no Ministério do Meio Ambiente.</p>
<p></p>
<p></p>
<p></p>
<p>Quer ouvir o #podcast na íntegra? Então acesse nosso Spotify e também Mixcloud! Os links estão na BIO.</p>
<p></p>
<p></p>
<p></p>
<p>#CentroSabiá #podcast #CantosdoSabiá #SãoJoão #Pandemia #COVID19 #Saúde</p>

<!-- This site is optimized with the Yoast SEO plugin v27.4 - https://yoast.com/product/yoast-seo-wordpress/ -->
<title>O Combate à Desertificação | Cantos do Sabiá - Centro de Desenvolvimento Agroecológico Sabiá</title>
<meta name="robots" content="index, follow, max-snippet:-1, max-image-preview:large, max-video-preview:-1" />
<link rel="canonical" href="https://centrosabia.org.br/en/audio/o-combate-a-desertificacao/" />
<meta property="og:locale" content="en_US" />
<meta property="og:type" content="article" />
<meta property="og:title" content="O Combate à Desertificação | Cantos do Sabiá - Centro de Desenvolvimento Agroecológico Sabiá" />
<meta property="og:url" content="https://centrosabia.org.br/en/audio/o-combate-a-desertificacao/" />
<meta property="og:site_name" content="Centro de Desenvolvimento Agroecológico Sabiá" />
<meta property="article:modified_time" content="2024-08-07T13:50:18+00:00" />
<meta property="og:image" content="https://centrosabia.org.br/wp-content/uploads/2021/06/O-Combate-a-Desertificacao-300x169.png" />
	<meta property="og:image:width" content="300" />
	<meta property="og:image:height" content="169" />
	<meta property="og:image:type" content="image/png" />
<meta name="twitter:card" content="summary_large_image" />
<meta name="twitter:label1" content="Est. reading time" />
	<meta name="twitter:data1" content="1 minute" />
<script type="application/ld+json" class="yoast-schema-graph">{"@context":"https:\/\/schema.org","@graph":[{"@type":"WebPage","@id":"https:\/\/centrosabia.org.br\/en\/audio\/o-combate-a-desertificacao\/","url":"https:\/\/centrosabia.org.br\/en\/audio\/o-combate-a-desertificacao\/","name":"O Combate à Desertificação | Cantos do Sabiá - Centro de Desenvolvimento Agroecológico Sabiá","isPartOf":{"@id":"https:\/\/centrosabia.org.br\/en\/#website"},"primaryImageOfPage":{"@id":"https:\/\/centrosabia.org.br\/en\/audio\/o-combate-a-desertificacao\/#primaryimage"},"image":{"@id":"https:\/\/centrosabia.org.br\/en\/audio\/o-combate-a-desertificacao\/#primaryimage"},"thumbnailUrl":"https:\/\/centrosabia.org.br\/wp-content\/uploads\/2021\/06\/O-Combate-a-Desertificacao.png","datePublished":"2021-06-21T03:00:00+00:00","dateModified":"2024-08-07T13:50:18+00:00","breadcrumb":{"@id":"https:\/\/centrosabia.org.br\/en\/audio\/o-combate-a-desertificacao\/#breadcrumb"},"inLanguage":"en-US","potentialAction":[{"@type":"ReadAction","target":["https:\/\/centrosabia.org.br\/en\/audio\/o-combate-a-desertificacao\/"]}]},{"@type":"ImageObject","inLanguage":"en-US","@id":"https:\/\/centrosabia.org.br\/en\/audio\/o-combate-a-desertificacao\/#primaryimage","url":"https:\/\/centrosabia.org.br\/wp-content\/uploads\/2021\/06\/O-Combate-a-Desertificacao.png","contentUrl":"https:\/\/centrosabia.org.br\/wp-content\/uploads\/2021\/06\/O-Combate-a-Desertificacao.png","width":512,"height":288},{"@type":"BreadcrumbList","@id":"https:\/\/centrosabia.org.br\/en\/audio\/o-combate-a-desertificacao\/#breadcrumb","itemListElement":[{"@type":"ListItem","position":1,"name":"Início","item":"https:\/\/centrosabia.org.br\/en\/"},{"@type":"ListItem","position":2,"name":"Áudios","item":"https:\/\/centrosabia.org.br\/en\/audio\/"},{"@type":"ListItem","position":3,"name":"O Combate à Desertificação | Cantos do Sabiá"}]},{"@type":"WebSite","@id":"https:\/\/centrosabia.org.br\/en\/#website","url":"https:\/\/centrosabia.org.br\/en\/","name":"Centro de Desenvolvimento Agroecológico Sabiá","description":"","publisher":{"@id":"https:\/\/centrosabia.org.br\/en\/#organization"},"potentialAction":[{"@type":"SearchAction","target":{"@type":"EntryPoint","urlTemplate":"https:\/\/centrosabia.org.br\/en\/?s={search_term_string}"},"query-input":{"@type":"PropertyValueSpecification","valueRequired":true,"valueName":"search_term_string"}}],"inLanguage":"en-US"},{"@type":"Organization","@id":"https:\/\/centrosabia.org.br\/en\/#organization","name":"Centro de Desenvolvimento Agroecológico Sabiá","url":"https:\/\/centrosabia.org.br\/en\/","logo":{"@type":"ImageObject","inLanguage":"en-US","@id":"https:\/\/centrosabia.org.br\/en\/#\/schema\/logo\/image\/","url":"https:\/\/centrosabia.org.br\/wp-content\/uploads\/2021\/10\/logo.png","contentUrl":"https:\/\/centrosabia.org.br\/wp-content\/uploads\/2021\/10\/logo.png","width":174,"height":84,"caption":"Centro de Desenvolvimento Agroecológico Sabiá"},"image":{"@id":"https:\/\/centrosabia.org.br\/en\/#\/schema\/logo\/image\/"}}]}</script>
<!-- / Yoast SEO plugin. -->

O Combate à Desertificação | Cantos do Sabiá - Centro de Desenvolvimento Agroecológico Sabiá

Centro de Desenvolvimento Agroecológico Sabiá

Início

Áudios
