{"id":17456,"date":"2021-03-22T00:00:00","date_gmt":"2021-03-22T03:00:00","guid":{"rendered":"https:\/\/centrosabia.org.br\/audio\/dia-mundial-das-florestas-e-as-agroflorestas\/"},"modified":"2024-08-21T15:01:22","modified_gmt":"2024-08-21T18:01:22","slug":"dia-mundial-das-florestas-e-as-agroflorestas","status":"publish","type":"audio","link":"https:\/\/centrosabia.org.br\/en\/audio\/dia-mundial-das-florestas-e-as-agroflorestas\/","title":{"rendered":"Dia Mundial das Florestas e as Agroflorestas | Cantos do Sabi\u00e1"},"content":{"rendered":"<p>CANTOS DO SABI\u00c1 |\u00a0<\/p>\n<p><\/p>\n<p><\/p>\n<p><\/p>\n<p>No programa desta semana, o Cantos do Sabi\u00e1 fala sobre AGROFLORESTAS! Falamos da import\u00e2ncia destes espa\u00e7os, da import\u00e2ncia da preserva\u00e7\u00e3o e cuidado com a nossa natureza. O tema reflete a data de extrema necessidade que chegamos agora no m\u00eas de mar\u00e7o: 21 de mar\u00e7o, o dia Mundial das Florestas! E para falar sobre o assunto, ningu\u00e9m melhor do que o agricultor agroflorestal, especialista em Geografia e sindicalista dos trabalhadores rurais &#8211; Vilmar Lermen! Ele volta mais uma vez ao nosso programa para acrescentar ao debate.<\/p>\n<p><\/p>\n<p>#CentroSabi\u00e1 #podcast #CantosdoSabi\u00e1 #Agrofloresta #DiaMundialdasFlorestas<\/p>\n","protected":false},"featured_media":24912,"template":"","meta":{"_acf_changed":false,"ano":2021},"tema":[2519,2521,2513],"decada":[2502],"curadoria":[],"class_list":["post-17456","audio","type-audio","status-publish","has-post-thumbnail","hentry","tema-agroecologia","tema-agrofloresta","tema-meio-ambiente","decada-2502"],"blocksy_meta":[],"acf":{"imagem_de_cobertura":""},"yoast_head":"<!-- This site is optimized with the Yoast SEO plugin v27.4 - https:\/\/yoast.com\/product\/yoast-seo-wordpress\/ -->\n<title>Dia Mundial das Florestas e as Agroflorestas | Cantos do Sabi\u00e1 - Centro de Desenvolvimento Agroecol\u00f3gico Sabi\u00e1<\/title>\n<meta name=\"robots\" content=\"index, follow, max-snippet:-1, max-image-preview:large, max-video-preview:-1\" \/>\n<link rel=\"canonical\" href=\"https:\/\/centrosabia.org.br\/en\/audio\/dia-mundial-das-florestas-e-as-agroflorestas\/\" \/>\n<meta property=\"og:locale\" content=\"en_US\" \/>\n<meta property=\"og:type\" content=\"article\" \/>\n<meta property=\"og:title\" content=\"Dia Mundial das Florestas e as Agroflorestas | Cantos do Sabi\u00e1 - Centro de Desenvolvimento Agroecol\u00f3gico Sabi\u00e1\" \/>\n<meta property=\"og:url\" content=\"https:\/\/centrosabia.org.br\/en\/audio\/dia-mundial-das-florestas-e-as-agroflorestas\/\" \/>\n<meta property=\"og:site_name\" content=\"Centro de Desenvolvimento Agroecol\u00f3gico Sabi\u00e1\" \/>\n<meta property=\"article:modified_time\" content=\"2024-08-21T18:01:22+00:00\" \/>\n<meta property=\"og:image\" content=\"https:\/\/centrosabia.org.br\/wp-content\/uploads\/2021\/03\/dia-mundial-das-florestas-e-as-agroflorestas-300x169.jpg\" \/>\n\t<meta property=\"og:image:width\" content=\"300\" \/>\n\t<meta property=\"og:image:height\" content=\"169\" \/>\n\t<meta property=\"og:image:type\" content=\"image\/jpeg\" \/>\n<meta name=\"twitter:card\" content=\"summary_large_image\" \/>\n<meta name=\"twitter:label1\" content=\"Est. reading time\" \/>\n\t<meta name=\"twitter:data1\" content=\"1 minute\" \/>\n<script type=\"application\/ld+json\" class=\"yoast-schema-graph\">{\"@context\":\"https:\\\/\\\/schema.org\",\"@graph\":[{\"@type\":\"WebPage\",\"@id\":\"https:\\\/\\\/centrosabia.org.br\\\/en\\\/audio\\\/dia-mundial-das-florestas-e-as-agroflorestas\\\/\",\"url\":\"https:\\\/\\\/centrosabia.org.br\\\/en\\\/audio\\\/dia-mundial-das-florestas-e-as-agroflorestas\\\/\",\"name\":\"Dia Mundial das Florestas e as Agroflorestas | Cantos do Sabi\u00e1 - Centro de Desenvolvimento Agroecol\u00f3gico Sabi\u00e1\",\"isPartOf\":{\"@id\":\"https:\\\/\\\/centrosabia.org.br\\\/en\\\/#website\"},\"primaryImageOfPage\":{\"@id\":\"https:\\\/\\\/centrosabia.org.br\\\/en\\\/audio\\\/dia-mundial-das-florestas-e-as-agroflorestas\\\/#primaryimage\"},\"image\":{\"@id\":\"https:\\\/\\\/centrosabia.org.br\\\/en\\\/audio\\\/dia-mundial-das-florestas-e-as-agroflorestas\\\/#primaryimage\"},\"thumbnailUrl\":\"https:\\\/\\\/centrosabia.org.br\\\/wp-content\\\/uploads\\\/2021\\\/03\\\/dia-mundial-das-florestas-e-as-agroflorestas.jpg\",\"datePublished\":\"2021-03-22T03:00:00+00:00\",\"dateModified\":\"2024-08-21T18:01:22+00:00\",\"breadcrumb\":{\"@id\":\"https:\\\/\\\/centrosabia.org.br\\\/en\\\/audio\\\/dia-mundial-das-florestas-e-as-agroflorestas\\\/#breadcrumb\"},\"inLanguage\":\"en-US\",\"potentialAction\":[{\"@type\":\"ReadAction\",\"target\":[\"https:\\\/\\\/centrosabia.org.br\\\/en\\\/audio\\\/dia-mundial-das-florestas-e-as-agroflorestas\\\/\"]}]},{\"@type\":\"ImageObject\",\"inLanguage\":\"en-US\",\"@id\":\"https:\\\/\\\/centrosabia.org.br\\\/en\\\/audio\\\/dia-mundial-das-florestas-e-as-agroflorestas\\\/#primaryimage\",\"url\":\"https:\\\/\\\/centrosabia.org.br\\\/wp-content\\\/uploads\\\/2021\\\/03\\\/dia-mundial-das-florestas-e-as-agroflorestas.jpg\",\"contentUrl\":\"https:\\\/\\\/centrosabia.org.br\\\/wp-content\\\/uploads\\\/2021\\\/03\\\/dia-mundial-das-florestas-e-as-agroflorestas.jpg\",\"width\":512,\"height\":288},{\"@type\":\"BreadcrumbList\",\"@id\":\"https:\\\/\\\/centrosabia.org.br\\\/en\\\/audio\\\/dia-mundial-das-florestas-e-as-agroflorestas\\\/#breadcrumb\",\"itemListElement\":[{\"@type\":\"ListItem\",\"position\":1,\"name\":\"In\u00edcio\",\"item\":\"https:\\\/\\\/centrosabia.org.br\\\/en\\\/\"},{\"@type\":\"ListItem\",\"position\":2,\"name\":\"\u00c1udios\",\"item\":\"https:\\\/\\\/centrosabia.org.br\\\/en\\\/audio\\\/\"},{\"@type\":\"ListItem\",\"position\":3,\"name\":\"Dia Mundial das Florestas e as Agroflorestas | Cantos do Sabi\u00e1\"}]},{\"@type\":\"WebSite\",\"@id\":\"https:\\\/\\\/centrosabia.org.br\\\/en\\\/#website\",\"url\":\"https:\\\/\\\/centrosabia.org.br\\\/en\\\/\",\"name\":\"Centro de Desenvolvimento Agroecol\u00f3gico Sabi\u00e1\",\"description\":\"\",\"publisher\":{\"@id\":\"https:\\\/\\\/centrosabia.org.br\\\/en\\\/#organization\"},\"potentialAction\":[{\"@type\":\"SearchAction\",\"target\":{\"@type\":\"EntryPoint\",\"urlTemplate\":\"https:\\\/\\\/centrosabia.org.br\\\/en\\\/?s={search_term_string}\"},\"query-input\":{\"@type\":\"PropertyValueSpecification\",\"valueRequired\":true,\"valueName\":\"search_term_string\"}}],\"inLanguage\":\"en-US\"},{\"@type\":\"Organization\",\"@id\":\"https:\\\/\\\/centrosabia.org.br\\\/en\\\/#organization\",\"name\":\"Centro de Desenvolvimento Agroecol\u00f3gico Sabi\u00e1\",\"url\":\"https:\\\/\\\/centrosabia.org.br\\\/en\\\/\",\"logo\":{\"@type\":\"ImageObject\",\"inLanguage\":\"en-US\",\"@id\":\"https:\\\/\\\/centrosabia.org.br\\\/en\\\/#\\\/schema\\\/logo\\\/image\\\/\",\"url\":\"https:\\\/\\\/centrosabia.org.br\\\/wp-content\\\/uploads\\\/2021\\\/10\\\/logo.png\",\"contentUrl\":\"https:\\\/\\\/centrosabia.org.br\\\/wp-content\\\/uploads\\\/2021\\\/10\\\/logo.png\",\"width\":174,\"height\":84,\"caption\":\"Centro de Desenvolvimento Agroecol\u00f3gico Sabi\u00e1\"},\"image\":{\"@id\":\"https:\\\/\\\/centrosabia.org.br\\\/en\\\/#\\\/schema\\\/logo\\\/image\\\/\"}}]}<\/script>\n<!-- \/ Yoast SEO plugin. -->","yoast_head_json":{"title":"Dia Mundial das Florestas e as Agroflorestas | Cantos do Sabi\u00e1 - Centro de Desenvolvimento Agroecol\u00f3gico Sabi\u00e1","robots":{"index":"index","follow":"follow","max-snippet":"max-snippet:-1","max-image-preview":"max-image-preview:large","max-video-preview":"max-video-preview:-1"},"canonical":"https:\/\/centrosabia.org.br\/en\/audio\/dia-mundial-das-florestas-e-as-agroflorestas\/","og_locale":"en_US","og_type":"article","og_title":"Dia Mundial das Florestas e as Agroflorestas | Cantos do Sabi\u00e1 - Centro de Desenvolvimento Agroecol\u00f3gico Sabi\u00e1","og_url":"https:\/\/centrosabia.org.br\/en\/audio\/dia-mundial-das-florestas-e-as-agroflorestas\/","og_site_name":"Centro de Desenvolvimento Agroecol\u00f3gico Sabi\u00e1","article_modified_time":"2024-08-21T18:01:22+00:00","og_image":[{"width":300,"height":169,"url":"https:\/\/centrosabia.org.br\/wp-content\/uploads\/2021\/03\/dia-mundial-das-florestas-e-as-agroflorestas-300x169.jpg","type":"image\/jpeg"}],"twitter_card":"summary_large_image","twitter_misc":{"Est. reading time":"1 minute"},"schema":{"@context":"https:\/\/schema.org","@graph":[{"@type":"WebPage","@id":"https:\/\/centrosabia.org.br\/en\/audio\/dia-mundial-das-florestas-e-as-agroflorestas\/","url":"https:\/\/centrosabia.org.br\/en\/audio\/dia-mundial-das-florestas-e-as-agroflorestas\/","name":"Dia Mundial das Florestas e as Agroflorestas | Cantos do Sabi\u00e1 - Centro de Desenvolvimento Agroecol\u00f3gico Sabi\u00e1","isPartOf":{"@id":"https:\/\/centrosabia.org.br\/en\/#website"},"primaryImageOfPage":{"@id":"https:\/\/centrosabia.org.br\/en\/audio\/dia-mundial-das-florestas-e-as-agroflorestas\/#primaryimage"},"image":{"@id":"https:\/\/centrosabia.org.br\/en\/audio\/dia-mundial-das-florestas-e-as-agroflorestas\/#primaryimage"},"thumbnailUrl":"https:\/\/centrosabia.org.br\/wp-content\/uploads\/2021\/03\/dia-mundial-das-florestas-e-as-agroflorestas.jpg","datePublished":"2021-03-22T03:00:00+00:00","dateModified":"2024-08-21T18:01:22+00:00","breadcrumb":{"@id":"https:\/\/centrosabia.org.br\/en\/audio\/dia-mundial-das-florestas-e-as-agroflorestas\/#breadcrumb"},"inLanguage":"en-US","potentialAction":[{"@type":"ReadAction","target":["https:\/\/centrosabia.org.br\/en\/audio\/dia-mundial-das-florestas-e-as-agroflorestas\/"]}]},{"@type":"ImageObject","inLanguage":"en-US","@id":"https:\/\/centrosabia.org.br\/en\/audio\/dia-mundial-das-florestas-e-as-agroflorestas\/#primaryimage","url":"https:\/\/centrosabia.org.br\/wp-content\/uploads\/2021\/03\/dia-mundial-das-florestas-e-as-agroflorestas.jpg","contentUrl":"https:\/\/centrosabia.org.br\/wp-content\/uploads\/2021\/03\/dia-mundial-das-florestas-e-as-agroflorestas.jpg","width":512,"height":288},{"@type":"BreadcrumbList","@id":"https:\/\/centrosabia.org.br\/en\/audio\/dia-mundial-das-florestas-e-as-agroflorestas\/#breadcrumb","itemListElement":[{"@type":"ListItem","position":1,"name":"In\u00edcio","item":"https:\/\/centrosabia.org.br\/en\/"},{"@type":"ListItem","position":2,"name":"\u00c1udios","item":"https:\/\/centrosabia.org.br\/en\/audio\/"},{"@type":"ListItem","position":3,"name":"Dia Mundial das Florestas e as Agroflorestas | Cantos do Sabi\u00e1"}]},{"@type":"WebSite","@id":"https:\/\/centrosabia.org.br\/en\/#website","url":"https:\/\/centrosabia.org.br\/en\/","name":"Centro de Desenvolvimento Agroecol\u00f3gico Sabi\u00e1","description":"","publisher":{"@id":"https:\/\/centrosabia.org.br\/en\/#organization"},"potentialAction":[{"@type":"SearchAction","target":{"@type":"EntryPoint","urlTemplate":"https:\/\/centrosabia.org.br\/en\/?s={search_term_string}"},"query-input":{"@type":"PropertyValueSpecification","valueRequired":true,"valueName":"search_term_string"}}],"inLanguage":"en-US"},{"@type":"Organization","@id":"https:\/\/centrosabia.org.br\/en\/#organization","name":"Centro de Desenvolvimento Agroecol\u00f3gico Sabi\u00e1","url":"https:\/\/centrosabia.org.br\/en\/","logo":{"@type":"ImageObject","inLanguage":"en-US","@id":"https:\/\/centrosabia.org.br\/en\/#\/schema\/logo\/image\/","url":"https:\/\/centrosabia.org.br\/wp-content\/uploads\/2021\/10\/logo.png","contentUrl":"https:\/\/centrosabia.org.br\/wp-content\/uploads\/2021\/10\/logo.png","width":174,"height":84,"caption":"Centro de Desenvolvimento Agroecol\u00f3gico Sabi\u00e1"},"image":{"@id":"https:\/\/centrosabia.org.br\/en\/#\/schema\/logo\/image\/"}}]}},"_links":{"self":[{"href":"https:\/\/centrosabia.org.br\/en\/wp-json\/wp\/v2\/audio\/17456","targetHints":{"allow":["GET"]}}],"collection":[{"href":"https:\/\/centrosabia.org.br\/en\/wp-json\/wp\/v2\/audio"}],"about":[{"href":"https:\/\/centrosabia.org.br\/en\/wp-json\/wp\/v2\/types\/audio"}],"wp:featuredmedia":[{"embeddable":true,"href":"https:\/\/centrosabia.org.br\/en\/wp-json\/wp\/v2\/media\/24912"}],"wp:attachment":[{"href":"https:\/\/centrosabia.org.br\/en\/wp-json\/wp\/v2\/media?parent=17456"}],"wp:term":[{"taxonomy":"tema","embeddable":true,"href":"https:\/\/centrosabia.org.br\/en\/wp-json\/wp\/v2\/tema?post=17456"},{"taxonomy":"decada","embeddable":true,"href":"https:\/\/centrosabia.org.br\/en\/wp-json\/wp\/v2\/decada?post=17456"},{"taxonomy":"curadoria","embeddable":true,"href":"https:\/\/centrosabia.org.br\/en\/wp-json\/wp\/v2\/curadoria?post=17456"}],"curies":[{"name":"wp","href":"https:\/\/api.w.org\/{rel}","templated":true}]}}

Dia Mundial das Florestas e as Agroflorestas | Cantos do Sabiá

<p>CANTOS DO SABIÁ | </p>
<p></p>
<p></p>
<p></p>
<p>No programa desta semana, o Cantos do Sabiá fala sobre AGROFLORESTAS! Falamos da importância destes espaços, da importância da preservação e cuidado com a nossa natureza. O tema reflete a data de extrema necessidade que chegamos agora no mês de março: 21 de março, o dia Mundial das Florestas! E para falar sobre o assunto, ninguém melhor do que o agricultor agroflorestal, especialista em Geografia e sindicalista dos trabalhadores rurais &#8211; Vilmar Lermen! Ele volta mais uma vez ao nosso programa para acrescentar ao debate.</p>
<p></p>
<p>#CentroSabiá #podcast #CantosdoSabiá #Agrofloresta #DiaMundialdasFlorestas</p>

<!-- This site is optimized with the Yoast SEO plugin v27.4 - https://yoast.com/product/yoast-seo-wordpress/ -->
<title>Dia Mundial das Florestas e as Agroflorestas | Cantos do Sabiá - Centro de Desenvolvimento Agroecológico Sabiá</title>
<meta name="robots" content="index, follow, max-snippet:-1, max-image-preview:large, max-video-preview:-1" />
<link rel="canonical" href="https://centrosabia.org.br/en/audio/dia-mundial-das-florestas-e-as-agroflorestas/" />
<meta property="og:locale" content="en_US" />
<meta property="og:type" content="article" />
<meta property="og:title" content="Dia Mundial das Florestas e as Agroflorestas | Cantos do Sabiá - Centro de Desenvolvimento Agroecológico Sabiá" />
<meta property="og:url" content="https://centrosabia.org.br/en/audio/dia-mundial-das-florestas-e-as-agroflorestas/" />
<meta property="og:site_name" content="Centro de Desenvolvimento Agroecológico Sabiá" />
<meta property="article:modified_time" content="2024-08-21T18:01:22+00:00" />
<meta property="og:image" content="https://centrosabia.org.br/wp-content/uploads/2021/03/dia-mundial-das-florestas-e-as-agroflorestas-300x169.jpg" />
	<meta property="og:image:width" content="300" />
	<meta property="og:image:height" content="169" />
	<meta property="og:image:type" content="image/jpeg" />
<meta name="twitter:card" content="summary_large_image" />
<meta name="twitter:label1" content="Est. reading time" />
	<meta name="twitter:data1" content="1 minute" />
<script type="application/ld+json" class="yoast-schema-graph">{"@context":"https:\/\/schema.org","@graph":[{"@type":"WebPage","@id":"https:\/\/centrosabia.org.br\/en\/audio\/dia-mundial-das-florestas-e-as-agroflorestas\/","url":"https:\/\/centrosabia.org.br\/en\/audio\/dia-mundial-das-florestas-e-as-agroflorestas\/","name":"Dia Mundial das Florestas e as Agroflorestas | Cantos do Sabiá - Centro de Desenvolvimento Agroecológico Sabiá","isPartOf":{"@id":"https:\/\/centrosabia.org.br\/en\/#website"},"primaryImageOfPage":{"@id":"https:\/\/centrosabia.org.br\/en\/audio\/dia-mundial-das-florestas-e-as-agroflorestas\/#primaryimage"},"image":{"@id":"https:\/\/centrosabia.org.br\/en\/audio\/dia-mundial-das-florestas-e-as-agroflorestas\/#primaryimage"},"thumbnailUrl":"https:\/\/centrosabia.org.br\/wp-content\/uploads\/2021\/03\/dia-mundial-das-florestas-e-as-agroflorestas.jpg","datePublished":"2021-03-22T03:00:00+00:00","dateModified":"2024-08-21T18:01:22+00:00","breadcrumb":{"@id":"https:\/\/centrosabia.org.br\/en\/audio\/dia-mundial-das-florestas-e-as-agroflorestas\/#breadcrumb"},"inLanguage":"en-US","potentialAction":[{"@type":"ReadAction","target":["https:\/\/centrosabia.org.br\/en\/audio\/dia-mundial-das-florestas-e-as-agroflorestas\/"]}]},{"@type":"ImageObject","inLanguage":"en-US","@id":"https:\/\/centrosabia.org.br\/en\/audio\/dia-mundial-das-florestas-e-as-agroflorestas\/#primaryimage","url":"https:\/\/centrosabia.org.br\/wp-content\/uploads\/2021\/03\/dia-mundial-das-florestas-e-as-agroflorestas.jpg","contentUrl":"https:\/\/centrosabia.org.br\/wp-content\/uploads\/2021\/03\/dia-mundial-das-florestas-e-as-agroflorestas.jpg","width":512,"height":288},{"@type":"BreadcrumbList","@id":"https:\/\/centrosabia.org.br\/en\/audio\/dia-mundial-das-florestas-e-as-agroflorestas\/#breadcrumb","itemListElement":[{"@type":"ListItem","position":1,"name":"Início","item":"https:\/\/centrosabia.org.br\/en\/"},{"@type":"ListItem","position":2,"name":"Áudios","item":"https:\/\/centrosabia.org.br\/en\/audio\/"},{"@type":"ListItem","position":3,"name":"Dia Mundial das Florestas e as Agroflorestas | Cantos do Sabiá"}]},{"@type":"WebSite","@id":"https:\/\/centrosabia.org.br\/en\/#website","url":"https:\/\/centrosabia.org.br\/en\/","name":"Centro de Desenvolvimento Agroecológico Sabiá","description":"","publisher":{"@id":"https:\/\/centrosabia.org.br\/en\/#organization"},"potentialAction":[{"@type":"SearchAction","target":{"@type":"EntryPoint","urlTemplate":"https:\/\/centrosabia.org.br\/en\/?s={search_term_string}"},"query-input":{"@type":"PropertyValueSpecification","valueRequired":true,"valueName":"search_term_string"}}],"inLanguage":"en-US"},{"@type":"Organization","@id":"https:\/\/centrosabia.org.br\/en\/#organization","name":"Centro de Desenvolvimento Agroecológico Sabiá","url":"https:\/\/centrosabia.org.br\/en\/","logo":{"@type":"ImageObject","inLanguage":"en-US","@id":"https:\/\/centrosabia.org.br\/en\/#\/schema\/logo\/image\/","url":"https:\/\/centrosabia.org.br\/wp-content\/uploads\/2021\/10\/logo.png","contentUrl":"https:\/\/centrosabia.org.br\/wp-content\/uploads\/2021\/10\/logo.png","width":174,"height":84,"caption":"Centro de Desenvolvimento Agroecológico Sabiá"},"image":{"@id":"https:\/\/centrosabia.org.br\/en\/#\/schema\/logo\/image\/"}}]}</script>
<!-- / Yoast SEO plugin. -->

Dia Mundial das Florestas e as Agroflorestas | Cantos do Sabiá - Centro de Desenvolvimento Agroecológico Sabiá

Centro de Desenvolvimento Agroecológico Sabiá

Início

Áudios
