{"id":17468,"date":"2021-03-01T00:00:00","date_gmt":"2021-03-01T03:00:00","guid":{"rendered":"https:\/\/centrosabia.org.br\/audio\/as-feiras-agroecologicas-contra-a-covid-19\/"},"modified":"2024-08-21T14:43:11","modified_gmt":"2024-08-21T17:43:11","slug":"as-feiras-agroecologicas-contra-a-covid-19","status":"publish","type":"audio","link":"https:\/\/centrosabia.org.br\/en\/audio\/as-feiras-agroecologicas-contra-a-covid-19\/","title":{"rendered":"As Feiras Agroecol\u00f3gicas Contra a Covid-19 | Cantos do Sabi\u00e1"},"content":{"rendered":"<p>CANTOS DO SABI\u00c1 |\u00a0<\/p>\n<p><\/p>\n<p><\/p>\n<p><\/p>\n<p>O podcast da semana vem com tudo para falar sobre as Feiras Agroecol\u00f3gicas, e o importante papel que esses com\u00e9rcios de comida DE VERDADE e SAUD\u00c1VEL t\u00eam, especialmente em tempos de pandemia da Covid-19.\u00a0As feiras t\u00eam sido verdadeiros fronts da batalha contra a inseguran\u00e7a alimentar e contra a pandemia do novo Coronav\u00edrus!\u00a0<\/p>\n<p><\/p>\n<p><\/p>\n<p><\/p>\n<p>\u00c9 justamente para falar sobre isso que convidamos o assessor para mercados do Centro Sabi\u00e1 Davi Fantuzzi! Ele tamb\u00e9m \u00e9 ex-coordenador da Comiss\u00e3o de Produ\u00e7\u00e3o Org\u00e2nica de Pernambuco.<\/p>\n<p><\/p>\n<p><\/p>\n<p><\/p>\n<p>#CentroSabi\u00e1 #podcast #CantosdoSabi\u00e1 #Agroecologia #Feira\u00a0<\/p>\n","protected":false},"featured_media":24891,"template":"","meta":{"_acf_changed":false,"ano":2021},"tema":[2528,2533,2555],"decada":[2502],"curadoria":[],"class_list":["post-17468","audio","type-audio","status-publish","has-post-thumbnail","hentry","tema-alimento-saudavel","tema-beneficiamento-da-producao","tema-feiras-agroecologicas","decada-2502"],"blocksy_meta":[],"acf":{"imagem_de_cobertura":""},"yoast_head":"<!-- This site is optimized with the Yoast SEO plugin v27.4 - https:\/\/yoast.com\/product\/yoast-seo-wordpress\/ -->\n<title>As Feiras Agroecol\u00f3gicas Contra a Covid-19 | Cantos do Sabi\u00e1 - Centro de Desenvolvimento Agroecol\u00f3gico Sabi\u00e1<\/title>\n<meta name=\"robots\" content=\"index, follow, max-snippet:-1, max-image-preview:large, max-video-preview:-1\" \/>\n<link rel=\"canonical\" href=\"https:\/\/centrosabia.org.br\/en\/audio\/as-feiras-agroecologicas-contra-a-covid-19\/\" \/>\n<meta property=\"og:locale\" content=\"en_US\" \/>\n<meta property=\"og:type\" content=\"article\" \/>\n<meta property=\"og:title\" content=\"As Feiras Agroecol\u00f3gicas Contra a Covid-19 | Cantos do Sabi\u00e1 - Centro de Desenvolvimento Agroecol\u00f3gico Sabi\u00e1\" \/>\n<meta property=\"og:url\" content=\"https:\/\/centrosabia.org.br\/en\/audio\/as-feiras-agroecologicas-contra-a-covid-19\/\" \/>\n<meta property=\"og:site_name\" content=\"Centro de Desenvolvimento Agroecol\u00f3gico Sabi\u00e1\" \/>\n<meta property=\"article:modified_time\" content=\"2024-08-21T17:43:11+00:00\" \/>\n<meta property=\"og:image\" content=\"https:\/\/centrosabia.org.br\/wp-content\/uploads\/2021\/03\/as-feiras-agroecologicas-contra-a-covid-19-300x169.jpg\" \/>\n\t<meta property=\"og:image:width\" content=\"300\" \/>\n\t<meta property=\"og:image:height\" content=\"169\" \/>\n\t<meta property=\"og:image:type\" content=\"image\/jpeg\" \/>\n<meta name=\"twitter:card\" content=\"summary_large_image\" \/>\n<meta name=\"twitter:label1\" content=\"Est. reading time\" \/>\n\t<meta name=\"twitter:data1\" content=\"1 minute\" \/>\n<script type=\"application\/ld+json\" class=\"yoast-schema-graph\">{\"@context\":\"https:\\\/\\\/schema.org\",\"@graph\":[{\"@type\":\"WebPage\",\"@id\":\"https:\\\/\\\/centrosabia.org.br\\\/en\\\/audio\\\/as-feiras-agroecologicas-contra-a-covid-19\\\/\",\"url\":\"https:\\\/\\\/centrosabia.org.br\\\/en\\\/audio\\\/as-feiras-agroecologicas-contra-a-covid-19\\\/\",\"name\":\"As Feiras Agroecol\u00f3gicas Contra a Covid-19 | Cantos do Sabi\u00e1 - Centro de Desenvolvimento Agroecol\u00f3gico Sabi\u00e1\",\"isPartOf\":{\"@id\":\"https:\\\/\\\/centrosabia.org.br\\\/en\\\/#website\"},\"primaryImageOfPage\":{\"@id\":\"https:\\\/\\\/centrosabia.org.br\\\/en\\\/audio\\\/as-feiras-agroecologicas-contra-a-covid-19\\\/#primaryimage\"},\"image\":{\"@id\":\"https:\\\/\\\/centrosabia.org.br\\\/en\\\/audio\\\/as-feiras-agroecologicas-contra-a-covid-19\\\/#primaryimage\"},\"thumbnailUrl\":\"https:\\\/\\\/centrosabia.org.br\\\/wp-content\\\/uploads\\\/2021\\\/03\\\/as-feiras-agroecologicas-contra-a-covid-19.jpg\",\"datePublished\":\"2021-03-01T03:00:00+00:00\",\"dateModified\":\"2024-08-21T17:43:11+00:00\",\"breadcrumb\":{\"@id\":\"https:\\\/\\\/centrosabia.org.br\\\/en\\\/audio\\\/as-feiras-agroecologicas-contra-a-covid-19\\\/#breadcrumb\"},\"inLanguage\":\"en-US\",\"potentialAction\":[{\"@type\":\"ReadAction\",\"target\":[\"https:\\\/\\\/centrosabia.org.br\\\/en\\\/audio\\\/as-feiras-agroecologicas-contra-a-covid-19\\\/\"]}]},{\"@type\":\"ImageObject\",\"inLanguage\":\"en-US\",\"@id\":\"https:\\\/\\\/centrosabia.org.br\\\/en\\\/audio\\\/as-feiras-agroecologicas-contra-a-covid-19\\\/#primaryimage\",\"url\":\"https:\\\/\\\/centrosabia.org.br\\\/wp-content\\\/uploads\\\/2021\\\/03\\\/as-feiras-agroecologicas-contra-a-covid-19.jpg\",\"contentUrl\":\"https:\\\/\\\/centrosabia.org.br\\\/wp-content\\\/uploads\\\/2021\\\/03\\\/as-feiras-agroecologicas-contra-a-covid-19.jpg\",\"width\":512,\"height\":288},{\"@type\":\"BreadcrumbList\",\"@id\":\"https:\\\/\\\/centrosabia.org.br\\\/en\\\/audio\\\/as-feiras-agroecologicas-contra-a-covid-19\\\/#breadcrumb\",\"itemListElement\":[{\"@type\":\"ListItem\",\"position\":1,\"name\":\"In\u00edcio\",\"item\":\"https:\\\/\\\/centrosabia.org.br\\\/en\\\/\"},{\"@type\":\"ListItem\",\"position\":2,\"name\":\"\u00c1udios\",\"item\":\"https:\\\/\\\/centrosabia.org.br\\\/en\\\/audio\\\/\"},{\"@type\":\"ListItem\",\"position\":3,\"name\":\"As Feiras Agroecol\u00f3gicas Contra a Covid-19 | Cantos do Sabi\u00e1\"}]},{\"@type\":\"WebSite\",\"@id\":\"https:\\\/\\\/centrosabia.org.br\\\/en\\\/#website\",\"url\":\"https:\\\/\\\/centrosabia.org.br\\\/en\\\/\",\"name\":\"Centro de Desenvolvimento Agroecol\u00f3gico Sabi\u00e1\",\"description\":\"\",\"publisher\":{\"@id\":\"https:\\\/\\\/centrosabia.org.br\\\/en\\\/#organization\"},\"potentialAction\":[{\"@type\":\"SearchAction\",\"target\":{\"@type\":\"EntryPoint\",\"urlTemplate\":\"https:\\\/\\\/centrosabia.org.br\\\/en\\\/?s={search_term_string}\"},\"query-input\":{\"@type\":\"PropertyValueSpecification\",\"valueRequired\":true,\"valueName\":\"search_term_string\"}}],\"inLanguage\":\"en-US\"},{\"@type\":\"Organization\",\"@id\":\"https:\\\/\\\/centrosabia.org.br\\\/en\\\/#organization\",\"name\":\"Centro de Desenvolvimento Agroecol\u00f3gico Sabi\u00e1\",\"url\":\"https:\\\/\\\/centrosabia.org.br\\\/en\\\/\",\"logo\":{\"@type\":\"ImageObject\",\"inLanguage\":\"en-US\",\"@id\":\"https:\\\/\\\/centrosabia.org.br\\\/en\\\/#\\\/schema\\\/logo\\\/image\\\/\",\"url\":\"https:\\\/\\\/centrosabia.org.br\\\/wp-content\\\/uploads\\\/2021\\\/10\\\/logo.png\",\"contentUrl\":\"https:\\\/\\\/centrosabia.org.br\\\/wp-content\\\/uploads\\\/2021\\\/10\\\/logo.png\",\"width\":174,\"height\":84,\"caption\":\"Centro de Desenvolvimento Agroecol\u00f3gico Sabi\u00e1\"},\"image\":{\"@id\":\"https:\\\/\\\/centrosabia.org.br\\\/en\\\/#\\\/schema\\\/logo\\\/image\\\/\"}}]}<\/script>\n<!-- \/ Yoast SEO plugin. -->","yoast_head_json":{"title":"As Feiras Agroecol\u00f3gicas Contra a Covid-19 | Cantos do Sabi\u00e1 - Centro de Desenvolvimento Agroecol\u00f3gico Sabi\u00e1","robots":{"index":"index","follow":"follow","max-snippet":"max-snippet:-1","max-image-preview":"max-image-preview:large","max-video-preview":"max-video-preview:-1"},"canonical":"https:\/\/centrosabia.org.br\/en\/audio\/as-feiras-agroecologicas-contra-a-covid-19\/","og_locale":"en_US","og_type":"article","og_title":"As Feiras Agroecol\u00f3gicas Contra a Covid-19 | Cantos do Sabi\u00e1 - Centro de Desenvolvimento Agroecol\u00f3gico Sabi\u00e1","og_url":"https:\/\/centrosabia.org.br\/en\/audio\/as-feiras-agroecologicas-contra-a-covid-19\/","og_site_name":"Centro de Desenvolvimento Agroecol\u00f3gico Sabi\u00e1","article_modified_time":"2024-08-21T17:43:11+00:00","og_image":[{"width":300,"height":169,"url":"https:\/\/centrosabia.org.br\/wp-content\/uploads\/2021\/03\/as-feiras-agroecologicas-contra-a-covid-19-300x169.jpg","type":"image\/jpeg"}],"twitter_card":"summary_large_image","twitter_misc":{"Est. reading time":"1 minute"},"schema":{"@context":"https:\/\/schema.org","@graph":[{"@type":"WebPage","@id":"https:\/\/centrosabia.org.br\/en\/audio\/as-feiras-agroecologicas-contra-a-covid-19\/","url":"https:\/\/centrosabia.org.br\/en\/audio\/as-feiras-agroecologicas-contra-a-covid-19\/","name":"As Feiras Agroecol\u00f3gicas Contra a Covid-19 | Cantos do Sabi\u00e1 - Centro de Desenvolvimento Agroecol\u00f3gico Sabi\u00e1","isPartOf":{"@id":"https:\/\/centrosabia.org.br\/en\/#website"},"primaryImageOfPage":{"@id":"https:\/\/centrosabia.org.br\/en\/audio\/as-feiras-agroecologicas-contra-a-covid-19\/#primaryimage"},"image":{"@id":"https:\/\/centrosabia.org.br\/en\/audio\/as-feiras-agroecologicas-contra-a-covid-19\/#primaryimage"},"thumbnailUrl":"https:\/\/centrosabia.org.br\/wp-content\/uploads\/2021\/03\/as-feiras-agroecologicas-contra-a-covid-19.jpg","datePublished":"2021-03-01T03:00:00+00:00","dateModified":"2024-08-21T17:43:11+00:00","breadcrumb":{"@id":"https:\/\/centrosabia.org.br\/en\/audio\/as-feiras-agroecologicas-contra-a-covid-19\/#breadcrumb"},"inLanguage":"en-US","potentialAction":[{"@type":"ReadAction","target":["https:\/\/centrosabia.org.br\/en\/audio\/as-feiras-agroecologicas-contra-a-covid-19\/"]}]},{"@type":"ImageObject","inLanguage":"en-US","@id":"https:\/\/centrosabia.org.br\/en\/audio\/as-feiras-agroecologicas-contra-a-covid-19\/#primaryimage","url":"https:\/\/centrosabia.org.br\/wp-content\/uploads\/2021\/03\/as-feiras-agroecologicas-contra-a-covid-19.jpg","contentUrl":"https:\/\/centrosabia.org.br\/wp-content\/uploads\/2021\/03\/as-feiras-agroecologicas-contra-a-covid-19.jpg","width":512,"height":288},{"@type":"BreadcrumbList","@id":"https:\/\/centrosabia.org.br\/en\/audio\/as-feiras-agroecologicas-contra-a-covid-19\/#breadcrumb","itemListElement":[{"@type":"ListItem","position":1,"name":"In\u00edcio","item":"https:\/\/centrosabia.org.br\/en\/"},{"@type":"ListItem","position":2,"name":"\u00c1udios","item":"https:\/\/centrosabia.org.br\/en\/audio\/"},{"@type":"ListItem","position":3,"name":"As Feiras Agroecol\u00f3gicas Contra a Covid-19 | Cantos do Sabi\u00e1"}]},{"@type":"WebSite","@id":"https:\/\/centrosabia.org.br\/en\/#website","url":"https:\/\/centrosabia.org.br\/en\/","name":"Centro de Desenvolvimento Agroecol\u00f3gico Sabi\u00e1","description":"","publisher":{"@id":"https:\/\/centrosabia.org.br\/en\/#organization"},"potentialAction":[{"@type":"SearchAction","target":{"@type":"EntryPoint","urlTemplate":"https:\/\/centrosabia.org.br\/en\/?s={search_term_string}"},"query-input":{"@type":"PropertyValueSpecification","valueRequired":true,"valueName":"search_term_string"}}],"inLanguage":"en-US"},{"@type":"Organization","@id":"https:\/\/centrosabia.org.br\/en\/#organization","name":"Centro de Desenvolvimento Agroecol\u00f3gico Sabi\u00e1","url":"https:\/\/centrosabia.org.br\/en\/","logo":{"@type":"ImageObject","inLanguage":"en-US","@id":"https:\/\/centrosabia.org.br\/en\/#\/schema\/logo\/image\/","url":"https:\/\/centrosabia.org.br\/wp-content\/uploads\/2021\/10\/logo.png","contentUrl":"https:\/\/centrosabia.org.br\/wp-content\/uploads\/2021\/10\/logo.png","width":174,"height":84,"caption":"Centro de Desenvolvimento Agroecol\u00f3gico Sabi\u00e1"},"image":{"@id":"https:\/\/centrosabia.org.br\/en\/#\/schema\/logo\/image\/"}}]}},"_links":{"self":[{"href":"https:\/\/centrosabia.org.br\/en\/wp-json\/wp\/v2\/audio\/17468","targetHints":{"allow":["GET"]}}],"collection":[{"href":"https:\/\/centrosabia.org.br\/en\/wp-json\/wp\/v2\/audio"}],"about":[{"href":"https:\/\/centrosabia.org.br\/en\/wp-json\/wp\/v2\/types\/audio"}],"wp:featuredmedia":[{"embeddable":true,"href":"https:\/\/centrosabia.org.br\/en\/wp-json\/wp\/v2\/media\/24891"}],"wp:attachment":[{"href":"https:\/\/centrosabia.org.br\/en\/wp-json\/wp\/v2\/media?parent=17468"}],"wp:term":[{"taxonomy":"tema","embeddable":true,"href":"https:\/\/centrosabia.org.br\/en\/wp-json\/wp\/v2\/tema?post=17468"},{"taxonomy":"decada","embeddable":true,"href":"https:\/\/centrosabia.org.br\/en\/wp-json\/wp\/v2\/decada?post=17468"},{"taxonomy":"curadoria","embeddable":true,"href":"https:\/\/centrosabia.org.br\/en\/wp-json\/wp\/v2\/curadoria?post=17468"}],"curies":[{"name":"wp","href":"https:\/\/api.w.org\/{rel}","templated":true}]}}

As Feiras Agroecológicas Contra a Covid-19 | Cantos do Sabiá

<p>CANTOS DO SABIÁ | </p>
<p></p>
<p></p>
<p></p>
<p>O podcast da semana vem com tudo para falar sobre as Feiras Agroecológicas, e o importante papel que esses comércios de comida DE VERDADE e SAUDÁVEL têm, especialmente em tempos de pandemia da Covid-19. As feiras têm sido verdadeiros fronts da batalha contra a insegurança alimentar e contra a pandemia do novo Coronavírus! </p>
<p></p>
<p></p>
<p></p>
<p>É justamente para falar sobre isso que convidamos o assessor para mercados do Centro Sabiá Davi Fantuzzi! Ele também é ex-coordenador da Comissão de Produção Orgânica de Pernambuco.</p>
<p></p>
<p></p>
<p></p>
<p>#CentroSabiá #podcast #CantosdoSabiá #Agroecologia #Feira </p>

<!-- This site is optimized with the Yoast SEO plugin v27.4 - https://yoast.com/product/yoast-seo-wordpress/ -->
<title>As Feiras Agroecológicas Contra a Covid-19 | Cantos do Sabiá - Centro de Desenvolvimento Agroecológico Sabiá</title>
<meta name="robots" content="index, follow, max-snippet:-1, max-image-preview:large, max-video-preview:-1" />
<link rel="canonical" href="https://centrosabia.org.br/en/audio/as-feiras-agroecologicas-contra-a-covid-19/" />
<meta property="og:locale" content="en_US" />
<meta property="og:type" content="article" />
<meta property="og:title" content="As Feiras Agroecológicas Contra a Covid-19 | Cantos do Sabiá - Centro de Desenvolvimento Agroecológico Sabiá" />
<meta property="og:url" content="https://centrosabia.org.br/en/audio/as-feiras-agroecologicas-contra-a-covid-19/" />
<meta property="og:site_name" content="Centro de Desenvolvimento Agroecológico Sabiá" />
<meta property="article:modified_time" content="2024-08-21T17:43:11+00:00" />
<meta property="og:image" content="https://centrosabia.org.br/wp-content/uploads/2021/03/as-feiras-agroecologicas-contra-a-covid-19-300x169.jpg" />
	<meta property="og:image:width" content="300" />
	<meta property="og:image:height" content="169" />
	<meta property="og:image:type" content="image/jpeg" />
<meta name="twitter:card" content="summary_large_image" />
<meta name="twitter:label1" content="Est. reading time" />
	<meta name="twitter:data1" content="1 minute" />
<script type="application/ld+json" class="yoast-schema-graph">{"@context":"https:\/\/schema.org","@graph":[{"@type":"WebPage","@id":"https:\/\/centrosabia.org.br\/en\/audio\/as-feiras-agroecologicas-contra-a-covid-19\/","url":"https:\/\/centrosabia.org.br\/en\/audio\/as-feiras-agroecologicas-contra-a-covid-19\/","name":"As Feiras Agroecológicas Contra a Covid-19 | Cantos do Sabiá - Centro de Desenvolvimento Agroecológico Sabiá","isPartOf":{"@id":"https:\/\/centrosabia.org.br\/en\/#website"},"primaryImageOfPage":{"@id":"https:\/\/centrosabia.org.br\/en\/audio\/as-feiras-agroecologicas-contra-a-covid-19\/#primaryimage"},"image":{"@id":"https:\/\/centrosabia.org.br\/en\/audio\/as-feiras-agroecologicas-contra-a-covid-19\/#primaryimage"},"thumbnailUrl":"https:\/\/centrosabia.org.br\/wp-content\/uploads\/2021\/03\/as-feiras-agroecologicas-contra-a-covid-19.jpg","datePublished":"2021-03-01T03:00:00+00:00","dateModified":"2024-08-21T17:43:11+00:00","breadcrumb":{"@id":"https:\/\/centrosabia.org.br\/en\/audio\/as-feiras-agroecologicas-contra-a-covid-19\/#breadcrumb"},"inLanguage":"en-US","potentialAction":[{"@type":"ReadAction","target":["https:\/\/centrosabia.org.br\/en\/audio\/as-feiras-agroecologicas-contra-a-covid-19\/"]}]},{"@type":"ImageObject","inLanguage":"en-US","@id":"https:\/\/centrosabia.org.br\/en\/audio\/as-feiras-agroecologicas-contra-a-covid-19\/#primaryimage","url":"https:\/\/centrosabia.org.br\/wp-content\/uploads\/2021\/03\/as-feiras-agroecologicas-contra-a-covid-19.jpg","contentUrl":"https:\/\/centrosabia.org.br\/wp-content\/uploads\/2021\/03\/as-feiras-agroecologicas-contra-a-covid-19.jpg","width":512,"height":288},{"@type":"BreadcrumbList","@id":"https:\/\/centrosabia.org.br\/en\/audio\/as-feiras-agroecologicas-contra-a-covid-19\/#breadcrumb","itemListElement":[{"@type":"ListItem","position":1,"name":"Início","item":"https:\/\/centrosabia.org.br\/en\/"},{"@type":"ListItem","position":2,"name":"Áudios","item":"https:\/\/centrosabia.org.br\/en\/audio\/"},{"@type":"ListItem","position":3,"name":"As Feiras Agroecológicas Contra a Covid-19 | Cantos do Sabiá"}]},{"@type":"WebSite","@id":"https:\/\/centrosabia.org.br\/en\/#website","url":"https:\/\/centrosabia.org.br\/en\/","name":"Centro de Desenvolvimento Agroecológico Sabiá","description":"","publisher":{"@id":"https:\/\/centrosabia.org.br\/en\/#organization"},"potentialAction":[{"@type":"SearchAction","target":{"@type":"EntryPoint","urlTemplate":"https:\/\/centrosabia.org.br\/en\/?s={search_term_string}"},"query-input":{"@type":"PropertyValueSpecification","valueRequired":true,"valueName":"search_term_string"}}],"inLanguage":"en-US"},{"@type":"Organization","@id":"https:\/\/centrosabia.org.br\/en\/#organization","name":"Centro de Desenvolvimento Agroecológico Sabiá","url":"https:\/\/centrosabia.org.br\/en\/","logo":{"@type":"ImageObject","inLanguage":"en-US","@id":"https:\/\/centrosabia.org.br\/en\/#\/schema\/logo\/image\/","url":"https:\/\/centrosabia.org.br\/wp-content\/uploads\/2021\/10\/logo.png","contentUrl":"https:\/\/centrosabia.org.br\/wp-content\/uploads\/2021\/10\/logo.png","width":174,"height":84,"caption":"Centro de Desenvolvimento Agroecológico Sabiá"},"image":{"@id":"https:\/\/centrosabia.org.br\/en\/#\/schema\/logo\/image\/"}}]}</script>
<!-- / Yoast SEO plugin. -->

As Feiras Agroecológicas Contra a Covid-19 | Cantos do Sabiá - Centro de Desenvolvimento Agroecológico Sabiá

Centro de Desenvolvimento Agroecológico Sabiá

Início

Áudios
