{"id":17520,"date":"2020-10-13T00:00:00","date_gmt":"2020-10-13T03:00:00","guid":{"rendered":"https:\/\/centrosabia.org.br\/audio\/dia-mundial-da-alimentacao\/"},"modified":"2024-08-07T14:05:09","modified_gmt":"2024-08-07T17:05:09","slug":"dia-mundial-da-alimentacao","status":"publish","type":"audio","link":"https:\/\/centrosabia.org.br\/en\/audio\/dia-mundial-da-alimentacao\/","title":{"rendered":"Dia Mundial da Alimenta\u00e7\u00e3o | Cantos do Sabi\u00e1"},"content":{"rendered":"<p>CANTOS DO SABI\u00c1 | O #podcast do Centro Sabi\u00e1 vem falar sobre o pr\u00f3ximo dia 16 de outubro, o Dia Mundial da Alimenta\u00e7\u00e3o! Uma data muito importante para o Brasil e o mundo, especialmente nestes tempos de pandemia da Covid-19, que deixou in\u00fameras fam\u00edlias em situa\u00e7\u00e3o de inseguran\u00e7a alimentar.\u00a0<\/p>\n<p><\/p>\n<p>.<\/p>\n<p><\/p>\n<p>Para debater os assuntos de Seguran\u00e7a Alimentar, o Direito Humano a Alimenta\u00e7\u00e3o e o Dia Mundial da Alimenta\u00e7\u00e3o \u00e9 que convidamos Elisabetta Recine para discutir conosco! Elisabetta \u00e9 Doutora em Sa\u00fade P\u00fablica, Mestra em Ci\u00eancias da fisiologia humana, e Nutricionista!<\/p>\n<p><\/p>\n<p>.<\/p>\n<p><\/p>\n<p>#CentroSabi\u00e1 #CantosdoSabi\u00e1 #Seguran\u00e7aAlimentar #DireitosHumanos #DiaMundialdaAlimenta\u00e7\u00e3o\u00a0<\/p>\n","protected":false},"featured_media":24170,"template":"","meta":{"_acf_changed":false,"ano":2020},"tema":[2523,2519,2528],"decada":[2502],"curadoria":[],"class_list":["post-17520","audio","type-audio","status-publish","has-post-thumbnail","hentry","tema-agricultura-familiar","tema-agroecologia","tema-alimento-saudavel","decada-2502"],"blocksy_meta":[],"acf":{"imagem_de_cobertura":""},"yoast_head":"<!-- This site is optimized with the Yoast SEO plugin v27.4 - https:\/\/yoast.com\/product\/yoast-seo-wordpress\/ -->\n<title>Dia Mundial da Alimenta\u00e7\u00e3o | Cantos do Sabi\u00e1 - Centro de Desenvolvimento Agroecol\u00f3gico Sabi\u00e1<\/title>\n<meta name=\"robots\" content=\"index, follow, max-snippet:-1, max-image-preview:large, max-video-preview:-1\" \/>\n<link rel=\"canonical\" href=\"https:\/\/centrosabia.org.br\/en\/audio\/dia-mundial-da-alimentacao\/\" \/>\n<meta property=\"og:locale\" content=\"en_US\" \/>\n<meta property=\"og:type\" content=\"article\" \/>\n<meta property=\"og:title\" content=\"Dia Mundial da Alimenta\u00e7\u00e3o | Cantos do Sabi\u00e1 - Centro de Desenvolvimento Agroecol\u00f3gico Sabi\u00e1\" \/>\n<meta property=\"og:url\" content=\"https:\/\/centrosabia.org.br\/en\/audio\/dia-mundial-da-alimentacao\/\" \/>\n<meta property=\"og:site_name\" content=\"Centro de Desenvolvimento Agroecol\u00f3gico Sabi\u00e1\" \/>\n<meta property=\"article:modified_time\" content=\"2024-08-07T17:05:09+00:00\" \/>\n<meta property=\"og:image\" content=\"https:\/\/centrosabia.org.br\/wp-content\/uploads\/2020\/10\/DIA-MUNDIAL-DA-ALIMENTACAO-300x169.png\" \/>\n\t<meta property=\"og:image:width\" content=\"300\" \/>\n\t<meta property=\"og:image:height\" content=\"169\" \/>\n\t<meta property=\"og:image:type\" content=\"image\/png\" \/>\n<meta name=\"twitter:card\" content=\"summary_large_image\" \/>\n<meta name=\"twitter:label1\" content=\"Est. reading time\" \/>\n\t<meta name=\"twitter:data1\" content=\"1 minute\" \/>\n<script type=\"application\/ld+json\" class=\"yoast-schema-graph\">{\"@context\":\"https:\\\/\\\/schema.org\",\"@graph\":[{\"@type\":\"WebPage\",\"@id\":\"https:\\\/\\\/centrosabia.org.br\\\/en\\\/audio\\\/dia-mundial-da-alimentacao\\\/\",\"url\":\"https:\\\/\\\/centrosabia.org.br\\\/en\\\/audio\\\/dia-mundial-da-alimentacao\\\/\",\"name\":\"Dia Mundial da Alimenta\u00e7\u00e3o | Cantos do Sabi\u00e1 - Centro de Desenvolvimento Agroecol\u00f3gico Sabi\u00e1\",\"isPartOf\":{\"@id\":\"https:\\\/\\\/centrosabia.org.br\\\/en\\\/#website\"},\"primaryImageOfPage\":{\"@id\":\"https:\\\/\\\/centrosabia.org.br\\\/en\\\/audio\\\/dia-mundial-da-alimentacao\\\/#primaryimage\"},\"image\":{\"@id\":\"https:\\\/\\\/centrosabia.org.br\\\/en\\\/audio\\\/dia-mundial-da-alimentacao\\\/#primaryimage\"},\"thumbnailUrl\":\"https:\\\/\\\/centrosabia.org.br\\\/wp-content\\\/uploads\\\/2020\\\/10\\\/DIA-MUNDIAL-DA-ALIMENTACAO.png\",\"datePublished\":\"2020-10-13T03:00:00+00:00\",\"dateModified\":\"2024-08-07T17:05:09+00:00\",\"breadcrumb\":{\"@id\":\"https:\\\/\\\/centrosabia.org.br\\\/en\\\/audio\\\/dia-mundial-da-alimentacao\\\/#breadcrumb\"},\"inLanguage\":\"en-US\",\"potentialAction\":[{\"@type\":\"ReadAction\",\"target\":[\"https:\\\/\\\/centrosabia.org.br\\\/en\\\/audio\\\/dia-mundial-da-alimentacao\\\/\"]}]},{\"@type\":\"ImageObject\",\"inLanguage\":\"en-US\",\"@id\":\"https:\\\/\\\/centrosabia.org.br\\\/en\\\/audio\\\/dia-mundial-da-alimentacao\\\/#primaryimage\",\"url\":\"https:\\\/\\\/centrosabia.org.br\\\/wp-content\\\/uploads\\\/2020\\\/10\\\/DIA-MUNDIAL-DA-ALIMENTACAO.png\",\"contentUrl\":\"https:\\\/\\\/centrosabia.org.br\\\/wp-content\\\/uploads\\\/2020\\\/10\\\/DIA-MUNDIAL-DA-ALIMENTACAO.png\",\"width\":512,\"height\":288},{\"@type\":\"BreadcrumbList\",\"@id\":\"https:\\\/\\\/centrosabia.org.br\\\/en\\\/audio\\\/dia-mundial-da-alimentacao\\\/#breadcrumb\",\"itemListElement\":[{\"@type\":\"ListItem\",\"position\":1,\"name\":\"In\u00edcio\",\"item\":\"https:\\\/\\\/centrosabia.org.br\\\/en\\\/\"},{\"@type\":\"ListItem\",\"position\":2,\"name\":\"\u00c1udios\",\"item\":\"https:\\\/\\\/centrosabia.org.br\\\/en\\\/audio\\\/\"},{\"@type\":\"ListItem\",\"position\":3,\"name\":\"Dia Mundial da Alimenta\u00e7\u00e3o | Cantos do Sabi\u00e1\"}]},{\"@type\":\"WebSite\",\"@id\":\"https:\\\/\\\/centrosabia.org.br\\\/en\\\/#website\",\"url\":\"https:\\\/\\\/centrosabia.org.br\\\/en\\\/\",\"name\":\"Centro de Desenvolvimento Agroecol\u00f3gico Sabi\u00e1\",\"description\":\"\",\"publisher\":{\"@id\":\"https:\\\/\\\/centrosabia.org.br\\\/en\\\/#organization\"},\"potentialAction\":[{\"@type\":\"SearchAction\",\"target\":{\"@type\":\"EntryPoint\",\"urlTemplate\":\"https:\\\/\\\/centrosabia.org.br\\\/en\\\/?s={search_term_string}\"},\"query-input\":{\"@type\":\"PropertyValueSpecification\",\"valueRequired\":true,\"valueName\":\"search_term_string\"}}],\"inLanguage\":\"en-US\"},{\"@type\":\"Organization\",\"@id\":\"https:\\\/\\\/centrosabia.org.br\\\/en\\\/#organization\",\"name\":\"Centro de Desenvolvimento Agroecol\u00f3gico Sabi\u00e1\",\"url\":\"https:\\\/\\\/centrosabia.org.br\\\/en\\\/\",\"logo\":{\"@type\":\"ImageObject\",\"inLanguage\":\"en-US\",\"@id\":\"https:\\\/\\\/centrosabia.org.br\\\/en\\\/#\\\/schema\\\/logo\\\/image\\\/\",\"url\":\"https:\\\/\\\/centrosabia.org.br\\\/wp-content\\\/uploads\\\/2021\\\/10\\\/logo.png\",\"contentUrl\":\"https:\\\/\\\/centrosabia.org.br\\\/wp-content\\\/uploads\\\/2021\\\/10\\\/logo.png\",\"width\":174,\"height\":84,\"caption\":\"Centro de Desenvolvimento Agroecol\u00f3gico Sabi\u00e1\"},\"image\":{\"@id\":\"https:\\\/\\\/centrosabia.org.br\\\/en\\\/#\\\/schema\\\/logo\\\/image\\\/\"}}]}<\/script>\n<!-- \/ Yoast SEO plugin. -->","yoast_head_json":{"title":"Dia Mundial da Alimenta\u00e7\u00e3o | Cantos do Sabi\u00e1 - Centro de Desenvolvimento Agroecol\u00f3gico Sabi\u00e1","robots":{"index":"index","follow":"follow","max-snippet":"max-snippet:-1","max-image-preview":"max-image-preview:large","max-video-preview":"max-video-preview:-1"},"canonical":"https:\/\/centrosabia.org.br\/en\/audio\/dia-mundial-da-alimentacao\/","og_locale":"en_US","og_type":"article","og_title":"Dia Mundial da Alimenta\u00e7\u00e3o | Cantos do Sabi\u00e1 - Centro de Desenvolvimento Agroecol\u00f3gico Sabi\u00e1","og_url":"https:\/\/centrosabia.org.br\/en\/audio\/dia-mundial-da-alimentacao\/","og_site_name":"Centro de Desenvolvimento Agroecol\u00f3gico Sabi\u00e1","article_modified_time":"2024-08-07T17:05:09+00:00","og_image":[{"width":300,"height":169,"url":"https:\/\/centrosabia.org.br\/wp-content\/uploads\/2020\/10\/DIA-MUNDIAL-DA-ALIMENTACAO-300x169.png","type":"image\/png"}],"twitter_card":"summary_large_image","twitter_misc":{"Est. reading time":"1 minute"},"schema":{"@context":"https:\/\/schema.org","@graph":[{"@type":"WebPage","@id":"https:\/\/centrosabia.org.br\/en\/audio\/dia-mundial-da-alimentacao\/","url":"https:\/\/centrosabia.org.br\/en\/audio\/dia-mundial-da-alimentacao\/","name":"Dia Mundial da Alimenta\u00e7\u00e3o | Cantos do Sabi\u00e1 - Centro de Desenvolvimento Agroecol\u00f3gico Sabi\u00e1","isPartOf":{"@id":"https:\/\/centrosabia.org.br\/en\/#website"},"primaryImageOfPage":{"@id":"https:\/\/centrosabia.org.br\/en\/audio\/dia-mundial-da-alimentacao\/#primaryimage"},"image":{"@id":"https:\/\/centrosabia.org.br\/en\/audio\/dia-mundial-da-alimentacao\/#primaryimage"},"thumbnailUrl":"https:\/\/centrosabia.org.br\/wp-content\/uploads\/2020\/10\/DIA-MUNDIAL-DA-ALIMENTACAO.png","datePublished":"2020-10-13T03:00:00+00:00","dateModified":"2024-08-07T17:05:09+00:00","breadcrumb":{"@id":"https:\/\/centrosabia.org.br\/en\/audio\/dia-mundial-da-alimentacao\/#breadcrumb"},"inLanguage":"en-US","potentialAction":[{"@type":"ReadAction","target":["https:\/\/centrosabia.org.br\/en\/audio\/dia-mundial-da-alimentacao\/"]}]},{"@type":"ImageObject","inLanguage":"en-US","@id":"https:\/\/centrosabia.org.br\/en\/audio\/dia-mundial-da-alimentacao\/#primaryimage","url":"https:\/\/centrosabia.org.br\/wp-content\/uploads\/2020\/10\/DIA-MUNDIAL-DA-ALIMENTACAO.png","contentUrl":"https:\/\/centrosabia.org.br\/wp-content\/uploads\/2020\/10\/DIA-MUNDIAL-DA-ALIMENTACAO.png","width":512,"height":288},{"@type":"BreadcrumbList","@id":"https:\/\/centrosabia.org.br\/en\/audio\/dia-mundial-da-alimentacao\/#breadcrumb","itemListElement":[{"@type":"ListItem","position":1,"name":"In\u00edcio","item":"https:\/\/centrosabia.org.br\/en\/"},{"@type":"ListItem","position":2,"name":"\u00c1udios","item":"https:\/\/centrosabia.org.br\/en\/audio\/"},{"@type":"ListItem","position":3,"name":"Dia Mundial da Alimenta\u00e7\u00e3o | Cantos do Sabi\u00e1"}]},{"@type":"WebSite","@id":"https:\/\/centrosabia.org.br\/en\/#website","url":"https:\/\/centrosabia.org.br\/en\/","name":"Centro de Desenvolvimento Agroecol\u00f3gico Sabi\u00e1","description":"","publisher":{"@id":"https:\/\/centrosabia.org.br\/en\/#organization"},"potentialAction":[{"@type":"SearchAction","target":{"@type":"EntryPoint","urlTemplate":"https:\/\/centrosabia.org.br\/en\/?s={search_term_string}"},"query-input":{"@type":"PropertyValueSpecification","valueRequired":true,"valueName":"search_term_string"}}],"inLanguage":"en-US"},{"@type":"Organization","@id":"https:\/\/centrosabia.org.br\/en\/#organization","name":"Centro de Desenvolvimento Agroecol\u00f3gico Sabi\u00e1","url":"https:\/\/centrosabia.org.br\/en\/","logo":{"@type":"ImageObject","inLanguage":"en-US","@id":"https:\/\/centrosabia.org.br\/en\/#\/schema\/logo\/image\/","url":"https:\/\/centrosabia.org.br\/wp-content\/uploads\/2021\/10\/logo.png","contentUrl":"https:\/\/centrosabia.org.br\/wp-content\/uploads\/2021\/10\/logo.png","width":174,"height":84,"caption":"Centro de Desenvolvimento Agroecol\u00f3gico Sabi\u00e1"},"image":{"@id":"https:\/\/centrosabia.org.br\/en\/#\/schema\/logo\/image\/"}}]}},"_links":{"self":[{"href":"https:\/\/centrosabia.org.br\/en\/wp-json\/wp\/v2\/audio\/17520","targetHints":{"allow":["GET"]}}],"collection":[{"href":"https:\/\/centrosabia.org.br\/en\/wp-json\/wp\/v2\/audio"}],"about":[{"href":"https:\/\/centrosabia.org.br\/en\/wp-json\/wp\/v2\/types\/audio"}],"wp:featuredmedia":[{"embeddable":true,"href":"https:\/\/centrosabia.org.br\/en\/wp-json\/wp\/v2\/media\/24170"}],"wp:attachment":[{"href":"https:\/\/centrosabia.org.br\/en\/wp-json\/wp\/v2\/media?parent=17520"}],"wp:term":[{"taxonomy":"tema","embeddable":true,"href":"https:\/\/centrosabia.org.br\/en\/wp-json\/wp\/v2\/tema?post=17520"},{"taxonomy":"decada","embeddable":true,"href":"https:\/\/centrosabia.org.br\/en\/wp-json\/wp\/v2\/decada?post=17520"},{"taxonomy":"curadoria","embeddable":true,"href":"https:\/\/centrosabia.org.br\/en\/wp-json\/wp\/v2\/curadoria?post=17520"}],"curies":[{"name":"wp","href":"https:\/\/api.w.org\/{rel}","templated":true}]}}

Dia Mundial da Alimentação | Cantos do Sabiá

<p>CANTOS DO SABIÁ | O #podcast do Centro Sabiá vem falar sobre o próximo dia 16 de outubro, o Dia Mundial da Alimentação! Uma data muito importante para o Brasil e o mundo, especialmente nestes tempos de pandemia da Covid-19, que deixou inúmeras famílias em situação de insegurança alimentar. </p>
<p></p>
<p>.</p>
<p></p>
<p>Para debater os assuntos de Segurança Alimentar, o Direito Humano a Alimentação e o Dia Mundial da Alimentação é que convidamos Elisabetta Recine para discutir conosco! Elisabetta é Doutora em Saúde Pública, Mestra em Ciências da fisiologia humana, e Nutricionista!</p>
<p></p>
<p>.</p>
<p></p>
<p>#CentroSabiá #CantosdoSabiá #SegurançaAlimentar #DireitosHumanos #DiaMundialdaAlimentação </p>

<!-- This site is optimized with the Yoast SEO plugin v27.4 - https://yoast.com/product/yoast-seo-wordpress/ -->
<title>Dia Mundial da Alimentação | Cantos do Sabiá - Centro de Desenvolvimento Agroecológico Sabiá</title>
<meta name="robots" content="index, follow, max-snippet:-1, max-image-preview:large, max-video-preview:-1" />
<link rel="canonical" href="https://centrosabia.org.br/en/audio/dia-mundial-da-alimentacao/" />
<meta property="og:locale" content="en_US" />
<meta property="og:type" content="article" />
<meta property="og:title" content="Dia Mundial da Alimentação | Cantos do Sabiá - Centro de Desenvolvimento Agroecológico Sabiá" />
<meta property="og:url" content="https://centrosabia.org.br/en/audio/dia-mundial-da-alimentacao/" />
<meta property="og:site_name" content="Centro de Desenvolvimento Agroecológico Sabiá" />
<meta property="article:modified_time" content="2024-08-07T17:05:09+00:00" />
<meta property="og:image" content="https://centrosabia.org.br/wp-content/uploads/2020/10/DIA-MUNDIAL-DA-ALIMENTACAO-300x169.png" />
	<meta property="og:image:width" content="300" />
	<meta property="og:image:height" content="169" />
	<meta property="og:image:type" content="image/png" />
<meta name="twitter:card" content="summary_large_image" />
<meta name="twitter:label1" content="Est. reading time" />
	<meta name="twitter:data1" content="1 minute" />
<script type="application/ld+json" class="yoast-schema-graph">{"@context":"https:\/\/schema.org","@graph":[{"@type":"WebPage","@id":"https:\/\/centrosabia.org.br\/en\/audio\/dia-mundial-da-alimentacao\/","url":"https:\/\/centrosabia.org.br\/en\/audio\/dia-mundial-da-alimentacao\/","name":"Dia Mundial da Alimentação | Cantos do Sabiá - Centro de Desenvolvimento Agroecológico Sabiá","isPartOf":{"@id":"https:\/\/centrosabia.org.br\/en\/#website"},"primaryImageOfPage":{"@id":"https:\/\/centrosabia.org.br\/en\/audio\/dia-mundial-da-alimentacao\/#primaryimage"},"image":{"@id":"https:\/\/centrosabia.org.br\/en\/audio\/dia-mundial-da-alimentacao\/#primaryimage"},"thumbnailUrl":"https:\/\/centrosabia.org.br\/wp-content\/uploads\/2020\/10\/DIA-MUNDIAL-DA-ALIMENTACAO.png","datePublished":"2020-10-13T03:00:00+00:00","dateModified":"2024-08-07T17:05:09+00:00","breadcrumb":{"@id":"https:\/\/centrosabia.org.br\/en\/audio\/dia-mundial-da-alimentacao\/#breadcrumb"},"inLanguage":"en-US","potentialAction":[{"@type":"ReadAction","target":["https:\/\/centrosabia.org.br\/en\/audio\/dia-mundial-da-alimentacao\/"]}]},{"@type":"ImageObject","inLanguage":"en-US","@id":"https:\/\/centrosabia.org.br\/en\/audio\/dia-mundial-da-alimentacao\/#primaryimage","url":"https:\/\/centrosabia.org.br\/wp-content\/uploads\/2020\/10\/DIA-MUNDIAL-DA-ALIMENTACAO.png","contentUrl":"https:\/\/centrosabia.org.br\/wp-content\/uploads\/2020\/10\/DIA-MUNDIAL-DA-ALIMENTACAO.png","width":512,"height":288},{"@type":"BreadcrumbList","@id":"https:\/\/centrosabia.org.br\/en\/audio\/dia-mundial-da-alimentacao\/#breadcrumb","itemListElement":[{"@type":"ListItem","position":1,"name":"Início","item":"https:\/\/centrosabia.org.br\/en\/"},{"@type":"ListItem","position":2,"name":"Áudios","item":"https:\/\/centrosabia.org.br\/en\/audio\/"},{"@type":"ListItem","position":3,"name":"Dia Mundial da Alimentação | Cantos do Sabiá"}]},{"@type":"WebSite","@id":"https:\/\/centrosabia.org.br\/en\/#website","url":"https:\/\/centrosabia.org.br\/en\/","name":"Centro de Desenvolvimento Agroecológico Sabiá","description":"","publisher":{"@id":"https:\/\/centrosabia.org.br\/en\/#organization"},"potentialAction":[{"@type":"SearchAction","target":{"@type":"EntryPoint","urlTemplate":"https:\/\/centrosabia.org.br\/en\/?s={search_term_string}"},"query-input":{"@type":"PropertyValueSpecification","valueRequired":true,"valueName":"search_term_string"}}],"inLanguage":"en-US"},{"@type":"Organization","@id":"https:\/\/centrosabia.org.br\/en\/#organization","name":"Centro de Desenvolvimento Agroecológico Sabiá","url":"https:\/\/centrosabia.org.br\/en\/","logo":{"@type":"ImageObject","inLanguage":"en-US","@id":"https:\/\/centrosabia.org.br\/en\/#\/schema\/logo\/image\/","url":"https:\/\/centrosabia.org.br\/wp-content\/uploads\/2021\/10\/logo.png","contentUrl":"https:\/\/centrosabia.org.br\/wp-content\/uploads\/2021\/10\/logo.png","width":174,"height":84,"caption":"Centro de Desenvolvimento Agroecológico Sabiá"},"image":{"@id":"https:\/\/centrosabia.org.br\/en\/#\/schema\/logo\/image\/"}}]}</script>
<!-- / Yoast SEO plugin. -->

Dia Mundial da Alimentação | Cantos do Sabiá - Centro de Desenvolvimento Agroecológico Sabiá

Centro de Desenvolvimento Agroecológico Sabiá

Início

Áudios
