{"id":17572,"date":"2020-06-22T00:00:00","date_gmt":"2020-06-22T03:00:00","guid":{"rendered":"https:\/\/centrosabia.org.br\/audio\/politicas-publicas-em-tempos-de-pandemia\/"},"modified":"2024-08-21T17:52:59","modified_gmt":"2024-08-21T20:52:59","slug":"politicas-publicas-em-tempos-de-pandemia","status":"publish","type":"audio","link":"https:\/\/centrosabia.org.br\/en\/audio\/politicas-publicas-em-tempos-de-pandemia\/","title":{"rendered":"Pol\u00edticas P\u00fablicas em Tempos de Pandemia | Cantos do Sabi\u00e1"},"content":{"rendered":"<p>CANTOS DO SABI\u00c1 |\u00a0<\/p>\n<p><\/p>\n<p><\/p>\n<p><\/p>\n<p>O #CantosdoSabi\u00e1 conversa com C\u00edcera Nunes, presidenta da FETAPE (Federa\u00e7\u00e3o dos Trabalhadores Rurais Agricultores e Agricultoras Familiares do Estado de Pernambuco) e discute a import\u00e2ncia das Pol\u00edticas P\u00fablicas em tempos de pandemia, em tempos de Coronav\u00edrus! Falamos tamb\u00e9m sobre o PAA Estadual (Programa de Aquisi\u00e7\u00e3o de Alimentos da Agricultura Familiar) e qual a sua utilidade. Vem ouvir a nossa conversa! LINK NA BIO.\u00a0<\/p>\n<p><\/p>\n<p><\/p>\n<p><\/p>\n<p>C\u00edcera Nunes \u00e9 Agricultora Familiar, formada em Servi\u00e7o Social, com p\u00f3s-gradua\u00e7\u00e3o em Gest\u00e3o da Capacidade Humana. C\u00edcera \u00e9 a atual presidenta da FETAPE (Federa\u00e7\u00e3o dos Trabalhadores Rurais Agricultores e Agricultoras Familiares do Estado de Pernambuco).<\/p>\n<p><\/p>\n<p><\/p>\n<p><\/p>\n<p>#CentroSabi\u00e1 #podcast #AgriculturaFamiliar #PAA #FETAPE #Pol\u00edticasP\u00fablicas<\/p>\n","protected":false},"featured_media":24942,"template":"","meta":{"_acf_changed":false,"ano":2020},"tema":[2523,2509,2534],"decada":[2502],"curadoria":[],"class_list":["post-17572","audio","type-audio","status-publish","has-post-thumbnail","hentry","tema-agricultura-familiar","tema-politica","tema-seguranca-alimentar","decada-2502"],"blocksy_meta":[],"acf":{"imagem_de_cobertura":""},"yoast_head":"<!-- This site is optimized with the Yoast SEO plugin v27.4 - https:\/\/yoast.com\/product\/yoast-seo-wordpress\/ -->\n<title>Pol\u00edticas P\u00fablicas em Tempos de Pandemia | Cantos do Sabi\u00e1 - Centro de Desenvolvimento Agroecol\u00f3gico Sabi\u00e1<\/title>\n<meta name=\"robots\" content=\"index, follow, max-snippet:-1, max-image-preview:large, max-video-preview:-1\" \/>\n<link rel=\"canonical\" href=\"https:\/\/centrosabia.org.br\/en\/audio\/politicas-publicas-em-tempos-de-pandemia\/\" \/>\n<meta property=\"og:locale\" content=\"en_US\" \/>\n<meta property=\"og:type\" content=\"article\" \/>\n<meta property=\"og:title\" content=\"Pol\u00edticas P\u00fablicas em Tempos de Pandemia | Cantos do Sabi\u00e1 - Centro de Desenvolvimento Agroecol\u00f3gico Sabi\u00e1\" \/>\n<meta property=\"og:url\" content=\"https:\/\/centrosabia.org.br\/en\/audio\/politicas-publicas-em-tempos-de-pandemia\/\" \/>\n<meta property=\"og:site_name\" content=\"Centro de Desenvolvimento Agroecol\u00f3gico Sabi\u00e1\" \/>\n<meta property=\"article:modified_time\" content=\"2024-08-21T20:52:59+00:00\" \/>\n<meta property=\"og:image\" content=\"https:\/\/centrosabia.org.br\/wp-content\/uploads\/2020\/06\/politicas-publicas-em-tempos-de-pandemia-300x169.jpg\" \/>\n\t<meta property=\"og:image:width\" content=\"300\" \/>\n\t<meta property=\"og:image:height\" content=\"169\" \/>\n\t<meta property=\"og:image:type\" content=\"image\/jpeg\" \/>\n<meta name=\"twitter:card\" content=\"summary_large_image\" \/>\n<meta name=\"twitter:label1\" content=\"Est. reading time\" \/>\n\t<meta name=\"twitter:data1\" content=\"1 minute\" \/>\n<script type=\"application\/ld+json\" class=\"yoast-schema-graph\">{\"@context\":\"https:\\\/\\\/schema.org\",\"@graph\":[{\"@type\":\"WebPage\",\"@id\":\"https:\\\/\\\/centrosabia.org.br\\\/en\\\/audio\\\/politicas-publicas-em-tempos-de-pandemia\\\/\",\"url\":\"https:\\\/\\\/centrosabia.org.br\\\/en\\\/audio\\\/politicas-publicas-em-tempos-de-pandemia\\\/\",\"name\":\"Pol\u00edticas P\u00fablicas em Tempos de Pandemia | Cantos do Sabi\u00e1 - Centro de Desenvolvimento Agroecol\u00f3gico Sabi\u00e1\",\"isPartOf\":{\"@id\":\"https:\\\/\\\/centrosabia.org.br\\\/en\\\/#website\"},\"primaryImageOfPage\":{\"@id\":\"https:\\\/\\\/centrosabia.org.br\\\/en\\\/audio\\\/politicas-publicas-em-tempos-de-pandemia\\\/#primaryimage\"},\"image\":{\"@id\":\"https:\\\/\\\/centrosabia.org.br\\\/en\\\/audio\\\/politicas-publicas-em-tempos-de-pandemia\\\/#primaryimage\"},\"thumbnailUrl\":\"https:\\\/\\\/centrosabia.org.br\\\/wp-content\\\/uploads\\\/2020\\\/06\\\/politicas-publicas-em-tempos-de-pandemia.jpg\",\"datePublished\":\"2020-06-22T03:00:00+00:00\",\"dateModified\":\"2024-08-21T20:52:59+00:00\",\"breadcrumb\":{\"@id\":\"https:\\\/\\\/centrosabia.org.br\\\/en\\\/audio\\\/politicas-publicas-em-tempos-de-pandemia\\\/#breadcrumb\"},\"inLanguage\":\"en-US\",\"potentialAction\":[{\"@type\":\"ReadAction\",\"target\":[\"https:\\\/\\\/centrosabia.org.br\\\/en\\\/audio\\\/politicas-publicas-em-tempos-de-pandemia\\\/\"]}]},{\"@type\":\"ImageObject\",\"inLanguage\":\"en-US\",\"@id\":\"https:\\\/\\\/centrosabia.org.br\\\/en\\\/audio\\\/politicas-publicas-em-tempos-de-pandemia\\\/#primaryimage\",\"url\":\"https:\\\/\\\/centrosabia.org.br\\\/wp-content\\\/uploads\\\/2020\\\/06\\\/politicas-publicas-em-tempos-de-pandemia.jpg\",\"contentUrl\":\"https:\\\/\\\/centrosabia.org.br\\\/wp-content\\\/uploads\\\/2020\\\/06\\\/politicas-publicas-em-tempos-de-pandemia.jpg\",\"width\":512,\"height\":288},{\"@type\":\"BreadcrumbList\",\"@id\":\"https:\\\/\\\/centrosabia.org.br\\\/en\\\/audio\\\/politicas-publicas-em-tempos-de-pandemia\\\/#breadcrumb\",\"itemListElement\":[{\"@type\":\"ListItem\",\"position\":1,\"name\":\"In\u00edcio\",\"item\":\"https:\\\/\\\/centrosabia.org.br\\\/en\\\/\"},{\"@type\":\"ListItem\",\"position\":2,\"name\":\"\u00c1udios\",\"item\":\"https:\\\/\\\/centrosabia.org.br\\\/en\\\/audio\\\/\"},{\"@type\":\"ListItem\",\"position\":3,\"name\":\"Pol\u00edticas P\u00fablicas em Tempos de Pandemia | Cantos do Sabi\u00e1\"}]},{\"@type\":\"WebSite\",\"@id\":\"https:\\\/\\\/centrosabia.org.br\\\/en\\\/#website\",\"url\":\"https:\\\/\\\/centrosabia.org.br\\\/en\\\/\",\"name\":\"Centro de Desenvolvimento Agroecol\u00f3gico Sabi\u00e1\",\"description\":\"\",\"publisher\":{\"@id\":\"https:\\\/\\\/centrosabia.org.br\\\/en\\\/#organization\"},\"potentialAction\":[{\"@type\":\"SearchAction\",\"target\":{\"@type\":\"EntryPoint\",\"urlTemplate\":\"https:\\\/\\\/centrosabia.org.br\\\/en\\\/?s={search_term_string}\"},\"query-input\":{\"@type\":\"PropertyValueSpecification\",\"valueRequired\":true,\"valueName\":\"search_term_string\"}}],\"inLanguage\":\"en-US\"},{\"@type\":\"Organization\",\"@id\":\"https:\\\/\\\/centrosabia.org.br\\\/en\\\/#organization\",\"name\":\"Centro de Desenvolvimento Agroecol\u00f3gico Sabi\u00e1\",\"url\":\"https:\\\/\\\/centrosabia.org.br\\\/en\\\/\",\"logo\":{\"@type\":\"ImageObject\",\"inLanguage\":\"en-US\",\"@id\":\"https:\\\/\\\/centrosabia.org.br\\\/en\\\/#\\\/schema\\\/logo\\\/image\\\/\",\"url\":\"https:\\\/\\\/centrosabia.org.br\\\/wp-content\\\/uploads\\\/2021\\\/10\\\/logo.png\",\"contentUrl\":\"https:\\\/\\\/centrosabia.org.br\\\/wp-content\\\/uploads\\\/2021\\\/10\\\/logo.png\",\"width\":174,\"height\":84,\"caption\":\"Centro de Desenvolvimento Agroecol\u00f3gico Sabi\u00e1\"},\"image\":{\"@id\":\"https:\\\/\\\/centrosabia.org.br\\\/en\\\/#\\\/schema\\\/logo\\\/image\\\/\"}}]}<\/script>\n<!-- \/ Yoast SEO plugin. -->","yoast_head_json":{"title":"Pol\u00edticas P\u00fablicas em Tempos de Pandemia | Cantos do Sabi\u00e1 - Centro de Desenvolvimento Agroecol\u00f3gico Sabi\u00e1","robots":{"index":"index","follow":"follow","max-snippet":"max-snippet:-1","max-image-preview":"max-image-preview:large","max-video-preview":"max-video-preview:-1"},"canonical":"https:\/\/centrosabia.org.br\/en\/audio\/politicas-publicas-em-tempos-de-pandemia\/","og_locale":"en_US","og_type":"article","og_title":"Pol\u00edticas P\u00fablicas em Tempos de Pandemia | Cantos do Sabi\u00e1 - Centro de Desenvolvimento Agroecol\u00f3gico Sabi\u00e1","og_url":"https:\/\/centrosabia.org.br\/en\/audio\/politicas-publicas-em-tempos-de-pandemia\/","og_site_name":"Centro de Desenvolvimento Agroecol\u00f3gico Sabi\u00e1","article_modified_time":"2024-08-21T20:52:59+00:00","og_image":[{"width":300,"height":169,"url":"https:\/\/centrosabia.org.br\/wp-content\/uploads\/2020\/06\/politicas-publicas-em-tempos-de-pandemia-300x169.jpg","type":"image\/jpeg"}],"twitter_card":"summary_large_image","twitter_misc":{"Est. reading time":"1 minute"},"schema":{"@context":"https:\/\/schema.org","@graph":[{"@type":"WebPage","@id":"https:\/\/centrosabia.org.br\/en\/audio\/politicas-publicas-em-tempos-de-pandemia\/","url":"https:\/\/centrosabia.org.br\/en\/audio\/politicas-publicas-em-tempos-de-pandemia\/","name":"Pol\u00edticas P\u00fablicas em Tempos de Pandemia | Cantos do Sabi\u00e1 - Centro de Desenvolvimento Agroecol\u00f3gico Sabi\u00e1","isPartOf":{"@id":"https:\/\/centrosabia.org.br\/en\/#website"},"primaryImageOfPage":{"@id":"https:\/\/centrosabia.org.br\/en\/audio\/politicas-publicas-em-tempos-de-pandemia\/#primaryimage"},"image":{"@id":"https:\/\/centrosabia.org.br\/en\/audio\/politicas-publicas-em-tempos-de-pandemia\/#primaryimage"},"thumbnailUrl":"https:\/\/centrosabia.org.br\/wp-content\/uploads\/2020\/06\/politicas-publicas-em-tempos-de-pandemia.jpg","datePublished":"2020-06-22T03:00:00+00:00","dateModified":"2024-08-21T20:52:59+00:00","breadcrumb":{"@id":"https:\/\/centrosabia.org.br\/en\/audio\/politicas-publicas-em-tempos-de-pandemia\/#breadcrumb"},"inLanguage":"en-US","potentialAction":[{"@type":"ReadAction","target":["https:\/\/centrosabia.org.br\/en\/audio\/politicas-publicas-em-tempos-de-pandemia\/"]}]},{"@type":"ImageObject","inLanguage":"en-US","@id":"https:\/\/centrosabia.org.br\/en\/audio\/politicas-publicas-em-tempos-de-pandemia\/#primaryimage","url":"https:\/\/centrosabia.org.br\/wp-content\/uploads\/2020\/06\/politicas-publicas-em-tempos-de-pandemia.jpg","contentUrl":"https:\/\/centrosabia.org.br\/wp-content\/uploads\/2020\/06\/politicas-publicas-em-tempos-de-pandemia.jpg","width":512,"height":288},{"@type":"BreadcrumbList","@id":"https:\/\/centrosabia.org.br\/en\/audio\/politicas-publicas-em-tempos-de-pandemia\/#breadcrumb","itemListElement":[{"@type":"ListItem","position":1,"name":"In\u00edcio","item":"https:\/\/centrosabia.org.br\/en\/"},{"@type":"ListItem","position":2,"name":"\u00c1udios","item":"https:\/\/centrosabia.org.br\/en\/audio\/"},{"@type":"ListItem","position":3,"name":"Pol\u00edticas P\u00fablicas em Tempos de Pandemia | Cantos do Sabi\u00e1"}]},{"@type":"WebSite","@id":"https:\/\/centrosabia.org.br\/en\/#website","url":"https:\/\/centrosabia.org.br\/en\/","name":"Centro de Desenvolvimento Agroecol\u00f3gico Sabi\u00e1","description":"","publisher":{"@id":"https:\/\/centrosabia.org.br\/en\/#organization"},"potentialAction":[{"@type":"SearchAction","target":{"@type":"EntryPoint","urlTemplate":"https:\/\/centrosabia.org.br\/en\/?s={search_term_string}"},"query-input":{"@type":"PropertyValueSpecification","valueRequired":true,"valueName":"search_term_string"}}],"inLanguage":"en-US"},{"@type":"Organization","@id":"https:\/\/centrosabia.org.br\/en\/#organization","name":"Centro de Desenvolvimento Agroecol\u00f3gico Sabi\u00e1","url":"https:\/\/centrosabia.org.br\/en\/","logo":{"@type":"ImageObject","inLanguage":"en-US","@id":"https:\/\/centrosabia.org.br\/en\/#\/schema\/logo\/image\/","url":"https:\/\/centrosabia.org.br\/wp-content\/uploads\/2021\/10\/logo.png","contentUrl":"https:\/\/centrosabia.org.br\/wp-content\/uploads\/2021\/10\/logo.png","width":174,"height":84,"caption":"Centro de Desenvolvimento Agroecol\u00f3gico Sabi\u00e1"},"image":{"@id":"https:\/\/centrosabia.org.br\/en\/#\/schema\/logo\/image\/"}}]}},"_links":{"self":[{"href":"https:\/\/centrosabia.org.br\/en\/wp-json\/wp\/v2\/audio\/17572","targetHints":{"allow":["GET"]}}],"collection":[{"href":"https:\/\/centrosabia.org.br\/en\/wp-json\/wp\/v2\/audio"}],"about":[{"href":"https:\/\/centrosabia.org.br\/en\/wp-json\/wp\/v2\/types\/audio"}],"wp:featuredmedia":[{"embeddable":true,"href":"https:\/\/centrosabia.org.br\/en\/wp-json\/wp\/v2\/media\/24942"}],"wp:attachment":[{"href":"https:\/\/centrosabia.org.br\/en\/wp-json\/wp\/v2\/media?parent=17572"}],"wp:term":[{"taxonomy":"tema","embeddable":true,"href":"https:\/\/centrosabia.org.br\/en\/wp-json\/wp\/v2\/tema?post=17572"},{"taxonomy":"decada","embeddable":true,"href":"https:\/\/centrosabia.org.br\/en\/wp-json\/wp\/v2\/decada?post=17572"},{"taxonomy":"curadoria","embeddable":true,"href":"https:\/\/centrosabia.org.br\/en\/wp-json\/wp\/v2\/curadoria?post=17572"}],"curies":[{"name":"wp","href":"https:\/\/api.w.org\/{rel}","templated":true}]}}

Políticas Públicas em Tempos de Pandemia | Cantos do Sabiá

<p>CANTOS DO SABIÁ | </p>
<p></p>
<p></p>
<p></p>
<p>O #CantosdoSabiá conversa com Cícera Nunes, presidenta da FETAPE (Federação dos Trabalhadores Rurais Agricultores e Agricultoras Familiares do Estado de Pernambuco) e discute a importância das Políticas Públicas em tempos de pandemia, em tempos de Coronavírus! Falamos também sobre o PAA Estadual (Programa de Aquisição de Alimentos da Agricultura Familiar) e qual a sua utilidade. Vem ouvir a nossa conversa! LINK NA BIO. </p>
<p></p>
<p></p>
<p></p>
<p>Cícera Nunes é Agricultora Familiar, formada em Serviço Social, com pós-graduação em Gestão da Capacidade Humana. Cícera é a atual presidenta da FETAPE (Federação dos Trabalhadores Rurais Agricultores e Agricultoras Familiares do Estado de Pernambuco).</p>
<p></p>
<p></p>
<p></p>
<p>#CentroSabiá #podcast #AgriculturaFamiliar #PAA #FETAPE #PolíticasPúblicas</p>

<!-- This site is optimized with the Yoast SEO plugin v27.4 - https://yoast.com/product/yoast-seo-wordpress/ -->
<title>Políticas Públicas em Tempos de Pandemia | Cantos do Sabiá - Centro de Desenvolvimento Agroecológico Sabiá</title>
<meta name="robots" content="index, follow, max-snippet:-1, max-image-preview:large, max-video-preview:-1" />
<link rel="canonical" href="https://centrosabia.org.br/en/audio/politicas-publicas-em-tempos-de-pandemia/" />
<meta property="og:locale" content="en_US" />
<meta property="og:type" content="article" />
<meta property="og:title" content="Políticas Públicas em Tempos de Pandemia | Cantos do Sabiá - Centro de Desenvolvimento Agroecológico Sabiá" />
<meta property="og:url" content="https://centrosabia.org.br/en/audio/politicas-publicas-em-tempos-de-pandemia/" />
<meta property="og:site_name" content="Centro de Desenvolvimento Agroecológico Sabiá" />
<meta property="article:modified_time" content="2024-08-21T20:52:59+00:00" />
<meta property="og:image" content="https://centrosabia.org.br/wp-content/uploads/2020/06/politicas-publicas-em-tempos-de-pandemia-300x169.jpg" />
	<meta property="og:image:width" content="300" />
	<meta property="og:image:height" content="169" />
	<meta property="og:image:type" content="image/jpeg" />
<meta name="twitter:card" content="summary_large_image" />
<meta name="twitter:label1" content="Est. reading time" />
	<meta name="twitter:data1" content="1 minute" />
<script type="application/ld+json" class="yoast-schema-graph">{"@context":"https:\/\/schema.org","@graph":[{"@type":"WebPage","@id":"https:\/\/centrosabia.org.br\/en\/audio\/politicas-publicas-em-tempos-de-pandemia\/","url":"https:\/\/centrosabia.org.br\/en\/audio\/politicas-publicas-em-tempos-de-pandemia\/","name":"Políticas Públicas em Tempos de Pandemia | Cantos do Sabiá - Centro de Desenvolvimento Agroecológico Sabiá","isPartOf":{"@id":"https:\/\/centrosabia.org.br\/en\/#website"},"primaryImageOfPage":{"@id":"https:\/\/centrosabia.org.br\/en\/audio\/politicas-publicas-em-tempos-de-pandemia\/#primaryimage"},"image":{"@id":"https:\/\/centrosabia.org.br\/en\/audio\/politicas-publicas-em-tempos-de-pandemia\/#primaryimage"},"thumbnailUrl":"https:\/\/centrosabia.org.br\/wp-content\/uploads\/2020\/06\/politicas-publicas-em-tempos-de-pandemia.jpg","datePublished":"2020-06-22T03:00:00+00:00","dateModified":"2024-08-21T20:52:59+00:00","breadcrumb":{"@id":"https:\/\/centrosabia.org.br\/en\/audio\/politicas-publicas-em-tempos-de-pandemia\/#breadcrumb"},"inLanguage":"en-US","potentialAction":[{"@type":"ReadAction","target":["https:\/\/centrosabia.org.br\/en\/audio\/politicas-publicas-em-tempos-de-pandemia\/"]}]},{"@type":"ImageObject","inLanguage":"en-US","@id":"https:\/\/centrosabia.org.br\/en\/audio\/politicas-publicas-em-tempos-de-pandemia\/#primaryimage","url":"https:\/\/centrosabia.org.br\/wp-content\/uploads\/2020\/06\/politicas-publicas-em-tempos-de-pandemia.jpg","contentUrl":"https:\/\/centrosabia.org.br\/wp-content\/uploads\/2020\/06\/politicas-publicas-em-tempos-de-pandemia.jpg","width":512,"height":288},{"@type":"BreadcrumbList","@id":"https:\/\/centrosabia.org.br\/en\/audio\/politicas-publicas-em-tempos-de-pandemia\/#breadcrumb","itemListElement":[{"@type":"ListItem","position":1,"name":"Início","item":"https:\/\/centrosabia.org.br\/en\/"},{"@type":"ListItem","position":2,"name":"Áudios","item":"https:\/\/centrosabia.org.br\/en\/audio\/"},{"@type":"ListItem","position":3,"name":"Políticas Públicas em Tempos de Pandemia | Cantos do Sabiá"}]},{"@type":"WebSite","@id":"https:\/\/centrosabia.org.br\/en\/#website","url":"https:\/\/centrosabia.org.br\/en\/","name":"Centro de Desenvolvimento Agroecológico Sabiá","description":"","publisher":{"@id":"https:\/\/centrosabia.org.br\/en\/#organization"},"potentialAction":[{"@type":"SearchAction","target":{"@type":"EntryPoint","urlTemplate":"https:\/\/centrosabia.org.br\/en\/?s={search_term_string}"},"query-input":{"@type":"PropertyValueSpecification","valueRequired":true,"valueName":"search_term_string"}}],"inLanguage":"en-US"},{"@type":"Organization","@id":"https:\/\/centrosabia.org.br\/en\/#organization","name":"Centro de Desenvolvimento Agroecológico Sabiá","url":"https:\/\/centrosabia.org.br\/en\/","logo":{"@type":"ImageObject","inLanguage":"en-US","@id":"https:\/\/centrosabia.org.br\/en\/#\/schema\/logo\/image\/","url":"https:\/\/centrosabia.org.br\/wp-content\/uploads\/2021\/10\/logo.png","contentUrl":"https:\/\/centrosabia.org.br\/wp-content\/uploads\/2021\/10\/logo.png","width":174,"height":84,"caption":"Centro de Desenvolvimento Agroecológico Sabiá"},"image":{"@id":"https:\/\/centrosabia.org.br\/en\/#\/schema\/logo\/image\/"}}]}</script>
<!-- / Yoast SEO plugin. -->

Políticas Públicas em Tempos de Pandemia | Cantos do Sabiá - Centro de Desenvolvimento Agroecológico Sabiá

Centro de Desenvolvimento Agroecológico Sabiá

Início

Áudios
