{"id":17576,"date":"2020-06-04T00:00:00","date_gmt":"2020-06-04T03:00:00","guid":{"rendered":"https:\/\/centrosabia.org.br\/audio\/combate-ao-coronavirus-uma-perspectiva-ambiental\/"},"modified":"2024-08-21T14:46:07","modified_gmt":"2024-08-21T17:46:07","slug":"combate-ao-coronavirus-uma-perspectiva-ambiental","status":"publish","type":"audio","link":"https:\/\/centrosabia.org.br\/en\/audio\/combate-ao-coronavirus-uma-perspectiva-ambiental\/","title":{"rendered":"Combate ao Coronav\u00edrus: Uma Perspectiva Ambiental | Cantos do Sabi\u00e1"},"content":{"rendered":"<p>SEMANA DO MEIO AMBIENTE | Na pr\u00f3xima sexta-feira, dia 5, \u00e9 o Dia Mundial do Meio Ambiente, e durante toda essa semana o Centro Sabi\u00e1, em parceria com o Programa das Na\u00e7\u00f5es Unidas para o Meio Ambiente (&#64;unep_pt), ir\u00e1 realizar atividades virtuais para \u00a0estimular debates e reflex\u00f5es sobre o momento atual que passamos no contexto da pandemia do Covid-19. \u00c9 por isso que o Cantos do Sabi\u00e1 debate essa semana uma perspectiva AMBIENTAL no combate ao Coronav\u00edrus!\u00a0<\/p>\n<p><\/p>\n<p><\/p>\n<p><\/p>\n<p><\/p>\n<p><\/p>\n<p><\/p>\n<p><\/p>\n<p>Participou da conversa conosco a Antrop\u00f3loga, Cientista Pol\u00edtica e Atriz &#8211; Iara Pietricovski. Ela \u00e9 atualmente co-diretora do Instituto de Estudos Socioecon\u00f4micos (INESC). Faz parte da Associa\u00e7\u00e3o brasileira de ONGs(ABONG) e tamb\u00e9m \u00e9 presidenta do F\u00f3rum Internacional de Plataformas e ONGs &#8211; FORUS.<\/p>\n<p><\/p>\n<p>.<\/p>\n<p><\/p>\n<p>#SemanaDoMeioAmbiente #PelaNatureza #Agroecologia #AgriculturaFamiliar #CentroSabi\u00e1 #PNUMA #DiaMundialdoMeioAmbiente #HoraDaNatureza #PelaNatureza.<\/p>\n","protected":false},"featured_media":24894,"template":"","meta":{"_acf_changed":false,"ano":2020},"tema":[2528,2513,2509],"decada":[2502],"curadoria":[],"class_list":["post-17576","audio","type-audio","status-publish","has-post-thumbnail","hentry","tema-alimento-saudavel","tema-meio-ambiente","tema-politica","decada-2502"],"blocksy_meta":[],"acf":{"imagem_de_cobertura":""},"yoast_head":"<!-- This site is optimized with the Yoast SEO plugin v27.4 - https:\/\/yoast.com\/product\/yoast-seo-wordpress\/ -->\n<title>Combate ao Coronav\u00edrus: Uma Perspectiva Ambiental | Cantos do Sabi\u00e1 - Centro de Desenvolvimento Agroecol\u00f3gico Sabi\u00e1<\/title>\n<meta name=\"robots\" content=\"index, follow, max-snippet:-1, max-image-preview:large, max-video-preview:-1\" \/>\n<link rel=\"canonical\" href=\"https:\/\/centrosabia.org.br\/en\/audio\/combate-ao-coronavirus-uma-perspectiva-ambiental\/\" \/>\n<meta property=\"og:locale\" content=\"en_US\" \/>\n<meta property=\"og:type\" content=\"article\" \/>\n<meta property=\"og:title\" content=\"Combate ao Coronav\u00edrus: Uma Perspectiva Ambiental | Cantos do Sabi\u00e1 - Centro de Desenvolvimento Agroecol\u00f3gico Sabi\u00e1\" \/>\n<meta property=\"og:url\" content=\"https:\/\/centrosabia.org.br\/en\/audio\/combate-ao-coronavirus-uma-perspectiva-ambiental\/\" \/>\n<meta property=\"og:site_name\" content=\"Centro de Desenvolvimento Agroecol\u00f3gico Sabi\u00e1\" \/>\n<meta property=\"article:modified_time\" content=\"2024-08-21T17:46:07+00:00\" \/>\n<meta property=\"og:image\" content=\"https:\/\/centrosabia.org.br\/wp-content\/uploads\/2020\/06\/combate-ao-coronavirus-uma-perspectiva-ambiental-300x169.jpg\" \/>\n\t<meta property=\"og:image:width\" content=\"300\" \/>\n\t<meta property=\"og:image:height\" content=\"169\" \/>\n\t<meta property=\"og:image:type\" content=\"image\/jpeg\" \/>\n<meta name=\"twitter:card\" content=\"summary_large_image\" \/>\n<meta name=\"twitter:label1\" content=\"Est. reading time\" \/>\n\t<meta name=\"twitter:data1\" content=\"1 minute\" \/>\n<script type=\"application\/ld+json\" class=\"yoast-schema-graph\">{\"@context\":\"https:\\\/\\\/schema.org\",\"@graph\":[{\"@type\":\"WebPage\",\"@id\":\"https:\\\/\\\/centrosabia.org.br\\\/en\\\/audio\\\/combate-ao-coronavirus-uma-perspectiva-ambiental\\\/\",\"url\":\"https:\\\/\\\/centrosabia.org.br\\\/en\\\/audio\\\/combate-ao-coronavirus-uma-perspectiva-ambiental\\\/\",\"name\":\"Combate ao Coronav\u00edrus: Uma Perspectiva Ambiental | Cantos do Sabi\u00e1 - Centro de Desenvolvimento Agroecol\u00f3gico Sabi\u00e1\",\"isPartOf\":{\"@id\":\"https:\\\/\\\/centrosabia.org.br\\\/en\\\/#website\"},\"primaryImageOfPage\":{\"@id\":\"https:\\\/\\\/centrosabia.org.br\\\/en\\\/audio\\\/combate-ao-coronavirus-uma-perspectiva-ambiental\\\/#primaryimage\"},\"image\":{\"@id\":\"https:\\\/\\\/centrosabia.org.br\\\/en\\\/audio\\\/combate-ao-coronavirus-uma-perspectiva-ambiental\\\/#primaryimage\"},\"thumbnailUrl\":\"https:\\\/\\\/centrosabia.org.br\\\/wp-content\\\/uploads\\\/2020\\\/06\\\/combate-ao-coronavirus-uma-perspectiva-ambiental.jpg\",\"datePublished\":\"2020-06-04T03:00:00+00:00\",\"dateModified\":\"2024-08-21T17:46:07+00:00\",\"breadcrumb\":{\"@id\":\"https:\\\/\\\/centrosabia.org.br\\\/en\\\/audio\\\/combate-ao-coronavirus-uma-perspectiva-ambiental\\\/#breadcrumb\"},\"inLanguage\":\"en-US\",\"potentialAction\":[{\"@type\":\"ReadAction\",\"target\":[\"https:\\\/\\\/centrosabia.org.br\\\/en\\\/audio\\\/combate-ao-coronavirus-uma-perspectiva-ambiental\\\/\"]}]},{\"@type\":\"ImageObject\",\"inLanguage\":\"en-US\",\"@id\":\"https:\\\/\\\/centrosabia.org.br\\\/en\\\/audio\\\/combate-ao-coronavirus-uma-perspectiva-ambiental\\\/#primaryimage\",\"url\":\"https:\\\/\\\/centrosabia.org.br\\\/wp-content\\\/uploads\\\/2020\\\/06\\\/combate-ao-coronavirus-uma-perspectiva-ambiental.jpg\",\"contentUrl\":\"https:\\\/\\\/centrosabia.org.br\\\/wp-content\\\/uploads\\\/2020\\\/06\\\/combate-ao-coronavirus-uma-perspectiva-ambiental.jpg\",\"width\":512,\"height\":288},{\"@type\":\"BreadcrumbList\",\"@id\":\"https:\\\/\\\/centrosabia.org.br\\\/en\\\/audio\\\/combate-ao-coronavirus-uma-perspectiva-ambiental\\\/#breadcrumb\",\"itemListElement\":[{\"@type\":\"ListItem\",\"position\":1,\"name\":\"In\u00edcio\",\"item\":\"https:\\\/\\\/centrosabia.org.br\\\/en\\\/\"},{\"@type\":\"ListItem\",\"position\":2,\"name\":\"\u00c1udios\",\"item\":\"https:\\\/\\\/centrosabia.org.br\\\/en\\\/audio\\\/\"},{\"@type\":\"ListItem\",\"position\":3,\"name\":\"Combate ao Coronav\u00edrus: Uma Perspectiva Ambiental | Cantos do Sabi\u00e1\"}]},{\"@type\":\"WebSite\",\"@id\":\"https:\\\/\\\/centrosabia.org.br\\\/en\\\/#website\",\"url\":\"https:\\\/\\\/centrosabia.org.br\\\/en\\\/\",\"name\":\"Centro de Desenvolvimento Agroecol\u00f3gico Sabi\u00e1\",\"description\":\"\",\"publisher\":{\"@id\":\"https:\\\/\\\/centrosabia.org.br\\\/en\\\/#organization\"},\"potentialAction\":[{\"@type\":\"SearchAction\",\"target\":{\"@type\":\"EntryPoint\",\"urlTemplate\":\"https:\\\/\\\/centrosabia.org.br\\\/en\\\/?s={search_term_string}\"},\"query-input\":{\"@type\":\"PropertyValueSpecification\",\"valueRequired\":true,\"valueName\":\"search_term_string\"}}],\"inLanguage\":\"en-US\"},{\"@type\":\"Organization\",\"@id\":\"https:\\\/\\\/centrosabia.org.br\\\/en\\\/#organization\",\"name\":\"Centro de Desenvolvimento Agroecol\u00f3gico Sabi\u00e1\",\"url\":\"https:\\\/\\\/centrosabia.org.br\\\/en\\\/\",\"logo\":{\"@type\":\"ImageObject\",\"inLanguage\":\"en-US\",\"@id\":\"https:\\\/\\\/centrosabia.org.br\\\/en\\\/#\\\/schema\\\/logo\\\/image\\\/\",\"url\":\"https:\\\/\\\/centrosabia.org.br\\\/wp-content\\\/uploads\\\/2021\\\/10\\\/logo.png\",\"contentUrl\":\"https:\\\/\\\/centrosabia.org.br\\\/wp-content\\\/uploads\\\/2021\\\/10\\\/logo.png\",\"width\":174,\"height\":84,\"caption\":\"Centro de Desenvolvimento Agroecol\u00f3gico Sabi\u00e1\"},\"image\":{\"@id\":\"https:\\\/\\\/centrosabia.org.br\\\/en\\\/#\\\/schema\\\/logo\\\/image\\\/\"}}]}<\/script>\n<!-- \/ Yoast SEO plugin. -->","yoast_head_json":{"title":"Combate ao Coronav\u00edrus: Uma Perspectiva Ambiental | Cantos do Sabi\u00e1 - Centro de Desenvolvimento Agroecol\u00f3gico Sabi\u00e1","robots":{"index":"index","follow":"follow","max-snippet":"max-snippet:-1","max-image-preview":"max-image-preview:large","max-video-preview":"max-video-preview:-1"},"canonical":"https:\/\/centrosabia.org.br\/en\/audio\/combate-ao-coronavirus-uma-perspectiva-ambiental\/","og_locale":"en_US","og_type":"article","og_title":"Combate ao Coronav\u00edrus: Uma Perspectiva Ambiental | Cantos do Sabi\u00e1 - Centro de Desenvolvimento Agroecol\u00f3gico Sabi\u00e1","og_url":"https:\/\/centrosabia.org.br\/en\/audio\/combate-ao-coronavirus-uma-perspectiva-ambiental\/","og_site_name":"Centro de Desenvolvimento Agroecol\u00f3gico Sabi\u00e1","article_modified_time":"2024-08-21T17:46:07+00:00","og_image":[{"width":300,"height":169,"url":"https:\/\/centrosabia.org.br\/wp-content\/uploads\/2020\/06\/combate-ao-coronavirus-uma-perspectiva-ambiental-300x169.jpg","type":"image\/jpeg"}],"twitter_card":"summary_large_image","twitter_misc":{"Est. reading time":"1 minute"},"schema":{"@context":"https:\/\/schema.org","@graph":[{"@type":"WebPage","@id":"https:\/\/centrosabia.org.br\/en\/audio\/combate-ao-coronavirus-uma-perspectiva-ambiental\/","url":"https:\/\/centrosabia.org.br\/en\/audio\/combate-ao-coronavirus-uma-perspectiva-ambiental\/","name":"Combate ao Coronav\u00edrus: Uma Perspectiva Ambiental | Cantos do Sabi\u00e1 - Centro de Desenvolvimento Agroecol\u00f3gico Sabi\u00e1","isPartOf":{"@id":"https:\/\/centrosabia.org.br\/en\/#website"},"primaryImageOfPage":{"@id":"https:\/\/centrosabia.org.br\/en\/audio\/combate-ao-coronavirus-uma-perspectiva-ambiental\/#primaryimage"},"image":{"@id":"https:\/\/centrosabia.org.br\/en\/audio\/combate-ao-coronavirus-uma-perspectiva-ambiental\/#primaryimage"},"thumbnailUrl":"https:\/\/centrosabia.org.br\/wp-content\/uploads\/2020\/06\/combate-ao-coronavirus-uma-perspectiva-ambiental.jpg","datePublished":"2020-06-04T03:00:00+00:00","dateModified":"2024-08-21T17:46:07+00:00","breadcrumb":{"@id":"https:\/\/centrosabia.org.br\/en\/audio\/combate-ao-coronavirus-uma-perspectiva-ambiental\/#breadcrumb"},"inLanguage":"en-US","potentialAction":[{"@type":"ReadAction","target":["https:\/\/centrosabia.org.br\/en\/audio\/combate-ao-coronavirus-uma-perspectiva-ambiental\/"]}]},{"@type":"ImageObject","inLanguage":"en-US","@id":"https:\/\/centrosabia.org.br\/en\/audio\/combate-ao-coronavirus-uma-perspectiva-ambiental\/#primaryimage","url":"https:\/\/centrosabia.org.br\/wp-content\/uploads\/2020\/06\/combate-ao-coronavirus-uma-perspectiva-ambiental.jpg","contentUrl":"https:\/\/centrosabia.org.br\/wp-content\/uploads\/2020\/06\/combate-ao-coronavirus-uma-perspectiva-ambiental.jpg","width":512,"height":288},{"@type":"BreadcrumbList","@id":"https:\/\/centrosabia.org.br\/en\/audio\/combate-ao-coronavirus-uma-perspectiva-ambiental\/#breadcrumb","itemListElement":[{"@type":"ListItem","position":1,"name":"In\u00edcio","item":"https:\/\/centrosabia.org.br\/en\/"},{"@type":"ListItem","position":2,"name":"\u00c1udios","item":"https:\/\/centrosabia.org.br\/en\/audio\/"},{"@type":"ListItem","position":3,"name":"Combate ao Coronav\u00edrus: Uma Perspectiva Ambiental | Cantos do Sabi\u00e1"}]},{"@type":"WebSite","@id":"https:\/\/centrosabia.org.br\/en\/#website","url":"https:\/\/centrosabia.org.br\/en\/","name":"Centro de Desenvolvimento Agroecol\u00f3gico Sabi\u00e1","description":"","publisher":{"@id":"https:\/\/centrosabia.org.br\/en\/#organization"},"potentialAction":[{"@type":"SearchAction","target":{"@type":"EntryPoint","urlTemplate":"https:\/\/centrosabia.org.br\/en\/?s={search_term_string}"},"query-input":{"@type":"PropertyValueSpecification","valueRequired":true,"valueName":"search_term_string"}}],"inLanguage":"en-US"},{"@type":"Organization","@id":"https:\/\/centrosabia.org.br\/en\/#organization","name":"Centro de Desenvolvimento Agroecol\u00f3gico Sabi\u00e1","url":"https:\/\/centrosabia.org.br\/en\/","logo":{"@type":"ImageObject","inLanguage":"en-US","@id":"https:\/\/centrosabia.org.br\/en\/#\/schema\/logo\/image\/","url":"https:\/\/centrosabia.org.br\/wp-content\/uploads\/2021\/10\/logo.png","contentUrl":"https:\/\/centrosabia.org.br\/wp-content\/uploads\/2021\/10\/logo.png","width":174,"height":84,"caption":"Centro de Desenvolvimento Agroecol\u00f3gico Sabi\u00e1"},"image":{"@id":"https:\/\/centrosabia.org.br\/en\/#\/schema\/logo\/image\/"}}]}},"_links":{"self":[{"href":"https:\/\/centrosabia.org.br\/en\/wp-json\/wp\/v2\/audio\/17576","targetHints":{"allow":["GET"]}}],"collection":[{"href":"https:\/\/centrosabia.org.br\/en\/wp-json\/wp\/v2\/audio"}],"about":[{"href":"https:\/\/centrosabia.org.br\/en\/wp-json\/wp\/v2\/types\/audio"}],"wp:featuredmedia":[{"embeddable":true,"href":"https:\/\/centrosabia.org.br\/en\/wp-json\/wp\/v2\/media\/24894"}],"wp:attachment":[{"href":"https:\/\/centrosabia.org.br\/en\/wp-json\/wp\/v2\/media?parent=17576"}],"wp:term":[{"taxonomy":"tema","embeddable":true,"href":"https:\/\/centrosabia.org.br\/en\/wp-json\/wp\/v2\/tema?post=17576"},{"taxonomy":"decada","embeddable":true,"href":"https:\/\/centrosabia.org.br\/en\/wp-json\/wp\/v2\/decada?post=17576"},{"taxonomy":"curadoria","embeddable":true,"href":"https:\/\/centrosabia.org.br\/en\/wp-json\/wp\/v2\/curadoria?post=17576"}],"curies":[{"name":"wp","href":"https:\/\/api.w.org\/{rel}","templated":true}]}}

Combate ao Coronavírus: Uma Perspectiva Ambiental | Cantos do Sabiá

<p>SEMANA DO MEIO AMBIENTE | Na próxima sexta-feira, dia 5, é o Dia Mundial do Meio Ambiente, e durante toda essa semana o Centro Sabiá, em parceria com o Programa das Nações Unidas para o Meio Ambiente (&#64;unep_pt), irá realizar atividades virtuais para  estimular debates e reflexões sobre o momento atual que passamos no contexto da pandemia do Covid-19. É por isso que o Cantos do Sabiá debate essa semana uma perspectiva AMBIENTAL no combate ao Coronavírus! </p>
<p></p>
<p></p>
<p></p>
<p></p>
<p></p>
<p></p>
<p></p>
<p>Participou da conversa conosco a Antropóloga, Cientista Política e Atriz &#8211; Iara Pietricovski. Ela é atualmente co-diretora do Instituto de Estudos Socioeconômicos (INESC). Faz parte da Associação brasileira de ONGs(ABONG) e também é presidenta do Fórum Internacional de Plataformas e ONGs &#8211; FORUS.</p>
<p></p>
<p>.</p>
<p></p>
<p>#SemanaDoMeioAmbiente #PelaNatureza #Agroecologia #AgriculturaFamiliar #CentroSabiá #PNUMA #DiaMundialdoMeioAmbiente #HoraDaNatureza #PelaNatureza.</p>

<!-- This site is optimized with the Yoast SEO plugin v27.4 - https://yoast.com/product/yoast-seo-wordpress/ -->
<title>Combate ao Coronavírus: Uma Perspectiva Ambiental | Cantos do Sabiá - Centro de Desenvolvimento Agroecológico Sabiá</title>
<meta name="robots" content="index, follow, max-snippet:-1, max-image-preview:large, max-video-preview:-1" />
<link rel="canonical" href="https://centrosabia.org.br/en/audio/combate-ao-coronavirus-uma-perspectiva-ambiental/" />
<meta property="og:locale" content="en_US" />
<meta property="og:type" content="article" />
<meta property="og:title" content="Combate ao Coronavírus: Uma Perspectiva Ambiental | Cantos do Sabiá - Centro de Desenvolvimento Agroecológico Sabiá" />
<meta property="og:url" content="https://centrosabia.org.br/en/audio/combate-ao-coronavirus-uma-perspectiva-ambiental/" />
<meta property="og:site_name" content="Centro de Desenvolvimento Agroecológico Sabiá" />
<meta property="article:modified_time" content="2024-08-21T17:46:07+00:00" />
<meta property="og:image" content="https://centrosabia.org.br/wp-content/uploads/2020/06/combate-ao-coronavirus-uma-perspectiva-ambiental-300x169.jpg" />
	<meta property="og:image:width" content="300" />
	<meta property="og:image:height" content="169" />
	<meta property="og:image:type" content="image/jpeg" />
<meta name="twitter:card" content="summary_large_image" />
<meta name="twitter:label1" content="Est. reading time" />
	<meta name="twitter:data1" content="1 minute" />
<script type="application/ld+json" class="yoast-schema-graph">{"@context":"https:\/\/schema.org","@graph":[{"@type":"WebPage","@id":"https:\/\/centrosabia.org.br\/en\/audio\/combate-ao-coronavirus-uma-perspectiva-ambiental\/","url":"https:\/\/centrosabia.org.br\/en\/audio\/combate-ao-coronavirus-uma-perspectiva-ambiental\/","name":"Combate ao Coronavírus: Uma Perspectiva Ambiental | Cantos do Sabiá - Centro de Desenvolvimento Agroecológico Sabiá","isPartOf":{"@id":"https:\/\/centrosabia.org.br\/en\/#website"},"primaryImageOfPage":{"@id":"https:\/\/centrosabia.org.br\/en\/audio\/combate-ao-coronavirus-uma-perspectiva-ambiental\/#primaryimage"},"image":{"@id":"https:\/\/centrosabia.org.br\/en\/audio\/combate-ao-coronavirus-uma-perspectiva-ambiental\/#primaryimage"},"thumbnailUrl":"https:\/\/centrosabia.org.br\/wp-content\/uploads\/2020\/06\/combate-ao-coronavirus-uma-perspectiva-ambiental.jpg","datePublished":"2020-06-04T03:00:00+00:00","dateModified":"2024-08-21T17:46:07+00:00","breadcrumb":{"@id":"https:\/\/centrosabia.org.br\/en\/audio\/combate-ao-coronavirus-uma-perspectiva-ambiental\/#breadcrumb"},"inLanguage":"en-US","potentialAction":[{"@type":"ReadAction","target":["https:\/\/centrosabia.org.br\/en\/audio\/combate-ao-coronavirus-uma-perspectiva-ambiental\/"]}]},{"@type":"ImageObject","inLanguage":"en-US","@id":"https:\/\/centrosabia.org.br\/en\/audio\/combate-ao-coronavirus-uma-perspectiva-ambiental\/#primaryimage","url":"https:\/\/centrosabia.org.br\/wp-content\/uploads\/2020\/06\/combate-ao-coronavirus-uma-perspectiva-ambiental.jpg","contentUrl":"https:\/\/centrosabia.org.br\/wp-content\/uploads\/2020\/06\/combate-ao-coronavirus-uma-perspectiva-ambiental.jpg","width":512,"height":288},{"@type":"BreadcrumbList","@id":"https:\/\/centrosabia.org.br\/en\/audio\/combate-ao-coronavirus-uma-perspectiva-ambiental\/#breadcrumb","itemListElement":[{"@type":"ListItem","position":1,"name":"Início","item":"https:\/\/centrosabia.org.br\/en\/"},{"@type":"ListItem","position":2,"name":"Áudios","item":"https:\/\/centrosabia.org.br\/en\/audio\/"},{"@type":"ListItem","position":3,"name":"Combate ao Coronavírus: Uma Perspectiva Ambiental | Cantos do Sabiá"}]},{"@type":"WebSite","@id":"https:\/\/centrosabia.org.br\/en\/#website","url":"https:\/\/centrosabia.org.br\/en\/","name":"Centro de Desenvolvimento Agroecológico Sabiá","description":"","publisher":{"@id":"https:\/\/centrosabia.org.br\/en\/#organization"},"potentialAction":[{"@type":"SearchAction","target":{"@type":"EntryPoint","urlTemplate":"https:\/\/centrosabia.org.br\/en\/?s={search_term_string}"},"query-input":{"@type":"PropertyValueSpecification","valueRequired":true,"valueName":"search_term_string"}}],"inLanguage":"en-US"},{"@type":"Organization","@id":"https:\/\/centrosabia.org.br\/en\/#organization","name":"Centro de Desenvolvimento Agroecológico Sabiá","url":"https:\/\/centrosabia.org.br\/en\/","logo":{"@type":"ImageObject","inLanguage":"en-US","@id":"https:\/\/centrosabia.org.br\/en\/#\/schema\/logo\/image\/","url":"https:\/\/centrosabia.org.br\/wp-content\/uploads\/2021\/10\/logo.png","contentUrl":"https:\/\/centrosabia.org.br\/wp-content\/uploads\/2021\/10\/logo.png","width":174,"height":84,"caption":"Centro de Desenvolvimento Agroecológico Sabiá"},"image":{"@id":"https:\/\/centrosabia.org.br\/en\/#\/schema\/logo\/image\/"}}]}</script>
<!-- / Yoast SEO plugin. -->

Combate ao Coronavírus: Uma Perspectiva Ambiental | Cantos do Sabiá - Centro de Desenvolvimento Agroecológico Sabiá

Centro de Desenvolvimento Agroecológico Sabiá

Início

Áudios
