{"id":17624,"date":"2020-02-17T00:00:00","date_gmt":"2020-02-17T03:00:00","guid":{"rendered":"https:\/\/centrosabia.org.br\/audio\/dia-mundial-do-radio-cantos-do-sabia\/"},"modified":"2024-08-07T14:07:01","modified_gmt":"2024-08-07T17:07:01","slug":"dia-mundial-do-radio-cantos-do-sabia","status":"publish","type":"audio","link":"https:\/\/centrosabia.org.br\/en\/audio\/dia-mundial-do-radio-cantos-do-sabia\/","title":{"rendered":"Dia Mundial do R\u00e1dio | Cantos do Sabi\u00e1"},"content":{"rendered":"<p>Desta vez o Cantos do Sabi\u00e1 nos leva para a comemora\u00e7\u00e3o de uma das formas mais importantes de fazer comunica\u00e7\u00e3o at\u00e9 os dias atuais; o formato que mais sobrevive \u00e0s mudan\u00e7as tecnol\u00f3gicas desde o seu surgimento, e se mant\u00e9m at\u00e9 hoje: O R\u00c1DIO!<\/p>\n<p><\/p>\n<p><\/p>\n<p><\/p>\n<p>Junto com a mestra e doutora em comunica\u00e7\u00e3o, professora dos cursos de Jornalismo, Publicidade e Propaganda e R\u00e1dio, TV e Internet da UFPE &#8211; Ana Veloso, discutimos o dia 13 de Fevereiro, conhecido como o Dia Mundial do R\u00e1dio!<\/p>\n<p><\/p>\n<p><\/p>\n<p><\/p>\n<p>Ana Maria da Concei\u00e7\u00e3o Veloso \u00e9 mestra em comunica\u00e7\u00e3o (2005) pelo Programa de P\u00f3s-Gradua\u00e7\u00e3o em Comunica\u00e7\u00e3o\/PPGCOM, da Universidade Federal de Pernambuco\/UFPE, e doutora em comunica\u00e7\u00e3o (2013) pela UFPE. \u00c9 professora dos cursos de Jornalismo, Publicidade e R\u00e1dio, TV e Internet da Universidade Federal de Pernambuco (Departamento de Comunica\u00e7\u00e3o), foi integrante do Conselho Curador da Empresa Brasil de Comunica\u00e7\u00e3o (EBC), entre 2010 e o primeiro semestre de 2016, e s\u00f3cia da ONG Centro das Mulheres do Cabo.\u00a0<\/p>\n<p><\/p>\n<p><\/p>\n<p><\/p>\n<p>#CantosdoSabi\u00e1 #podcast #centrosabi\u00e1 #r\u00e1dio #diamundialdoradio #UFPE #comunica\u00e7\u00e3o<\/p>\n","protected":false},"featured_media":24173,"template":"","meta":{"_acf_changed":false,"ano":2020},"tema":[2509,2510,2542],"decada":[2502],"curadoria":[],"class_list":["post-17624","audio","type-audio","status-publish","has-post-thumbnail","hentry","tema-politica","tema-radio","tema-troca-de-experiencias","decada-2502"],"blocksy_meta":[],"acf":{"imagem_de_cobertura":""},"yoast_head":"<!-- This site is optimized with the Yoast SEO plugin v27.4 - https:\/\/yoast.com\/product\/yoast-seo-wordpress\/ -->\n<title>Dia Mundial do R\u00e1dio | Cantos do Sabi\u00e1 - Centro de Desenvolvimento Agroecol\u00f3gico Sabi\u00e1<\/title>\n<meta name=\"robots\" content=\"index, follow, max-snippet:-1, max-image-preview:large, max-video-preview:-1\" \/>\n<link rel=\"canonical\" href=\"https:\/\/centrosabia.org.br\/en\/audio\/dia-mundial-do-radio-cantos-do-sabia\/\" \/>\n<meta property=\"og:locale\" content=\"en_US\" \/>\n<meta property=\"og:type\" content=\"article\" \/>\n<meta property=\"og:title\" content=\"Dia Mundial do R\u00e1dio | Cantos do Sabi\u00e1 - Centro de Desenvolvimento Agroecol\u00f3gico Sabi\u00e1\" \/>\n<meta property=\"og:url\" content=\"https:\/\/centrosabia.org.br\/en\/audio\/dia-mundial-do-radio-cantos-do-sabia\/\" \/>\n<meta property=\"og:site_name\" content=\"Centro de Desenvolvimento Agroecol\u00f3gico Sabi\u00e1\" \/>\n<meta property=\"article:modified_time\" content=\"2024-08-07T17:07:01+00:00\" \/>\n<meta property=\"og:image\" content=\"https:\/\/centrosabia.org.br\/wp-content\/uploads\/2020\/02\/Dia-Mundial-do-Radio-300x169.png\" \/>\n\t<meta property=\"og:image:width\" content=\"300\" \/>\n\t<meta property=\"og:image:height\" content=\"169\" \/>\n\t<meta property=\"og:image:type\" content=\"image\/png\" \/>\n<meta name=\"twitter:card\" content=\"summary_large_image\" \/>\n<meta name=\"twitter:label1\" content=\"Est. reading time\" \/>\n\t<meta name=\"twitter:data1\" content=\"2 minutes\" \/>\n<script type=\"application\/ld+json\" class=\"yoast-schema-graph\">{\"@context\":\"https:\\\/\\\/schema.org\",\"@graph\":[{\"@type\":\"WebPage\",\"@id\":\"https:\\\/\\\/centrosabia.org.br\\\/en\\\/audio\\\/dia-mundial-do-radio-cantos-do-sabia\\\/\",\"url\":\"https:\\\/\\\/centrosabia.org.br\\\/en\\\/audio\\\/dia-mundial-do-radio-cantos-do-sabia\\\/\",\"name\":\"Dia Mundial do R\u00e1dio | Cantos do Sabi\u00e1 - Centro de Desenvolvimento Agroecol\u00f3gico Sabi\u00e1\",\"isPartOf\":{\"@id\":\"https:\\\/\\\/centrosabia.org.br\\\/en\\\/#website\"},\"primaryImageOfPage\":{\"@id\":\"https:\\\/\\\/centrosabia.org.br\\\/en\\\/audio\\\/dia-mundial-do-radio-cantos-do-sabia\\\/#primaryimage\"},\"image\":{\"@id\":\"https:\\\/\\\/centrosabia.org.br\\\/en\\\/audio\\\/dia-mundial-do-radio-cantos-do-sabia\\\/#primaryimage\"},\"thumbnailUrl\":\"https:\\\/\\\/centrosabia.org.br\\\/wp-content\\\/uploads\\\/2020\\\/02\\\/Dia-Mundial-do-Radio.png\",\"datePublished\":\"2020-02-17T03:00:00+00:00\",\"dateModified\":\"2024-08-07T17:07:01+00:00\",\"breadcrumb\":{\"@id\":\"https:\\\/\\\/centrosabia.org.br\\\/en\\\/audio\\\/dia-mundial-do-radio-cantos-do-sabia\\\/#breadcrumb\"},\"inLanguage\":\"en-US\",\"potentialAction\":[{\"@type\":\"ReadAction\",\"target\":[\"https:\\\/\\\/centrosabia.org.br\\\/en\\\/audio\\\/dia-mundial-do-radio-cantos-do-sabia\\\/\"]}]},{\"@type\":\"ImageObject\",\"inLanguage\":\"en-US\",\"@id\":\"https:\\\/\\\/centrosabia.org.br\\\/en\\\/audio\\\/dia-mundial-do-radio-cantos-do-sabia\\\/#primaryimage\",\"url\":\"https:\\\/\\\/centrosabia.org.br\\\/wp-content\\\/uploads\\\/2020\\\/02\\\/Dia-Mundial-do-Radio.png\",\"contentUrl\":\"https:\\\/\\\/centrosabia.org.br\\\/wp-content\\\/uploads\\\/2020\\\/02\\\/Dia-Mundial-do-Radio.png\",\"width\":512,\"height\":288},{\"@type\":\"BreadcrumbList\",\"@id\":\"https:\\\/\\\/centrosabia.org.br\\\/en\\\/audio\\\/dia-mundial-do-radio-cantos-do-sabia\\\/#breadcrumb\",\"itemListElement\":[{\"@type\":\"ListItem\",\"position\":1,\"name\":\"In\u00edcio\",\"item\":\"https:\\\/\\\/centrosabia.org.br\\\/en\\\/\"},{\"@type\":\"ListItem\",\"position\":2,\"name\":\"\u00c1udios\",\"item\":\"https:\\\/\\\/centrosabia.org.br\\\/en\\\/audio\\\/\"},{\"@type\":\"ListItem\",\"position\":3,\"name\":\"Dia Mundial do R\u00e1dio | Cantos do Sabi\u00e1\"}]},{\"@type\":\"WebSite\",\"@id\":\"https:\\\/\\\/centrosabia.org.br\\\/en\\\/#website\",\"url\":\"https:\\\/\\\/centrosabia.org.br\\\/en\\\/\",\"name\":\"Centro de Desenvolvimento Agroecol\u00f3gico Sabi\u00e1\",\"description\":\"\",\"publisher\":{\"@id\":\"https:\\\/\\\/centrosabia.org.br\\\/en\\\/#organization\"},\"potentialAction\":[{\"@type\":\"SearchAction\",\"target\":{\"@type\":\"EntryPoint\",\"urlTemplate\":\"https:\\\/\\\/centrosabia.org.br\\\/en\\\/?s={search_term_string}\"},\"query-input\":{\"@type\":\"PropertyValueSpecification\",\"valueRequired\":true,\"valueName\":\"search_term_string\"}}],\"inLanguage\":\"en-US\"},{\"@type\":\"Organization\",\"@id\":\"https:\\\/\\\/centrosabia.org.br\\\/en\\\/#organization\",\"name\":\"Centro de Desenvolvimento Agroecol\u00f3gico Sabi\u00e1\",\"url\":\"https:\\\/\\\/centrosabia.org.br\\\/en\\\/\",\"logo\":{\"@type\":\"ImageObject\",\"inLanguage\":\"en-US\",\"@id\":\"https:\\\/\\\/centrosabia.org.br\\\/en\\\/#\\\/schema\\\/logo\\\/image\\\/\",\"url\":\"https:\\\/\\\/centrosabia.org.br\\\/wp-content\\\/uploads\\\/2021\\\/10\\\/logo.png\",\"contentUrl\":\"https:\\\/\\\/centrosabia.org.br\\\/wp-content\\\/uploads\\\/2021\\\/10\\\/logo.png\",\"width\":174,\"height\":84,\"caption\":\"Centro de Desenvolvimento Agroecol\u00f3gico Sabi\u00e1\"},\"image\":{\"@id\":\"https:\\\/\\\/centrosabia.org.br\\\/en\\\/#\\\/schema\\\/logo\\\/image\\\/\"}}]}<\/script>\n<!-- \/ Yoast SEO plugin. -->","yoast_head_json":{"title":"Dia Mundial do R\u00e1dio | Cantos do Sabi\u00e1 - Centro de Desenvolvimento Agroecol\u00f3gico Sabi\u00e1","robots":{"index":"index","follow":"follow","max-snippet":"max-snippet:-1","max-image-preview":"max-image-preview:large","max-video-preview":"max-video-preview:-1"},"canonical":"https:\/\/centrosabia.org.br\/en\/audio\/dia-mundial-do-radio-cantos-do-sabia\/","og_locale":"en_US","og_type":"article","og_title":"Dia Mundial do R\u00e1dio | Cantos do Sabi\u00e1 - Centro de Desenvolvimento Agroecol\u00f3gico Sabi\u00e1","og_url":"https:\/\/centrosabia.org.br\/en\/audio\/dia-mundial-do-radio-cantos-do-sabia\/","og_site_name":"Centro de Desenvolvimento Agroecol\u00f3gico Sabi\u00e1","article_modified_time":"2024-08-07T17:07:01+00:00","og_image":[{"width":300,"height":169,"url":"https:\/\/centrosabia.org.br\/wp-content\/uploads\/2020\/02\/Dia-Mundial-do-Radio-300x169.png","type":"image\/png"}],"twitter_card":"summary_large_image","twitter_misc":{"Est. reading time":"2 minutes"},"schema":{"@context":"https:\/\/schema.org","@graph":[{"@type":"WebPage","@id":"https:\/\/centrosabia.org.br\/en\/audio\/dia-mundial-do-radio-cantos-do-sabia\/","url":"https:\/\/centrosabia.org.br\/en\/audio\/dia-mundial-do-radio-cantos-do-sabia\/","name":"Dia Mundial do R\u00e1dio | Cantos do Sabi\u00e1 - Centro de Desenvolvimento Agroecol\u00f3gico Sabi\u00e1","isPartOf":{"@id":"https:\/\/centrosabia.org.br\/en\/#website"},"primaryImageOfPage":{"@id":"https:\/\/centrosabia.org.br\/en\/audio\/dia-mundial-do-radio-cantos-do-sabia\/#primaryimage"},"image":{"@id":"https:\/\/centrosabia.org.br\/en\/audio\/dia-mundial-do-radio-cantos-do-sabia\/#primaryimage"},"thumbnailUrl":"https:\/\/centrosabia.org.br\/wp-content\/uploads\/2020\/02\/Dia-Mundial-do-Radio.png","datePublished":"2020-02-17T03:00:00+00:00","dateModified":"2024-08-07T17:07:01+00:00","breadcrumb":{"@id":"https:\/\/centrosabia.org.br\/en\/audio\/dia-mundial-do-radio-cantos-do-sabia\/#breadcrumb"},"inLanguage":"en-US","potentialAction":[{"@type":"ReadAction","target":["https:\/\/centrosabia.org.br\/en\/audio\/dia-mundial-do-radio-cantos-do-sabia\/"]}]},{"@type":"ImageObject","inLanguage":"en-US","@id":"https:\/\/centrosabia.org.br\/en\/audio\/dia-mundial-do-radio-cantos-do-sabia\/#primaryimage","url":"https:\/\/centrosabia.org.br\/wp-content\/uploads\/2020\/02\/Dia-Mundial-do-Radio.png","contentUrl":"https:\/\/centrosabia.org.br\/wp-content\/uploads\/2020\/02\/Dia-Mundial-do-Radio.png","width":512,"height":288},{"@type":"BreadcrumbList","@id":"https:\/\/centrosabia.org.br\/en\/audio\/dia-mundial-do-radio-cantos-do-sabia\/#breadcrumb","itemListElement":[{"@type":"ListItem","position":1,"name":"In\u00edcio","item":"https:\/\/centrosabia.org.br\/en\/"},{"@type":"ListItem","position":2,"name":"\u00c1udios","item":"https:\/\/centrosabia.org.br\/en\/audio\/"},{"@type":"ListItem","position":3,"name":"Dia Mundial do R\u00e1dio | Cantos do Sabi\u00e1"}]},{"@type":"WebSite","@id":"https:\/\/centrosabia.org.br\/en\/#website","url":"https:\/\/centrosabia.org.br\/en\/","name":"Centro de Desenvolvimento Agroecol\u00f3gico Sabi\u00e1","description":"","publisher":{"@id":"https:\/\/centrosabia.org.br\/en\/#organization"},"potentialAction":[{"@type":"SearchAction","target":{"@type":"EntryPoint","urlTemplate":"https:\/\/centrosabia.org.br\/en\/?s={search_term_string}"},"query-input":{"@type":"PropertyValueSpecification","valueRequired":true,"valueName":"search_term_string"}}],"inLanguage":"en-US"},{"@type":"Organization","@id":"https:\/\/centrosabia.org.br\/en\/#organization","name":"Centro de Desenvolvimento Agroecol\u00f3gico Sabi\u00e1","url":"https:\/\/centrosabia.org.br\/en\/","logo":{"@type":"ImageObject","inLanguage":"en-US","@id":"https:\/\/centrosabia.org.br\/en\/#\/schema\/logo\/image\/","url":"https:\/\/centrosabia.org.br\/wp-content\/uploads\/2021\/10\/logo.png","contentUrl":"https:\/\/centrosabia.org.br\/wp-content\/uploads\/2021\/10\/logo.png","width":174,"height":84,"caption":"Centro de Desenvolvimento Agroecol\u00f3gico Sabi\u00e1"},"image":{"@id":"https:\/\/centrosabia.org.br\/en\/#\/schema\/logo\/image\/"}}]}},"_links":{"self":[{"href":"https:\/\/centrosabia.org.br\/en\/wp-json\/wp\/v2\/audio\/17624","targetHints":{"allow":["GET"]}}],"collection":[{"href":"https:\/\/centrosabia.org.br\/en\/wp-json\/wp\/v2\/audio"}],"about":[{"href":"https:\/\/centrosabia.org.br\/en\/wp-json\/wp\/v2\/types\/audio"}],"wp:featuredmedia":[{"embeddable":true,"href":"https:\/\/centrosabia.org.br\/en\/wp-json\/wp\/v2\/media\/24173"}],"wp:attachment":[{"href":"https:\/\/centrosabia.org.br\/en\/wp-json\/wp\/v2\/media?parent=17624"}],"wp:term":[{"taxonomy":"tema","embeddable":true,"href":"https:\/\/centrosabia.org.br\/en\/wp-json\/wp\/v2\/tema?post=17624"},{"taxonomy":"decada","embeddable":true,"href":"https:\/\/centrosabia.org.br\/en\/wp-json\/wp\/v2\/decada?post=17624"},{"taxonomy":"curadoria","embeddable":true,"href":"https:\/\/centrosabia.org.br\/en\/wp-json\/wp\/v2\/curadoria?post=17624"}],"curies":[{"name":"wp","href":"https:\/\/api.w.org\/{rel}","templated":true}]}}

Dia Mundial do Rádio | Cantos do Sabiá

<p>Desta vez o Cantos do Sabiá nos leva para a comemoração de uma das formas mais importantes de fazer comunicação até os dias atuais; o formato que mais sobrevive às mudanças tecnológicas desde o seu surgimento, e se mantém até hoje: O RÁDIO!</p>
<p></p>
<p></p>
<p></p>
<p>Junto com a mestra e doutora em comunicação, professora dos cursos de Jornalismo, Publicidade e Propaganda e Rádio, TV e Internet da UFPE &#8211; Ana Veloso, discutimos o dia 13 de Fevereiro, conhecido como o Dia Mundial do Rádio!</p>
<p></p>
<p></p>
<p></p>
<p>Ana Maria da Conceição Veloso é mestra em comunicação (2005) pelo Programa de Pós-Graduação em Comunicação/PPGCOM, da Universidade Federal de Pernambuco/UFPE, e doutora em comunicação (2013) pela UFPE. É professora dos cursos de Jornalismo, Publicidade e Rádio, TV e Internet da Universidade Federal de Pernambuco (Departamento de Comunicação), foi integrante do Conselho Curador da Empresa Brasil de Comunicação (EBC), entre 2010 e o primeiro semestre de 2016, e sócia da ONG Centro das Mulheres do Cabo. </p>
<p></p>
<p></p>
<p></p>
<p>#CantosdoSabiá #podcast #centrosabiá #rádio #diamundialdoradio #UFPE #comunicação</p>

<!-- This site is optimized with the Yoast SEO plugin v27.4 - https://yoast.com/product/yoast-seo-wordpress/ -->
<title>Dia Mundial do Rádio | Cantos do Sabiá - Centro de Desenvolvimento Agroecológico Sabiá</title>
<meta name="robots" content="index, follow, max-snippet:-1, max-image-preview:large, max-video-preview:-1" />
<link rel="canonical" href="https://centrosabia.org.br/en/audio/dia-mundial-do-radio-cantos-do-sabia/" />
<meta property="og:locale" content="en_US" />
<meta property="og:type" content="article" />
<meta property="og:title" content="Dia Mundial do Rádio | Cantos do Sabiá - Centro de Desenvolvimento Agroecológico Sabiá" />
<meta property="og:url" content="https://centrosabia.org.br/en/audio/dia-mundial-do-radio-cantos-do-sabia/" />
<meta property="og:site_name" content="Centro de Desenvolvimento Agroecológico Sabiá" />
<meta property="article:modified_time" content="2024-08-07T17:07:01+00:00" />
<meta property="og:image" content="https://centrosabia.org.br/wp-content/uploads/2020/02/Dia-Mundial-do-Radio-300x169.png" />
	<meta property="og:image:width" content="300" />
	<meta property="og:image:height" content="169" />
	<meta property="og:image:type" content="image/png" />
<meta name="twitter:card" content="summary_large_image" />
<meta name="twitter:label1" content="Est. reading time" />
	<meta name="twitter:data1" content="2 minutes" />
<script type="application/ld+json" class="yoast-schema-graph">{"@context":"https:\/\/schema.org","@graph":[{"@type":"WebPage","@id":"https:\/\/centrosabia.org.br\/en\/audio\/dia-mundial-do-radio-cantos-do-sabia\/","url":"https:\/\/centrosabia.org.br\/en\/audio\/dia-mundial-do-radio-cantos-do-sabia\/","name":"Dia Mundial do Rádio | Cantos do Sabiá - Centro de Desenvolvimento Agroecológico Sabiá","isPartOf":{"@id":"https:\/\/centrosabia.org.br\/en\/#website"},"primaryImageOfPage":{"@id":"https:\/\/centrosabia.org.br\/en\/audio\/dia-mundial-do-radio-cantos-do-sabia\/#primaryimage"},"image":{"@id":"https:\/\/centrosabia.org.br\/en\/audio\/dia-mundial-do-radio-cantos-do-sabia\/#primaryimage"},"thumbnailUrl":"https:\/\/centrosabia.org.br\/wp-content\/uploads\/2020\/02\/Dia-Mundial-do-Radio.png","datePublished":"2020-02-17T03:00:00+00:00","dateModified":"2024-08-07T17:07:01+00:00","breadcrumb":{"@id":"https:\/\/centrosabia.org.br\/en\/audio\/dia-mundial-do-radio-cantos-do-sabia\/#breadcrumb"},"inLanguage":"en-US","potentialAction":[{"@type":"ReadAction","target":["https:\/\/centrosabia.org.br\/en\/audio\/dia-mundial-do-radio-cantos-do-sabia\/"]}]},{"@type":"ImageObject","inLanguage":"en-US","@id":"https:\/\/centrosabia.org.br\/en\/audio\/dia-mundial-do-radio-cantos-do-sabia\/#primaryimage","url":"https:\/\/centrosabia.org.br\/wp-content\/uploads\/2020\/02\/Dia-Mundial-do-Radio.png","contentUrl":"https:\/\/centrosabia.org.br\/wp-content\/uploads\/2020\/02\/Dia-Mundial-do-Radio.png","width":512,"height":288},{"@type":"BreadcrumbList","@id":"https:\/\/centrosabia.org.br\/en\/audio\/dia-mundial-do-radio-cantos-do-sabia\/#breadcrumb","itemListElement":[{"@type":"ListItem","position":1,"name":"Início","item":"https:\/\/centrosabia.org.br\/en\/"},{"@type":"ListItem","position":2,"name":"Áudios","item":"https:\/\/centrosabia.org.br\/en\/audio\/"},{"@type":"ListItem","position":3,"name":"Dia Mundial do Rádio | Cantos do Sabiá"}]},{"@type":"WebSite","@id":"https:\/\/centrosabia.org.br\/en\/#website","url":"https:\/\/centrosabia.org.br\/en\/","name":"Centro de Desenvolvimento Agroecológico Sabiá","description":"","publisher":{"@id":"https:\/\/centrosabia.org.br\/en\/#organization"},"potentialAction":[{"@type":"SearchAction","target":{"@type":"EntryPoint","urlTemplate":"https:\/\/centrosabia.org.br\/en\/?s={search_term_string}"},"query-input":{"@type":"PropertyValueSpecification","valueRequired":true,"valueName":"search_term_string"}}],"inLanguage":"en-US"},{"@type":"Organization","@id":"https:\/\/centrosabia.org.br\/en\/#organization","name":"Centro de Desenvolvimento Agroecológico Sabiá","url":"https:\/\/centrosabia.org.br\/en\/","logo":{"@type":"ImageObject","inLanguage":"en-US","@id":"https:\/\/centrosabia.org.br\/en\/#\/schema\/logo\/image\/","url":"https:\/\/centrosabia.org.br\/wp-content\/uploads\/2021\/10\/logo.png","contentUrl":"https:\/\/centrosabia.org.br\/wp-content\/uploads\/2021\/10\/logo.png","width":174,"height":84,"caption":"Centro de Desenvolvimento Agroecológico Sabiá"},"image":{"@id":"https:\/\/centrosabia.org.br\/en\/#\/schema\/logo\/image\/"}}]}</script>
<!-- / Yoast SEO plugin. -->

Dia Mundial do Rádio | Cantos do Sabiá - Centro de Desenvolvimento Agroecológico Sabiá

Centro de Desenvolvimento Agroecológico Sabiá

Início

Áudios
