{"id":17628,"date":"2020-02-10T00:00:00","date_gmt":"2020-02-10T03:00:00","guid":{"rendered":"https:\/\/centrosabia.org.br\/audio\/a-importancia-das-feiras-agroecologicas-cantos-do-sabia\/"},"modified":"2024-08-07T11:53:54","modified_gmt":"2024-08-07T14:53:54","slug":"a-importancia-das-feiras-agroecologicas-cantos-do-sabia","status":"publish","type":"audio","link":"https:\/\/centrosabia.org.br\/en\/audio\/a-importancia-das-feiras-agroecologicas-cantos-do-sabia\/","title":{"rendered":"A Import\u00e2ncia das Feiras Agroecol\u00f3gicas | Cantos do Sabi\u00e1"},"content":{"rendered":"<p>O Cantos do Sabi\u00e1 entrevista o coordenador geral da AGROFLOR &#8211; Associa\u00e7\u00e3o de agricultores e agricultoras agroecol\u00f3gicos de Bom Jardim! Discutimos sobre a import\u00e2ncia das Feiras Agroecol\u00f3gicas, e para que servem; Afinal, qual a grande diferen\u00e7a entre produtos de base agroecol\u00f3gica para aqueles que vem da ind\u00fastria? Confere o nosso papo!<\/p>\n<p><\/p>\n<p><\/p>\n<p><\/p>\n<p>&#34;N\u00f3s n\u00e3o temos produtos, n\u00f3s n\u00e3o temos mercadoria. N\u00f3s temos ALIMENTOS. Para n\u00f3s n\u00e3o \u00e9 um n\u00famero, \u00e9 uma raz\u00e3o de viver.&#34; (TONE CRISTIANO)<\/p>\n<p><\/p>\n<p><\/p>\n<p><\/p>\n<p>Tone Cristiano Feliciano da Silva \u00e9 o coordenador geral da AGROFLOR, t\u00e9cnico em Agroecologia, reside na comunidade Sitio Feij\u00e3o, no munic\u00edpio de Bom Jardim, com sua m\u00e3e (Maria da Luz) e sua companheira (Hanna Lopes). Produz horticultura org\u00e2nica no sistema agroflorestal e tem uma cria\u00e7\u00e3o de pequenos animais. Sua produ\u00e7\u00e3o excedente \u00e9 comercializada na Feira Agroecologica de Setubal\/Recife. Em 2005 passou a ser assessorado pela a AGROFLOR, quando come\u00e7ou a participar de interc\u00e2mbios e reuni\u00f5es.<\/p>\n","protected":false},"featured_media":24107,"template":"","meta":{"_acf_changed":false,"ano":2020},"tema":[2523,2526,2555],"decada":[2502],"curadoria":[],"class_list":["post-17628","audio","type-audio","status-publish","has-post-thumbnail","hentry","tema-agricultura-familiar","tema-comercializacao","tema-feiras-agroecologicas","decada-2502"],"blocksy_meta":[],"acf":{"imagem_de_cobertura":""},"yoast_head":"<!-- This site is optimized with the Yoast SEO plugin v27.4 - https:\/\/yoast.com\/product\/yoast-seo-wordpress\/ -->\n<title>A Import\u00e2ncia das Feiras Agroecol\u00f3gicas | Cantos do Sabi\u00e1 - Centro de Desenvolvimento Agroecol\u00f3gico Sabi\u00e1<\/title>\n<meta name=\"robots\" content=\"index, follow, max-snippet:-1, max-image-preview:large, max-video-preview:-1\" \/>\n<link rel=\"canonical\" href=\"https:\/\/centrosabia.org.br\/en\/audio\/a-importancia-das-feiras-agroecologicas-cantos-do-sabia\/\" \/>\n<meta property=\"og:locale\" content=\"en_US\" \/>\n<meta property=\"og:type\" content=\"article\" \/>\n<meta property=\"og:title\" content=\"A Import\u00e2ncia das Feiras Agroecol\u00f3gicas | Cantos do Sabi\u00e1 - Centro de Desenvolvimento Agroecol\u00f3gico Sabi\u00e1\" \/>\n<meta property=\"og:url\" content=\"https:\/\/centrosabia.org.br\/en\/audio\/a-importancia-das-feiras-agroecologicas-cantos-do-sabia\/\" \/>\n<meta property=\"og:site_name\" content=\"Centro de Desenvolvimento Agroecol\u00f3gico Sabi\u00e1\" \/>\n<meta property=\"article:modified_time\" content=\"2024-08-07T14:53:54+00:00\" \/>\n<meta property=\"og:image\" content=\"https:\/\/centrosabia.org.br\/wp-content\/uploads\/2020\/02\/A-Importancia-das-Feiras-Agroecologicas-300x169.png\" \/>\n\t<meta property=\"og:image:width\" content=\"300\" \/>\n\t<meta property=\"og:image:height\" content=\"169\" \/>\n\t<meta property=\"og:image:type\" content=\"image\/png\" \/>\n<meta name=\"twitter:card\" content=\"summary_large_image\" \/>\n<meta name=\"twitter:label1\" content=\"Est. reading time\" \/>\n\t<meta name=\"twitter:data1\" content=\"2 minutes\" \/>\n<script type=\"application\/ld+json\" class=\"yoast-schema-graph\">{\"@context\":\"https:\\\/\\\/schema.org\",\"@graph\":[{\"@type\":\"WebPage\",\"@id\":\"https:\\\/\\\/centrosabia.org.br\\\/en\\\/audio\\\/a-importancia-das-feiras-agroecologicas-cantos-do-sabia\\\/\",\"url\":\"https:\\\/\\\/centrosabia.org.br\\\/en\\\/audio\\\/a-importancia-das-feiras-agroecologicas-cantos-do-sabia\\\/\",\"name\":\"A Import\u00e2ncia das Feiras Agroecol\u00f3gicas | Cantos do Sabi\u00e1 - Centro de Desenvolvimento Agroecol\u00f3gico Sabi\u00e1\",\"isPartOf\":{\"@id\":\"https:\\\/\\\/centrosabia.org.br\\\/en\\\/#website\"},\"primaryImageOfPage\":{\"@id\":\"https:\\\/\\\/centrosabia.org.br\\\/en\\\/audio\\\/a-importancia-das-feiras-agroecologicas-cantos-do-sabia\\\/#primaryimage\"},\"image\":{\"@id\":\"https:\\\/\\\/centrosabia.org.br\\\/en\\\/audio\\\/a-importancia-das-feiras-agroecologicas-cantos-do-sabia\\\/#primaryimage\"},\"thumbnailUrl\":\"https:\\\/\\\/centrosabia.org.br\\\/wp-content\\\/uploads\\\/2020\\\/02\\\/A-Importancia-das-Feiras-Agroecologicas.png\",\"datePublished\":\"2020-02-10T03:00:00+00:00\",\"dateModified\":\"2024-08-07T14:53:54+00:00\",\"breadcrumb\":{\"@id\":\"https:\\\/\\\/centrosabia.org.br\\\/en\\\/audio\\\/a-importancia-das-feiras-agroecologicas-cantos-do-sabia\\\/#breadcrumb\"},\"inLanguage\":\"en-US\",\"potentialAction\":[{\"@type\":\"ReadAction\",\"target\":[\"https:\\\/\\\/centrosabia.org.br\\\/en\\\/audio\\\/a-importancia-das-feiras-agroecologicas-cantos-do-sabia\\\/\"]}]},{\"@type\":\"ImageObject\",\"inLanguage\":\"en-US\",\"@id\":\"https:\\\/\\\/centrosabia.org.br\\\/en\\\/audio\\\/a-importancia-das-feiras-agroecologicas-cantos-do-sabia\\\/#primaryimage\",\"url\":\"https:\\\/\\\/centrosabia.org.br\\\/wp-content\\\/uploads\\\/2020\\\/02\\\/A-Importancia-das-Feiras-Agroecologicas.png\",\"contentUrl\":\"https:\\\/\\\/centrosabia.org.br\\\/wp-content\\\/uploads\\\/2020\\\/02\\\/A-Importancia-das-Feiras-Agroecologicas.png\",\"width\":512,\"height\":288},{\"@type\":\"BreadcrumbList\",\"@id\":\"https:\\\/\\\/centrosabia.org.br\\\/en\\\/audio\\\/a-importancia-das-feiras-agroecologicas-cantos-do-sabia\\\/#breadcrumb\",\"itemListElement\":[{\"@type\":\"ListItem\",\"position\":1,\"name\":\"In\u00edcio\",\"item\":\"https:\\\/\\\/centrosabia.org.br\\\/en\\\/\"},{\"@type\":\"ListItem\",\"position\":2,\"name\":\"\u00c1udios\",\"item\":\"https:\\\/\\\/centrosabia.org.br\\\/en\\\/audio\\\/\"},{\"@type\":\"ListItem\",\"position\":3,\"name\":\"A Import\u00e2ncia das Feiras Agroecol\u00f3gicas | Cantos do Sabi\u00e1\"}]},{\"@type\":\"WebSite\",\"@id\":\"https:\\\/\\\/centrosabia.org.br\\\/en\\\/#website\",\"url\":\"https:\\\/\\\/centrosabia.org.br\\\/en\\\/\",\"name\":\"Centro de Desenvolvimento Agroecol\u00f3gico Sabi\u00e1\",\"description\":\"\",\"publisher\":{\"@id\":\"https:\\\/\\\/centrosabia.org.br\\\/en\\\/#organization\"},\"potentialAction\":[{\"@type\":\"SearchAction\",\"target\":{\"@type\":\"EntryPoint\",\"urlTemplate\":\"https:\\\/\\\/centrosabia.org.br\\\/en\\\/?s={search_term_string}\"},\"query-input\":{\"@type\":\"PropertyValueSpecification\",\"valueRequired\":true,\"valueName\":\"search_term_string\"}}],\"inLanguage\":\"en-US\"},{\"@type\":\"Organization\",\"@id\":\"https:\\\/\\\/centrosabia.org.br\\\/en\\\/#organization\",\"name\":\"Centro de Desenvolvimento Agroecol\u00f3gico Sabi\u00e1\",\"url\":\"https:\\\/\\\/centrosabia.org.br\\\/en\\\/\",\"logo\":{\"@type\":\"ImageObject\",\"inLanguage\":\"en-US\",\"@id\":\"https:\\\/\\\/centrosabia.org.br\\\/en\\\/#\\\/schema\\\/logo\\\/image\\\/\",\"url\":\"https:\\\/\\\/centrosabia.org.br\\\/wp-content\\\/uploads\\\/2021\\\/10\\\/logo.png\",\"contentUrl\":\"https:\\\/\\\/centrosabia.org.br\\\/wp-content\\\/uploads\\\/2021\\\/10\\\/logo.png\",\"width\":174,\"height\":84,\"caption\":\"Centro de Desenvolvimento Agroecol\u00f3gico Sabi\u00e1\"},\"image\":{\"@id\":\"https:\\\/\\\/centrosabia.org.br\\\/en\\\/#\\\/schema\\\/logo\\\/image\\\/\"}}]}<\/script>\n<!-- \/ Yoast SEO plugin. -->","yoast_head_json":{"title":"A Import\u00e2ncia das Feiras Agroecol\u00f3gicas | Cantos do Sabi\u00e1 - Centro de Desenvolvimento Agroecol\u00f3gico Sabi\u00e1","robots":{"index":"index","follow":"follow","max-snippet":"max-snippet:-1","max-image-preview":"max-image-preview:large","max-video-preview":"max-video-preview:-1"},"canonical":"https:\/\/centrosabia.org.br\/en\/audio\/a-importancia-das-feiras-agroecologicas-cantos-do-sabia\/","og_locale":"en_US","og_type":"article","og_title":"A Import\u00e2ncia das Feiras Agroecol\u00f3gicas | Cantos do Sabi\u00e1 - Centro de Desenvolvimento Agroecol\u00f3gico Sabi\u00e1","og_url":"https:\/\/centrosabia.org.br\/en\/audio\/a-importancia-das-feiras-agroecologicas-cantos-do-sabia\/","og_site_name":"Centro de Desenvolvimento Agroecol\u00f3gico Sabi\u00e1","article_modified_time":"2024-08-07T14:53:54+00:00","og_image":[{"width":300,"height":169,"url":"https:\/\/centrosabia.org.br\/wp-content\/uploads\/2020\/02\/A-Importancia-das-Feiras-Agroecologicas-300x169.png","type":"image\/png"}],"twitter_card":"summary_large_image","twitter_misc":{"Est. reading time":"2 minutes"},"schema":{"@context":"https:\/\/schema.org","@graph":[{"@type":"WebPage","@id":"https:\/\/centrosabia.org.br\/en\/audio\/a-importancia-das-feiras-agroecologicas-cantos-do-sabia\/","url":"https:\/\/centrosabia.org.br\/en\/audio\/a-importancia-das-feiras-agroecologicas-cantos-do-sabia\/","name":"A Import\u00e2ncia das Feiras Agroecol\u00f3gicas | Cantos do Sabi\u00e1 - Centro de Desenvolvimento Agroecol\u00f3gico Sabi\u00e1","isPartOf":{"@id":"https:\/\/centrosabia.org.br\/en\/#website"},"primaryImageOfPage":{"@id":"https:\/\/centrosabia.org.br\/en\/audio\/a-importancia-das-feiras-agroecologicas-cantos-do-sabia\/#primaryimage"},"image":{"@id":"https:\/\/centrosabia.org.br\/en\/audio\/a-importancia-das-feiras-agroecologicas-cantos-do-sabia\/#primaryimage"},"thumbnailUrl":"https:\/\/centrosabia.org.br\/wp-content\/uploads\/2020\/02\/A-Importancia-das-Feiras-Agroecologicas.png","datePublished":"2020-02-10T03:00:00+00:00","dateModified":"2024-08-07T14:53:54+00:00","breadcrumb":{"@id":"https:\/\/centrosabia.org.br\/en\/audio\/a-importancia-das-feiras-agroecologicas-cantos-do-sabia\/#breadcrumb"},"inLanguage":"en-US","potentialAction":[{"@type":"ReadAction","target":["https:\/\/centrosabia.org.br\/en\/audio\/a-importancia-das-feiras-agroecologicas-cantos-do-sabia\/"]}]},{"@type":"ImageObject","inLanguage":"en-US","@id":"https:\/\/centrosabia.org.br\/en\/audio\/a-importancia-das-feiras-agroecologicas-cantos-do-sabia\/#primaryimage","url":"https:\/\/centrosabia.org.br\/wp-content\/uploads\/2020\/02\/A-Importancia-das-Feiras-Agroecologicas.png","contentUrl":"https:\/\/centrosabia.org.br\/wp-content\/uploads\/2020\/02\/A-Importancia-das-Feiras-Agroecologicas.png","width":512,"height":288},{"@type":"BreadcrumbList","@id":"https:\/\/centrosabia.org.br\/en\/audio\/a-importancia-das-feiras-agroecologicas-cantos-do-sabia\/#breadcrumb","itemListElement":[{"@type":"ListItem","position":1,"name":"In\u00edcio","item":"https:\/\/centrosabia.org.br\/en\/"},{"@type":"ListItem","position":2,"name":"\u00c1udios","item":"https:\/\/centrosabia.org.br\/en\/audio\/"},{"@type":"ListItem","position":3,"name":"A Import\u00e2ncia das Feiras Agroecol\u00f3gicas | Cantos do Sabi\u00e1"}]},{"@type":"WebSite","@id":"https:\/\/centrosabia.org.br\/en\/#website","url":"https:\/\/centrosabia.org.br\/en\/","name":"Centro de Desenvolvimento Agroecol\u00f3gico Sabi\u00e1","description":"","publisher":{"@id":"https:\/\/centrosabia.org.br\/en\/#organization"},"potentialAction":[{"@type":"SearchAction","target":{"@type":"EntryPoint","urlTemplate":"https:\/\/centrosabia.org.br\/en\/?s={search_term_string}"},"query-input":{"@type":"PropertyValueSpecification","valueRequired":true,"valueName":"search_term_string"}}],"inLanguage":"en-US"},{"@type":"Organization","@id":"https:\/\/centrosabia.org.br\/en\/#organization","name":"Centro de Desenvolvimento Agroecol\u00f3gico Sabi\u00e1","url":"https:\/\/centrosabia.org.br\/en\/","logo":{"@type":"ImageObject","inLanguage":"en-US","@id":"https:\/\/centrosabia.org.br\/en\/#\/schema\/logo\/image\/","url":"https:\/\/centrosabia.org.br\/wp-content\/uploads\/2021\/10\/logo.png","contentUrl":"https:\/\/centrosabia.org.br\/wp-content\/uploads\/2021\/10\/logo.png","width":174,"height":84,"caption":"Centro de Desenvolvimento Agroecol\u00f3gico Sabi\u00e1"},"image":{"@id":"https:\/\/centrosabia.org.br\/en\/#\/schema\/logo\/image\/"}}]}},"_links":{"self":[{"href":"https:\/\/centrosabia.org.br\/en\/wp-json\/wp\/v2\/audio\/17628","targetHints":{"allow":["GET"]}}],"collection":[{"href":"https:\/\/centrosabia.org.br\/en\/wp-json\/wp\/v2\/audio"}],"about":[{"href":"https:\/\/centrosabia.org.br\/en\/wp-json\/wp\/v2\/types\/audio"}],"wp:featuredmedia":[{"embeddable":true,"href":"https:\/\/centrosabia.org.br\/en\/wp-json\/wp\/v2\/media\/24107"}],"wp:attachment":[{"href":"https:\/\/centrosabia.org.br\/en\/wp-json\/wp\/v2\/media?parent=17628"}],"wp:term":[{"taxonomy":"tema","embeddable":true,"href":"https:\/\/centrosabia.org.br\/en\/wp-json\/wp\/v2\/tema?post=17628"},{"taxonomy":"decada","embeddable":true,"href":"https:\/\/centrosabia.org.br\/en\/wp-json\/wp\/v2\/decada?post=17628"},{"taxonomy":"curadoria","embeddable":true,"href":"https:\/\/centrosabia.org.br\/en\/wp-json\/wp\/v2\/curadoria?post=17628"}],"curies":[{"name":"wp","href":"https:\/\/api.w.org\/{rel}","templated":true}]}}

A Importância das Feiras Agroecológicas | Cantos do Sabiá

<p>O Cantos do Sabiá entrevista o coordenador geral da AGROFLOR &#8211; Associação de agricultores e agricultoras agroecológicos de Bom Jardim! Discutimos sobre a importância das Feiras Agroecológicas, e para que servem; Afinal, qual a grande diferença entre produtos de base agroecológica para aqueles que vem da indústria? Confere o nosso papo!</p>
<p></p>
<p></p>
<p></p>
<p>&#34;Nós não temos produtos, nós não temos mercadoria. Nós temos ALIMENTOS. Para nós não é um número, é uma razão de viver.&#34; (TONE CRISTIANO)</p>
<p></p>
<p></p>
<p></p>
<p>Tone Cristiano Feliciano da Silva é o coordenador geral da AGROFLOR, técnico em Agroecologia, reside na comunidade Sitio Feijão, no município de Bom Jardim, com sua mãe (Maria da Luz) e sua companheira (Hanna Lopes). Produz horticultura orgânica no sistema agroflorestal e tem uma criação de pequenos animais. Sua produção excedente é comercializada na Feira Agroecologica de Setubal/Recife. Em 2005 passou a ser assessorado pela a AGROFLOR, quando começou a participar de intercâmbios e reuniões.</p>

<!-- This site is optimized with the Yoast SEO plugin v27.4 - https://yoast.com/product/yoast-seo-wordpress/ -->
<title>A Importância das Feiras Agroecológicas | Cantos do Sabiá - Centro de Desenvolvimento Agroecológico Sabiá</title>
<meta name="robots" content="index, follow, max-snippet:-1, max-image-preview:large, max-video-preview:-1" />
<link rel="canonical" href="https://centrosabia.org.br/en/audio/a-importancia-das-feiras-agroecologicas-cantos-do-sabia/" />
<meta property="og:locale" content="en_US" />
<meta property="og:type" content="article" />
<meta property="og:title" content="A Importância das Feiras Agroecológicas | Cantos do Sabiá - Centro de Desenvolvimento Agroecológico Sabiá" />
<meta property="og:url" content="https://centrosabia.org.br/en/audio/a-importancia-das-feiras-agroecologicas-cantos-do-sabia/" />
<meta property="og:site_name" content="Centro de Desenvolvimento Agroecológico Sabiá" />
<meta property="article:modified_time" content="2024-08-07T14:53:54+00:00" />
<meta property="og:image" content="https://centrosabia.org.br/wp-content/uploads/2020/02/A-Importancia-das-Feiras-Agroecologicas-300x169.png" />
	<meta property="og:image:width" content="300" />
	<meta property="og:image:height" content="169" />
	<meta property="og:image:type" content="image/png" />
<meta name="twitter:card" content="summary_large_image" />
<meta name="twitter:label1" content="Est. reading time" />
	<meta name="twitter:data1" content="2 minutes" />
<script type="application/ld+json" class="yoast-schema-graph">{"@context":"https:\/\/schema.org","@graph":[{"@type":"WebPage","@id":"https:\/\/centrosabia.org.br\/en\/audio\/a-importancia-das-feiras-agroecologicas-cantos-do-sabia\/","url":"https:\/\/centrosabia.org.br\/en\/audio\/a-importancia-das-feiras-agroecologicas-cantos-do-sabia\/","name":"A Importância das Feiras Agroecológicas | Cantos do Sabiá - Centro de Desenvolvimento Agroecológico Sabiá","isPartOf":{"@id":"https:\/\/centrosabia.org.br\/en\/#website"},"primaryImageOfPage":{"@id":"https:\/\/centrosabia.org.br\/en\/audio\/a-importancia-das-feiras-agroecologicas-cantos-do-sabia\/#primaryimage"},"image":{"@id":"https:\/\/centrosabia.org.br\/en\/audio\/a-importancia-das-feiras-agroecologicas-cantos-do-sabia\/#primaryimage"},"thumbnailUrl":"https:\/\/centrosabia.org.br\/wp-content\/uploads\/2020\/02\/A-Importancia-das-Feiras-Agroecologicas.png","datePublished":"2020-02-10T03:00:00+00:00","dateModified":"2024-08-07T14:53:54+00:00","breadcrumb":{"@id":"https:\/\/centrosabia.org.br\/en\/audio\/a-importancia-das-feiras-agroecologicas-cantos-do-sabia\/#breadcrumb"},"inLanguage":"en-US","potentialAction":[{"@type":"ReadAction","target":["https:\/\/centrosabia.org.br\/en\/audio\/a-importancia-das-feiras-agroecologicas-cantos-do-sabia\/"]}]},{"@type":"ImageObject","inLanguage":"en-US","@id":"https:\/\/centrosabia.org.br\/en\/audio\/a-importancia-das-feiras-agroecologicas-cantos-do-sabia\/#primaryimage","url":"https:\/\/centrosabia.org.br\/wp-content\/uploads\/2020\/02\/A-Importancia-das-Feiras-Agroecologicas.png","contentUrl":"https:\/\/centrosabia.org.br\/wp-content\/uploads\/2020\/02\/A-Importancia-das-Feiras-Agroecologicas.png","width":512,"height":288},{"@type":"BreadcrumbList","@id":"https:\/\/centrosabia.org.br\/en\/audio\/a-importancia-das-feiras-agroecologicas-cantos-do-sabia\/#breadcrumb","itemListElement":[{"@type":"ListItem","position":1,"name":"Início","item":"https:\/\/centrosabia.org.br\/en\/"},{"@type":"ListItem","position":2,"name":"Áudios","item":"https:\/\/centrosabia.org.br\/en\/audio\/"},{"@type":"ListItem","position":3,"name":"A Importância das Feiras Agroecológicas | Cantos do Sabiá"}]},{"@type":"WebSite","@id":"https:\/\/centrosabia.org.br\/en\/#website","url":"https:\/\/centrosabia.org.br\/en\/","name":"Centro de Desenvolvimento Agroecológico Sabiá","description":"","publisher":{"@id":"https:\/\/centrosabia.org.br\/en\/#organization"},"potentialAction":[{"@type":"SearchAction","target":{"@type":"EntryPoint","urlTemplate":"https:\/\/centrosabia.org.br\/en\/?s={search_term_string}"},"query-input":{"@type":"PropertyValueSpecification","valueRequired":true,"valueName":"search_term_string"}}],"inLanguage":"en-US"},{"@type":"Organization","@id":"https:\/\/centrosabia.org.br\/en\/#organization","name":"Centro de Desenvolvimento Agroecológico Sabiá","url":"https:\/\/centrosabia.org.br\/en\/","logo":{"@type":"ImageObject","inLanguage":"en-US","@id":"https:\/\/centrosabia.org.br\/en\/#\/schema\/logo\/image\/","url":"https:\/\/centrosabia.org.br\/wp-content\/uploads\/2021\/10\/logo.png","contentUrl":"https:\/\/centrosabia.org.br\/wp-content\/uploads\/2021\/10\/logo.png","width":174,"height":84,"caption":"Centro de Desenvolvimento Agroecológico Sabiá"},"image":{"@id":"https:\/\/centrosabia.org.br\/en\/#\/schema\/logo\/image\/"}}]}</script>
<!-- / Yoast SEO plugin. -->

A Importância das Feiras Agroecológicas | Cantos do Sabiá - Centro de Desenvolvimento Agroecológico Sabiá

Centro de Desenvolvimento Agroecológico Sabiá

Início

Áudios
