{"id":17632,"date":"2020-01-27T00:00:00","date_gmt":"2020-01-27T03:00:00","guid":{"rendered":"https:\/\/centrosabia.org.br\/audio\/dialogo-entre-o-campo-e-a-cidade-cantos-do-sabia\/"},"modified":"2024-08-07T14:02:30","modified_gmt":"2024-08-07T17:02:30","slug":"dialogo-entre-o-campo-e-a-cidade-cantos-do-sabia","status":"publish","type":"audio","link":"https:\/\/centrosabia.org.br\/en\/audio\/dialogo-entre-o-campo-e-a-cidade-cantos-do-sabia\/","title":{"rendered":"Di\u00e1logo entre o Campo e a Cidade | Cantos do Sabi\u00e1"},"content":{"rendered":"<p>O Cantos do Sabi\u00e1 debate sobre espa\u00e7os de fala, trocas de conhecimento e o Di\u00e1logo entre o Campo e a Cidade! Conversamos sobre como devemos ocupar nossos espa\u00e7os e fazer com que nossas vozes sejam sempre ouvidas, independentemente de onde n\u00f3s viermos. Foi para falar sobre isso tudo que convidamos o Coordenador Nacional do MTST Pernambuco Rudrigo Rafael e a advogada popular e especialista em Direito dos Povos e Comunidades Tradicionais, Lu\u00edsa Duque! Confere o nosso papo.<\/p>\n<p><\/p>\n<p><\/p>\n<p><\/p>\n<p>Rudrigo (Rud) Rafael \u00e9 coordenador nacional do MTST, educador da ONG Fase e professor universit\u00e1rio. \u00c9 assistente social e mestre em Servi\u00e7o Social.<\/p>\n<p><\/p>\n<p>Lu\u00edsa Duque \u00e9 advogada popular e especialista em Direito dos Povos e Comunidades Tradicionais pela UFBA. \u00c9 assessora jur\u00eddica do F\u00f3rum Suape &#8211; Espa\u00e7o Socioambiental e da Comiss\u00e3o Pastoral da Terra &#8211; Regional Nordeste II. Integra a Rede Nacional de Advogadas e Advogados Populares &#8211; RENAP<\/p>\n<p><\/p>\n<p>#CantosdoSabi\u00e1 #podcast #centrosabi\u00e1 <\/p>\n","protected":false},"featured_media":24164,"template":"","meta":{"_acf_changed":false,"ano":2020},"tema":[2523,2550,2542],"decada":[2502],"curadoria":[],"class_list":["post-17632","audio","type-audio","status-publish","has-post-thumbnail","hentry","tema-agricultura-familiar","tema-agricultura-urbana","tema-troca-de-experiencias","decada-2502"],"blocksy_meta":[],"acf":{"imagem_de_cobertura":""},"yoast_head":"<!-- This site is optimized with the Yoast SEO plugin v27.4 - https:\/\/yoast.com\/product\/yoast-seo-wordpress\/ -->\n<title>Di\u00e1logo entre o Campo e a Cidade | Cantos do Sabi\u00e1 - Centro de Desenvolvimento Agroecol\u00f3gico Sabi\u00e1<\/title>\n<meta name=\"robots\" content=\"index, follow, max-snippet:-1, max-image-preview:large, max-video-preview:-1\" \/>\n<link rel=\"canonical\" href=\"https:\/\/centrosabia.org.br\/en\/audio\/dialogo-entre-o-campo-e-a-cidade-cantos-do-sabia\/\" \/>\n<meta property=\"og:locale\" content=\"en_US\" \/>\n<meta property=\"og:type\" content=\"article\" \/>\n<meta property=\"og:title\" content=\"Di\u00e1logo entre o Campo e a Cidade | Cantos do Sabi\u00e1 - Centro de Desenvolvimento Agroecol\u00f3gico Sabi\u00e1\" \/>\n<meta property=\"og:url\" content=\"https:\/\/centrosabia.org.br\/en\/audio\/dialogo-entre-o-campo-e-a-cidade-cantos-do-sabia\/\" \/>\n<meta property=\"og:site_name\" content=\"Centro de Desenvolvimento Agroecol\u00f3gico Sabi\u00e1\" \/>\n<meta property=\"article:modified_time\" content=\"2024-08-07T17:02:30+00:00\" \/>\n<meta property=\"og:image\" content=\"https:\/\/centrosabia.org.br\/wp-content\/uploads\/2020\/01\/Dialogo-entre-o-Campo-e-a-Cidade-300x169.png\" \/>\n\t<meta property=\"og:image:width\" content=\"300\" \/>\n\t<meta property=\"og:image:height\" content=\"169\" \/>\n\t<meta property=\"og:image:type\" content=\"image\/png\" \/>\n<meta name=\"twitter:card\" content=\"summary_large_image\" \/>\n<meta name=\"twitter:label1\" content=\"Est. reading time\" \/>\n\t<meta name=\"twitter:data1\" content=\"2 minutes\" \/>\n<script type=\"application\/ld+json\" class=\"yoast-schema-graph\">{\"@context\":\"https:\\\/\\\/schema.org\",\"@graph\":[{\"@type\":\"WebPage\",\"@id\":\"https:\\\/\\\/centrosabia.org.br\\\/en\\\/audio\\\/dialogo-entre-o-campo-e-a-cidade-cantos-do-sabia\\\/\",\"url\":\"https:\\\/\\\/centrosabia.org.br\\\/en\\\/audio\\\/dialogo-entre-o-campo-e-a-cidade-cantos-do-sabia\\\/\",\"name\":\"Di\u00e1logo entre o Campo e a Cidade | Cantos do Sabi\u00e1 - Centro de Desenvolvimento Agroecol\u00f3gico Sabi\u00e1\",\"isPartOf\":{\"@id\":\"https:\\\/\\\/centrosabia.org.br\\\/en\\\/#website\"},\"primaryImageOfPage\":{\"@id\":\"https:\\\/\\\/centrosabia.org.br\\\/en\\\/audio\\\/dialogo-entre-o-campo-e-a-cidade-cantos-do-sabia\\\/#primaryimage\"},\"image\":{\"@id\":\"https:\\\/\\\/centrosabia.org.br\\\/en\\\/audio\\\/dialogo-entre-o-campo-e-a-cidade-cantos-do-sabia\\\/#primaryimage\"},\"thumbnailUrl\":\"https:\\\/\\\/centrosabia.org.br\\\/wp-content\\\/uploads\\\/2020\\\/01\\\/Dialogo-entre-o-Campo-e-a-Cidade.png\",\"datePublished\":\"2020-01-27T03:00:00+00:00\",\"dateModified\":\"2024-08-07T17:02:30+00:00\",\"breadcrumb\":{\"@id\":\"https:\\\/\\\/centrosabia.org.br\\\/en\\\/audio\\\/dialogo-entre-o-campo-e-a-cidade-cantos-do-sabia\\\/#breadcrumb\"},\"inLanguage\":\"en-US\",\"potentialAction\":[{\"@type\":\"ReadAction\",\"target\":[\"https:\\\/\\\/centrosabia.org.br\\\/en\\\/audio\\\/dialogo-entre-o-campo-e-a-cidade-cantos-do-sabia\\\/\"]}]},{\"@type\":\"ImageObject\",\"inLanguage\":\"en-US\",\"@id\":\"https:\\\/\\\/centrosabia.org.br\\\/en\\\/audio\\\/dialogo-entre-o-campo-e-a-cidade-cantos-do-sabia\\\/#primaryimage\",\"url\":\"https:\\\/\\\/centrosabia.org.br\\\/wp-content\\\/uploads\\\/2020\\\/01\\\/Dialogo-entre-o-Campo-e-a-Cidade.png\",\"contentUrl\":\"https:\\\/\\\/centrosabia.org.br\\\/wp-content\\\/uploads\\\/2020\\\/01\\\/Dialogo-entre-o-Campo-e-a-Cidade.png\",\"width\":512,\"height\":288},{\"@type\":\"BreadcrumbList\",\"@id\":\"https:\\\/\\\/centrosabia.org.br\\\/en\\\/audio\\\/dialogo-entre-o-campo-e-a-cidade-cantos-do-sabia\\\/#breadcrumb\",\"itemListElement\":[{\"@type\":\"ListItem\",\"position\":1,\"name\":\"In\u00edcio\",\"item\":\"https:\\\/\\\/centrosabia.org.br\\\/en\\\/\"},{\"@type\":\"ListItem\",\"position\":2,\"name\":\"\u00c1udios\",\"item\":\"https:\\\/\\\/centrosabia.org.br\\\/en\\\/audio\\\/\"},{\"@type\":\"ListItem\",\"position\":3,\"name\":\"Di\u00e1logo entre o Campo e a Cidade | Cantos do Sabi\u00e1\"}]},{\"@type\":\"WebSite\",\"@id\":\"https:\\\/\\\/centrosabia.org.br\\\/en\\\/#website\",\"url\":\"https:\\\/\\\/centrosabia.org.br\\\/en\\\/\",\"name\":\"Centro de Desenvolvimento Agroecol\u00f3gico Sabi\u00e1\",\"description\":\"\",\"publisher\":{\"@id\":\"https:\\\/\\\/centrosabia.org.br\\\/en\\\/#organization\"},\"potentialAction\":[{\"@type\":\"SearchAction\",\"target\":{\"@type\":\"EntryPoint\",\"urlTemplate\":\"https:\\\/\\\/centrosabia.org.br\\\/en\\\/?s={search_term_string}\"},\"query-input\":{\"@type\":\"PropertyValueSpecification\",\"valueRequired\":true,\"valueName\":\"search_term_string\"}}],\"inLanguage\":\"en-US\"},{\"@type\":\"Organization\",\"@id\":\"https:\\\/\\\/centrosabia.org.br\\\/en\\\/#organization\",\"name\":\"Centro de Desenvolvimento Agroecol\u00f3gico Sabi\u00e1\",\"url\":\"https:\\\/\\\/centrosabia.org.br\\\/en\\\/\",\"logo\":{\"@type\":\"ImageObject\",\"inLanguage\":\"en-US\",\"@id\":\"https:\\\/\\\/centrosabia.org.br\\\/en\\\/#\\\/schema\\\/logo\\\/image\\\/\",\"url\":\"https:\\\/\\\/centrosabia.org.br\\\/wp-content\\\/uploads\\\/2021\\\/10\\\/logo.png\",\"contentUrl\":\"https:\\\/\\\/centrosabia.org.br\\\/wp-content\\\/uploads\\\/2021\\\/10\\\/logo.png\",\"width\":174,\"height\":84,\"caption\":\"Centro de Desenvolvimento Agroecol\u00f3gico Sabi\u00e1\"},\"image\":{\"@id\":\"https:\\\/\\\/centrosabia.org.br\\\/en\\\/#\\\/schema\\\/logo\\\/image\\\/\"}}]}<\/script>\n<!-- \/ Yoast SEO plugin. -->","yoast_head_json":{"title":"Di\u00e1logo entre o Campo e a Cidade | Cantos do Sabi\u00e1 - Centro de Desenvolvimento Agroecol\u00f3gico Sabi\u00e1","robots":{"index":"index","follow":"follow","max-snippet":"max-snippet:-1","max-image-preview":"max-image-preview:large","max-video-preview":"max-video-preview:-1"},"canonical":"https:\/\/centrosabia.org.br\/en\/audio\/dialogo-entre-o-campo-e-a-cidade-cantos-do-sabia\/","og_locale":"en_US","og_type":"article","og_title":"Di\u00e1logo entre o Campo e a Cidade | Cantos do Sabi\u00e1 - Centro de Desenvolvimento Agroecol\u00f3gico Sabi\u00e1","og_url":"https:\/\/centrosabia.org.br\/en\/audio\/dialogo-entre-o-campo-e-a-cidade-cantos-do-sabia\/","og_site_name":"Centro de Desenvolvimento Agroecol\u00f3gico Sabi\u00e1","article_modified_time":"2024-08-07T17:02:30+00:00","og_image":[{"width":300,"height":169,"url":"https:\/\/centrosabia.org.br\/wp-content\/uploads\/2020\/01\/Dialogo-entre-o-Campo-e-a-Cidade-300x169.png","type":"image\/png"}],"twitter_card":"summary_large_image","twitter_misc":{"Est. reading time":"2 minutes"},"schema":{"@context":"https:\/\/schema.org","@graph":[{"@type":"WebPage","@id":"https:\/\/centrosabia.org.br\/en\/audio\/dialogo-entre-o-campo-e-a-cidade-cantos-do-sabia\/","url":"https:\/\/centrosabia.org.br\/en\/audio\/dialogo-entre-o-campo-e-a-cidade-cantos-do-sabia\/","name":"Di\u00e1logo entre o Campo e a Cidade | Cantos do Sabi\u00e1 - Centro de Desenvolvimento Agroecol\u00f3gico Sabi\u00e1","isPartOf":{"@id":"https:\/\/centrosabia.org.br\/en\/#website"},"primaryImageOfPage":{"@id":"https:\/\/centrosabia.org.br\/en\/audio\/dialogo-entre-o-campo-e-a-cidade-cantos-do-sabia\/#primaryimage"},"image":{"@id":"https:\/\/centrosabia.org.br\/en\/audio\/dialogo-entre-o-campo-e-a-cidade-cantos-do-sabia\/#primaryimage"},"thumbnailUrl":"https:\/\/centrosabia.org.br\/wp-content\/uploads\/2020\/01\/Dialogo-entre-o-Campo-e-a-Cidade.png","datePublished":"2020-01-27T03:00:00+00:00","dateModified":"2024-08-07T17:02:30+00:00","breadcrumb":{"@id":"https:\/\/centrosabia.org.br\/en\/audio\/dialogo-entre-o-campo-e-a-cidade-cantos-do-sabia\/#breadcrumb"},"inLanguage":"en-US","potentialAction":[{"@type":"ReadAction","target":["https:\/\/centrosabia.org.br\/en\/audio\/dialogo-entre-o-campo-e-a-cidade-cantos-do-sabia\/"]}]},{"@type":"ImageObject","inLanguage":"en-US","@id":"https:\/\/centrosabia.org.br\/en\/audio\/dialogo-entre-o-campo-e-a-cidade-cantos-do-sabia\/#primaryimage","url":"https:\/\/centrosabia.org.br\/wp-content\/uploads\/2020\/01\/Dialogo-entre-o-Campo-e-a-Cidade.png","contentUrl":"https:\/\/centrosabia.org.br\/wp-content\/uploads\/2020\/01\/Dialogo-entre-o-Campo-e-a-Cidade.png","width":512,"height":288},{"@type":"BreadcrumbList","@id":"https:\/\/centrosabia.org.br\/en\/audio\/dialogo-entre-o-campo-e-a-cidade-cantos-do-sabia\/#breadcrumb","itemListElement":[{"@type":"ListItem","position":1,"name":"In\u00edcio","item":"https:\/\/centrosabia.org.br\/en\/"},{"@type":"ListItem","position":2,"name":"\u00c1udios","item":"https:\/\/centrosabia.org.br\/en\/audio\/"},{"@type":"ListItem","position":3,"name":"Di\u00e1logo entre o Campo e a Cidade | Cantos do Sabi\u00e1"}]},{"@type":"WebSite","@id":"https:\/\/centrosabia.org.br\/en\/#website","url":"https:\/\/centrosabia.org.br\/en\/","name":"Centro de Desenvolvimento Agroecol\u00f3gico Sabi\u00e1","description":"","publisher":{"@id":"https:\/\/centrosabia.org.br\/en\/#organization"},"potentialAction":[{"@type":"SearchAction","target":{"@type":"EntryPoint","urlTemplate":"https:\/\/centrosabia.org.br\/en\/?s={search_term_string}"},"query-input":{"@type":"PropertyValueSpecification","valueRequired":true,"valueName":"search_term_string"}}],"inLanguage":"en-US"},{"@type":"Organization","@id":"https:\/\/centrosabia.org.br\/en\/#organization","name":"Centro de Desenvolvimento Agroecol\u00f3gico Sabi\u00e1","url":"https:\/\/centrosabia.org.br\/en\/","logo":{"@type":"ImageObject","inLanguage":"en-US","@id":"https:\/\/centrosabia.org.br\/en\/#\/schema\/logo\/image\/","url":"https:\/\/centrosabia.org.br\/wp-content\/uploads\/2021\/10\/logo.png","contentUrl":"https:\/\/centrosabia.org.br\/wp-content\/uploads\/2021\/10\/logo.png","width":174,"height":84,"caption":"Centro de Desenvolvimento Agroecol\u00f3gico Sabi\u00e1"},"image":{"@id":"https:\/\/centrosabia.org.br\/en\/#\/schema\/logo\/image\/"}}]}},"_links":{"self":[{"href":"https:\/\/centrosabia.org.br\/en\/wp-json\/wp\/v2\/audio\/17632","targetHints":{"allow":["GET"]}}],"collection":[{"href":"https:\/\/centrosabia.org.br\/en\/wp-json\/wp\/v2\/audio"}],"about":[{"href":"https:\/\/centrosabia.org.br\/en\/wp-json\/wp\/v2\/types\/audio"}],"wp:featuredmedia":[{"embeddable":true,"href":"https:\/\/centrosabia.org.br\/en\/wp-json\/wp\/v2\/media\/24164"}],"wp:attachment":[{"href":"https:\/\/centrosabia.org.br\/en\/wp-json\/wp\/v2\/media?parent=17632"}],"wp:term":[{"taxonomy":"tema","embeddable":true,"href":"https:\/\/centrosabia.org.br\/en\/wp-json\/wp\/v2\/tema?post=17632"},{"taxonomy":"decada","embeddable":true,"href":"https:\/\/centrosabia.org.br\/en\/wp-json\/wp\/v2\/decada?post=17632"},{"taxonomy":"curadoria","embeddable":true,"href":"https:\/\/centrosabia.org.br\/en\/wp-json\/wp\/v2\/curadoria?post=17632"}],"curies":[{"name":"wp","href":"https:\/\/api.w.org\/{rel}","templated":true}]}}

Diálogo entre o Campo e a Cidade | Cantos do Sabiá

<p>O Cantos do Sabiá debate sobre espaços de fala, trocas de conhecimento e o Diálogo entre o Campo e a Cidade! Conversamos sobre como devemos ocupar nossos espaços e fazer com que nossas vozes sejam sempre ouvidas, independentemente de onde nós viermos. Foi para falar sobre isso tudo que convidamos o Coordenador Nacional do MTST Pernambuco Rudrigo Rafael e a advogada popular e especialista em Direito dos Povos e Comunidades Tradicionais, Luísa Duque! Confere o nosso papo.</p>
<p></p>
<p></p>
<p></p>
<p>Rudrigo (Rud) Rafael é coordenador nacional do MTST, educador da ONG Fase e professor universitário. É assistente social e mestre em Serviço Social.</p>
<p></p>
<p>Luísa Duque é advogada popular e especialista em Direito dos Povos e Comunidades Tradicionais pela UFBA. É assessora jurídica do Fórum Suape &#8211; Espaço Socioambiental e da Comissão Pastoral da Terra &#8211; Regional Nordeste II. Integra a Rede Nacional de Advogadas e Advogados Populares &#8211; RENAP</p>
<p></p>
<p>#CantosdoSabiá #podcast #centrosabiá </p>

<!-- This site is optimized with the Yoast SEO plugin v27.4 - https://yoast.com/product/yoast-seo-wordpress/ -->
<title>Diálogo entre o Campo e a Cidade | Cantos do Sabiá - Centro de Desenvolvimento Agroecológico Sabiá</title>
<meta name="robots" content="index, follow, max-snippet:-1, max-image-preview:large, max-video-preview:-1" />
<link rel="canonical" href="https://centrosabia.org.br/en/audio/dialogo-entre-o-campo-e-a-cidade-cantos-do-sabia/" />
<meta property="og:locale" content="en_US" />
<meta property="og:type" content="article" />
<meta property="og:title" content="Diálogo entre o Campo e a Cidade | Cantos do Sabiá - Centro de Desenvolvimento Agroecológico Sabiá" />
<meta property="og:url" content="https://centrosabia.org.br/en/audio/dialogo-entre-o-campo-e-a-cidade-cantos-do-sabia/" />
<meta property="og:site_name" content="Centro de Desenvolvimento Agroecológico Sabiá" />
<meta property="article:modified_time" content="2024-08-07T17:02:30+00:00" />
<meta property="og:image" content="https://centrosabia.org.br/wp-content/uploads/2020/01/Dialogo-entre-o-Campo-e-a-Cidade-300x169.png" />
	<meta property="og:image:width" content="300" />
	<meta property="og:image:height" content="169" />
	<meta property="og:image:type" content="image/png" />
<meta name="twitter:card" content="summary_large_image" />
<meta name="twitter:label1" content="Est. reading time" />
	<meta name="twitter:data1" content="2 minutes" />
<script type="application/ld+json" class="yoast-schema-graph">{"@context":"https:\/\/schema.org","@graph":[{"@type":"WebPage","@id":"https:\/\/centrosabia.org.br\/en\/audio\/dialogo-entre-o-campo-e-a-cidade-cantos-do-sabia\/","url":"https:\/\/centrosabia.org.br\/en\/audio\/dialogo-entre-o-campo-e-a-cidade-cantos-do-sabia\/","name":"Diálogo entre o Campo e a Cidade | Cantos do Sabiá - Centro de Desenvolvimento Agroecológico Sabiá","isPartOf":{"@id":"https:\/\/centrosabia.org.br\/en\/#website"},"primaryImageOfPage":{"@id":"https:\/\/centrosabia.org.br\/en\/audio\/dialogo-entre-o-campo-e-a-cidade-cantos-do-sabia\/#primaryimage"},"image":{"@id":"https:\/\/centrosabia.org.br\/en\/audio\/dialogo-entre-o-campo-e-a-cidade-cantos-do-sabia\/#primaryimage"},"thumbnailUrl":"https:\/\/centrosabia.org.br\/wp-content\/uploads\/2020\/01\/Dialogo-entre-o-Campo-e-a-Cidade.png","datePublished":"2020-01-27T03:00:00+00:00","dateModified":"2024-08-07T17:02:30+00:00","breadcrumb":{"@id":"https:\/\/centrosabia.org.br\/en\/audio\/dialogo-entre-o-campo-e-a-cidade-cantos-do-sabia\/#breadcrumb"},"inLanguage":"en-US","potentialAction":[{"@type":"ReadAction","target":["https:\/\/centrosabia.org.br\/en\/audio\/dialogo-entre-o-campo-e-a-cidade-cantos-do-sabia\/"]}]},{"@type":"ImageObject","inLanguage":"en-US","@id":"https:\/\/centrosabia.org.br\/en\/audio\/dialogo-entre-o-campo-e-a-cidade-cantos-do-sabia\/#primaryimage","url":"https:\/\/centrosabia.org.br\/wp-content\/uploads\/2020\/01\/Dialogo-entre-o-Campo-e-a-Cidade.png","contentUrl":"https:\/\/centrosabia.org.br\/wp-content\/uploads\/2020\/01\/Dialogo-entre-o-Campo-e-a-Cidade.png","width":512,"height":288},{"@type":"BreadcrumbList","@id":"https:\/\/centrosabia.org.br\/en\/audio\/dialogo-entre-o-campo-e-a-cidade-cantos-do-sabia\/#breadcrumb","itemListElement":[{"@type":"ListItem","position":1,"name":"Início","item":"https:\/\/centrosabia.org.br\/en\/"},{"@type":"ListItem","position":2,"name":"Áudios","item":"https:\/\/centrosabia.org.br\/en\/audio\/"},{"@type":"ListItem","position":3,"name":"Diálogo entre o Campo e a Cidade | Cantos do Sabiá"}]},{"@type":"WebSite","@id":"https:\/\/centrosabia.org.br\/en\/#website","url":"https:\/\/centrosabia.org.br\/en\/","name":"Centro de Desenvolvimento Agroecológico Sabiá","description":"","publisher":{"@id":"https:\/\/centrosabia.org.br\/en\/#organization"},"potentialAction":[{"@type":"SearchAction","target":{"@type":"EntryPoint","urlTemplate":"https:\/\/centrosabia.org.br\/en\/?s={search_term_string}"},"query-input":{"@type":"PropertyValueSpecification","valueRequired":true,"valueName":"search_term_string"}}],"inLanguage":"en-US"},{"@type":"Organization","@id":"https:\/\/centrosabia.org.br\/en\/#organization","name":"Centro de Desenvolvimento Agroecológico Sabiá","url":"https:\/\/centrosabia.org.br\/en\/","logo":{"@type":"ImageObject","inLanguage":"en-US","@id":"https:\/\/centrosabia.org.br\/en\/#\/schema\/logo\/image\/","url":"https:\/\/centrosabia.org.br\/wp-content\/uploads\/2021\/10\/logo.png","contentUrl":"https:\/\/centrosabia.org.br\/wp-content\/uploads\/2021\/10\/logo.png","width":174,"height":84,"caption":"Centro de Desenvolvimento Agroecológico Sabiá"},"image":{"@id":"https:\/\/centrosabia.org.br\/en\/#\/schema\/logo\/image\/"}}]}</script>
<!-- / Yoast SEO plugin. -->

Diálogo entre o Campo e a Cidade | Cantos do Sabiá - Centro de Desenvolvimento Agroecológico Sabiá

Centro de Desenvolvimento Agroecológico Sabiá

Início

Áudios
