{"id":17839,"date":"2023-09-25T17:18:01","date_gmt":"2023-09-25T17:18:01","guid":{"rendered":"https:\/\/centrosabia.org.br\/video\/retomada-do-programa-de-cisternas-07-09-2023-programa-pernambuco-hoje-tv-pernambuco\/"},"modified":"2024-10-18T16:39:10","modified_gmt":"2024-10-18T19:39:10","slug":"retomada-do-programa-de-cisternas-07-09-2023-programa-pernambuco-hoje-tv-pernambuco","status":"publish","type":"video","link":"https:\/\/centrosabia.org.br\/en\/video\/retomada-do-programa-de-cisternas-07-09-2023-programa-pernambuco-hoje-tv-pernambuco\/","title":{"rendered":"Retomada do Programa Cisternas"},"content":{"rendered":"<p>\u00a0Reportagem destaca a import\u00e2ncia da iniciativa para a seguran\u00e7a h\u00eddrica na regi\u00e3o semi\u00e1rida<\/p>\n\n\n<p><\/p>\n","protected":false},"featured_media":23040,"template":"","meta":{"_acf_changed":false,"ano":2023},"tema":[2538,2554,2509],"decada":[2502],"curadoria":[],"class_list":["post-17839","video","type-video","status-publish","has-post-thumbnail","hentry","tema-agua","tema-cisternas","tema-politica","decada-2502"],"blocksy_meta":[],"acf":[],"yoast_head":"<!-- This site is optimized with the Yoast SEO plugin v27.4 - https:\/\/yoast.com\/product\/yoast-seo-wordpress\/ -->\n<title>Retomada do Programa Cisternas - Centro de Desenvolvimento Agroecol\u00f3gico Sabi\u00e1<\/title>\n<meta name=\"robots\" content=\"index, follow, max-snippet:-1, max-image-preview:large, max-video-preview:-1\" \/>\n<link rel=\"canonical\" href=\"https:\/\/centrosabia.org.br\/en\/video\/retomada-do-programa-de-cisternas-07-09-2023-programa-pernambuco-hoje-tv-pernambuco\/\" \/>\n<meta property=\"og:locale\" content=\"en_US\" \/>\n<meta property=\"og:type\" content=\"article\" \/>\n<meta property=\"og:title\" content=\"Retomada do Programa Cisternas - Centro de Desenvolvimento Agroecol\u00f3gico Sabi\u00e1\" \/>\n<meta property=\"og:url\" content=\"https:\/\/centrosabia.org.br\/en\/video\/retomada-do-programa-de-cisternas-07-09-2023-programa-pernambuco-hoje-tv-pernambuco\/\" \/>\n<meta property=\"og:site_name\" content=\"Centro de Desenvolvimento Agroecol\u00f3gico Sabi\u00e1\" \/>\n<meta property=\"article:modified_time\" content=\"2024-10-18T19:39:10+00:00\" \/>\n<meta property=\"og:image\" content=\"https:\/\/centrosabia.org.br\/wp-content\/uploads\/2023\/09\/THUMB_Retomada-do-Programa-de-Cisternas-300x169.png\" \/>\n\t<meta property=\"og:image:width\" content=\"300\" \/>\n\t<meta property=\"og:image:height\" content=\"169\" \/>\n\t<meta property=\"og:image:type\" content=\"image\/png\" \/>\n<meta name=\"twitter:card\" content=\"summary_large_image\" \/>\n<meta name=\"twitter:label1\" content=\"Est. reading time\" \/>\n\t<meta name=\"twitter:data1\" content=\"1 minute\" \/>\n<script type=\"application\/ld+json\" class=\"yoast-schema-graph\">{\"@context\":\"https:\\\/\\\/schema.org\",\"@graph\":[{\"@type\":\"WebPage\",\"@id\":\"https:\\\/\\\/centrosabia.org.br\\\/en\\\/video\\\/retomada-do-programa-de-cisternas-07-09-2023-programa-pernambuco-hoje-tv-pernambuco\\\/\",\"url\":\"https:\\\/\\\/centrosabia.org.br\\\/en\\\/video\\\/retomada-do-programa-de-cisternas-07-09-2023-programa-pernambuco-hoje-tv-pernambuco\\\/\",\"name\":\"Retomada do Programa Cisternas - Centro de Desenvolvimento Agroecol\u00f3gico Sabi\u00e1\",\"isPartOf\":{\"@id\":\"https:\\\/\\\/centrosabia.org.br\\\/en\\\/#website\"},\"primaryImageOfPage\":{\"@id\":\"https:\\\/\\\/centrosabia.org.br\\\/en\\\/video\\\/retomada-do-programa-de-cisternas-07-09-2023-programa-pernambuco-hoje-tv-pernambuco\\\/#primaryimage\"},\"image\":{\"@id\":\"https:\\\/\\\/centrosabia.org.br\\\/en\\\/video\\\/retomada-do-programa-de-cisternas-07-09-2023-programa-pernambuco-hoje-tv-pernambuco\\\/#primaryimage\"},\"thumbnailUrl\":\"https:\\\/\\\/centrosabia.org.br\\\/wp-content\\\/uploads\\\/2023\\\/09\\\/THUMB_Retomada-do-Programa-de-Cisternas.png\",\"datePublished\":\"2023-09-25T17:18:01+00:00\",\"dateModified\":\"2024-10-18T19:39:10+00:00\",\"breadcrumb\":{\"@id\":\"https:\\\/\\\/centrosabia.org.br\\\/en\\\/video\\\/retomada-do-programa-de-cisternas-07-09-2023-programa-pernambuco-hoje-tv-pernambuco\\\/#breadcrumb\"},\"inLanguage\":\"en-US\",\"potentialAction\":[{\"@type\":\"ReadAction\",\"target\":[\"https:\\\/\\\/centrosabia.org.br\\\/en\\\/video\\\/retomada-do-programa-de-cisternas-07-09-2023-programa-pernambuco-hoje-tv-pernambuco\\\/\"]}]},{\"@type\":\"ImageObject\",\"inLanguage\":\"en-US\",\"@id\":\"https:\\\/\\\/centrosabia.org.br\\\/en\\\/video\\\/retomada-do-programa-de-cisternas-07-09-2023-programa-pernambuco-hoje-tv-pernambuco\\\/#primaryimage\",\"url\":\"https:\\\/\\\/centrosabia.org.br\\\/wp-content\\\/uploads\\\/2023\\\/09\\\/THUMB_Retomada-do-Programa-de-Cisternas.png\",\"contentUrl\":\"https:\\\/\\\/centrosabia.org.br\\\/wp-content\\\/uploads\\\/2023\\\/09\\\/THUMB_Retomada-do-Programa-de-Cisternas.png\",\"width\":512,\"height\":288},{\"@type\":\"BreadcrumbList\",\"@id\":\"https:\\\/\\\/centrosabia.org.br\\\/en\\\/video\\\/retomada-do-programa-de-cisternas-07-09-2023-programa-pernambuco-hoje-tv-pernambuco\\\/#breadcrumb\",\"itemListElement\":[{\"@type\":\"ListItem\",\"position\":1,\"name\":\"In\u00edcio\",\"item\":\"https:\\\/\\\/centrosabia.org.br\\\/en\\\/\"},{\"@type\":\"ListItem\",\"position\":2,\"name\":\"V\u00eddeos\",\"item\":\"https:\\\/\\\/centrosabia.org.br\\\/en\\\/video\\\/\"},{\"@type\":\"ListItem\",\"position\":3,\"name\":\"Retomada do Programa Cisternas\"}]},{\"@type\":\"WebSite\",\"@id\":\"https:\\\/\\\/centrosabia.org.br\\\/en\\\/#website\",\"url\":\"https:\\\/\\\/centrosabia.org.br\\\/en\\\/\",\"name\":\"Centro de Desenvolvimento Agroecol\u00f3gico Sabi\u00e1\",\"description\":\"\",\"publisher\":{\"@id\":\"https:\\\/\\\/centrosabia.org.br\\\/en\\\/#organization\"},\"potentialAction\":[{\"@type\":\"SearchAction\",\"target\":{\"@type\":\"EntryPoint\",\"urlTemplate\":\"https:\\\/\\\/centrosabia.org.br\\\/en\\\/?s={search_term_string}\"},\"query-input\":{\"@type\":\"PropertyValueSpecification\",\"valueRequired\":true,\"valueName\":\"search_term_string\"}}],\"inLanguage\":\"en-US\"},{\"@type\":\"Organization\",\"@id\":\"https:\\\/\\\/centrosabia.org.br\\\/en\\\/#organization\",\"name\":\"Centro de Desenvolvimento Agroecol\u00f3gico Sabi\u00e1\",\"url\":\"https:\\\/\\\/centrosabia.org.br\\\/en\\\/\",\"logo\":{\"@type\":\"ImageObject\",\"inLanguage\":\"en-US\",\"@id\":\"https:\\\/\\\/centrosabia.org.br\\\/en\\\/#\\\/schema\\\/logo\\\/image\\\/\",\"url\":\"https:\\\/\\\/centrosabia.org.br\\\/wp-content\\\/uploads\\\/2021\\\/10\\\/logo.png\",\"contentUrl\":\"https:\\\/\\\/centrosabia.org.br\\\/wp-content\\\/uploads\\\/2021\\\/10\\\/logo.png\",\"width\":174,\"height\":84,\"caption\":\"Centro de Desenvolvimento Agroecol\u00f3gico Sabi\u00e1\"},\"image\":{\"@id\":\"https:\\\/\\\/centrosabia.org.br\\\/en\\\/#\\\/schema\\\/logo\\\/image\\\/\"}}]}<\/script>\n<!-- \/ Yoast SEO plugin. -->","yoast_head_json":{"title":"Retomada do Programa Cisternas - Centro de Desenvolvimento Agroecol\u00f3gico Sabi\u00e1","robots":{"index":"index","follow":"follow","max-snippet":"max-snippet:-1","max-image-preview":"max-image-preview:large","max-video-preview":"max-video-preview:-1"},"canonical":"https:\/\/centrosabia.org.br\/en\/video\/retomada-do-programa-de-cisternas-07-09-2023-programa-pernambuco-hoje-tv-pernambuco\/","og_locale":"en_US","og_type":"article","og_title":"Retomada do Programa Cisternas - Centro de Desenvolvimento Agroecol\u00f3gico Sabi\u00e1","og_url":"https:\/\/centrosabia.org.br\/en\/video\/retomada-do-programa-de-cisternas-07-09-2023-programa-pernambuco-hoje-tv-pernambuco\/","og_site_name":"Centro de Desenvolvimento Agroecol\u00f3gico Sabi\u00e1","article_modified_time":"2024-10-18T19:39:10+00:00","og_image":[{"width":300,"height":169,"url":"https:\/\/centrosabia.org.br\/wp-content\/uploads\/2023\/09\/THUMB_Retomada-do-Programa-de-Cisternas-300x169.png","type":"image\/png"}],"twitter_card":"summary_large_image","twitter_misc":{"Est. reading time":"1 minute"},"schema":{"@context":"https:\/\/schema.org","@graph":[{"@type":"WebPage","@id":"https:\/\/centrosabia.org.br\/en\/video\/retomada-do-programa-de-cisternas-07-09-2023-programa-pernambuco-hoje-tv-pernambuco\/","url":"https:\/\/centrosabia.org.br\/en\/video\/retomada-do-programa-de-cisternas-07-09-2023-programa-pernambuco-hoje-tv-pernambuco\/","name":"Retomada do Programa Cisternas - Centro de Desenvolvimento Agroecol\u00f3gico Sabi\u00e1","isPartOf":{"@id":"https:\/\/centrosabia.org.br\/en\/#website"},"primaryImageOfPage":{"@id":"https:\/\/centrosabia.org.br\/en\/video\/retomada-do-programa-de-cisternas-07-09-2023-programa-pernambuco-hoje-tv-pernambuco\/#primaryimage"},"image":{"@id":"https:\/\/centrosabia.org.br\/en\/video\/retomada-do-programa-de-cisternas-07-09-2023-programa-pernambuco-hoje-tv-pernambuco\/#primaryimage"},"thumbnailUrl":"https:\/\/centrosabia.org.br\/wp-content\/uploads\/2023\/09\/THUMB_Retomada-do-Programa-de-Cisternas.png","datePublished":"2023-09-25T17:18:01+00:00","dateModified":"2024-10-18T19:39:10+00:00","breadcrumb":{"@id":"https:\/\/centrosabia.org.br\/en\/video\/retomada-do-programa-de-cisternas-07-09-2023-programa-pernambuco-hoje-tv-pernambuco\/#breadcrumb"},"inLanguage":"en-US","potentialAction":[{"@type":"ReadAction","target":["https:\/\/centrosabia.org.br\/en\/video\/retomada-do-programa-de-cisternas-07-09-2023-programa-pernambuco-hoje-tv-pernambuco\/"]}]},{"@type":"ImageObject","inLanguage":"en-US","@id":"https:\/\/centrosabia.org.br\/en\/video\/retomada-do-programa-de-cisternas-07-09-2023-programa-pernambuco-hoje-tv-pernambuco\/#primaryimage","url":"https:\/\/centrosabia.org.br\/wp-content\/uploads\/2023\/09\/THUMB_Retomada-do-Programa-de-Cisternas.png","contentUrl":"https:\/\/centrosabia.org.br\/wp-content\/uploads\/2023\/09\/THUMB_Retomada-do-Programa-de-Cisternas.png","width":512,"height":288},{"@type":"BreadcrumbList","@id":"https:\/\/centrosabia.org.br\/en\/video\/retomada-do-programa-de-cisternas-07-09-2023-programa-pernambuco-hoje-tv-pernambuco\/#breadcrumb","itemListElement":[{"@type":"ListItem","position":1,"name":"In\u00edcio","item":"https:\/\/centrosabia.org.br\/en\/"},{"@type":"ListItem","position":2,"name":"V\u00eddeos","item":"https:\/\/centrosabia.org.br\/en\/video\/"},{"@type":"ListItem","position":3,"name":"Retomada do Programa Cisternas"}]},{"@type":"WebSite","@id":"https:\/\/centrosabia.org.br\/en\/#website","url":"https:\/\/centrosabia.org.br\/en\/","name":"Centro de Desenvolvimento Agroecol\u00f3gico Sabi\u00e1","description":"","publisher":{"@id":"https:\/\/centrosabia.org.br\/en\/#organization"},"potentialAction":[{"@type":"SearchAction","target":{"@type":"EntryPoint","urlTemplate":"https:\/\/centrosabia.org.br\/en\/?s={search_term_string}"},"query-input":{"@type":"PropertyValueSpecification","valueRequired":true,"valueName":"search_term_string"}}],"inLanguage":"en-US"},{"@type":"Organization","@id":"https:\/\/centrosabia.org.br\/en\/#organization","name":"Centro de Desenvolvimento Agroecol\u00f3gico Sabi\u00e1","url":"https:\/\/centrosabia.org.br\/en\/","logo":{"@type":"ImageObject","inLanguage":"en-US","@id":"https:\/\/centrosabia.org.br\/en\/#\/schema\/logo\/image\/","url":"https:\/\/centrosabia.org.br\/wp-content\/uploads\/2021\/10\/logo.png","contentUrl":"https:\/\/centrosabia.org.br\/wp-content\/uploads\/2021\/10\/logo.png","width":174,"height":84,"caption":"Centro de Desenvolvimento Agroecol\u00f3gico Sabi\u00e1"},"image":{"@id":"https:\/\/centrosabia.org.br\/en\/#\/schema\/logo\/image\/"}}]}},"_links":{"self":[{"href":"https:\/\/centrosabia.org.br\/en\/wp-json\/wp\/v2\/video\/17839","targetHints":{"allow":["GET"]}}],"collection":[{"href":"https:\/\/centrosabia.org.br\/en\/wp-json\/wp\/v2\/video"}],"about":[{"href":"https:\/\/centrosabia.org.br\/en\/wp-json\/wp\/v2\/types\/video"}],"wp:featuredmedia":[{"embeddable":true,"href":"https:\/\/centrosabia.org.br\/en\/wp-json\/wp\/v2\/media\/23040"}],"wp:attachment":[{"href":"https:\/\/centrosabia.org.br\/en\/wp-json\/wp\/v2\/media?parent=17839"}],"wp:term":[{"taxonomy":"tema","embeddable":true,"href":"https:\/\/centrosabia.org.br\/en\/wp-json\/wp\/v2\/tema?post=17839"},{"taxonomy":"decada","embeddable":true,"href":"https:\/\/centrosabia.org.br\/en\/wp-json\/wp\/v2\/decada?post=17839"},{"taxonomy":"curadoria","embeddable":true,"href":"https:\/\/centrosabia.org.br\/en\/wp-json\/wp\/v2\/curadoria?post=17839"}],"curies":[{"name":"wp","href":"https:\/\/api.w.org\/{rel}","templated":true}]}}

<p> Reportagem destaca a importância da iniciativa para a segurança hídrica na região semiárida</p>


<p></p>

<!-- This site is optimized with the Yoast SEO plugin v27.4 - https://yoast.com/product/yoast-seo-wordpress/ -->
<title>Retomada do Programa Cisternas - Centro de Desenvolvimento Agroecológico Sabiá</title>
<meta name="robots" content="index, follow, max-snippet:-1, max-image-preview:large, max-video-preview:-1" />
<link rel="canonical" href="https://centrosabia.org.br/en/video/retomada-do-programa-de-cisternas-07-09-2023-programa-pernambuco-hoje-tv-pernambuco/" />
<meta property="og:locale" content="en_US" />
<meta property="og:type" content="article" />
<meta property="og:title" content="Retomada do Programa Cisternas - Centro de Desenvolvimento Agroecológico Sabiá" />
<meta property="og:url" content="https://centrosabia.org.br/en/video/retomada-do-programa-de-cisternas-07-09-2023-programa-pernambuco-hoje-tv-pernambuco/" />
<meta property="og:site_name" content="Centro de Desenvolvimento Agroecológico Sabiá" />
<meta property="article:modified_time" content="2024-10-18T19:39:10+00:00" />
<meta property="og:image" content="https://centrosabia.org.br/wp-content/uploads/2023/09/THUMB_Retomada-do-Programa-de-Cisternas-300x169.png" />
	<meta property="og:image:width" content="300" />
	<meta property="og:image:height" content="169" />
	<meta property="og:image:type" content="image/png" />
<meta name="twitter:card" content="summary_large_image" />
<meta name="twitter:label1" content="Est. reading time" />
	<meta name="twitter:data1" content="1 minute" />
<script type="application/ld+json" class="yoast-schema-graph">{"@context":"https:\/\/schema.org","@graph":[{"@type":"WebPage","@id":"https:\/\/centrosabia.org.br\/en\/video\/retomada-do-programa-de-cisternas-07-09-2023-programa-pernambuco-hoje-tv-pernambuco\/","url":"https:\/\/centrosabia.org.br\/en\/video\/retomada-do-programa-de-cisternas-07-09-2023-programa-pernambuco-hoje-tv-pernambuco\/","name":"Retomada do Programa Cisternas - Centro de Desenvolvimento Agroecológico Sabiá","isPartOf":{"@id":"https:\/\/centrosabia.org.br\/en\/#website"},"primaryImageOfPage":{"@id":"https:\/\/centrosabia.org.br\/en\/video\/retomada-do-programa-de-cisternas-07-09-2023-programa-pernambuco-hoje-tv-pernambuco\/#primaryimage"},"image":{"@id":"https:\/\/centrosabia.org.br\/en\/video\/retomada-do-programa-de-cisternas-07-09-2023-programa-pernambuco-hoje-tv-pernambuco\/#primaryimage"},"thumbnailUrl":"https:\/\/centrosabia.org.br\/wp-content\/uploads\/2023\/09\/THUMB_Retomada-do-Programa-de-Cisternas.png","datePublished":"2023-09-25T17:18:01+00:00","dateModified":"2024-10-18T19:39:10+00:00","breadcrumb":{"@id":"https:\/\/centrosabia.org.br\/en\/video\/retomada-do-programa-de-cisternas-07-09-2023-programa-pernambuco-hoje-tv-pernambuco\/#breadcrumb"},"inLanguage":"en-US","potentialAction":[{"@type":"ReadAction","target":["https:\/\/centrosabia.org.br\/en\/video\/retomada-do-programa-de-cisternas-07-09-2023-programa-pernambuco-hoje-tv-pernambuco\/"]}]},{"@type":"ImageObject","inLanguage":"en-US","@id":"https:\/\/centrosabia.org.br\/en\/video\/retomada-do-programa-de-cisternas-07-09-2023-programa-pernambuco-hoje-tv-pernambuco\/#primaryimage","url":"https:\/\/centrosabia.org.br\/wp-content\/uploads\/2023\/09\/THUMB_Retomada-do-Programa-de-Cisternas.png","contentUrl":"https:\/\/centrosabia.org.br\/wp-content\/uploads\/2023\/09\/THUMB_Retomada-do-Programa-de-Cisternas.png","width":512,"height":288},{"@type":"BreadcrumbList","@id":"https:\/\/centrosabia.org.br\/en\/video\/retomada-do-programa-de-cisternas-07-09-2023-programa-pernambuco-hoje-tv-pernambuco\/#breadcrumb","itemListElement":[{"@type":"ListItem","position":1,"name":"Início","item":"https:\/\/centrosabia.org.br\/en\/"},{"@type":"ListItem","position":2,"name":"Vídeos","item":"https:\/\/centrosabia.org.br\/en\/video\/"},{"@type":"ListItem","position":3,"name":"Retomada do Programa Cisternas"}]},{"@type":"WebSite","@id":"https:\/\/centrosabia.org.br\/en\/#website","url":"https:\/\/centrosabia.org.br\/en\/","name":"Centro de Desenvolvimento Agroecológico Sabiá","description":"","publisher":{"@id":"https:\/\/centrosabia.org.br\/en\/#organization"},"potentialAction":[{"@type":"SearchAction","target":{"@type":"EntryPoint","urlTemplate":"https:\/\/centrosabia.org.br\/en\/?s={search_term_string}"},"query-input":{"@type":"PropertyValueSpecification","valueRequired":true,"valueName":"search_term_string"}}],"inLanguage":"en-US"},{"@type":"Organization","@id":"https:\/\/centrosabia.org.br\/en\/#organization","name":"Centro de Desenvolvimento Agroecológico Sabiá","url":"https:\/\/centrosabia.org.br\/en\/","logo":{"@type":"ImageObject","inLanguage":"en-US","@id":"https:\/\/centrosabia.org.br\/en\/#\/schema\/logo\/image\/","url":"https:\/\/centrosabia.org.br\/wp-content\/uploads\/2021\/10\/logo.png","contentUrl":"https:\/\/centrosabia.org.br\/wp-content\/uploads\/2021\/10\/logo.png","width":174,"height":84,"caption":"Centro de Desenvolvimento Agroecológico Sabiá"},"image":{"@id":"https:\/\/centrosabia.org.br\/en\/#\/schema\/logo\/image\/"}}]}</script>
<!-- / Yoast SEO plugin. -->

Retomada do Programa Cisternas - Centro de Desenvolvimento Agroecológico Sabiá

Centro de Desenvolvimento Agroecológico Sabiá

Início

Vídeos
