{"id":17923,"date":"2023-06-17T12:00:43","date_gmt":"2023-06-17T12:00:43","guid":{"rendered":"https:\/\/centrosabia.org.br\/video\/de-onde-vem-a-energia-para-assar-o-seu-pao-salveacaatinga-naoaodesmatamento\/"},"modified":"2025-12-19T14:28:48","modified_gmt":"2025-12-19T17:28:48","slug":"de-onde-vem-a-energia-para-assar-o-seu-pao-salveacaatinga-naoaodesmatamento","status":"publish","type":"video","link":"https:\/\/centrosabia.org.br\/en\/video\/de-onde-vem-a-energia-para-assar-o-seu-pao-salveacaatinga-naoaodesmatamento\/","title":{"rendered":"De onde vem a energia para assar o seu p\u00e3o?"},"content":{"rendered":"\n\n\n<p>Desertifica\u00e7\u00e3o amea\u00e7a a Caatinga; campanha refor\u00e7a luta contra desmate e por restaura\u00e7\u00e3o<\/p>\n\n\n\n<p><\/p>\n","protected":false},"featured_media":18332,"template":"","meta":{"_acf_changed":false,"ano":2023},"tema":[2659,2560,2535],"decada":[2502],"curadoria":[],"class_list":["post-17923","video","type-video","status-publish","has-post-thumbnail","hentry","tema-bioma-caatinga","tema-combate-a-desertificacao","tema-convivencia-com-semiarido","decada-2502"],"blocksy_meta":[],"acf":[],"yoast_head":"<!-- This site is optimized with the Yoast SEO plugin v27.4 - https:\/\/yoast.com\/product\/yoast-seo-wordpress\/ -->\n<title>De onde vem a energia para assar o seu p\u00e3o? - Centro de Desenvolvimento Agroecol\u00f3gico Sabi\u00e1<\/title>\n<meta name=\"robots\" content=\"index, follow, max-snippet:-1, max-image-preview:large, max-video-preview:-1\" \/>\n<link rel=\"canonical\" href=\"https:\/\/centrosabia.org.br\/en\/video\/de-onde-vem-a-energia-para-assar-o-seu-pao-salveacaatinga-naoaodesmatamento\/\" \/>\n<meta property=\"og:locale\" content=\"en_US\" \/>\n<meta property=\"og:type\" content=\"article\" \/>\n<meta property=\"og:title\" content=\"De onde vem a energia para assar o seu p\u00e3o? - Centro de Desenvolvimento Agroecol\u00f3gico Sabi\u00e1\" \/>\n<meta property=\"og:url\" content=\"https:\/\/centrosabia.org.br\/en\/video\/de-onde-vem-a-energia-para-assar-o-seu-pao-salveacaatinga-naoaodesmatamento\/\" \/>\n<meta property=\"og:site_name\" content=\"Centro de Desenvolvimento Agroecol\u00f3gico Sabi\u00e1\" \/>\n<meta property=\"article:modified_time\" content=\"2025-12-19T17:28:48+00:00\" \/>\n<meta property=\"og:image\" content=\"https:\/\/centrosabia.org.br\/wp-content\/uploads\/2024\/04\/de-onde-vem-a-energia-para-assar-o-seu-pao-salveacaatinga-naoaodesmatamento-300x169.jpg\" \/>\n\t<meta property=\"og:image:width\" content=\"300\" \/>\n\t<meta property=\"og:image:height\" content=\"169\" \/>\n\t<meta property=\"og:image:type\" content=\"image\/jpeg\" \/>\n<meta name=\"twitter:card\" content=\"summary_large_image\" \/>\n<meta name=\"twitter:label1\" content=\"Est. reading time\" \/>\n\t<meta name=\"twitter:data1\" content=\"1 minute\" \/>\n<script type=\"application\/ld+json\" class=\"yoast-schema-graph\">{\"@context\":\"https:\\\/\\\/schema.org\",\"@graph\":[{\"@type\":\"WebPage\",\"@id\":\"https:\\\/\\\/centrosabia.org.br\\\/en\\\/video\\\/de-onde-vem-a-energia-para-assar-o-seu-pao-salveacaatinga-naoaodesmatamento\\\/\",\"url\":\"https:\\\/\\\/centrosabia.org.br\\\/en\\\/video\\\/de-onde-vem-a-energia-para-assar-o-seu-pao-salveacaatinga-naoaodesmatamento\\\/\",\"name\":\"De onde vem a energia para assar o seu p\u00e3o? - Centro de Desenvolvimento Agroecol\u00f3gico Sabi\u00e1\",\"isPartOf\":{\"@id\":\"https:\\\/\\\/centrosabia.org.br\\\/en\\\/#website\"},\"primaryImageOfPage\":{\"@id\":\"https:\\\/\\\/centrosabia.org.br\\\/en\\\/video\\\/de-onde-vem-a-energia-para-assar-o-seu-pao-salveacaatinga-naoaodesmatamento\\\/#primaryimage\"},\"image\":{\"@id\":\"https:\\\/\\\/centrosabia.org.br\\\/en\\\/video\\\/de-onde-vem-a-energia-para-assar-o-seu-pao-salveacaatinga-naoaodesmatamento\\\/#primaryimage\"},\"thumbnailUrl\":\"https:\\\/\\\/centrosabia.org.br\\\/wp-content\\\/uploads\\\/2024\\\/04\\\/de-onde-vem-a-energia-para-assar-o-seu-pao-salveacaatinga-naoaodesmatamento.jpg\",\"datePublished\":\"2023-06-17T12:00:43+00:00\",\"dateModified\":\"2025-12-19T17:28:48+00:00\",\"breadcrumb\":{\"@id\":\"https:\\\/\\\/centrosabia.org.br\\\/en\\\/video\\\/de-onde-vem-a-energia-para-assar-o-seu-pao-salveacaatinga-naoaodesmatamento\\\/#breadcrumb\"},\"inLanguage\":\"en-US\",\"potentialAction\":[{\"@type\":\"ReadAction\",\"target\":[\"https:\\\/\\\/centrosabia.org.br\\\/en\\\/video\\\/de-onde-vem-a-energia-para-assar-o-seu-pao-salveacaatinga-naoaodesmatamento\\\/\"]}]},{\"@type\":\"ImageObject\",\"inLanguage\":\"en-US\",\"@id\":\"https:\\\/\\\/centrosabia.org.br\\\/en\\\/video\\\/de-onde-vem-a-energia-para-assar-o-seu-pao-salveacaatinga-naoaodesmatamento\\\/#primaryimage\",\"url\":\"https:\\\/\\\/centrosabia.org.br\\\/wp-content\\\/uploads\\\/2024\\\/04\\\/de-onde-vem-a-energia-para-assar-o-seu-pao-salveacaatinga-naoaodesmatamento.jpg\",\"contentUrl\":\"https:\\\/\\\/centrosabia.org.br\\\/wp-content\\\/uploads\\\/2024\\\/04\\\/de-onde-vem-a-energia-para-assar-o-seu-pao-salveacaatinga-naoaodesmatamento.jpg\",\"width\":1280,\"height\":720},{\"@type\":\"BreadcrumbList\",\"@id\":\"https:\\\/\\\/centrosabia.org.br\\\/en\\\/video\\\/de-onde-vem-a-energia-para-assar-o-seu-pao-salveacaatinga-naoaodesmatamento\\\/#breadcrumb\",\"itemListElement\":[{\"@type\":\"ListItem\",\"position\":1,\"name\":\"In\u00edcio\",\"item\":\"https:\\\/\\\/centrosabia.org.br\\\/en\\\/\"},{\"@type\":\"ListItem\",\"position\":2,\"name\":\"V\u00eddeos\",\"item\":\"https:\\\/\\\/centrosabia.org.br\\\/en\\\/video\\\/\"},{\"@type\":\"ListItem\",\"position\":3,\"name\":\"De onde vem a energia para assar o seu p\u00e3o?\"}]},{\"@type\":\"WebSite\",\"@id\":\"https:\\\/\\\/centrosabia.org.br\\\/en\\\/#website\",\"url\":\"https:\\\/\\\/centrosabia.org.br\\\/en\\\/\",\"name\":\"Centro de Desenvolvimento Agroecol\u00f3gico Sabi\u00e1\",\"description\":\"\",\"publisher\":{\"@id\":\"https:\\\/\\\/centrosabia.org.br\\\/en\\\/#organization\"},\"potentialAction\":[{\"@type\":\"SearchAction\",\"target\":{\"@type\":\"EntryPoint\",\"urlTemplate\":\"https:\\\/\\\/centrosabia.org.br\\\/en\\\/?s={search_term_string}\"},\"query-input\":{\"@type\":\"PropertyValueSpecification\",\"valueRequired\":true,\"valueName\":\"search_term_string\"}}],\"inLanguage\":\"en-US\"},{\"@type\":\"Organization\",\"@id\":\"https:\\\/\\\/centrosabia.org.br\\\/en\\\/#organization\",\"name\":\"Centro de Desenvolvimento Agroecol\u00f3gico Sabi\u00e1\",\"url\":\"https:\\\/\\\/centrosabia.org.br\\\/en\\\/\",\"logo\":{\"@type\":\"ImageObject\",\"inLanguage\":\"en-US\",\"@id\":\"https:\\\/\\\/centrosabia.org.br\\\/en\\\/#\\\/schema\\\/logo\\\/image\\\/\",\"url\":\"https:\\\/\\\/centrosabia.org.br\\\/wp-content\\\/uploads\\\/2021\\\/10\\\/logo.png\",\"contentUrl\":\"https:\\\/\\\/centrosabia.org.br\\\/wp-content\\\/uploads\\\/2021\\\/10\\\/logo.png\",\"width\":174,\"height\":84,\"caption\":\"Centro de Desenvolvimento Agroecol\u00f3gico Sabi\u00e1\"},\"image\":{\"@id\":\"https:\\\/\\\/centrosabia.org.br\\\/en\\\/#\\\/schema\\\/logo\\\/image\\\/\"}}]}<\/script>\n<!-- \/ Yoast SEO plugin. -->","yoast_head_json":{"title":"De onde vem a energia para assar o seu p\u00e3o? - Centro de Desenvolvimento Agroecol\u00f3gico Sabi\u00e1","robots":{"index":"index","follow":"follow","max-snippet":"max-snippet:-1","max-image-preview":"max-image-preview:large","max-video-preview":"max-video-preview:-1"},"canonical":"https:\/\/centrosabia.org.br\/en\/video\/de-onde-vem-a-energia-para-assar-o-seu-pao-salveacaatinga-naoaodesmatamento\/","og_locale":"en_US","og_type":"article","og_title":"De onde vem a energia para assar o seu p\u00e3o? - Centro de Desenvolvimento Agroecol\u00f3gico Sabi\u00e1","og_url":"https:\/\/centrosabia.org.br\/en\/video\/de-onde-vem-a-energia-para-assar-o-seu-pao-salveacaatinga-naoaodesmatamento\/","og_site_name":"Centro de Desenvolvimento Agroecol\u00f3gico Sabi\u00e1","article_modified_time":"2025-12-19T17:28:48+00:00","og_image":[{"width":300,"height":169,"url":"https:\/\/centrosabia.org.br\/wp-content\/uploads\/2024\/04\/de-onde-vem-a-energia-para-assar-o-seu-pao-salveacaatinga-naoaodesmatamento-300x169.jpg","type":"image\/jpeg"}],"twitter_card":"summary_large_image","twitter_misc":{"Est. reading time":"1 minute"},"schema":{"@context":"https:\/\/schema.org","@graph":[{"@type":"WebPage","@id":"https:\/\/centrosabia.org.br\/en\/video\/de-onde-vem-a-energia-para-assar-o-seu-pao-salveacaatinga-naoaodesmatamento\/","url":"https:\/\/centrosabia.org.br\/en\/video\/de-onde-vem-a-energia-para-assar-o-seu-pao-salveacaatinga-naoaodesmatamento\/","name":"De onde vem a energia para assar o seu p\u00e3o? - Centro de Desenvolvimento Agroecol\u00f3gico Sabi\u00e1","isPartOf":{"@id":"https:\/\/centrosabia.org.br\/en\/#website"},"primaryImageOfPage":{"@id":"https:\/\/centrosabia.org.br\/en\/video\/de-onde-vem-a-energia-para-assar-o-seu-pao-salveacaatinga-naoaodesmatamento\/#primaryimage"},"image":{"@id":"https:\/\/centrosabia.org.br\/en\/video\/de-onde-vem-a-energia-para-assar-o-seu-pao-salveacaatinga-naoaodesmatamento\/#primaryimage"},"thumbnailUrl":"https:\/\/centrosabia.org.br\/wp-content\/uploads\/2024\/04\/de-onde-vem-a-energia-para-assar-o-seu-pao-salveacaatinga-naoaodesmatamento.jpg","datePublished":"2023-06-17T12:00:43+00:00","dateModified":"2025-12-19T17:28:48+00:00","breadcrumb":{"@id":"https:\/\/centrosabia.org.br\/en\/video\/de-onde-vem-a-energia-para-assar-o-seu-pao-salveacaatinga-naoaodesmatamento\/#breadcrumb"},"inLanguage":"en-US","potentialAction":[{"@type":"ReadAction","target":["https:\/\/centrosabia.org.br\/en\/video\/de-onde-vem-a-energia-para-assar-o-seu-pao-salveacaatinga-naoaodesmatamento\/"]}]},{"@type":"ImageObject","inLanguage":"en-US","@id":"https:\/\/centrosabia.org.br\/en\/video\/de-onde-vem-a-energia-para-assar-o-seu-pao-salveacaatinga-naoaodesmatamento\/#primaryimage","url":"https:\/\/centrosabia.org.br\/wp-content\/uploads\/2024\/04\/de-onde-vem-a-energia-para-assar-o-seu-pao-salveacaatinga-naoaodesmatamento.jpg","contentUrl":"https:\/\/centrosabia.org.br\/wp-content\/uploads\/2024\/04\/de-onde-vem-a-energia-para-assar-o-seu-pao-salveacaatinga-naoaodesmatamento.jpg","width":1280,"height":720},{"@type":"BreadcrumbList","@id":"https:\/\/centrosabia.org.br\/en\/video\/de-onde-vem-a-energia-para-assar-o-seu-pao-salveacaatinga-naoaodesmatamento\/#breadcrumb","itemListElement":[{"@type":"ListItem","position":1,"name":"In\u00edcio","item":"https:\/\/centrosabia.org.br\/en\/"},{"@type":"ListItem","position":2,"name":"V\u00eddeos","item":"https:\/\/centrosabia.org.br\/en\/video\/"},{"@type":"ListItem","position":3,"name":"De onde vem a energia para assar o seu p\u00e3o?"}]},{"@type":"WebSite","@id":"https:\/\/centrosabia.org.br\/en\/#website","url":"https:\/\/centrosabia.org.br\/en\/","name":"Centro de Desenvolvimento Agroecol\u00f3gico Sabi\u00e1","description":"","publisher":{"@id":"https:\/\/centrosabia.org.br\/en\/#organization"},"potentialAction":[{"@type":"SearchAction","target":{"@type":"EntryPoint","urlTemplate":"https:\/\/centrosabia.org.br\/en\/?s={search_term_string}"},"query-input":{"@type":"PropertyValueSpecification","valueRequired":true,"valueName":"search_term_string"}}],"inLanguage":"en-US"},{"@type":"Organization","@id":"https:\/\/centrosabia.org.br\/en\/#organization","name":"Centro de Desenvolvimento Agroecol\u00f3gico Sabi\u00e1","url":"https:\/\/centrosabia.org.br\/en\/","logo":{"@type":"ImageObject","inLanguage":"en-US","@id":"https:\/\/centrosabia.org.br\/en\/#\/schema\/logo\/image\/","url":"https:\/\/centrosabia.org.br\/wp-content\/uploads\/2021\/10\/logo.png","contentUrl":"https:\/\/centrosabia.org.br\/wp-content\/uploads\/2021\/10\/logo.png","width":174,"height":84,"caption":"Centro de Desenvolvimento Agroecol\u00f3gico Sabi\u00e1"},"image":{"@id":"https:\/\/centrosabia.org.br\/en\/#\/schema\/logo\/image\/"}}]}},"_links":{"self":[{"href":"https:\/\/centrosabia.org.br\/en\/wp-json\/wp\/v2\/video\/17923","targetHints":{"allow":["GET"]}}],"collection":[{"href":"https:\/\/centrosabia.org.br\/en\/wp-json\/wp\/v2\/video"}],"about":[{"href":"https:\/\/centrosabia.org.br\/en\/wp-json\/wp\/v2\/types\/video"}],"wp:featuredmedia":[{"embeddable":true,"href":"https:\/\/centrosabia.org.br\/en\/wp-json\/wp\/v2\/media\/18332"}],"wp:attachment":[{"href":"https:\/\/centrosabia.org.br\/en\/wp-json\/wp\/v2\/media?parent=17923"}],"wp:term":[{"taxonomy":"tema","embeddable":true,"href":"https:\/\/centrosabia.org.br\/en\/wp-json\/wp\/v2\/tema?post=17923"},{"taxonomy":"decada","embeddable":true,"href":"https:\/\/centrosabia.org.br\/en\/wp-json\/wp\/v2\/decada?post=17923"},{"taxonomy":"curadoria","embeddable":true,"href":"https:\/\/centrosabia.org.br\/en\/wp-json\/wp\/v2\/curadoria?post=17923"}],"curies":[{"name":"wp","href":"https:\/\/api.w.org\/{rel}","templated":true}]}}

De onde vem a energia para assar o seu pão?

<p>Desertificação ameaça a Caatinga; campanha reforça luta contra desmate e por restauração</p>



<p></p>

<!-- This site is optimized with the Yoast SEO plugin v27.4 - https://yoast.com/product/yoast-seo-wordpress/ -->
<title>De onde vem a energia para assar o seu pão? - Centro de Desenvolvimento Agroecológico Sabiá</title>
<meta name="robots" content="index, follow, max-snippet:-1, max-image-preview:large, max-video-preview:-1" />
<link rel="canonical" href="https://centrosabia.org.br/en/video/de-onde-vem-a-energia-para-assar-o-seu-pao-salveacaatinga-naoaodesmatamento/" />
<meta property="og:locale" content="en_US" />
<meta property="og:type" content="article" />
<meta property="og:title" content="De onde vem a energia para assar o seu pão? - Centro de Desenvolvimento Agroecológico Sabiá" />
<meta property="og:url" content="https://centrosabia.org.br/en/video/de-onde-vem-a-energia-para-assar-o-seu-pao-salveacaatinga-naoaodesmatamento/" />
<meta property="og:site_name" content="Centro de Desenvolvimento Agroecológico Sabiá" />
<meta property="article:modified_time" content="2025-12-19T17:28:48+00:00" />
<meta property="og:image" content="https://centrosabia.org.br/wp-content/uploads/2024/04/de-onde-vem-a-energia-para-assar-o-seu-pao-salveacaatinga-naoaodesmatamento-300x169.jpg" />
	<meta property="og:image:width" content="300" />
	<meta property="og:image:height" content="169" />
	<meta property="og:image:type" content="image/jpeg" />
<meta name="twitter:card" content="summary_large_image" />
<meta name="twitter:label1" content="Est. reading time" />
	<meta name="twitter:data1" content="1 minute" />
<script type="application/ld+json" class="yoast-schema-graph">{"@context":"https:\/\/schema.org","@graph":[{"@type":"WebPage","@id":"https:\/\/centrosabia.org.br\/en\/video\/de-onde-vem-a-energia-para-assar-o-seu-pao-salveacaatinga-naoaodesmatamento\/","url":"https:\/\/centrosabia.org.br\/en\/video\/de-onde-vem-a-energia-para-assar-o-seu-pao-salveacaatinga-naoaodesmatamento\/","name":"De onde vem a energia para assar o seu pão? - Centro de Desenvolvimento Agroecológico Sabiá","isPartOf":{"@id":"https:\/\/centrosabia.org.br\/en\/#website"},"primaryImageOfPage":{"@id":"https:\/\/centrosabia.org.br\/en\/video\/de-onde-vem-a-energia-para-assar-o-seu-pao-salveacaatinga-naoaodesmatamento\/#primaryimage"},"image":{"@id":"https:\/\/centrosabia.org.br\/en\/video\/de-onde-vem-a-energia-para-assar-o-seu-pao-salveacaatinga-naoaodesmatamento\/#primaryimage"},"thumbnailUrl":"https:\/\/centrosabia.org.br\/wp-content\/uploads\/2024\/04\/de-onde-vem-a-energia-para-assar-o-seu-pao-salveacaatinga-naoaodesmatamento.jpg","datePublished":"2023-06-17T12:00:43+00:00","dateModified":"2025-12-19T17:28:48+00:00","breadcrumb":{"@id":"https:\/\/centrosabia.org.br\/en\/video\/de-onde-vem-a-energia-para-assar-o-seu-pao-salveacaatinga-naoaodesmatamento\/#breadcrumb"},"inLanguage":"en-US","potentialAction":[{"@type":"ReadAction","target":["https:\/\/centrosabia.org.br\/en\/video\/de-onde-vem-a-energia-para-assar-o-seu-pao-salveacaatinga-naoaodesmatamento\/"]}]},{"@type":"ImageObject","inLanguage":"en-US","@id":"https:\/\/centrosabia.org.br\/en\/video\/de-onde-vem-a-energia-para-assar-o-seu-pao-salveacaatinga-naoaodesmatamento\/#primaryimage","url":"https:\/\/centrosabia.org.br\/wp-content\/uploads\/2024\/04\/de-onde-vem-a-energia-para-assar-o-seu-pao-salveacaatinga-naoaodesmatamento.jpg","contentUrl":"https:\/\/centrosabia.org.br\/wp-content\/uploads\/2024\/04\/de-onde-vem-a-energia-para-assar-o-seu-pao-salveacaatinga-naoaodesmatamento.jpg","width":1280,"height":720},{"@type":"BreadcrumbList","@id":"https:\/\/centrosabia.org.br\/en\/video\/de-onde-vem-a-energia-para-assar-o-seu-pao-salveacaatinga-naoaodesmatamento\/#breadcrumb","itemListElement":[{"@type":"ListItem","position":1,"name":"Início","item":"https:\/\/centrosabia.org.br\/en\/"},{"@type":"ListItem","position":2,"name":"Vídeos","item":"https:\/\/centrosabia.org.br\/en\/video\/"},{"@type":"ListItem","position":3,"name":"De onde vem a energia para assar o seu pão?"}]},{"@type":"WebSite","@id":"https:\/\/centrosabia.org.br\/en\/#website","url":"https:\/\/centrosabia.org.br\/en\/","name":"Centro de Desenvolvimento Agroecológico Sabiá","description":"","publisher":{"@id":"https:\/\/centrosabia.org.br\/en\/#organization"},"potentialAction":[{"@type":"SearchAction","target":{"@type":"EntryPoint","urlTemplate":"https:\/\/centrosabia.org.br\/en\/?s={search_term_string}"},"query-input":{"@type":"PropertyValueSpecification","valueRequired":true,"valueName":"search_term_string"}}],"inLanguage":"en-US"},{"@type":"Organization","@id":"https:\/\/centrosabia.org.br\/en\/#organization","name":"Centro de Desenvolvimento Agroecológico Sabiá","url":"https:\/\/centrosabia.org.br\/en\/","logo":{"@type":"ImageObject","inLanguage":"en-US","@id":"https:\/\/centrosabia.org.br\/en\/#\/schema\/logo\/image\/","url":"https:\/\/centrosabia.org.br\/wp-content\/uploads\/2021\/10\/logo.png","contentUrl":"https:\/\/centrosabia.org.br\/wp-content\/uploads\/2021\/10\/logo.png","width":174,"height":84,"caption":"Centro de Desenvolvimento Agroecológico Sabiá"},"image":{"@id":"https:\/\/centrosabia.org.br\/en\/#\/schema\/logo\/image\/"}}]}</script>
<!-- / Yoast SEO plugin. -->

De onde vem a energia para assar o seu pão? - Centro de Desenvolvimento Agroecológico Sabiá

Centro de Desenvolvimento Agroecológico Sabiá

Início

Vídeos
