{"id":18506,"date":"2019-10-04T13:15:10","date_gmt":"2019-10-04T13:15:10","guid":{"rendered":"https:\/\/centrosabia.org.br\/video\/plantar-agua-en-tierras-de-vidas\/"},"modified":"2024-06-06T09:34:18","modified_gmt":"2024-06-06T12:34:18","slug":"plantar-agua-en-tierras-de-vidas","status":"publish","type":"video","link":"https:\/\/centrosabia.org.br\/en\/video\/plantar-agua-en-tierras-de-vidas\/","title":{"rendered":"Plantar Agua en Tierras de Vidas"},"content":{"rendered":"<p>El video &#8220;Plantar Agua en Tierras de Vidas&#8221; nos trae la experiencia del personaje Maria Diva, mujer negra \u201csertaneja\u201d, guardiana de la agrobiodiversidad, al acceder al Sistema de Reutilizaci\u00f3n de Agua Cinza (RAC). La acci\u00f3n se desarrolla en las tierras de las regiones de Araripe y Paje\u00fa de la provincia de Pernambuco, en el Nordeste del Brasil, por las organizaciones CAATINGA y CENTRO SABI\u00c1, con el apoyo de C\u00e1ritas Schweiz, como estrategia de convivencia con el Semi\u00e1rido.  En el sistema de reutilizaci\u00f3n el agua descartada despu\u00e9s de las actividades dom\u00e9sticas pasa por un filtro f\u00edsico y ya est\u00e1 lista para ser reutilizada en la producci\u00f3n, tal como en los Sistemas Agroforestales (SAFs). El cortometraje, adem\u00e1s, nos presenta el resultado del estudio realizado por la colaboraci\u00f3n entre Embrapa Semi\u00e1rido y el N\u00facleo de Estudios, Investigaciones y Pr\u00e1cticas Agroecologicas en el Semi\u00e1rido (Neppas\/UFRPE) sobre la calidad del agua del RAC. El video nos cuenta esta historia a trav\u00e9s de la t\u00e9cnica de animaci\u00f3n 2D.<\/p>\n<p>Ficha t\u00e9cnica<br \/>\nRealiza\u00e7\u00e3o: CENTRO SABI\u00c1 e CAATINGA<br \/>\nApoio: C\u00e1ritas Schweiz<br \/>\nRoteiro: Catarina de Angola, Carlos Magno Morais e Giovanne Xenofonte<br \/>\nDire\u00e7\u00e3o: Catarina de Angola, K\u00e1tia Rejane e Darliton Silva<br \/>\nIlustra\u00e7\u00e3o: Geovany Brasil<br \/>\nAnima\u00e7\u00e3o: Thiago Americo<br \/>\nEdi\u00e7\u00e3o: Pedro Elker<br \/>\nNarra\u00e7\u00e3o: Alaide R\u00e9gia<br \/>\nTrilha Sonora: Jonata Tec e J\u00falio C\u00e9zar Barbosa<\/p>\n","protected":false},"featured_media":18507,"template":"","meta":{"_acf_changed":false,"ano":2019},"tema":[2538,2554,2553],"decada":[2503],"curadoria":[],"class_list":["post-18506","video","type-video","status-publish","has-post-thumbnail","hentry","tema-agua","tema-cisternas","tema-tecnologia-social","decada-2503"],"blocksy_meta":[],"acf":[],"yoast_head":"<!-- This site is optimized with the Yoast SEO plugin v27.4 - https:\/\/yoast.com\/product\/yoast-seo-wordpress\/ -->\n<title>Plantar Agua en Tierras de Vidas - Centro de Desenvolvimento Agroecol\u00f3gico Sabi\u00e1<\/title>\n<meta name=\"robots\" content=\"index, follow, max-snippet:-1, max-image-preview:large, max-video-preview:-1\" \/>\n<link rel=\"canonical\" href=\"https:\/\/centrosabia.org.br\/en\/video\/plantar-agua-en-tierras-de-vidas\/\" \/>\n<meta property=\"og:locale\" content=\"en_US\" \/>\n<meta property=\"og:type\" content=\"article\" \/>\n<meta property=\"og:title\" content=\"Plantar Agua en Tierras de Vidas - Centro de Desenvolvimento Agroecol\u00f3gico Sabi\u00e1\" \/>\n<meta property=\"og:url\" content=\"https:\/\/centrosabia.org.br\/en\/video\/plantar-agua-en-tierras-de-vidas\/\" \/>\n<meta property=\"og:site_name\" content=\"Centro de Desenvolvimento Agroecol\u00f3gico Sabi\u00e1\" \/>\n<meta property=\"article:modified_time\" content=\"2024-06-06T12:34:18+00:00\" \/>\n<meta property=\"og:image\" content=\"https:\/\/centrosabia.org.br\/wp-content\/uploads\/2024\/04\/plantar-agua-en-tierras-de-vidas-300x169.jpg\" \/>\n\t<meta property=\"og:image:width\" content=\"300\" \/>\n\t<meta property=\"og:image:height\" content=\"169\" \/>\n\t<meta property=\"og:image:type\" content=\"image\/jpeg\" \/>\n<meta name=\"twitter:card\" content=\"summary_large_image\" \/>\n<meta name=\"twitter:label1\" content=\"Est. reading time\" \/>\n\t<meta name=\"twitter:data1\" content=\"1 minute\" \/>\n<script type=\"application\/ld+json\" class=\"yoast-schema-graph\">{\"@context\":\"https:\\\/\\\/schema.org\",\"@graph\":[{\"@type\":\"WebPage\",\"@id\":\"https:\\\/\\\/centrosabia.org.br\\\/en\\\/video\\\/plantar-agua-en-tierras-de-vidas\\\/\",\"url\":\"https:\\\/\\\/centrosabia.org.br\\\/en\\\/video\\\/plantar-agua-en-tierras-de-vidas\\\/\",\"name\":\"Plantar Agua en Tierras de Vidas - Centro de Desenvolvimento Agroecol\u00f3gico Sabi\u00e1\",\"isPartOf\":{\"@id\":\"https:\\\/\\\/centrosabia.org.br\\\/en\\\/#website\"},\"primaryImageOfPage\":{\"@id\":\"https:\\\/\\\/centrosabia.org.br\\\/en\\\/video\\\/plantar-agua-en-tierras-de-vidas\\\/#primaryimage\"},\"image\":{\"@id\":\"https:\\\/\\\/centrosabia.org.br\\\/en\\\/video\\\/plantar-agua-en-tierras-de-vidas\\\/#primaryimage\"},\"thumbnailUrl\":\"https:\\\/\\\/centrosabia.org.br\\\/wp-content\\\/uploads\\\/2024\\\/04\\\/plantar-agua-en-tierras-de-vidas.jpg\",\"datePublished\":\"2019-10-04T13:15:10+00:00\",\"dateModified\":\"2024-06-06T12:34:18+00:00\",\"breadcrumb\":{\"@id\":\"https:\\\/\\\/centrosabia.org.br\\\/en\\\/video\\\/plantar-agua-en-tierras-de-vidas\\\/#breadcrumb\"},\"inLanguage\":\"en-US\",\"potentialAction\":[{\"@type\":\"ReadAction\",\"target\":[\"https:\\\/\\\/centrosabia.org.br\\\/en\\\/video\\\/plantar-agua-en-tierras-de-vidas\\\/\"]}]},{\"@type\":\"ImageObject\",\"inLanguage\":\"en-US\",\"@id\":\"https:\\\/\\\/centrosabia.org.br\\\/en\\\/video\\\/plantar-agua-en-tierras-de-vidas\\\/#primaryimage\",\"url\":\"https:\\\/\\\/centrosabia.org.br\\\/wp-content\\\/uploads\\\/2024\\\/04\\\/plantar-agua-en-tierras-de-vidas.jpg\",\"contentUrl\":\"https:\\\/\\\/centrosabia.org.br\\\/wp-content\\\/uploads\\\/2024\\\/04\\\/plantar-agua-en-tierras-de-vidas.jpg\",\"width\":1280,\"height\":720},{\"@type\":\"BreadcrumbList\",\"@id\":\"https:\\\/\\\/centrosabia.org.br\\\/en\\\/video\\\/plantar-agua-en-tierras-de-vidas\\\/#breadcrumb\",\"itemListElement\":[{\"@type\":\"ListItem\",\"position\":1,\"name\":\"In\u00edcio\",\"item\":\"https:\\\/\\\/centrosabia.org.br\\\/en\\\/\"},{\"@type\":\"ListItem\",\"position\":2,\"name\":\"V\u00eddeos\",\"item\":\"https:\\\/\\\/centrosabia.org.br\\\/en\\\/video\\\/\"},{\"@type\":\"ListItem\",\"position\":3,\"name\":\"Plantar Agua en Tierras de Vidas\"}]},{\"@type\":\"WebSite\",\"@id\":\"https:\\\/\\\/centrosabia.org.br\\\/en\\\/#website\",\"url\":\"https:\\\/\\\/centrosabia.org.br\\\/en\\\/\",\"name\":\"Centro de Desenvolvimento Agroecol\u00f3gico Sabi\u00e1\",\"description\":\"\",\"publisher\":{\"@id\":\"https:\\\/\\\/centrosabia.org.br\\\/en\\\/#organization\"},\"potentialAction\":[{\"@type\":\"SearchAction\",\"target\":{\"@type\":\"EntryPoint\",\"urlTemplate\":\"https:\\\/\\\/centrosabia.org.br\\\/en\\\/?s={search_term_string}\"},\"query-input\":{\"@type\":\"PropertyValueSpecification\",\"valueRequired\":true,\"valueName\":\"search_term_string\"}}],\"inLanguage\":\"en-US\"},{\"@type\":\"Organization\",\"@id\":\"https:\\\/\\\/centrosabia.org.br\\\/en\\\/#organization\",\"name\":\"Centro de Desenvolvimento Agroecol\u00f3gico Sabi\u00e1\",\"url\":\"https:\\\/\\\/centrosabia.org.br\\\/en\\\/\",\"logo\":{\"@type\":\"ImageObject\",\"inLanguage\":\"en-US\",\"@id\":\"https:\\\/\\\/centrosabia.org.br\\\/en\\\/#\\\/schema\\\/logo\\\/image\\\/\",\"url\":\"https:\\\/\\\/centrosabia.org.br\\\/wp-content\\\/uploads\\\/2021\\\/10\\\/logo.png\",\"contentUrl\":\"https:\\\/\\\/centrosabia.org.br\\\/wp-content\\\/uploads\\\/2021\\\/10\\\/logo.png\",\"width\":174,\"height\":84,\"caption\":\"Centro de Desenvolvimento Agroecol\u00f3gico Sabi\u00e1\"},\"image\":{\"@id\":\"https:\\\/\\\/centrosabia.org.br\\\/en\\\/#\\\/schema\\\/logo\\\/image\\\/\"}}]}<\/script>\n<!-- \/ Yoast SEO plugin. -->","yoast_head_json":{"title":"Plantar Agua en Tierras de Vidas - Centro de Desenvolvimento Agroecol\u00f3gico Sabi\u00e1","robots":{"index":"index","follow":"follow","max-snippet":"max-snippet:-1","max-image-preview":"max-image-preview:large","max-video-preview":"max-video-preview:-1"},"canonical":"https:\/\/centrosabia.org.br\/en\/video\/plantar-agua-en-tierras-de-vidas\/","og_locale":"en_US","og_type":"article","og_title":"Plantar Agua en Tierras de Vidas - Centro de Desenvolvimento Agroecol\u00f3gico Sabi\u00e1","og_url":"https:\/\/centrosabia.org.br\/en\/video\/plantar-agua-en-tierras-de-vidas\/","og_site_name":"Centro de Desenvolvimento Agroecol\u00f3gico Sabi\u00e1","article_modified_time":"2024-06-06T12:34:18+00:00","og_image":[{"width":300,"height":169,"url":"https:\/\/centrosabia.org.br\/wp-content\/uploads\/2024\/04\/plantar-agua-en-tierras-de-vidas-300x169.jpg","type":"image\/jpeg"}],"twitter_card":"summary_large_image","twitter_misc":{"Est. reading time":"1 minute"},"schema":{"@context":"https:\/\/schema.org","@graph":[{"@type":"WebPage","@id":"https:\/\/centrosabia.org.br\/en\/video\/plantar-agua-en-tierras-de-vidas\/","url":"https:\/\/centrosabia.org.br\/en\/video\/plantar-agua-en-tierras-de-vidas\/","name":"Plantar Agua en Tierras de Vidas - Centro de Desenvolvimento Agroecol\u00f3gico Sabi\u00e1","isPartOf":{"@id":"https:\/\/centrosabia.org.br\/en\/#website"},"primaryImageOfPage":{"@id":"https:\/\/centrosabia.org.br\/en\/video\/plantar-agua-en-tierras-de-vidas\/#primaryimage"},"image":{"@id":"https:\/\/centrosabia.org.br\/en\/video\/plantar-agua-en-tierras-de-vidas\/#primaryimage"},"thumbnailUrl":"https:\/\/centrosabia.org.br\/wp-content\/uploads\/2024\/04\/plantar-agua-en-tierras-de-vidas.jpg","datePublished":"2019-10-04T13:15:10+00:00","dateModified":"2024-06-06T12:34:18+00:00","breadcrumb":{"@id":"https:\/\/centrosabia.org.br\/en\/video\/plantar-agua-en-tierras-de-vidas\/#breadcrumb"},"inLanguage":"en-US","potentialAction":[{"@type":"ReadAction","target":["https:\/\/centrosabia.org.br\/en\/video\/plantar-agua-en-tierras-de-vidas\/"]}]},{"@type":"ImageObject","inLanguage":"en-US","@id":"https:\/\/centrosabia.org.br\/en\/video\/plantar-agua-en-tierras-de-vidas\/#primaryimage","url":"https:\/\/centrosabia.org.br\/wp-content\/uploads\/2024\/04\/plantar-agua-en-tierras-de-vidas.jpg","contentUrl":"https:\/\/centrosabia.org.br\/wp-content\/uploads\/2024\/04\/plantar-agua-en-tierras-de-vidas.jpg","width":1280,"height":720},{"@type":"BreadcrumbList","@id":"https:\/\/centrosabia.org.br\/en\/video\/plantar-agua-en-tierras-de-vidas\/#breadcrumb","itemListElement":[{"@type":"ListItem","position":1,"name":"In\u00edcio","item":"https:\/\/centrosabia.org.br\/en\/"},{"@type":"ListItem","position":2,"name":"V\u00eddeos","item":"https:\/\/centrosabia.org.br\/en\/video\/"},{"@type":"ListItem","position":3,"name":"Plantar Agua en Tierras de Vidas"}]},{"@type":"WebSite","@id":"https:\/\/centrosabia.org.br\/en\/#website","url":"https:\/\/centrosabia.org.br\/en\/","name":"Centro de Desenvolvimento Agroecol\u00f3gico Sabi\u00e1","description":"","publisher":{"@id":"https:\/\/centrosabia.org.br\/en\/#organization"},"potentialAction":[{"@type":"SearchAction","target":{"@type":"EntryPoint","urlTemplate":"https:\/\/centrosabia.org.br\/en\/?s={search_term_string}"},"query-input":{"@type":"PropertyValueSpecification","valueRequired":true,"valueName":"search_term_string"}}],"inLanguage":"en-US"},{"@type":"Organization","@id":"https:\/\/centrosabia.org.br\/en\/#organization","name":"Centro de Desenvolvimento Agroecol\u00f3gico Sabi\u00e1","url":"https:\/\/centrosabia.org.br\/en\/","logo":{"@type":"ImageObject","inLanguage":"en-US","@id":"https:\/\/centrosabia.org.br\/en\/#\/schema\/logo\/image\/","url":"https:\/\/centrosabia.org.br\/wp-content\/uploads\/2021\/10\/logo.png","contentUrl":"https:\/\/centrosabia.org.br\/wp-content\/uploads\/2021\/10\/logo.png","width":174,"height":84,"caption":"Centro de Desenvolvimento Agroecol\u00f3gico Sabi\u00e1"},"image":{"@id":"https:\/\/centrosabia.org.br\/en\/#\/schema\/logo\/image\/"}}]}},"_links":{"self":[{"href":"https:\/\/centrosabia.org.br\/en\/wp-json\/wp\/v2\/video\/18506","targetHints":{"allow":["GET"]}}],"collection":[{"href":"https:\/\/centrosabia.org.br\/en\/wp-json\/wp\/v2\/video"}],"about":[{"href":"https:\/\/centrosabia.org.br\/en\/wp-json\/wp\/v2\/types\/video"}],"wp:featuredmedia":[{"embeddable":true,"href":"https:\/\/centrosabia.org.br\/en\/wp-json\/wp\/v2\/media\/18507"}],"wp:attachment":[{"href":"https:\/\/centrosabia.org.br\/en\/wp-json\/wp\/v2\/media?parent=18506"}],"wp:term":[{"taxonomy":"tema","embeddable":true,"href":"https:\/\/centrosabia.org.br\/en\/wp-json\/wp\/v2\/tema?post=18506"},{"taxonomy":"decada","embeddable":true,"href":"https:\/\/centrosabia.org.br\/en\/wp-json\/wp\/v2\/decada?post=18506"},{"taxonomy":"curadoria","embeddable":true,"href":"https:\/\/centrosabia.org.br\/en\/wp-json\/wp\/v2\/curadoria?post=18506"}],"curies":[{"name":"wp","href":"https:\/\/api.w.org\/{rel}","templated":true}]}}

<p>El video &#8220;Plantar Agua en Tierras de Vidas&#8221; nos trae la experiencia del personaje Maria Diva, mujer negra “sertaneja”, guardiana de la agrobiodiversidad, al acceder al Sistema de Reutilización de Agua Cinza (RAC). La acción se desarrolla en las tierras de las regiones de Araripe y Pajeú de la provincia de Pernambuco, en el Nordeste del Brasil, por las organizaciones CAATINGA y CENTRO SABIÁ, con el apoyo de Cáritas Schweiz, como estrategia de convivencia con el Semiárido.  En el sistema de reutilización el agua descartada después de las actividades domésticas pasa por un filtro físico y ya está lista para ser reutilizada en la producción, tal como en los Sistemas Agroforestales (SAFs). El cortometraje, además, nos presenta el resultado del estudio realizado por la colaboración entre Embrapa Semiárido y el Núcleo de Estudios, Investigaciones y Prácticas Agroecologicas en el Semiárido (Neppas/UFRPE) sobre la calidad del agua del RAC. El video nos cuenta esta historia a través de la técnica de animación 2D.</p>
<p>Ficha técnica<br />
Realização: CENTRO SABIÁ e CAATINGA<br />
Apoio: Cáritas Schweiz<br />
Roteiro: Catarina de Angola, Carlos Magno Morais e Giovanne Xenofonte<br />
Direção: Catarina de Angola, Kátia Rejane e Darliton Silva<br />
Ilustração: Geovany Brasil<br />
Animação: Thiago Americo<br />
Edição: Pedro Elker<br />
Narração: Alaide Régia<br />
Trilha Sonora: Jonata Tec e Júlio Cézar Barbosa</p>

<!-- This site is optimized with the Yoast SEO plugin v27.4 - https://yoast.com/product/yoast-seo-wordpress/ -->
<title>Plantar Agua en Tierras de Vidas - Centro de Desenvolvimento Agroecológico Sabiá</title>
<meta name="robots" content="index, follow, max-snippet:-1, max-image-preview:large, max-video-preview:-1" />
<link rel="canonical" href="https://centrosabia.org.br/en/video/plantar-agua-en-tierras-de-vidas/" />
<meta property="og:locale" content="en_US" />
<meta property="og:type" content="article" />
<meta property="og:title" content="Plantar Agua en Tierras de Vidas - Centro de Desenvolvimento Agroecológico Sabiá" />
<meta property="og:url" content="https://centrosabia.org.br/en/video/plantar-agua-en-tierras-de-vidas/" />
<meta property="og:site_name" content="Centro de Desenvolvimento Agroecológico Sabiá" />
<meta property="article:modified_time" content="2024-06-06T12:34:18+00:00" />
<meta property="og:image" content="https://centrosabia.org.br/wp-content/uploads/2024/04/plantar-agua-en-tierras-de-vidas-300x169.jpg" />
	<meta property="og:image:width" content="300" />
	<meta property="og:image:height" content="169" />
	<meta property="og:image:type" content="image/jpeg" />
<meta name="twitter:card" content="summary_large_image" />
<meta name="twitter:label1" content="Est. reading time" />
	<meta name="twitter:data1" content="1 minute" />
<script type="application/ld+json" class="yoast-schema-graph">{"@context":"https:\/\/schema.org","@graph":[{"@type":"WebPage","@id":"https:\/\/centrosabia.org.br\/en\/video\/plantar-agua-en-tierras-de-vidas\/","url":"https:\/\/centrosabia.org.br\/en\/video\/plantar-agua-en-tierras-de-vidas\/","name":"Plantar Agua en Tierras de Vidas - Centro de Desenvolvimento Agroecológico Sabiá","isPartOf":{"@id":"https:\/\/centrosabia.org.br\/en\/#website"},"primaryImageOfPage":{"@id":"https:\/\/centrosabia.org.br\/en\/video\/plantar-agua-en-tierras-de-vidas\/#primaryimage"},"image":{"@id":"https:\/\/centrosabia.org.br\/en\/video\/plantar-agua-en-tierras-de-vidas\/#primaryimage"},"thumbnailUrl":"https:\/\/centrosabia.org.br\/wp-content\/uploads\/2024\/04\/plantar-agua-en-tierras-de-vidas.jpg","datePublished":"2019-10-04T13:15:10+00:00","dateModified":"2024-06-06T12:34:18+00:00","breadcrumb":{"@id":"https:\/\/centrosabia.org.br\/en\/video\/plantar-agua-en-tierras-de-vidas\/#breadcrumb"},"inLanguage":"en-US","potentialAction":[{"@type":"ReadAction","target":["https:\/\/centrosabia.org.br\/en\/video\/plantar-agua-en-tierras-de-vidas\/"]}]},{"@type":"ImageObject","inLanguage":"en-US","@id":"https:\/\/centrosabia.org.br\/en\/video\/plantar-agua-en-tierras-de-vidas\/#primaryimage","url":"https:\/\/centrosabia.org.br\/wp-content\/uploads\/2024\/04\/plantar-agua-en-tierras-de-vidas.jpg","contentUrl":"https:\/\/centrosabia.org.br\/wp-content\/uploads\/2024\/04\/plantar-agua-en-tierras-de-vidas.jpg","width":1280,"height":720},{"@type":"BreadcrumbList","@id":"https:\/\/centrosabia.org.br\/en\/video\/plantar-agua-en-tierras-de-vidas\/#breadcrumb","itemListElement":[{"@type":"ListItem","position":1,"name":"Início","item":"https:\/\/centrosabia.org.br\/en\/"},{"@type":"ListItem","position":2,"name":"Vídeos","item":"https:\/\/centrosabia.org.br\/en\/video\/"},{"@type":"ListItem","position":3,"name":"Plantar Agua en Tierras de Vidas"}]},{"@type":"WebSite","@id":"https:\/\/centrosabia.org.br\/en\/#website","url":"https:\/\/centrosabia.org.br\/en\/","name":"Centro de Desenvolvimento Agroecológico Sabiá","description":"","publisher":{"@id":"https:\/\/centrosabia.org.br\/en\/#organization"},"potentialAction":[{"@type":"SearchAction","target":{"@type":"EntryPoint","urlTemplate":"https:\/\/centrosabia.org.br\/en\/?s={search_term_string}"},"query-input":{"@type":"PropertyValueSpecification","valueRequired":true,"valueName":"search_term_string"}}],"inLanguage":"en-US"},{"@type":"Organization","@id":"https:\/\/centrosabia.org.br\/en\/#organization","name":"Centro de Desenvolvimento Agroecológico Sabiá","url":"https:\/\/centrosabia.org.br\/en\/","logo":{"@type":"ImageObject","inLanguage":"en-US","@id":"https:\/\/centrosabia.org.br\/en\/#\/schema\/logo\/image\/","url":"https:\/\/centrosabia.org.br\/wp-content\/uploads\/2021\/10\/logo.png","contentUrl":"https:\/\/centrosabia.org.br\/wp-content\/uploads\/2021\/10\/logo.png","width":174,"height":84,"caption":"Centro de Desenvolvimento Agroecológico Sabiá"},"image":{"@id":"https:\/\/centrosabia.org.br\/en\/#\/schema\/logo\/image\/"}}]}</script>
<!-- / Yoast SEO plugin. -->

Plantar Agua en Tierras de Vidas - Centro de Desenvolvimento Agroecológico Sabiá

Centro de Desenvolvimento Agroecológico Sabiá

Início

Vídeos
