{"id":18510,"date":"2019-10-04T13:00:10","date_gmt":"2019-10-04T13:00:10","guid":{"rendered":"https:\/\/centrosabia.org.br\/video\/plantar-agua-em-terras-de-vidas\/"},"modified":"2024-06-06T09:34:07","modified_gmt":"2024-06-06T12:34:07","slug":"plantar-agua-em-terras-de-vidas","status":"publish","type":"video","link":"https:\/\/centrosabia.org.br\/en\/video\/plantar-agua-em-terras-de-vidas\/","title":{"rendered":"Plantar \u00c1gua em Terras de Vidas"},"content":{"rendered":"<p>O v\u00eddeo &#8220;Plantar \u00c1gua em Terras de Vidas&#8221; traz a experi\u00eancia da personagem Maria Diva, mulher negra sertaneja, guardi\u00e3 da agrobiodiversidade, ao acessar o Sistema de Reuso de \u00c1gua Cinza (RAC). A\u00e7\u00e3o desenvolvida nos sert\u00f5es do Araripe e Paje\u00fa de Pernambuco, no Nordeste do Brasil, pelas organiza\u00e7\u00f5es CENTRO SABI\u00c1 e CAATINGA, com apoio da C\u00e1ritas, como estrat\u00e9gia de conviv\u00eancia com Semi\u00e1rido. No sistema de re\u00faso, a \u00e1gua jogada fora ap\u00f3s as atividades dom\u00e9sticas passa por um filtro f\u00edsico e depois est\u00e1 pronta para ser reutilizada na produ\u00e7\u00e3o, como nos Sistemas Agroflorestais (SAFs). O curta apresenta ainda resultado de pesquisa realizada pelos parceiros Embrapa Semi\u00e1rido e N\u00facleo de Estudos, Pesquisas e Pr\u00e1ticas Agroecol\u00f3gicas no Semi\u00e1rido (Neppas\/UFRPE) sobre a qualidade da \u00e1gua do RAC. O v\u00eddeo conta essa hist\u00f3ria atrav\u00e9s da t\u00e9cnica da anima\u00e7\u00e3o 2D. <\/p>\n<p>Ficha t\u00e9cnica<br \/>\nRealiza\u00e7\u00e3o: CENTRO SABI\u00c1 e CAATINGA<br \/>\nApoio: C\u00e1ritas Schweiz<br \/>\nRoteiro: Catarina de Angola, Carlos Magno Morais e Giovanne Xenofonte<br \/>\nDire\u00e7\u00e3o: Catarina de Angola, K\u00e1tia Rejane e Darliton Silva<br \/>\nIlustra\u00e7\u00e3o: Geovany Brasil<br \/>\nAnima\u00e7\u00e3o: Thiago Americo<br \/>\nEdi\u00e7\u00e3o: Pedro Elker<br \/>\nNarra\u00e7\u00e3o: Alaide R\u00e9gia<br \/>\nTrilha Sonora: Jonata Tec e J\u00falio C\u00e9zar Barbosa<\/p>\n","protected":false},"featured_media":18511,"template":"","meta":{"_acf_changed":false,"ano":2019},"tema":[2538,2554,2553],"decada":[2503],"curadoria":[],"class_list":["post-18510","video","type-video","status-publish","has-post-thumbnail","hentry","tema-agua","tema-cisternas","tema-tecnologia-social","decada-2503"],"blocksy_meta":[],"acf":[],"yoast_head":"<!-- This site is optimized with the Yoast SEO plugin v27.4 - https:\/\/yoast.com\/product\/yoast-seo-wordpress\/ -->\n<title>Plantar \u00c1gua em Terras de Vidas - Centro de Desenvolvimento Agroecol\u00f3gico Sabi\u00e1<\/title>\n<meta name=\"robots\" content=\"index, follow, max-snippet:-1, max-image-preview:large, max-video-preview:-1\" \/>\n<link rel=\"canonical\" href=\"https:\/\/centrosabia.org.br\/en\/video\/plantar-agua-em-terras-de-vidas\/\" \/>\n<meta property=\"og:locale\" content=\"en_US\" \/>\n<meta property=\"og:type\" content=\"article\" \/>\n<meta property=\"og:title\" content=\"Plantar \u00c1gua em Terras de Vidas - Centro de Desenvolvimento Agroecol\u00f3gico Sabi\u00e1\" \/>\n<meta property=\"og:url\" content=\"https:\/\/centrosabia.org.br\/en\/video\/plantar-agua-em-terras-de-vidas\/\" \/>\n<meta property=\"og:site_name\" content=\"Centro de Desenvolvimento Agroecol\u00f3gico Sabi\u00e1\" \/>\n<meta property=\"article:modified_time\" content=\"2024-06-06T12:34:07+00:00\" \/>\n<meta property=\"og:image\" content=\"https:\/\/centrosabia.org.br\/wp-content\/uploads\/2024\/04\/plantar-agua-em-terras-de-vidas-300x169.jpg\" \/>\n\t<meta property=\"og:image:width\" content=\"300\" \/>\n\t<meta property=\"og:image:height\" content=\"169\" \/>\n\t<meta property=\"og:image:type\" content=\"image\/jpeg\" \/>\n<meta name=\"twitter:card\" content=\"summary_large_image\" \/>\n<meta name=\"twitter:label1\" content=\"Est. reading time\" \/>\n\t<meta name=\"twitter:data1\" content=\"1 minute\" \/>\n<script type=\"application\/ld+json\" class=\"yoast-schema-graph\">{\"@context\":\"https:\\\/\\\/schema.org\",\"@graph\":[{\"@type\":\"WebPage\",\"@id\":\"https:\\\/\\\/centrosabia.org.br\\\/en\\\/video\\\/plantar-agua-em-terras-de-vidas\\\/\",\"url\":\"https:\\\/\\\/centrosabia.org.br\\\/en\\\/video\\\/plantar-agua-em-terras-de-vidas\\\/\",\"name\":\"Plantar \u00c1gua em Terras de Vidas - Centro de Desenvolvimento Agroecol\u00f3gico Sabi\u00e1\",\"isPartOf\":{\"@id\":\"https:\\\/\\\/centrosabia.org.br\\\/en\\\/#website\"},\"primaryImageOfPage\":{\"@id\":\"https:\\\/\\\/centrosabia.org.br\\\/en\\\/video\\\/plantar-agua-em-terras-de-vidas\\\/#primaryimage\"},\"image\":{\"@id\":\"https:\\\/\\\/centrosabia.org.br\\\/en\\\/video\\\/plantar-agua-em-terras-de-vidas\\\/#primaryimage\"},\"thumbnailUrl\":\"https:\\\/\\\/centrosabia.org.br\\\/wp-content\\\/uploads\\\/2024\\\/04\\\/plantar-agua-em-terras-de-vidas.jpg\",\"datePublished\":\"2019-10-04T13:00:10+00:00\",\"dateModified\":\"2024-06-06T12:34:07+00:00\",\"breadcrumb\":{\"@id\":\"https:\\\/\\\/centrosabia.org.br\\\/en\\\/video\\\/plantar-agua-em-terras-de-vidas\\\/#breadcrumb\"},\"inLanguage\":\"en-US\",\"potentialAction\":[{\"@type\":\"ReadAction\",\"target\":[\"https:\\\/\\\/centrosabia.org.br\\\/en\\\/video\\\/plantar-agua-em-terras-de-vidas\\\/\"]}]},{\"@type\":\"ImageObject\",\"inLanguage\":\"en-US\",\"@id\":\"https:\\\/\\\/centrosabia.org.br\\\/en\\\/video\\\/plantar-agua-em-terras-de-vidas\\\/#primaryimage\",\"url\":\"https:\\\/\\\/centrosabia.org.br\\\/wp-content\\\/uploads\\\/2024\\\/04\\\/plantar-agua-em-terras-de-vidas.jpg\",\"contentUrl\":\"https:\\\/\\\/centrosabia.org.br\\\/wp-content\\\/uploads\\\/2024\\\/04\\\/plantar-agua-em-terras-de-vidas.jpg\",\"width\":1280,\"height\":720},{\"@type\":\"BreadcrumbList\",\"@id\":\"https:\\\/\\\/centrosabia.org.br\\\/en\\\/video\\\/plantar-agua-em-terras-de-vidas\\\/#breadcrumb\",\"itemListElement\":[{\"@type\":\"ListItem\",\"position\":1,\"name\":\"In\u00edcio\",\"item\":\"https:\\\/\\\/centrosabia.org.br\\\/en\\\/\"},{\"@type\":\"ListItem\",\"position\":2,\"name\":\"V\u00eddeos\",\"item\":\"https:\\\/\\\/centrosabia.org.br\\\/en\\\/video\\\/\"},{\"@type\":\"ListItem\",\"position\":3,\"name\":\"Plantar \u00c1gua em Terras de Vidas\"}]},{\"@type\":\"WebSite\",\"@id\":\"https:\\\/\\\/centrosabia.org.br\\\/en\\\/#website\",\"url\":\"https:\\\/\\\/centrosabia.org.br\\\/en\\\/\",\"name\":\"Centro de Desenvolvimento Agroecol\u00f3gico Sabi\u00e1\",\"description\":\"\",\"publisher\":{\"@id\":\"https:\\\/\\\/centrosabia.org.br\\\/en\\\/#organization\"},\"potentialAction\":[{\"@type\":\"SearchAction\",\"target\":{\"@type\":\"EntryPoint\",\"urlTemplate\":\"https:\\\/\\\/centrosabia.org.br\\\/en\\\/?s={search_term_string}\"},\"query-input\":{\"@type\":\"PropertyValueSpecification\",\"valueRequired\":true,\"valueName\":\"search_term_string\"}}],\"inLanguage\":\"en-US\"},{\"@type\":\"Organization\",\"@id\":\"https:\\\/\\\/centrosabia.org.br\\\/en\\\/#organization\",\"name\":\"Centro de Desenvolvimento Agroecol\u00f3gico Sabi\u00e1\",\"url\":\"https:\\\/\\\/centrosabia.org.br\\\/en\\\/\",\"logo\":{\"@type\":\"ImageObject\",\"inLanguage\":\"en-US\",\"@id\":\"https:\\\/\\\/centrosabia.org.br\\\/en\\\/#\\\/schema\\\/logo\\\/image\\\/\",\"url\":\"https:\\\/\\\/centrosabia.org.br\\\/wp-content\\\/uploads\\\/2021\\\/10\\\/logo.png\",\"contentUrl\":\"https:\\\/\\\/centrosabia.org.br\\\/wp-content\\\/uploads\\\/2021\\\/10\\\/logo.png\",\"width\":174,\"height\":84,\"caption\":\"Centro de Desenvolvimento Agroecol\u00f3gico Sabi\u00e1\"},\"image\":{\"@id\":\"https:\\\/\\\/centrosabia.org.br\\\/en\\\/#\\\/schema\\\/logo\\\/image\\\/\"}}]}<\/script>\n<!-- \/ Yoast SEO plugin. -->","yoast_head_json":{"title":"Plantar \u00c1gua em Terras de Vidas - Centro de Desenvolvimento Agroecol\u00f3gico Sabi\u00e1","robots":{"index":"index","follow":"follow","max-snippet":"max-snippet:-1","max-image-preview":"max-image-preview:large","max-video-preview":"max-video-preview:-1"},"canonical":"https:\/\/centrosabia.org.br\/en\/video\/plantar-agua-em-terras-de-vidas\/","og_locale":"en_US","og_type":"article","og_title":"Plantar \u00c1gua em Terras de Vidas - Centro de Desenvolvimento Agroecol\u00f3gico Sabi\u00e1","og_url":"https:\/\/centrosabia.org.br\/en\/video\/plantar-agua-em-terras-de-vidas\/","og_site_name":"Centro de Desenvolvimento Agroecol\u00f3gico Sabi\u00e1","article_modified_time":"2024-06-06T12:34:07+00:00","og_image":[{"width":300,"height":169,"url":"https:\/\/centrosabia.org.br\/wp-content\/uploads\/2024\/04\/plantar-agua-em-terras-de-vidas-300x169.jpg","type":"image\/jpeg"}],"twitter_card":"summary_large_image","twitter_misc":{"Est. reading time":"1 minute"},"schema":{"@context":"https:\/\/schema.org","@graph":[{"@type":"WebPage","@id":"https:\/\/centrosabia.org.br\/en\/video\/plantar-agua-em-terras-de-vidas\/","url":"https:\/\/centrosabia.org.br\/en\/video\/plantar-agua-em-terras-de-vidas\/","name":"Plantar \u00c1gua em Terras de Vidas - Centro de Desenvolvimento Agroecol\u00f3gico Sabi\u00e1","isPartOf":{"@id":"https:\/\/centrosabia.org.br\/en\/#website"},"primaryImageOfPage":{"@id":"https:\/\/centrosabia.org.br\/en\/video\/plantar-agua-em-terras-de-vidas\/#primaryimage"},"image":{"@id":"https:\/\/centrosabia.org.br\/en\/video\/plantar-agua-em-terras-de-vidas\/#primaryimage"},"thumbnailUrl":"https:\/\/centrosabia.org.br\/wp-content\/uploads\/2024\/04\/plantar-agua-em-terras-de-vidas.jpg","datePublished":"2019-10-04T13:00:10+00:00","dateModified":"2024-06-06T12:34:07+00:00","breadcrumb":{"@id":"https:\/\/centrosabia.org.br\/en\/video\/plantar-agua-em-terras-de-vidas\/#breadcrumb"},"inLanguage":"en-US","potentialAction":[{"@type":"ReadAction","target":["https:\/\/centrosabia.org.br\/en\/video\/plantar-agua-em-terras-de-vidas\/"]}]},{"@type":"ImageObject","inLanguage":"en-US","@id":"https:\/\/centrosabia.org.br\/en\/video\/plantar-agua-em-terras-de-vidas\/#primaryimage","url":"https:\/\/centrosabia.org.br\/wp-content\/uploads\/2024\/04\/plantar-agua-em-terras-de-vidas.jpg","contentUrl":"https:\/\/centrosabia.org.br\/wp-content\/uploads\/2024\/04\/plantar-agua-em-terras-de-vidas.jpg","width":1280,"height":720},{"@type":"BreadcrumbList","@id":"https:\/\/centrosabia.org.br\/en\/video\/plantar-agua-em-terras-de-vidas\/#breadcrumb","itemListElement":[{"@type":"ListItem","position":1,"name":"In\u00edcio","item":"https:\/\/centrosabia.org.br\/en\/"},{"@type":"ListItem","position":2,"name":"V\u00eddeos","item":"https:\/\/centrosabia.org.br\/en\/video\/"},{"@type":"ListItem","position":3,"name":"Plantar \u00c1gua em Terras de Vidas"}]},{"@type":"WebSite","@id":"https:\/\/centrosabia.org.br\/en\/#website","url":"https:\/\/centrosabia.org.br\/en\/","name":"Centro de Desenvolvimento Agroecol\u00f3gico Sabi\u00e1","description":"","publisher":{"@id":"https:\/\/centrosabia.org.br\/en\/#organization"},"potentialAction":[{"@type":"SearchAction","target":{"@type":"EntryPoint","urlTemplate":"https:\/\/centrosabia.org.br\/en\/?s={search_term_string}"},"query-input":{"@type":"PropertyValueSpecification","valueRequired":true,"valueName":"search_term_string"}}],"inLanguage":"en-US"},{"@type":"Organization","@id":"https:\/\/centrosabia.org.br\/en\/#organization","name":"Centro de Desenvolvimento Agroecol\u00f3gico Sabi\u00e1","url":"https:\/\/centrosabia.org.br\/en\/","logo":{"@type":"ImageObject","inLanguage":"en-US","@id":"https:\/\/centrosabia.org.br\/en\/#\/schema\/logo\/image\/","url":"https:\/\/centrosabia.org.br\/wp-content\/uploads\/2021\/10\/logo.png","contentUrl":"https:\/\/centrosabia.org.br\/wp-content\/uploads\/2021\/10\/logo.png","width":174,"height":84,"caption":"Centro de Desenvolvimento Agroecol\u00f3gico Sabi\u00e1"},"image":{"@id":"https:\/\/centrosabia.org.br\/en\/#\/schema\/logo\/image\/"}}]}},"_links":{"self":[{"href":"https:\/\/centrosabia.org.br\/en\/wp-json\/wp\/v2\/video\/18510","targetHints":{"allow":["GET"]}}],"collection":[{"href":"https:\/\/centrosabia.org.br\/en\/wp-json\/wp\/v2\/video"}],"about":[{"href":"https:\/\/centrosabia.org.br\/en\/wp-json\/wp\/v2\/types\/video"}],"wp:featuredmedia":[{"embeddable":true,"href":"https:\/\/centrosabia.org.br\/en\/wp-json\/wp\/v2\/media\/18511"}],"wp:attachment":[{"href":"https:\/\/centrosabia.org.br\/en\/wp-json\/wp\/v2\/media?parent=18510"}],"wp:term":[{"taxonomy":"tema","embeddable":true,"href":"https:\/\/centrosabia.org.br\/en\/wp-json\/wp\/v2\/tema?post=18510"},{"taxonomy":"decada","embeddable":true,"href":"https:\/\/centrosabia.org.br\/en\/wp-json\/wp\/v2\/decada?post=18510"},{"taxonomy":"curadoria","embeddable":true,"href":"https:\/\/centrosabia.org.br\/en\/wp-json\/wp\/v2\/curadoria?post=18510"}],"curies":[{"name":"wp","href":"https:\/\/api.w.org\/{rel}","templated":true}]}}

Plantar Água em Terras de Vidas

<p>O vídeo &#8220;Plantar Água em Terras de Vidas&#8221; traz a experiência da personagem Maria Diva, mulher negra sertaneja, guardiã da agrobiodiversidade, ao acessar o Sistema de Reuso de Água Cinza (RAC). Ação desenvolvida nos sertões do Araripe e Pajeú de Pernambuco, no Nordeste do Brasil, pelas organizações CENTRO SABIÁ e CAATINGA, com apoio da Cáritas, como estratégia de convivência com Semiárido. No sistema de reúso, a água jogada fora após as atividades domésticas passa por um filtro físico e depois está pronta para ser reutilizada na produção, como nos Sistemas Agroflorestais (SAFs). O curta apresenta ainda resultado de pesquisa realizada pelos parceiros Embrapa Semiárido e Núcleo de Estudos, Pesquisas e Práticas Agroecológicas no Semiárido (Neppas/UFRPE) sobre a qualidade da água do RAC. O vídeo conta essa história através da técnica da animação 2D. </p>
<p>Ficha técnica<br />
Realização: CENTRO SABIÁ e CAATINGA<br />
Apoio: Cáritas Schweiz<br />
Roteiro: Catarina de Angola, Carlos Magno Morais e Giovanne Xenofonte<br />
Direção: Catarina de Angola, Kátia Rejane e Darliton Silva<br />
Ilustração: Geovany Brasil<br />
Animação: Thiago Americo<br />
Edição: Pedro Elker<br />
Narração: Alaide Régia<br />
Trilha Sonora: Jonata Tec e Júlio Cézar Barbosa</p>

<!-- This site is optimized with the Yoast SEO plugin v27.4 - https://yoast.com/product/yoast-seo-wordpress/ -->
<title>Plantar Água em Terras de Vidas - Centro de Desenvolvimento Agroecológico Sabiá</title>
<meta name="robots" content="index, follow, max-snippet:-1, max-image-preview:large, max-video-preview:-1" />
<link rel="canonical" href="https://centrosabia.org.br/en/video/plantar-agua-em-terras-de-vidas/" />
<meta property="og:locale" content="en_US" />
<meta property="og:type" content="article" />
<meta property="og:title" content="Plantar Água em Terras de Vidas - Centro de Desenvolvimento Agroecológico Sabiá" />
<meta property="og:url" content="https://centrosabia.org.br/en/video/plantar-agua-em-terras-de-vidas/" />
<meta property="og:site_name" content="Centro de Desenvolvimento Agroecológico Sabiá" />
<meta property="article:modified_time" content="2024-06-06T12:34:07+00:00" />
<meta property="og:image" content="https://centrosabia.org.br/wp-content/uploads/2024/04/plantar-agua-em-terras-de-vidas-300x169.jpg" />
	<meta property="og:image:width" content="300" />
	<meta property="og:image:height" content="169" />
	<meta property="og:image:type" content="image/jpeg" />
<meta name="twitter:card" content="summary_large_image" />
<meta name="twitter:label1" content="Est. reading time" />
	<meta name="twitter:data1" content="1 minute" />
<script type="application/ld+json" class="yoast-schema-graph">{"@context":"https:\/\/schema.org","@graph":[{"@type":"WebPage","@id":"https:\/\/centrosabia.org.br\/en\/video\/plantar-agua-em-terras-de-vidas\/","url":"https:\/\/centrosabia.org.br\/en\/video\/plantar-agua-em-terras-de-vidas\/","name":"Plantar Água em Terras de Vidas - Centro de Desenvolvimento Agroecológico Sabiá","isPartOf":{"@id":"https:\/\/centrosabia.org.br\/en\/#website"},"primaryImageOfPage":{"@id":"https:\/\/centrosabia.org.br\/en\/video\/plantar-agua-em-terras-de-vidas\/#primaryimage"},"image":{"@id":"https:\/\/centrosabia.org.br\/en\/video\/plantar-agua-em-terras-de-vidas\/#primaryimage"},"thumbnailUrl":"https:\/\/centrosabia.org.br\/wp-content\/uploads\/2024\/04\/plantar-agua-em-terras-de-vidas.jpg","datePublished":"2019-10-04T13:00:10+00:00","dateModified":"2024-06-06T12:34:07+00:00","breadcrumb":{"@id":"https:\/\/centrosabia.org.br\/en\/video\/plantar-agua-em-terras-de-vidas\/#breadcrumb"},"inLanguage":"en-US","potentialAction":[{"@type":"ReadAction","target":["https:\/\/centrosabia.org.br\/en\/video\/plantar-agua-em-terras-de-vidas\/"]}]},{"@type":"ImageObject","inLanguage":"en-US","@id":"https:\/\/centrosabia.org.br\/en\/video\/plantar-agua-em-terras-de-vidas\/#primaryimage","url":"https:\/\/centrosabia.org.br\/wp-content\/uploads\/2024\/04\/plantar-agua-em-terras-de-vidas.jpg","contentUrl":"https:\/\/centrosabia.org.br\/wp-content\/uploads\/2024\/04\/plantar-agua-em-terras-de-vidas.jpg","width":1280,"height":720},{"@type":"BreadcrumbList","@id":"https:\/\/centrosabia.org.br\/en\/video\/plantar-agua-em-terras-de-vidas\/#breadcrumb","itemListElement":[{"@type":"ListItem","position":1,"name":"Início","item":"https:\/\/centrosabia.org.br\/en\/"},{"@type":"ListItem","position":2,"name":"Vídeos","item":"https:\/\/centrosabia.org.br\/en\/video\/"},{"@type":"ListItem","position":3,"name":"Plantar Água em Terras de Vidas"}]},{"@type":"WebSite","@id":"https:\/\/centrosabia.org.br\/en\/#website","url":"https:\/\/centrosabia.org.br\/en\/","name":"Centro de Desenvolvimento Agroecológico Sabiá","description":"","publisher":{"@id":"https:\/\/centrosabia.org.br\/en\/#organization"},"potentialAction":[{"@type":"SearchAction","target":{"@type":"EntryPoint","urlTemplate":"https:\/\/centrosabia.org.br\/en\/?s={search_term_string}"},"query-input":{"@type":"PropertyValueSpecification","valueRequired":true,"valueName":"search_term_string"}}],"inLanguage":"en-US"},{"@type":"Organization","@id":"https:\/\/centrosabia.org.br\/en\/#organization","name":"Centro de Desenvolvimento Agroecológico Sabiá","url":"https:\/\/centrosabia.org.br\/en\/","logo":{"@type":"ImageObject","inLanguage":"en-US","@id":"https:\/\/centrosabia.org.br\/en\/#\/schema\/logo\/image\/","url":"https:\/\/centrosabia.org.br\/wp-content\/uploads\/2021\/10\/logo.png","contentUrl":"https:\/\/centrosabia.org.br\/wp-content\/uploads\/2021\/10\/logo.png","width":174,"height":84,"caption":"Centro de Desenvolvimento Agroecológico Sabiá"},"image":{"@id":"https:\/\/centrosabia.org.br\/en\/#\/schema\/logo\/image\/"}}]}</script>
<!-- / Yoast SEO plugin. -->

Plantar Água em Terras de Vidas - Centro de Desenvolvimento Agroecológico Sabiá

Centro de Desenvolvimento Agroecológico Sabiá

Início

Vídeos
