{"id":18634,"date":"2015-04-09T19:39:20","date_gmt":"2015-04-09T19:39:20","guid":{"rendered":"https:\/\/centrosabia.org.br\/video\/resiste-estelita-ocupe-campo-cidade\/"},"modified":"2024-09-30T12:37:07","modified_gmt":"2024-09-30T15:37:07","slug":"resiste-estelita-ocupe-campo-cidade","status":"publish","type":"video","link":"https:\/\/centrosabia.org.br\/en\/video\/resiste-estelita-ocupe-campo-cidade\/","title":{"rendered":"Resiste Estelita! Ocupe Campo-Cidade"},"content":{"rendered":"<p>Poeta e t\u00e9cnico do Centro Sabi\u00e1, Orlando Santana recita versos que fez para o Movimento Ocupe Estelita. Dia 12 de abril vamos resistir e ocupar o espa\u00e7o que \u00e9 nosso de direito, refletindo sobre agroecologia e as lutas do povo!<br \/>\nImagem: Rodrigo Adri\u00e3o<br \/>\nEdi\u00e7\u00e3o: Sara Brito<\/p>\n<p>Marque sua presen\u00e7a no evento: https:\/\/www.facebook.com\/events\/825284090860086\/<\/p>\n","protected":false},"featured_media":25544,"template":"","meta":{"_acf_changed":false,"ano":2015},"tema":[2523,2550,2509],"decada":[2503],"curadoria":[],"class_list":["post-18634","video","type-video","status-publish","has-post-thumbnail","hentry","tema-agricultura-familiar","tema-agricultura-urbana","tema-politica","decada-2503"],"blocksy_meta":[],"acf":[],"yoast_head":"<!-- This site is optimized with the Yoast SEO plugin v27.4 - https:\/\/yoast.com\/product\/yoast-seo-wordpress\/ -->\n<title>Resiste Estelita! Ocupe Campo-Cidade - Centro de Desenvolvimento Agroecol\u00f3gico Sabi\u00e1<\/title>\n<meta name=\"robots\" content=\"index, follow, max-snippet:-1, max-image-preview:large, max-video-preview:-1\" \/>\n<link rel=\"canonical\" href=\"https:\/\/centrosabia.org.br\/en\/video\/resiste-estelita-ocupe-campo-cidade\/\" \/>\n<meta property=\"og:locale\" content=\"en_US\" \/>\n<meta property=\"og:type\" content=\"article\" \/>\n<meta property=\"og:title\" content=\"Resiste Estelita! Ocupe Campo-Cidade - Centro de Desenvolvimento Agroecol\u00f3gico Sabi\u00e1\" \/>\n<meta property=\"og:url\" content=\"https:\/\/centrosabia.org.br\/en\/video\/resiste-estelita-ocupe-campo-cidade\/\" \/>\n<meta property=\"og:site_name\" content=\"Centro de Desenvolvimento Agroecol\u00f3gico Sabi\u00e1\" \/>\n<meta property=\"article:modified_time\" content=\"2024-09-30T15:37:07+00:00\" \/>\n<meta property=\"og:image\" content=\"https:\/\/centrosabia.org.br\/wp-content\/uploads\/2015\/04\/maxresdefault-300x169.webp\" \/>\n\t<meta property=\"og:image:width\" content=\"300\" \/>\n\t<meta property=\"og:image:height\" content=\"169\" \/>\n\t<meta property=\"og:image:type\" content=\"image\/webp\" \/>\n<meta name=\"twitter:card\" content=\"summary_large_image\" \/>\n<meta name=\"twitter:label1\" content=\"Est. reading time\" \/>\n\t<meta name=\"twitter:data1\" content=\"1 minute\" \/>\n<script type=\"application\/ld+json\" class=\"yoast-schema-graph\">{\"@context\":\"https:\\\/\\\/schema.org\",\"@graph\":[{\"@type\":\"WebPage\",\"@id\":\"https:\\\/\\\/centrosabia.org.br\\\/en\\\/video\\\/resiste-estelita-ocupe-campo-cidade\\\/\",\"url\":\"https:\\\/\\\/centrosabia.org.br\\\/en\\\/video\\\/resiste-estelita-ocupe-campo-cidade\\\/\",\"name\":\"Resiste Estelita! Ocupe Campo-Cidade - Centro de Desenvolvimento Agroecol\u00f3gico Sabi\u00e1\",\"isPartOf\":{\"@id\":\"https:\\\/\\\/centrosabia.org.br\\\/en\\\/#website\"},\"primaryImageOfPage\":{\"@id\":\"https:\\\/\\\/centrosabia.org.br\\\/en\\\/video\\\/resiste-estelita-ocupe-campo-cidade\\\/#primaryimage\"},\"image\":{\"@id\":\"https:\\\/\\\/centrosabia.org.br\\\/en\\\/video\\\/resiste-estelita-ocupe-campo-cidade\\\/#primaryimage\"},\"thumbnailUrl\":\"https:\\\/\\\/centrosabia.org.br\\\/wp-content\\\/uploads\\\/2015\\\/04\\\/maxresdefault.webp\",\"datePublished\":\"2015-04-09T19:39:20+00:00\",\"dateModified\":\"2024-09-30T15:37:07+00:00\",\"breadcrumb\":{\"@id\":\"https:\\\/\\\/centrosabia.org.br\\\/en\\\/video\\\/resiste-estelita-ocupe-campo-cidade\\\/#breadcrumb\"},\"inLanguage\":\"en-US\",\"potentialAction\":[{\"@type\":\"ReadAction\",\"target\":[\"https:\\\/\\\/centrosabia.org.br\\\/en\\\/video\\\/resiste-estelita-ocupe-campo-cidade\\\/\"]}]},{\"@type\":\"ImageObject\",\"inLanguage\":\"en-US\",\"@id\":\"https:\\\/\\\/centrosabia.org.br\\\/en\\\/video\\\/resiste-estelita-ocupe-campo-cidade\\\/#primaryimage\",\"url\":\"https:\\\/\\\/centrosabia.org.br\\\/wp-content\\\/uploads\\\/2015\\\/04\\\/maxresdefault.webp\",\"contentUrl\":\"https:\\\/\\\/centrosabia.org.br\\\/wp-content\\\/uploads\\\/2015\\\/04\\\/maxresdefault.webp\",\"width\":1280,\"height\":720},{\"@type\":\"BreadcrumbList\",\"@id\":\"https:\\\/\\\/centrosabia.org.br\\\/en\\\/video\\\/resiste-estelita-ocupe-campo-cidade\\\/#breadcrumb\",\"itemListElement\":[{\"@type\":\"ListItem\",\"position\":1,\"name\":\"In\u00edcio\",\"item\":\"https:\\\/\\\/centrosabia.org.br\\\/en\\\/\"},{\"@type\":\"ListItem\",\"position\":2,\"name\":\"V\u00eddeos\",\"item\":\"https:\\\/\\\/centrosabia.org.br\\\/en\\\/video\\\/\"},{\"@type\":\"ListItem\",\"position\":3,\"name\":\"Resiste Estelita! Ocupe Campo-Cidade\"}]},{\"@type\":\"WebSite\",\"@id\":\"https:\\\/\\\/centrosabia.org.br\\\/en\\\/#website\",\"url\":\"https:\\\/\\\/centrosabia.org.br\\\/en\\\/\",\"name\":\"Centro de Desenvolvimento Agroecol\u00f3gico Sabi\u00e1\",\"description\":\"\",\"publisher\":{\"@id\":\"https:\\\/\\\/centrosabia.org.br\\\/en\\\/#organization\"},\"potentialAction\":[{\"@type\":\"SearchAction\",\"target\":{\"@type\":\"EntryPoint\",\"urlTemplate\":\"https:\\\/\\\/centrosabia.org.br\\\/en\\\/?s={search_term_string}\"},\"query-input\":{\"@type\":\"PropertyValueSpecification\",\"valueRequired\":true,\"valueName\":\"search_term_string\"}}],\"inLanguage\":\"en-US\"},{\"@type\":\"Organization\",\"@id\":\"https:\\\/\\\/centrosabia.org.br\\\/en\\\/#organization\",\"name\":\"Centro de Desenvolvimento Agroecol\u00f3gico Sabi\u00e1\",\"url\":\"https:\\\/\\\/centrosabia.org.br\\\/en\\\/\",\"logo\":{\"@type\":\"ImageObject\",\"inLanguage\":\"en-US\",\"@id\":\"https:\\\/\\\/centrosabia.org.br\\\/en\\\/#\\\/schema\\\/logo\\\/image\\\/\",\"url\":\"https:\\\/\\\/centrosabia.org.br\\\/wp-content\\\/uploads\\\/2021\\\/10\\\/logo.png\",\"contentUrl\":\"https:\\\/\\\/centrosabia.org.br\\\/wp-content\\\/uploads\\\/2021\\\/10\\\/logo.png\",\"width\":174,\"height\":84,\"caption\":\"Centro de Desenvolvimento Agroecol\u00f3gico Sabi\u00e1\"},\"image\":{\"@id\":\"https:\\\/\\\/centrosabia.org.br\\\/en\\\/#\\\/schema\\\/logo\\\/image\\\/\"}}]}<\/script>\n<!-- \/ Yoast SEO plugin. -->","yoast_head_json":{"title":"Resiste Estelita! Ocupe Campo-Cidade - Centro de Desenvolvimento Agroecol\u00f3gico Sabi\u00e1","robots":{"index":"index","follow":"follow","max-snippet":"max-snippet:-1","max-image-preview":"max-image-preview:large","max-video-preview":"max-video-preview:-1"},"canonical":"https:\/\/centrosabia.org.br\/en\/video\/resiste-estelita-ocupe-campo-cidade\/","og_locale":"en_US","og_type":"article","og_title":"Resiste Estelita! Ocupe Campo-Cidade - Centro de Desenvolvimento Agroecol\u00f3gico Sabi\u00e1","og_url":"https:\/\/centrosabia.org.br\/en\/video\/resiste-estelita-ocupe-campo-cidade\/","og_site_name":"Centro de Desenvolvimento Agroecol\u00f3gico Sabi\u00e1","article_modified_time":"2024-09-30T15:37:07+00:00","og_image":[{"width":300,"height":169,"url":"https:\/\/centrosabia.org.br\/wp-content\/uploads\/2015\/04\/maxresdefault-300x169.webp","type":"image\/webp"}],"twitter_card":"summary_large_image","twitter_misc":{"Est. reading time":"1 minute"},"schema":{"@context":"https:\/\/schema.org","@graph":[{"@type":"WebPage","@id":"https:\/\/centrosabia.org.br\/en\/video\/resiste-estelita-ocupe-campo-cidade\/","url":"https:\/\/centrosabia.org.br\/en\/video\/resiste-estelita-ocupe-campo-cidade\/","name":"Resiste Estelita! Ocupe Campo-Cidade - Centro de Desenvolvimento Agroecol\u00f3gico Sabi\u00e1","isPartOf":{"@id":"https:\/\/centrosabia.org.br\/en\/#website"},"primaryImageOfPage":{"@id":"https:\/\/centrosabia.org.br\/en\/video\/resiste-estelita-ocupe-campo-cidade\/#primaryimage"},"image":{"@id":"https:\/\/centrosabia.org.br\/en\/video\/resiste-estelita-ocupe-campo-cidade\/#primaryimage"},"thumbnailUrl":"https:\/\/centrosabia.org.br\/wp-content\/uploads\/2015\/04\/maxresdefault.webp","datePublished":"2015-04-09T19:39:20+00:00","dateModified":"2024-09-30T15:37:07+00:00","breadcrumb":{"@id":"https:\/\/centrosabia.org.br\/en\/video\/resiste-estelita-ocupe-campo-cidade\/#breadcrumb"},"inLanguage":"en-US","potentialAction":[{"@type":"ReadAction","target":["https:\/\/centrosabia.org.br\/en\/video\/resiste-estelita-ocupe-campo-cidade\/"]}]},{"@type":"ImageObject","inLanguage":"en-US","@id":"https:\/\/centrosabia.org.br\/en\/video\/resiste-estelita-ocupe-campo-cidade\/#primaryimage","url":"https:\/\/centrosabia.org.br\/wp-content\/uploads\/2015\/04\/maxresdefault.webp","contentUrl":"https:\/\/centrosabia.org.br\/wp-content\/uploads\/2015\/04\/maxresdefault.webp","width":1280,"height":720},{"@type":"BreadcrumbList","@id":"https:\/\/centrosabia.org.br\/en\/video\/resiste-estelita-ocupe-campo-cidade\/#breadcrumb","itemListElement":[{"@type":"ListItem","position":1,"name":"In\u00edcio","item":"https:\/\/centrosabia.org.br\/en\/"},{"@type":"ListItem","position":2,"name":"V\u00eddeos","item":"https:\/\/centrosabia.org.br\/en\/video\/"},{"@type":"ListItem","position":3,"name":"Resiste Estelita! Ocupe Campo-Cidade"}]},{"@type":"WebSite","@id":"https:\/\/centrosabia.org.br\/en\/#website","url":"https:\/\/centrosabia.org.br\/en\/","name":"Centro de Desenvolvimento Agroecol\u00f3gico Sabi\u00e1","description":"","publisher":{"@id":"https:\/\/centrosabia.org.br\/en\/#organization"},"potentialAction":[{"@type":"SearchAction","target":{"@type":"EntryPoint","urlTemplate":"https:\/\/centrosabia.org.br\/en\/?s={search_term_string}"},"query-input":{"@type":"PropertyValueSpecification","valueRequired":true,"valueName":"search_term_string"}}],"inLanguage":"en-US"},{"@type":"Organization","@id":"https:\/\/centrosabia.org.br\/en\/#organization","name":"Centro de Desenvolvimento Agroecol\u00f3gico Sabi\u00e1","url":"https:\/\/centrosabia.org.br\/en\/","logo":{"@type":"ImageObject","inLanguage":"en-US","@id":"https:\/\/centrosabia.org.br\/en\/#\/schema\/logo\/image\/","url":"https:\/\/centrosabia.org.br\/wp-content\/uploads\/2021\/10\/logo.png","contentUrl":"https:\/\/centrosabia.org.br\/wp-content\/uploads\/2021\/10\/logo.png","width":174,"height":84,"caption":"Centro de Desenvolvimento Agroecol\u00f3gico Sabi\u00e1"},"image":{"@id":"https:\/\/centrosabia.org.br\/en\/#\/schema\/logo\/image\/"}}]}},"_links":{"self":[{"href":"https:\/\/centrosabia.org.br\/en\/wp-json\/wp\/v2\/video\/18634","targetHints":{"allow":["GET"]}}],"collection":[{"href":"https:\/\/centrosabia.org.br\/en\/wp-json\/wp\/v2\/video"}],"about":[{"href":"https:\/\/centrosabia.org.br\/en\/wp-json\/wp\/v2\/types\/video"}],"wp:featuredmedia":[{"embeddable":true,"href":"https:\/\/centrosabia.org.br\/en\/wp-json\/wp\/v2\/media\/25544"}],"wp:attachment":[{"href":"https:\/\/centrosabia.org.br\/en\/wp-json\/wp\/v2\/media?parent=18634"}],"wp:term":[{"taxonomy":"tema","embeddable":true,"href":"https:\/\/centrosabia.org.br\/en\/wp-json\/wp\/v2\/tema?post=18634"},{"taxonomy":"decada","embeddable":true,"href":"https:\/\/centrosabia.org.br\/en\/wp-json\/wp\/v2\/decada?post=18634"},{"taxonomy":"curadoria","embeddable":true,"href":"https:\/\/centrosabia.org.br\/en\/wp-json\/wp\/v2\/curadoria?post=18634"}],"curies":[{"name":"wp","href":"https:\/\/api.w.org\/{rel}","templated":true}]}}

<p>Poeta e técnico do Centro Sabiá, Orlando Santana recita versos que fez para o Movimento Ocupe Estelita. Dia 12 de abril vamos resistir e ocupar o espaço que é nosso de direito, refletindo sobre agroecologia e as lutas do povo!<br />
Imagem: Rodrigo Adrião<br />
Edição: Sara Brito</p>
<p>Marque sua presença no evento: https://www.facebook.com/events/825284090860086/</p>

<!-- This site is optimized with the Yoast SEO plugin v27.4 - https://yoast.com/product/yoast-seo-wordpress/ -->
<title>Resiste Estelita! Ocupe Campo-Cidade - Centro de Desenvolvimento Agroecológico Sabiá</title>
<meta name="robots" content="index, follow, max-snippet:-1, max-image-preview:large, max-video-preview:-1" />
<link rel="canonical" href="https://centrosabia.org.br/en/video/resiste-estelita-ocupe-campo-cidade/" />
<meta property="og:locale" content="en_US" />
<meta property="og:type" content="article" />
<meta property="og:title" content="Resiste Estelita! Ocupe Campo-Cidade - Centro de Desenvolvimento Agroecológico Sabiá" />
<meta property="og:url" content="https://centrosabia.org.br/en/video/resiste-estelita-ocupe-campo-cidade/" />
<meta property="og:site_name" content="Centro de Desenvolvimento Agroecológico Sabiá" />
<meta property="article:modified_time" content="2024-09-30T15:37:07+00:00" />
<meta property="og:image" content="https://centrosabia.org.br/wp-content/uploads/2015/04/maxresdefault-300x169.webp" />
	<meta property="og:image:width" content="300" />
	<meta property="og:image:height" content="169" />
	<meta property="og:image:type" content="image/webp" />
<meta name="twitter:card" content="summary_large_image" />
<meta name="twitter:label1" content="Est. reading time" />
	<meta name="twitter:data1" content="1 minute" />
<script type="application/ld+json" class="yoast-schema-graph">{"@context":"https:\/\/schema.org","@graph":[{"@type":"WebPage","@id":"https:\/\/centrosabia.org.br\/en\/video\/resiste-estelita-ocupe-campo-cidade\/","url":"https:\/\/centrosabia.org.br\/en\/video\/resiste-estelita-ocupe-campo-cidade\/","name":"Resiste Estelita! Ocupe Campo-Cidade - Centro de Desenvolvimento Agroecológico Sabiá","isPartOf":{"@id":"https:\/\/centrosabia.org.br\/en\/#website"},"primaryImageOfPage":{"@id":"https:\/\/centrosabia.org.br\/en\/video\/resiste-estelita-ocupe-campo-cidade\/#primaryimage"},"image":{"@id":"https:\/\/centrosabia.org.br\/en\/video\/resiste-estelita-ocupe-campo-cidade\/#primaryimage"},"thumbnailUrl":"https:\/\/centrosabia.org.br\/wp-content\/uploads\/2015\/04\/maxresdefault.webp","datePublished":"2015-04-09T19:39:20+00:00","dateModified":"2024-09-30T15:37:07+00:00","breadcrumb":{"@id":"https:\/\/centrosabia.org.br\/en\/video\/resiste-estelita-ocupe-campo-cidade\/#breadcrumb"},"inLanguage":"en-US","potentialAction":[{"@type":"ReadAction","target":["https:\/\/centrosabia.org.br\/en\/video\/resiste-estelita-ocupe-campo-cidade\/"]}]},{"@type":"ImageObject","inLanguage":"en-US","@id":"https:\/\/centrosabia.org.br\/en\/video\/resiste-estelita-ocupe-campo-cidade\/#primaryimage","url":"https:\/\/centrosabia.org.br\/wp-content\/uploads\/2015\/04\/maxresdefault.webp","contentUrl":"https:\/\/centrosabia.org.br\/wp-content\/uploads\/2015\/04\/maxresdefault.webp","width":1280,"height":720},{"@type":"BreadcrumbList","@id":"https:\/\/centrosabia.org.br\/en\/video\/resiste-estelita-ocupe-campo-cidade\/#breadcrumb","itemListElement":[{"@type":"ListItem","position":1,"name":"Início","item":"https:\/\/centrosabia.org.br\/en\/"},{"@type":"ListItem","position":2,"name":"Vídeos","item":"https:\/\/centrosabia.org.br\/en\/video\/"},{"@type":"ListItem","position":3,"name":"Resiste Estelita! Ocupe Campo-Cidade"}]},{"@type":"WebSite","@id":"https:\/\/centrosabia.org.br\/en\/#website","url":"https:\/\/centrosabia.org.br\/en\/","name":"Centro de Desenvolvimento Agroecológico Sabiá","description":"","publisher":{"@id":"https:\/\/centrosabia.org.br\/en\/#organization"},"potentialAction":[{"@type":"SearchAction","target":{"@type":"EntryPoint","urlTemplate":"https:\/\/centrosabia.org.br\/en\/?s={search_term_string}"},"query-input":{"@type":"PropertyValueSpecification","valueRequired":true,"valueName":"search_term_string"}}],"inLanguage":"en-US"},{"@type":"Organization","@id":"https:\/\/centrosabia.org.br\/en\/#organization","name":"Centro de Desenvolvimento Agroecológico Sabiá","url":"https:\/\/centrosabia.org.br\/en\/","logo":{"@type":"ImageObject","inLanguage":"en-US","@id":"https:\/\/centrosabia.org.br\/en\/#\/schema\/logo\/image\/","url":"https:\/\/centrosabia.org.br\/wp-content\/uploads\/2021\/10\/logo.png","contentUrl":"https:\/\/centrosabia.org.br\/wp-content\/uploads\/2021\/10\/logo.png","width":174,"height":84,"caption":"Centro de Desenvolvimento Agroecológico Sabiá"},"image":{"@id":"https:\/\/centrosabia.org.br\/en\/#\/schema\/logo\/image\/"}}]}</script>
<!-- / Yoast SEO plugin. -->

Resiste Estelita! Ocupe Campo-Cidade - Centro de Desenvolvimento Agroecológico Sabiá

Centro de Desenvolvimento Agroecológico Sabiá

Início

Vídeos
