{"id":18642,"date":"2015-01-30T19:00:35","date_gmt":"2015-01-30T19:00:35","guid":{"rendered":"https:\/\/centrosabia.org.br\/video\/projeto-aguas-do-ceu-familias-assentadas-protegendo-nascentes-e-florestas\/"},"modified":"2024-06-06T09:05:10","modified_gmt":"2024-06-06T12:05:10","slug":"projeto-aguas-do-ceu-familias-assentadas-protegendo-nascentes-e-florestas","status":"publish","type":"video","link":"https:\/\/centrosabia.org.br\/en\/video\/projeto-aguas-do-ceu-familias-assentadas-protegendo-nascentes-e-florestas\/","title":{"rendered":"Projeto \u00c1guas do C\u00e9u &#8211; Fam\u00edlias Assentadas Protegendo Nascentes e Florestas"},"content":{"rendered":"<p>O v\u00eddeo mostra o trabalho realizado pelas fam\u00edlias agricultoras do assentamento Amaraji, no munic\u00edpio de Rio Formoso, Zona da Mata de Pernambuco, para proteger as nascentes de \u00e1gua da comunidade. Jovens rurais foram articulados e orientados para colocar em pr\u00e1tica as a\u00e7\u00f5es do Projeto \u00c1guas do C\u00e9u, tornando-se os guardi\u00f5es para preserva\u00e7\u00e3o das fontes de \u00e1gua do assentamento. O Projeto foi realizado com o apoio da Caixa Econ\u00f4mica Federal, por interm\u00e9dio do Fundo Socioambiental. O Centro Sabi\u00e1 tamb\u00e9m contou com a parceria da CPRH\/APA de Guadalupe e a Prefeitura do munic\u00edpio.<\/p>\n","protected":false},"featured_media":18643,"template":"","meta":{"_acf_changed":false,"ano":2015},"tema":[2521,2538,2542],"decada":[2503],"curadoria":[],"class_list":["post-18642","video","type-video","status-publish","has-post-thumbnail","hentry","tema-agrofloresta","tema-agua","tema-troca-de-experiencias","decada-2503"],"blocksy_meta":[],"acf":[],"yoast_head":"<!-- This site is optimized with the Yoast SEO plugin v27.4 - https:\/\/yoast.com\/product\/yoast-seo-wordpress\/ -->\n<title>Projeto \u00c1guas do C\u00e9u - Fam\u00edlias Assentadas Protegendo Nascentes e Florestas - Centro de Desenvolvimento Agroecol\u00f3gico Sabi\u00e1<\/title>\n<meta name=\"robots\" content=\"index, follow, max-snippet:-1, max-image-preview:large, max-video-preview:-1\" \/>\n<link rel=\"canonical\" href=\"https:\/\/centrosabia.org.br\/en\/video\/projeto-aguas-do-ceu-familias-assentadas-protegendo-nascentes-e-florestas\/\" \/>\n<meta property=\"og:locale\" content=\"en_US\" \/>\n<meta property=\"og:type\" content=\"article\" \/>\n<meta property=\"og:title\" content=\"Projeto \u00c1guas do C\u00e9u - Fam\u00edlias Assentadas Protegendo Nascentes e Florestas - Centro de Desenvolvimento Agroecol\u00f3gico Sabi\u00e1\" \/>\n<meta property=\"og:url\" content=\"https:\/\/centrosabia.org.br\/en\/video\/projeto-aguas-do-ceu-familias-assentadas-protegendo-nascentes-e-florestas\/\" \/>\n<meta property=\"og:site_name\" content=\"Centro de Desenvolvimento Agroecol\u00f3gico Sabi\u00e1\" \/>\n<meta property=\"article:modified_time\" content=\"2024-06-06T12:05:10+00:00\" \/>\n<meta property=\"og:image\" content=\"https:\/\/centrosabia.org.br\/wp-content\/uploads\/2024\/04\/projeto-aguas-do-ceu-familias-assentadas-protegendo-nascentes-e-florestas-300x225.jpg\" \/>\n\t<meta property=\"og:image:width\" content=\"300\" \/>\n\t<meta property=\"og:image:height\" content=\"225\" \/>\n\t<meta property=\"og:image:type\" content=\"image\/jpeg\" \/>\n<meta name=\"twitter:card\" content=\"summary_large_image\" \/>\n<meta name=\"twitter:label1\" content=\"Est. reading time\" \/>\n\t<meta name=\"twitter:data1\" content=\"1 minute\" \/>\n<script type=\"application\/ld+json\" class=\"yoast-schema-graph\">{\"@context\":\"https:\\\/\\\/schema.org\",\"@graph\":[{\"@type\":\"WebPage\",\"@id\":\"https:\\\/\\\/centrosabia.org.br\\\/en\\\/video\\\/projeto-aguas-do-ceu-familias-assentadas-protegendo-nascentes-e-florestas\\\/\",\"url\":\"https:\\\/\\\/centrosabia.org.br\\\/en\\\/video\\\/projeto-aguas-do-ceu-familias-assentadas-protegendo-nascentes-e-florestas\\\/\",\"name\":\"Projeto \u00c1guas do C\u00e9u - Fam\u00edlias Assentadas Protegendo Nascentes e Florestas - Centro de Desenvolvimento Agroecol\u00f3gico Sabi\u00e1\",\"isPartOf\":{\"@id\":\"https:\\\/\\\/centrosabia.org.br\\\/en\\\/#website\"},\"primaryImageOfPage\":{\"@id\":\"https:\\\/\\\/centrosabia.org.br\\\/en\\\/video\\\/projeto-aguas-do-ceu-familias-assentadas-protegendo-nascentes-e-florestas\\\/#primaryimage\"},\"image\":{\"@id\":\"https:\\\/\\\/centrosabia.org.br\\\/en\\\/video\\\/projeto-aguas-do-ceu-familias-assentadas-protegendo-nascentes-e-florestas\\\/#primaryimage\"},\"thumbnailUrl\":\"https:\\\/\\\/centrosabia.org.br\\\/wp-content\\\/uploads\\\/2024\\\/04\\\/projeto-aguas-do-ceu-familias-assentadas-protegendo-nascentes-e-florestas.jpg\",\"datePublished\":\"2015-01-30T19:00:35+00:00\",\"dateModified\":\"2024-06-06T12:05:10+00:00\",\"breadcrumb\":{\"@id\":\"https:\\\/\\\/centrosabia.org.br\\\/en\\\/video\\\/projeto-aguas-do-ceu-familias-assentadas-protegendo-nascentes-e-florestas\\\/#breadcrumb\"},\"inLanguage\":\"en-US\",\"potentialAction\":[{\"@type\":\"ReadAction\",\"target\":[\"https:\\\/\\\/centrosabia.org.br\\\/en\\\/video\\\/projeto-aguas-do-ceu-familias-assentadas-protegendo-nascentes-e-florestas\\\/\"]}]},{\"@type\":\"ImageObject\",\"inLanguage\":\"en-US\",\"@id\":\"https:\\\/\\\/centrosabia.org.br\\\/en\\\/video\\\/projeto-aguas-do-ceu-familias-assentadas-protegendo-nascentes-e-florestas\\\/#primaryimage\",\"url\":\"https:\\\/\\\/centrosabia.org.br\\\/wp-content\\\/uploads\\\/2024\\\/04\\\/projeto-aguas-do-ceu-familias-assentadas-protegendo-nascentes-e-florestas.jpg\",\"contentUrl\":\"https:\\\/\\\/centrosabia.org.br\\\/wp-content\\\/uploads\\\/2024\\\/04\\\/projeto-aguas-do-ceu-familias-assentadas-protegendo-nascentes-e-florestas.jpg\",\"width\":480,\"height\":360},{\"@type\":\"BreadcrumbList\",\"@id\":\"https:\\\/\\\/centrosabia.org.br\\\/en\\\/video\\\/projeto-aguas-do-ceu-familias-assentadas-protegendo-nascentes-e-florestas\\\/#breadcrumb\",\"itemListElement\":[{\"@type\":\"ListItem\",\"position\":1,\"name\":\"In\u00edcio\",\"item\":\"https:\\\/\\\/centrosabia.org.br\\\/en\\\/\"},{\"@type\":\"ListItem\",\"position\":2,\"name\":\"V\u00eddeos\",\"item\":\"https:\\\/\\\/centrosabia.org.br\\\/en\\\/video\\\/\"},{\"@type\":\"ListItem\",\"position\":3,\"name\":\"Projeto \u00c1guas do C\u00e9u &#8211; Fam\u00edlias Assentadas Protegendo Nascentes e Florestas\"}]},{\"@type\":\"WebSite\",\"@id\":\"https:\\\/\\\/centrosabia.org.br\\\/en\\\/#website\",\"url\":\"https:\\\/\\\/centrosabia.org.br\\\/en\\\/\",\"name\":\"Centro de Desenvolvimento Agroecol\u00f3gico Sabi\u00e1\",\"description\":\"\",\"publisher\":{\"@id\":\"https:\\\/\\\/centrosabia.org.br\\\/en\\\/#organization\"},\"potentialAction\":[{\"@type\":\"SearchAction\",\"target\":{\"@type\":\"EntryPoint\",\"urlTemplate\":\"https:\\\/\\\/centrosabia.org.br\\\/en\\\/?s={search_term_string}\"},\"query-input\":{\"@type\":\"PropertyValueSpecification\",\"valueRequired\":true,\"valueName\":\"search_term_string\"}}],\"inLanguage\":\"en-US\"},{\"@type\":\"Organization\",\"@id\":\"https:\\\/\\\/centrosabia.org.br\\\/en\\\/#organization\",\"name\":\"Centro de Desenvolvimento Agroecol\u00f3gico Sabi\u00e1\",\"url\":\"https:\\\/\\\/centrosabia.org.br\\\/en\\\/\",\"logo\":{\"@type\":\"ImageObject\",\"inLanguage\":\"en-US\",\"@id\":\"https:\\\/\\\/centrosabia.org.br\\\/en\\\/#\\\/schema\\\/logo\\\/image\\\/\",\"url\":\"https:\\\/\\\/centrosabia.org.br\\\/wp-content\\\/uploads\\\/2021\\\/10\\\/logo.png\",\"contentUrl\":\"https:\\\/\\\/centrosabia.org.br\\\/wp-content\\\/uploads\\\/2021\\\/10\\\/logo.png\",\"width\":174,\"height\":84,\"caption\":\"Centro de Desenvolvimento Agroecol\u00f3gico Sabi\u00e1\"},\"image\":{\"@id\":\"https:\\\/\\\/centrosabia.org.br\\\/en\\\/#\\\/schema\\\/logo\\\/image\\\/\"}}]}<\/script>\n<!-- \/ Yoast SEO plugin. -->","yoast_head_json":{"title":"Projeto \u00c1guas do C\u00e9u - Fam\u00edlias Assentadas Protegendo Nascentes e Florestas - Centro de Desenvolvimento Agroecol\u00f3gico Sabi\u00e1","robots":{"index":"index","follow":"follow","max-snippet":"max-snippet:-1","max-image-preview":"max-image-preview:large","max-video-preview":"max-video-preview:-1"},"canonical":"https:\/\/centrosabia.org.br\/en\/video\/projeto-aguas-do-ceu-familias-assentadas-protegendo-nascentes-e-florestas\/","og_locale":"en_US","og_type":"article","og_title":"Projeto \u00c1guas do C\u00e9u - Fam\u00edlias Assentadas Protegendo Nascentes e Florestas - Centro de Desenvolvimento Agroecol\u00f3gico Sabi\u00e1","og_url":"https:\/\/centrosabia.org.br\/en\/video\/projeto-aguas-do-ceu-familias-assentadas-protegendo-nascentes-e-florestas\/","og_site_name":"Centro de Desenvolvimento Agroecol\u00f3gico Sabi\u00e1","article_modified_time":"2024-06-06T12:05:10+00:00","og_image":[{"width":300,"height":225,"url":"https:\/\/centrosabia.org.br\/wp-content\/uploads\/2024\/04\/projeto-aguas-do-ceu-familias-assentadas-protegendo-nascentes-e-florestas-300x225.jpg","type":"image\/jpeg"}],"twitter_card":"summary_large_image","twitter_misc":{"Est. reading time":"1 minute"},"schema":{"@context":"https:\/\/schema.org","@graph":[{"@type":"WebPage","@id":"https:\/\/centrosabia.org.br\/en\/video\/projeto-aguas-do-ceu-familias-assentadas-protegendo-nascentes-e-florestas\/","url":"https:\/\/centrosabia.org.br\/en\/video\/projeto-aguas-do-ceu-familias-assentadas-protegendo-nascentes-e-florestas\/","name":"Projeto \u00c1guas do C\u00e9u - Fam\u00edlias Assentadas Protegendo Nascentes e Florestas - Centro de Desenvolvimento Agroecol\u00f3gico Sabi\u00e1","isPartOf":{"@id":"https:\/\/centrosabia.org.br\/en\/#website"},"primaryImageOfPage":{"@id":"https:\/\/centrosabia.org.br\/en\/video\/projeto-aguas-do-ceu-familias-assentadas-protegendo-nascentes-e-florestas\/#primaryimage"},"image":{"@id":"https:\/\/centrosabia.org.br\/en\/video\/projeto-aguas-do-ceu-familias-assentadas-protegendo-nascentes-e-florestas\/#primaryimage"},"thumbnailUrl":"https:\/\/centrosabia.org.br\/wp-content\/uploads\/2024\/04\/projeto-aguas-do-ceu-familias-assentadas-protegendo-nascentes-e-florestas.jpg","datePublished":"2015-01-30T19:00:35+00:00","dateModified":"2024-06-06T12:05:10+00:00","breadcrumb":{"@id":"https:\/\/centrosabia.org.br\/en\/video\/projeto-aguas-do-ceu-familias-assentadas-protegendo-nascentes-e-florestas\/#breadcrumb"},"inLanguage":"en-US","potentialAction":[{"@type":"ReadAction","target":["https:\/\/centrosabia.org.br\/en\/video\/projeto-aguas-do-ceu-familias-assentadas-protegendo-nascentes-e-florestas\/"]}]},{"@type":"ImageObject","inLanguage":"en-US","@id":"https:\/\/centrosabia.org.br\/en\/video\/projeto-aguas-do-ceu-familias-assentadas-protegendo-nascentes-e-florestas\/#primaryimage","url":"https:\/\/centrosabia.org.br\/wp-content\/uploads\/2024\/04\/projeto-aguas-do-ceu-familias-assentadas-protegendo-nascentes-e-florestas.jpg","contentUrl":"https:\/\/centrosabia.org.br\/wp-content\/uploads\/2024\/04\/projeto-aguas-do-ceu-familias-assentadas-protegendo-nascentes-e-florestas.jpg","width":480,"height":360},{"@type":"BreadcrumbList","@id":"https:\/\/centrosabia.org.br\/en\/video\/projeto-aguas-do-ceu-familias-assentadas-protegendo-nascentes-e-florestas\/#breadcrumb","itemListElement":[{"@type":"ListItem","position":1,"name":"In\u00edcio","item":"https:\/\/centrosabia.org.br\/en\/"},{"@type":"ListItem","position":2,"name":"V\u00eddeos","item":"https:\/\/centrosabia.org.br\/en\/video\/"},{"@type":"ListItem","position":3,"name":"Projeto \u00c1guas do C\u00e9u &#8211; Fam\u00edlias Assentadas Protegendo Nascentes e Florestas"}]},{"@type":"WebSite","@id":"https:\/\/centrosabia.org.br\/en\/#website","url":"https:\/\/centrosabia.org.br\/en\/","name":"Centro de Desenvolvimento Agroecol\u00f3gico Sabi\u00e1","description":"","publisher":{"@id":"https:\/\/centrosabia.org.br\/en\/#organization"},"potentialAction":[{"@type":"SearchAction","target":{"@type":"EntryPoint","urlTemplate":"https:\/\/centrosabia.org.br\/en\/?s={search_term_string}"},"query-input":{"@type":"PropertyValueSpecification","valueRequired":true,"valueName":"search_term_string"}}],"inLanguage":"en-US"},{"@type":"Organization","@id":"https:\/\/centrosabia.org.br\/en\/#organization","name":"Centro de Desenvolvimento Agroecol\u00f3gico Sabi\u00e1","url":"https:\/\/centrosabia.org.br\/en\/","logo":{"@type":"ImageObject","inLanguage":"en-US","@id":"https:\/\/centrosabia.org.br\/en\/#\/schema\/logo\/image\/","url":"https:\/\/centrosabia.org.br\/wp-content\/uploads\/2021\/10\/logo.png","contentUrl":"https:\/\/centrosabia.org.br\/wp-content\/uploads\/2021\/10\/logo.png","width":174,"height":84,"caption":"Centro de Desenvolvimento Agroecol\u00f3gico Sabi\u00e1"},"image":{"@id":"https:\/\/centrosabia.org.br\/en\/#\/schema\/logo\/image\/"}}]}},"_links":{"self":[{"href":"https:\/\/centrosabia.org.br\/en\/wp-json\/wp\/v2\/video\/18642","targetHints":{"allow":["GET"]}}],"collection":[{"href":"https:\/\/centrosabia.org.br\/en\/wp-json\/wp\/v2\/video"}],"about":[{"href":"https:\/\/centrosabia.org.br\/en\/wp-json\/wp\/v2\/types\/video"}],"wp:featuredmedia":[{"embeddable":true,"href":"https:\/\/centrosabia.org.br\/en\/wp-json\/wp\/v2\/media\/18643"}],"wp:attachment":[{"href":"https:\/\/centrosabia.org.br\/en\/wp-json\/wp\/v2\/media?parent=18642"}],"wp:term":[{"taxonomy":"tema","embeddable":true,"href":"https:\/\/centrosabia.org.br\/en\/wp-json\/wp\/v2\/tema?post=18642"},{"taxonomy":"decada","embeddable":true,"href":"https:\/\/centrosabia.org.br\/en\/wp-json\/wp\/v2\/decada?post=18642"},{"taxonomy":"curadoria","embeddable":true,"href":"https:\/\/centrosabia.org.br\/en\/wp-json\/wp\/v2\/curadoria?post=18642"}],"curies":[{"name":"wp","href":"https:\/\/api.w.org\/{rel}","templated":true}]}}

Projeto Águas do Céu &#8211; Famílias Assentadas Protegendo Nascentes e Florestas

<p>O vídeo mostra o trabalho realizado pelas famílias agricultoras do assentamento Amaraji, no município de Rio Formoso, Zona da Mata de Pernambuco, para proteger as nascentes de água da comunidade. Jovens rurais foram articulados e orientados para colocar em prática as ações do Projeto Águas do Céu, tornando-se os guardiões para preservação das fontes de água do assentamento. O Projeto foi realizado com o apoio da Caixa Econômica Federal, por intermédio do Fundo Socioambiental. O Centro Sabiá também contou com a parceria da CPRH/APA de Guadalupe e a Prefeitura do município.</p>

<!-- This site is optimized with the Yoast SEO plugin v27.4 - https://yoast.com/product/yoast-seo-wordpress/ -->
<title>Projeto Águas do Céu - Famílias Assentadas Protegendo Nascentes e Florestas - Centro de Desenvolvimento Agroecológico Sabiá</title>
<meta name="robots" content="index, follow, max-snippet:-1, max-image-preview:large, max-video-preview:-1" />
<link rel="canonical" href="https://centrosabia.org.br/en/video/projeto-aguas-do-ceu-familias-assentadas-protegendo-nascentes-e-florestas/" />
<meta property="og:locale" content="en_US" />
<meta property="og:type" content="article" />
<meta property="og:title" content="Projeto Águas do Céu - Famílias Assentadas Protegendo Nascentes e Florestas - Centro de Desenvolvimento Agroecológico Sabiá" />
<meta property="og:url" content="https://centrosabia.org.br/en/video/projeto-aguas-do-ceu-familias-assentadas-protegendo-nascentes-e-florestas/" />
<meta property="og:site_name" content="Centro de Desenvolvimento Agroecológico Sabiá" />
<meta property="article:modified_time" content="2024-06-06T12:05:10+00:00" />
<meta property="og:image" content="https://centrosabia.org.br/wp-content/uploads/2024/04/projeto-aguas-do-ceu-familias-assentadas-protegendo-nascentes-e-florestas-300x225.jpg" />
	<meta property="og:image:width" content="300" />
	<meta property="og:image:height" content="225" />
	<meta property="og:image:type" content="image/jpeg" />
<meta name="twitter:card" content="summary_large_image" />
<meta name="twitter:label1" content="Est. reading time" />
	<meta name="twitter:data1" content="1 minute" />
<script type="application/ld+json" class="yoast-schema-graph">{"@context":"https:\/\/schema.org","@graph":[{"@type":"WebPage","@id":"https:\/\/centrosabia.org.br\/en\/video\/projeto-aguas-do-ceu-familias-assentadas-protegendo-nascentes-e-florestas\/","url":"https:\/\/centrosabia.org.br\/en\/video\/projeto-aguas-do-ceu-familias-assentadas-protegendo-nascentes-e-florestas\/","name":"Projeto Águas do Céu - Famílias Assentadas Protegendo Nascentes e Florestas - Centro de Desenvolvimento Agroecológico Sabiá","isPartOf":{"@id":"https:\/\/centrosabia.org.br\/en\/#website"},"primaryImageOfPage":{"@id":"https:\/\/centrosabia.org.br\/en\/video\/projeto-aguas-do-ceu-familias-assentadas-protegendo-nascentes-e-florestas\/#primaryimage"},"image":{"@id":"https:\/\/centrosabia.org.br\/en\/video\/projeto-aguas-do-ceu-familias-assentadas-protegendo-nascentes-e-florestas\/#primaryimage"},"thumbnailUrl":"https:\/\/centrosabia.org.br\/wp-content\/uploads\/2024\/04\/projeto-aguas-do-ceu-familias-assentadas-protegendo-nascentes-e-florestas.jpg","datePublished":"2015-01-30T19:00:35+00:00","dateModified":"2024-06-06T12:05:10+00:00","breadcrumb":{"@id":"https:\/\/centrosabia.org.br\/en\/video\/projeto-aguas-do-ceu-familias-assentadas-protegendo-nascentes-e-florestas\/#breadcrumb"},"inLanguage":"en-US","potentialAction":[{"@type":"ReadAction","target":["https:\/\/centrosabia.org.br\/en\/video\/projeto-aguas-do-ceu-familias-assentadas-protegendo-nascentes-e-florestas\/"]}]},{"@type":"ImageObject","inLanguage":"en-US","@id":"https:\/\/centrosabia.org.br\/en\/video\/projeto-aguas-do-ceu-familias-assentadas-protegendo-nascentes-e-florestas\/#primaryimage","url":"https:\/\/centrosabia.org.br\/wp-content\/uploads\/2024\/04\/projeto-aguas-do-ceu-familias-assentadas-protegendo-nascentes-e-florestas.jpg","contentUrl":"https:\/\/centrosabia.org.br\/wp-content\/uploads\/2024\/04\/projeto-aguas-do-ceu-familias-assentadas-protegendo-nascentes-e-florestas.jpg","width":480,"height":360},{"@type":"BreadcrumbList","@id":"https:\/\/centrosabia.org.br\/en\/video\/projeto-aguas-do-ceu-familias-assentadas-protegendo-nascentes-e-florestas\/#breadcrumb","itemListElement":[{"@type":"ListItem","position":1,"name":"Início","item":"https:\/\/centrosabia.org.br\/en\/"},{"@type":"ListItem","position":2,"name":"Vídeos","item":"https:\/\/centrosabia.org.br\/en\/video\/"},{"@type":"ListItem","position":3,"name":"Projeto Águas do Céu &#8211; Famílias Assentadas Protegendo Nascentes e Florestas"}]},{"@type":"WebSite","@id":"https:\/\/centrosabia.org.br\/en\/#website","url":"https:\/\/centrosabia.org.br\/en\/","name":"Centro de Desenvolvimento Agroecológico Sabiá","description":"","publisher":{"@id":"https:\/\/centrosabia.org.br\/en\/#organization"},"potentialAction":[{"@type":"SearchAction","target":{"@type":"EntryPoint","urlTemplate":"https:\/\/centrosabia.org.br\/en\/?s={search_term_string}"},"query-input":{"@type":"PropertyValueSpecification","valueRequired":true,"valueName":"search_term_string"}}],"inLanguage":"en-US"},{"@type":"Organization","@id":"https:\/\/centrosabia.org.br\/en\/#organization","name":"Centro de Desenvolvimento Agroecológico Sabiá","url":"https:\/\/centrosabia.org.br\/en\/","logo":{"@type":"ImageObject","inLanguage":"en-US","@id":"https:\/\/centrosabia.org.br\/en\/#\/schema\/logo\/image\/","url":"https:\/\/centrosabia.org.br\/wp-content\/uploads\/2021\/10\/logo.png","contentUrl":"https:\/\/centrosabia.org.br\/wp-content\/uploads\/2021\/10\/logo.png","width":174,"height":84,"caption":"Centro de Desenvolvimento Agroecológico Sabiá"},"image":{"@id":"https:\/\/centrosabia.org.br\/en\/#\/schema\/logo\/image\/"}}]}</script>
<!-- / Yoast SEO plugin. -->

Projeto Águas do Céu - Famílias Assentadas Protegendo Nascentes e Florestas - Centro de Desenvolvimento Agroecológico Sabiá

Centro de Desenvolvimento Agroecológico Sabiá

Início

Vídeos
