{"id":18654,"date":"2013-05-03T13:39:28","date_gmt":"2013-05-03T13:39:28","guid":{"rendered":"https:\/\/centrosabia.org.br\/video\/iii-encontro-juventude-e-agroecologia-um-olhar-politico-e-cidadao\/"},"modified":"2024-06-06T09:01:02","modified_gmt":"2024-06-06T12:01:02","slug":"iii-encontro-juventude-e-agroecologia-um-olhar-politico-e-cidadao","status":"publish","type":"video","link":"https:\/\/centrosabia.org.br\/en\/video\/iii-encontro-juventude-e-agroecologia-um-olhar-politico-e-cidadao\/","title":{"rendered":"III Encontro Juventude e Agroecologia &#8211; Um Olhar Pol\u00edtico e Cidad\u00e3o"},"content":{"rendered":"<p>Pernambuco sediou em janeiro de 2013 o III Encontro Juventude e Agroecologia &#8212; Um Olhar Pol\u00edtico e Cidad\u00e3o, promovido pela organiza\u00e7\u00e3o Centro Sabi\u00e1. Cerca de 100 jovens de \u00e1reas rurais e urbanas de estados do Nordeste, como Pernambuco, Bahia, Cear\u00e1, Maranh\u00e3o e Para\u00edba reuniram-se para debater qual o papel da juventude no modelo de desenvolvimento em vigor. Entre os temas debatidos estiveram: juventude rural e comunica\u00e7\u00e3o, organiza\u00e7\u00e3o pol\u00edtica da juventude e acesso \u00e0 informa\u00e7\u00e3o e \u00e1gua.O v\u00eddeo acima foi veiculado no Canal Futura, que tamb\u00e9m esteve presente no encontro, e uma constru\u00e7\u00e3o da produtora de v\u00eddeo TV Mangue.<\/p>\n","protected":false},"featured_media":18655,"template":"","meta":{"_acf_changed":false,"ano":2013},"tema":[2519,2520,2509],"decada":[2503],"curadoria":[],"class_list":["post-18654","video","type-video","status-publish","has-post-thumbnail","hentry","tema-agroecologia","tema-juventude","tema-politica","decada-2503"],"blocksy_meta":[],"acf":[],"yoast_head":"<!-- This site is optimized with the Yoast SEO plugin v27.4 - https:\/\/yoast.com\/product\/yoast-seo-wordpress\/ -->\n<title>III Encontro Juventude e Agroecologia - Um Olhar Pol\u00edtico e Cidad\u00e3o - Centro de Desenvolvimento Agroecol\u00f3gico Sabi\u00e1<\/title>\n<meta name=\"robots\" content=\"index, follow, max-snippet:-1, max-image-preview:large, max-video-preview:-1\" \/>\n<link rel=\"canonical\" href=\"https:\/\/centrosabia.org.br\/en\/video\/iii-encontro-juventude-e-agroecologia-um-olhar-politico-e-cidadao\/\" \/>\n<meta property=\"og:locale\" content=\"en_US\" \/>\n<meta property=\"og:type\" content=\"article\" \/>\n<meta property=\"og:title\" content=\"III Encontro Juventude e Agroecologia - Um Olhar Pol\u00edtico e Cidad\u00e3o - Centro de Desenvolvimento Agroecol\u00f3gico Sabi\u00e1\" \/>\n<meta property=\"og:url\" content=\"https:\/\/centrosabia.org.br\/en\/video\/iii-encontro-juventude-e-agroecologia-um-olhar-politico-e-cidadao\/\" \/>\n<meta property=\"og:site_name\" content=\"Centro de Desenvolvimento Agroecol\u00f3gico Sabi\u00e1\" \/>\n<meta property=\"article:modified_time\" content=\"2024-06-06T12:01:02+00:00\" \/>\n<meta property=\"og:image\" content=\"https:\/\/centrosabia.org.br\/wp-content\/uploads\/2024\/04\/iii-encontro-juventude-e-agroecologia-um-olhar-politico-e-cidadao-300x169.jpg\" \/>\n\t<meta property=\"og:image:width\" content=\"300\" \/>\n\t<meta property=\"og:image:height\" content=\"169\" \/>\n\t<meta property=\"og:image:type\" content=\"image\/jpeg\" \/>\n<meta name=\"twitter:card\" content=\"summary_large_image\" \/>\n<meta name=\"twitter:label1\" content=\"Est. reading time\" \/>\n\t<meta name=\"twitter:data1\" content=\"1 minute\" \/>\n<script type=\"application\/ld+json\" class=\"yoast-schema-graph\">{\"@context\":\"https:\\\/\\\/schema.org\",\"@graph\":[{\"@type\":\"WebPage\",\"@id\":\"https:\\\/\\\/centrosabia.org.br\\\/en\\\/video\\\/iii-encontro-juventude-e-agroecologia-um-olhar-politico-e-cidadao\\\/\",\"url\":\"https:\\\/\\\/centrosabia.org.br\\\/en\\\/video\\\/iii-encontro-juventude-e-agroecologia-um-olhar-politico-e-cidadao\\\/\",\"name\":\"III Encontro Juventude e Agroecologia - Um Olhar Pol\u00edtico e Cidad\u00e3o - Centro de Desenvolvimento Agroecol\u00f3gico Sabi\u00e1\",\"isPartOf\":{\"@id\":\"https:\\\/\\\/centrosabia.org.br\\\/en\\\/#website\"},\"primaryImageOfPage\":{\"@id\":\"https:\\\/\\\/centrosabia.org.br\\\/en\\\/video\\\/iii-encontro-juventude-e-agroecologia-um-olhar-politico-e-cidadao\\\/#primaryimage\"},\"image\":{\"@id\":\"https:\\\/\\\/centrosabia.org.br\\\/en\\\/video\\\/iii-encontro-juventude-e-agroecologia-um-olhar-politico-e-cidadao\\\/#primaryimage\"},\"thumbnailUrl\":\"https:\\\/\\\/centrosabia.org.br\\\/wp-content\\\/uploads\\\/2024\\\/04\\\/iii-encontro-juventude-e-agroecologia-um-olhar-politico-e-cidadao.jpg\",\"datePublished\":\"2013-05-03T13:39:28+00:00\",\"dateModified\":\"2024-06-06T12:01:02+00:00\",\"breadcrumb\":{\"@id\":\"https:\\\/\\\/centrosabia.org.br\\\/en\\\/video\\\/iii-encontro-juventude-e-agroecologia-um-olhar-politico-e-cidadao\\\/#breadcrumb\"},\"inLanguage\":\"en-US\",\"potentialAction\":[{\"@type\":\"ReadAction\",\"target\":[\"https:\\\/\\\/centrosabia.org.br\\\/en\\\/video\\\/iii-encontro-juventude-e-agroecologia-um-olhar-politico-e-cidadao\\\/\"]}]},{\"@type\":\"ImageObject\",\"inLanguage\":\"en-US\",\"@id\":\"https:\\\/\\\/centrosabia.org.br\\\/en\\\/video\\\/iii-encontro-juventude-e-agroecologia-um-olhar-politico-e-cidadao\\\/#primaryimage\",\"url\":\"https:\\\/\\\/centrosabia.org.br\\\/wp-content\\\/uploads\\\/2024\\\/04\\\/iii-encontro-juventude-e-agroecologia-um-olhar-politico-e-cidadao.jpg\",\"contentUrl\":\"https:\\\/\\\/centrosabia.org.br\\\/wp-content\\\/uploads\\\/2024\\\/04\\\/iii-encontro-juventude-e-agroecologia-um-olhar-politico-e-cidadao.jpg\",\"width\":1280,\"height\":720},{\"@type\":\"BreadcrumbList\",\"@id\":\"https:\\\/\\\/centrosabia.org.br\\\/en\\\/video\\\/iii-encontro-juventude-e-agroecologia-um-olhar-politico-e-cidadao\\\/#breadcrumb\",\"itemListElement\":[{\"@type\":\"ListItem\",\"position\":1,\"name\":\"In\u00edcio\",\"item\":\"https:\\\/\\\/centrosabia.org.br\\\/en\\\/\"},{\"@type\":\"ListItem\",\"position\":2,\"name\":\"V\u00eddeos\",\"item\":\"https:\\\/\\\/centrosabia.org.br\\\/en\\\/video\\\/\"},{\"@type\":\"ListItem\",\"position\":3,\"name\":\"III Encontro Juventude e Agroecologia &#8211; Um Olhar Pol\u00edtico e Cidad\u00e3o\"}]},{\"@type\":\"WebSite\",\"@id\":\"https:\\\/\\\/centrosabia.org.br\\\/en\\\/#website\",\"url\":\"https:\\\/\\\/centrosabia.org.br\\\/en\\\/\",\"name\":\"Centro de Desenvolvimento Agroecol\u00f3gico Sabi\u00e1\",\"description\":\"\",\"publisher\":{\"@id\":\"https:\\\/\\\/centrosabia.org.br\\\/en\\\/#organization\"},\"potentialAction\":[{\"@type\":\"SearchAction\",\"target\":{\"@type\":\"EntryPoint\",\"urlTemplate\":\"https:\\\/\\\/centrosabia.org.br\\\/en\\\/?s={search_term_string}\"},\"query-input\":{\"@type\":\"PropertyValueSpecification\",\"valueRequired\":true,\"valueName\":\"search_term_string\"}}],\"inLanguage\":\"en-US\"},{\"@type\":\"Organization\",\"@id\":\"https:\\\/\\\/centrosabia.org.br\\\/en\\\/#organization\",\"name\":\"Centro de Desenvolvimento Agroecol\u00f3gico Sabi\u00e1\",\"url\":\"https:\\\/\\\/centrosabia.org.br\\\/en\\\/\",\"logo\":{\"@type\":\"ImageObject\",\"inLanguage\":\"en-US\",\"@id\":\"https:\\\/\\\/centrosabia.org.br\\\/en\\\/#\\\/schema\\\/logo\\\/image\\\/\",\"url\":\"https:\\\/\\\/centrosabia.org.br\\\/wp-content\\\/uploads\\\/2021\\\/10\\\/logo.png\",\"contentUrl\":\"https:\\\/\\\/centrosabia.org.br\\\/wp-content\\\/uploads\\\/2021\\\/10\\\/logo.png\",\"width\":174,\"height\":84,\"caption\":\"Centro de Desenvolvimento Agroecol\u00f3gico Sabi\u00e1\"},\"image\":{\"@id\":\"https:\\\/\\\/centrosabia.org.br\\\/en\\\/#\\\/schema\\\/logo\\\/image\\\/\"}}]}<\/script>\n<!-- \/ Yoast SEO plugin. -->","yoast_head_json":{"title":"III Encontro Juventude e Agroecologia - Um Olhar Pol\u00edtico e Cidad\u00e3o - Centro de Desenvolvimento Agroecol\u00f3gico Sabi\u00e1","robots":{"index":"index","follow":"follow","max-snippet":"max-snippet:-1","max-image-preview":"max-image-preview:large","max-video-preview":"max-video-preview:-1"},"canonical":"https:\/\/centrosabia.org.br\/en\/video\/iii-encontro-juventude-e-agroecologia-um-olhar-politico-e-cidadao\/","og_locale":"en_US","og_type":"article","og_title":"III Encontro Juventude e Agroecologia - Um Olhar Pol\u00edtico e Cidad\u00e3o - Centro de Desenvolvimento Agroecol\u00f3gico Sabi\u00e1","og_url":"https:\/\/centrosabia.org.br\/en\/video\/iii-encontro-juventude-e-agroecologia-um-olhar-politico-e-cidadao\/","og_site_name":"Centro de Desenvolvimento Agroecol\u00f3gico Sabi\u00e1","article_modified_time":"2024-06-06T12:01:02+00:00","og_image":[{"width":300,"height":169,"url":"https:\/\/centrosabia.org.br\/wp-content\/uploads\/2024\/04\/iii-encontro-juventude-e-agroecologia-um-olhar-politico-e-cidadao-300x169.jpg","type":"image\/jpeg"}],"twitter_card":"summary_large_image","twitter_misc":{"Est. reading time":"1 minute"},"schema":{"@context":"https:\/\/schema.org","@graph":[{"@type":"WebPage","@id":"https:\/\/centrosabia.org.br\/en\/video\/iii-encontro-juventude-e-agroecologia-um-olhar-politico-e-cidadao\/","url":"https:\/\/centrosabia.org.br\/en\/video\/iii-encontro-juventude-e-agroecologia-um-olhar-politico-e-cidadao\/","name":"III Encontro Juventude e Agroecologia - Um Olhar Pol\u00edtico e Cidad\u00e3o - Centro de Desenvolvimento Agroecol\u00f3gico Sabi\u00e1","isPartOf":{"@id":"https:\/\/centrosabia.org.br\/en\/#website"},"primaryImageOfPage":{"@id":"https:\/\/centrosabia.org.br\/en\/video\/iii-encontro-juventude-e-agroecologia-um-olhar-politico-e-cidadao\/#primaryimage"},"image":{"@id":"https:\/\/centrosabia.org.br\/en\/video\/iii-encontro-juventude-e-agroecologia-um-olhar-politico-e-cidadao\/#primaryimage"},"thumbnailUrl":"https:\/\/centrosabia.org.br\/wp-content\/uploads\/2024\/04\/iii-encontro-juventude-e-agroecologia-um-olhar-politico-e-cidadao.jpg","datePublished":"2013-05-03T13:39:28+00:00","dateModified":"2024-06-06T12:01:02+00:00","breadcrumb":{"@id":"https:\/\/centrosabia.org.br\/en\/video\/iii-encontro-juventude-e-agroecologia-um-olhar-politico-e-cidadao\/#breadcrumb"},"inLanguage":"en-US","potentialAction":[{"@type":"ReadAction","target":["https:\/\/centrosabia.org.br\/en\/video\/iii-encontro-juventude-e-agroecologia-um-olhar-politico-e-cidadao\/"]}]},{"@type":"ImageObject","inLanguage":"en-US","@id":"https:\/\/centrosabia.org.br\/en\/video\/iii-encontro-juventude-e-agroecologia-um-olhar-politico-e-cidadao\/#primaryimage","url":"https:\/\/centrosabia.org.br\/wp-content\/uploads\/2024\/04\/iii-encontro-juventude-e-agroecologia-um-olhar-politico-e-cidadao.jpg","contentUrl":"https:\/\/centrosabia.org.br\/wp-content\/uploads\/2024\/04\/iii-encontro-juventude-e-agroecologia-um-olhar-politico-e-cidadao.jpg","width":1280,"height":720},{"@type":"BreadcrumbList","@id":"https:\/\/centrosabia.org.br\/en\/video\/iii-encontro-juventude-e-agroecologia-um-olhar-politico-e-cidadao\/#breadcrumb","itemListElement":[{"@type":"ListItem","position":1,"name":"In\u00edcio","item":"https:\/\/centrosabia.org.br\/en\/"},{"@type":"ListItem","position":2,"name":"V\u00eddeos","item":"https:\/\/centrosabia.org.br\/en\/video\/"},{"@type":"ListItem","position":3,"name":"III Encontro Juventude e Agroecologia &#8211; Um Olhar Pol\u00edtico e Cidad\u00e3o"}]},{"@type":"WebSite","@id":"https:\/\/centrosabia.org.br\/en\/#website","url":"https:\/\/centrosabia.org.br\/en\/","name":"Centro de Desenvolvimento Agroecol\u00f3gico Sabi\u00e1","description":"","publisher":{"@id":"https:\/\/centrosabia.org.br\/en\/#organization"},"potentialAction":[{"@type":"SearchAction","target":{"@type":"EntryPoint","urlTemplate":"https:\/\/centrosabia.org.br\/en\/?s={search_term_string}"},"query-input":{"@type":"PropertyValueSpecification","valueRequired":true,"valueName":"search_term_string"}}],"inLanguage":"en-US"},{"@type":"Organization","@id":"https:\/\/centrosabia.org.br\/en\/#organization","name":"Centro de Desenvolvimento Agroecol\u00f3gico Sabi\u00e1","url":"https:\/\/centrosabia.org.br\/en\/","logo":{"@type":"ImageObject","inLanguage":"en-US","@id":"https:\/\/centrosabia.org.br\/en\/#\/schema\/logo\/image\/","url":"https:\/\/centrosabia.org.br\/wp-content\/uploads\/2021\/10\/logo.png","contentUrl":"https:\/\/centrosabia.org.br\/wp-content\/uploads\/2021\/10\/logo.png","width":174,"height":84,"caption":"Centro de Desenvolvimento Agroecol\u00f3gico Sabi\u00e1"},"image":{"@id":"https:\/\/centrosabia.org.br\/en\/#\/schema\/logo\/image\/"}}]}},"_links":{"self":[{"href":"https:\/\/centrosabia.org.br\/en\/wp-json\/wp\/v2\/video\/18654","targetHints":{"allow":["GET"]}}],"collection":[{"href":"https:\/\/centrosabia.org.br\/en\/wp-json\/wp\/v2\/video"}],"about":[{"href":"https:\/\/centrosabia.org.br\/en\/wp-json\/wp\/v2\/types\/video"}],"wp:featuredmedia":[{"embeddable":true,"href":"https:\/\/centrosabia.org.br\/en\/wp-json\/wp\/v2\/media\/18655"}],"wp:attachment":[{"href":"https:\/\/centrosabia.org.br\/en\/wp-json\/wp\/v2\/media?parent=18654"}],"wp:term":[{"taxonomy":"tema","embeddable":true,"href":"https:\/\/centrosabia.org.br\/en\/wp-json\/wp\/v2\/tema?post=18654"},{"taxonomy":"decada","embeddable":true,"href":"https:\/\/centrosabia.org.br\/en\/wp-json\/wp\/v2\/decada?post=18654"},{"taxonomy":"curadoria","embeddable":true,"href":"https:\/\/centrosabia.org.br\/en\/wp-json\/wp\/v2\/curadoria?post=18654"}],"curies":[{"name":"wp","href":"https:\/\/api.w.org\/{rel}","templated":true}]}}

III Encontro Juventude e Agroecologia &#8211; Um Olhar Político e Cidadão

<p>Pernambuco sediou em janeiro de 2013 o III Encontro Juventude e Agroecologia &#8212; Um Olhar Político e Cidadão, promovido pela organização Centro Sabiá. Cerca de 100 jovens de áreas rurais e urbanas de estados do Nordeste, como Pernambuco, Bahia, Ceará, Maranhão e Paraíba reuniram-se para debater qual o papel da juventude no modelo de desenvolvimento em vigor. Entre os temas debatidos estiveram: juventude rural e comunicação, organização política da juventude e acesso à informação e água.O vídeo acima foi veiculado no Canal Futura, que também esteve presente no encontro, e uma construção da produtora de vídeo TV Mangue.</p>

<!-- This site is optimized with the Yoast SEO plugin v27.4 - https://yoast.com/product/yoast-seo-wordpress/ -->
<title>III Encontro Juventude e Agroecologia - Um Olhar Político e Cidadão - Centro de Desenvolvimento Agroecológico Sabiá</title>
<meta name="robots" content="index, follow, max-snippet:-1, max-image-preview:large, max-video-preview:-1" />
<link rel="canonical" href="https://centrosabia.org.br/en/video/iii-encontro-juventude-e-agroecologia-um-olhar-politico-e-cidadao/" />
<meta property="og:locale" content="en_US" />
<meta property="og:type" content="article" />
<meta property="og:title" content="III Encontro Juventude e Agroecologia - Um Olhar Político e Cidadão - Centro de Desenvolvimento Agroecológico Sabiá" />
<meta property="og:url" content="https://centrosabia.org.br/en/video/iii-encontro-juventude-e-agroecologia-um-olhar-politico-e-cidadao/" />
<meta property="og:site_name" content="Centro de Desenvolvimento Agroecológico Sabiá" />
<meta property="article:modified_time" content="2024-06-06T12:01:02+00:00" />
<meta property="og:image" content="https://centrosabia.org.br/wp-content/uploads/2024/04/iii-encontro-juventude-e-agroecologia-um-olhar-politico-e-cidadao-300x169.jpg" />
	<meta property="og:image:width" content="300" />
	<meta property="og:image:height" content="169" />
	<meta property="og:image:type" content="image/jpeg" />
<meta name="twitter:card" content="summary_large_image" />
<meta name="twitter:label1" content="Est. reading time" />
	<meta name="twitter:data1" content="1 minute" />
<script type="application/ld+json" class="yoast-schema-graph">{"@context":"https:\/\/schema.org","@graph":[{"@type":"WebPage","@id":"https:\/\/centrosabia.org.br\/en\/video\/iii-encontro-juventude-e-agroecologia-um-olhar-politico-e-cidadao\/","url":"https:\/\/centrosabia.org.br\/en\/video\/iii-encontro-juventude-e-agroecologia-um-olhar-politico-e-cidadao\/","name":"III Encontro Juventude e Agroecologia - Um Olhar Político e Cidadão - Centro de Desenvolvimento Agroecológico Sabiá","isPartOf":{"@id":"https:\/\/centrosabia.org.br\/en\/#website"},"primaryImageOfPage":{"@id":"https:\/\/centrosabia.org.br\/en\/video\/iii-encontro-juventude-e-agroecologia-um-olhar-politico-e-cidadao\/#primaryimage"},"image":{"@id":"https:\/\/centrosabia.org.br\/en\/video\/iii-encontro-juventude-e-agroecologia-um-olhar-politico-e-cidadao\/#primaryimage"},"thumbnailUrl":"https:\/\/centrosabia.org.br\/wp-content\/uploads\/2024\/04\/iii-encontro-juventude-e-agroecologia-um-olhar-politico-e-cidadao.jpg","datePublished":"2013-05-03T13:39:28+00:00","dateModified":"2024-06-06T12:01:02+00:00","breadcrumb":{"@id":"https:\/\/centrosabia.org.br\/en\/video\/iii-encontro-juventude-e-agroecologia-um-olhar-politico-e-cidadao\/#breadcrumb"},"inLanguage":"en-US","potentialAction":[{"@type":"ReadAction","target":["https:\/\/centrosabia.org.br\/en\/video\/iii-encontro-juventude-e-agroecologia-um-olhar-politico-e-cidadao\/"]}]},{"@type":"ImageObject","inLanguage":"en-US","@id":"https:\/\/centrosabia.org.br\/en\/video\/iii-encontro-juventude-e-agroecologia-um-olhar-politico-e-cidadao\/#primaryimage","url":"https:\/\/centrosabia.org.br\/wp-content\/uploads\/2024\/04\/iii-encontro-juventude-e-agroecologia-um-olhar-politico-e-cidadao.jpg","contentUrl":"https:\/\/centrosabia.org.br\/wp-content\/uploads\/2024\/04\/iii-encontro-juventude-e-agroecologia-um-olhar-politico-e-cidadao.jpg","width":1280,"height":720},{"@type":"BreadcrumbList","@id":"https:\/\/centrosabia.org.br\/en\/video\/iii-encontro-juventude-e-agroecologia-um-olhar-politico-e-cidadao\/#breadcrumb","itemListElement":[{"@type":"ListItem","position":1,"name":"Início","item":"https:\/\/centrosabia.org.br\/en\/"},{"@type":"ListItem","position":2,"name":"Vídeos","item":"https:\/\/centrosabia.org.br\/en\/video\/"},{"@type":"ListItem","position":3,"name":"III Encontro Juventude e Agroecologia &#8211; Um Olhar Político e Cidadão"}]},{"@type":"WebSite","@id":"https:\/\/centrosabia.org.br\/en\/#website","url":"https:\/\/centrosabia.org.br\/en\/","name":"Centro de Desenvolvimento Agroecológico Sabiá","description":"","publisher":{"@id":"https:\/\/centrosabia.org.br\/en\/#organization"},"potentialAction":[{"@type":"SearchAction","target":{"@type":"EntryPoint","urlTemplate":"https:\/\/centrosabia.org.br\/en\/?s={search_term_string}"},"query-input":{"@type":"PropertyValueSpecification","valueRequired":true,"valueName":"search_term_string"}}],"inLanguage":"en-US"},{"@type":"Organization","@id":"https:\/\/centrosabia.org.br\/en\/#organization","name":"Centro de Desenvolvimento Agroecológico Sabiá","url":"https:\/\/centrosabia.org.br\/en\/","logo":{"@type":"ImageObject","inLanguage":"en-US","@id":"https:\/\/centrosabia.org.br\/en\/#\/schema\/logo\/image\/","url":"https:\/\/centrosabia.org.br\/wp-content\/uploads\/2021\/10\/logo.png","contentUrl":"https:\/\/centrosabia.org.br\/wp-content\/uploads\/2021\/10\/logo.png","width":174,"height":84,"caption":"Centro de Desenvolvimento Agroecológico Sabiá"},"image":{"@id":"https:\/\/centrosabia.org.br\/en\/#\/schema\/logo\/image\/"}}]}</script>
<!-- / Yoast SEO plugin. -->

III Encontro Juventude e Agroecologia - Um Olhar Político e Cidadão - Centro de Desenvolvimento Agroecológico Sabiá

Centro de Desenvolvimento Agroecológico Sabiá

Início

Vídeos
