{"id":21690,"date":"1993-07-04T12:33:00","date_gmt":"1993-07-04T15:33:00","guid":{"rendered":"https:\/\/centrosabia.org.br\/video\/reportagem-trabalhadores-rurais-acampam-na-sudene-tv-jornal-meio-dia-tv-jornal\/"},"modified":"2024-11-06T13:56:08","modified_gmt":"2024-11-06T16:56:08","slug":"reportagem-trabalhadores-rurais-acampam-na-sudene-tv-jornal-meio-dia-tv-jornal","status":"publish","type":"video","link":"https:\/\/centrosabia.org.br\/en\/video\/reportagem-trabalhadores-rurais-acampam-na-sudene-tv-jornal-meio-dia-tv-jornal\/","title":{"rendered":"Trabalhadores Rurais Acampam na SUDENE"},"content":{"rendered":"\n<p>Reportagem sobre agricultores que ocuparam a SUDENE em 1993, reivindicando pol\u00edticas p\u00fablicas para conviv\u00eancia com a seca<\/p>\n","protected":false},"featured_media":22928,"template":"","meta":{"_acf_changed":false,"ano":2024},"tema":[2538,2535,2545],"decada":[2511],"curadoria":[],"class_list":["post-21690","video","type-video","status-publish","has-post-thumbnail","hentry","tema-agua","tema-convivencia-com-semiarido","tema-seca","decada-2511"],"blocksy_meta":[],"acf":[],"yoast_head":"<!-- This site is optimized with the Yoast SEO plugin v27.4 - https:\/\/yoast.com\/product\/yoast-seo-wordpress\/ -->\n<title>Trabalhadores Rurais Acampam na SUDENE - Centro de Desenvolvimento Agroecol\u00f3gico Sabi\u00e1<\/title>\n<meta name=\"robots\" content=\"index, follow, max-snippet:-1, max-image-preview:large, max-video-preview:-1\" \/>\n<link rel=\"canonical\" href=\"https:\/\/centrosabia.org.br\/en\/video\/reportagem-trabalhadores-rurais-acampam-na-sudene-tv-jornal-meio-dia-tv-jornal\/\" \/>\n<meta property=\"og:locale\" content=\"en_US\" \/>\n<meta property=\"og:type\" content=\"article\" \/>\n<meta property=\"og:title\" content=\"Trabalhadores Rurais Acampam na SUDENE - Centro de Desenvolvimento Agroecol\u00f3gico Sabi\u00e1\" \/>\n<meta property=\"og:url\" content=\"https:\/\/centrosabia.org.br\/en\/video\/reportagem-trabalhadores-rurais-acampam-na-sudene-tv-jornal-meio-dia-tv-jornal\/\" \/>\n<meta property=\"og:site_name\" content=\"Centro de Desenvolvimento Agroecol\u00f3gico Sabi\u00e1\" \/>\n<meta property=\"article:modified_time\" content=\"2024-11-06T16:56:08+00:00\" \/>\n<meta property=\"og:image\" content=\"https:\/\/centrosabia.org.br\/wp-content\/uploads\/2024\/07\/THUMB_Trabalhadores-rurais-acampam-na-SUDENE-300x169.png\" \/>\n\t<meta property=\"og:image:width\" content=\"300\" \/>\n\t<meta property=\"og:image:height\" content=\"169\" \/>\n\t<meta property=\"og:image:type\" content=\"image\/png\" \/>\n<meta name=\"twitter:card\" content=\"summary_large_image\" \/>\n<meta name=\"twitter:label1\" content=\"Est. reading time\" \/>\n\t<meta name=\"twitter:data1\" content=\"1 minute\" \/>\n<script type=\"application\/ld+json\" class=\"yoast-schema-graph\">{\"@context\":\"https:\\\/\\\/schema.org\",\"@graph\":[{\"@type\":\"WebPage\",\"@id\":\"https:\\\/\\\/centrosabia.org.br\\\/en\\\/video\\\/reportagem-trabalhadores-rurais-acampam-na-sudene-tv-jornal-meio-dia-tv-jornal\\\/\",\"url\":\"https:\\\/\\\/centrosabia.org.br\\\/en\\\/video\\\/reportagem-trabalhadores-rurais-acampam-na-sudene-tv-jornal-meio-dia-tv-jornal\\\/\",\"name\":\"Trabalhadores Rurais Acampam na SUDENE - Centro de Desenvolvimento Agroecol\u00f3gico Sabi\u00e1\",\"isPartOf\":{\"@id\":\"https:\\\/\\\/centrosabia.org.br\\\/en\\\/#website\"},\"primaryImageOfPage\":{\"@id\":\"https:\\\/\\\/centrosabia.org.br\\\/en\\\/video\\\/reportagem-trabalhadores-rurais-acampam-na-sudene-tv-jornal-meio-dia-tv-jornal\\\/#primaryimage\"},\"image\":{\"@id\":\"https:\\\/\\\/centrosabia.org.br\\\/en\\\/video\\\/reportagem-trabalhadores-rurais-acampam-na-sudene-tv-jornal-meio-dia-tv-jornal\\\/#primaryimage\"},\"thumbnailUrl\":\"https:\\\/\\\/centrosabia.org.br\\\/wp-content\\\/uploads\\\/2024\\\/07\\\/THUMB_Trabalhadores-rurais-acampam-na-SUDENE.png\",\"datePublished\":\"1993-07-04T15:33:00+00:00\",\"dateModified\":\"2024-11-06T16:56:08+00:00\",\"breadcrumb\":{\"@id\":\"https:\\\/\\\/centrosabia.org.br\\\/en\\\/video\\\/reportagem-trabalhadores-rurais-acampam-na-sudene-tv-jornal-meio-dia-tv-jornal\\\/#breadcrumb\"},\"inLanguage\":\"en-US\",\"potentialAction\":[{\"@type\":\"ReadAction\",\"target\":[\"https:\\\/\\\/centrosabia.org.br\\\/en\\\/video\\\/reportagem-trabalhadores-rurais-acampam-na-sudene-tv-jornal-meio-dia-tv-jornal\\\/\"]}]},{\"@type\":\"ImageObject\",\"inLanguage\":\"en-US\",\"@id\":\"https:\\\/\\\/centrosabia.org.br\\\/en\\\/video\\\/reportagem-trabalhadores-rurais-acampam-na-sudene-tv-jornal-meio-dia-tv-jornal\\\/#primaryimage\",\"url\":\"https:\\\/\\\/centrosabia.org.br\\\/wp-content\\\/uploads\\\/2024\\\/07\\\/THUMB_Trabalhadores-rurais-acampam-na-SUDENE.png\",\"contentUrl\":\"https:\\\/\\\/centrosabia.org.br\\\/wp-content\\\/uploads\\\/2024\\\/07\\\/THUMB_Trabalhadores-rurais-acampam-na-SUDENE.png\",\"width\":512,\"height\":288},{\"@type\":\"BreadcrumbList\",\"@id\":\"https:\\\/\\\/centrosabia.org.br\\\/en\\\/video\\\/reportagem-trabalhadores-rurais-acampam-na-sudene-tv-jornal-meio-dia-tv-jornal\\\/#breadcrumb\",\"itemListElement\":[{\"@type\":\"ListItem\",\"position\":1,\"name\":\"In\u00edcio\",\"item\":\"https:\\\/\\\/centrosabia.org.br\\\/en\\\/\"},{\"@type\":\"ListItem\",\"position\":2,\"name\":\"V\u00eddeos\",\"item\":\"https:\\\/\\\/centrosabia.org.br\\\/en\\\/video\\\/\"},{\"@type\":\"ListItem\",\"position\":3,\"name\":\"Trabalhadores Rurais Acampam na SUDENE\"}]},{\"@type\":\"WebSite\",\"@id\":\"https:\\\/\\\/centrosabia.org.br\\\/en\\\/#website\",\"url\":\"https:\\\/\\\/centrosabia.org.br\\\/en\\\/\",\"name\":\"Centro de Desenvolvimento Agroecol\u00f3gico Sabi\u00e1\",\"description\":\"\",\"publisher\":{\"@id\":\"https:\\\/\\\/centrosabia.org.br\\\/en\\\/#organization\"},\"potentialAction\":[{\"@type\":\"SearchAction\",\"target\":{\"@type\":\"EntryPoint\",\"urlTemplate\":\"https:\\\/\\\/centrosabia.org.br\\\/en\\\/?s={search_term_string}\"},\"query-input\":{\"@type\":\"PropertyValueSpecification\",\"valueRequired\":true,\"valueName\":\"search_term_string\"}}],\"inLanguage\":\"en-US\"},{\"@type\":\"Organization\",\"@id\":\"https:\\\/\\\/centrosabia.org.br\\\/en\\\/#organization\",\"name\":\"Centro de Desenvolvimento Agroecol\u00f3gico Sabi\u00e1\",\"url\":\"https:\\\/\\\/centrosabia.org.br\\\/en\\\/\",\"logo\":{\"@type\":\"ImageObject\",\"inLanguage\":\"en-US\",\"@id\":\"https:\\\/\\\/centrosabia.org.br\\\/en\\\/#\\\/schema\\\/logo\\\/image\\\/\",\"url\":\"https:\\\/\\\/centrosabia.org.br\\\/wp-content\\\/uploads\\\/2021\\\/10\\\/logo.png\",\"contentUrl\":\"https:\\\/\\\/centrosabia.org.br\\\/wp-content\\\/uploads\\\/2021\\\/10\\\/logo.png\",\"width\":174,\"height\":84,\"caption\":\"Centro de Desenvolvimento Agroecol\u00f3gico Sabi\u00e1\"},\"image\":{\"@id\":\"https:\\\/\\\/centrosabia.org.br\\\/en\\\/#\\\/schema\\\/logo\\\/image\\\/\"}}]}<\/script>\n<!-- \/ Yoast SEO plugin. -->","yoast_head_json":{"title":"Trabalhadores Rurais Acampam na SUDENE - Centro de Desenvolvimento Agroecol\u00f3gico Sabi\u00e1","robots":{"index":"index","follow":"follow","max-snippet":"max-snippet:-1","max-image-preview":"max-image-preview:large","max-video-preview":"max-video-preview:-1"},"canonical":"https:\/\/centrosabia.org.br\/en\/video\/reportagem-trabalhadores-rurais-acampam-na-sudene-tv-jornal-meio-dia-tv-jornal\/","og_locale":"en_US","og_type":"article","og_title":"Trabalhadores Rurais Acampam na SUDENE - Centro de Desenvolvimento Agroecol\u00f3gico Sabi\u00e1","og_url":"https:\/\/centrosabia.org.br\/en\/video\/reportagem-trabalhadores-rurais-acampam-na-sudene-tv-jornal-meio-dia-tv-jornal\/","og_site_name":"Centro de Desenvolvimento Agroecol\u00f3gico Sabi\u00e1","article_modified_time":"2024-11-06T16:56:08+00:00","og_image":[{"width":300,"height":169,"url":"https:\/\/centrosabia.org.br\/wp-content\/uploads\/2024\/07\/THUMB_Trabalhadores-rurais-acampam-na-SUDENE-300x169.png","type":"image\/png"}],"twitter_card":"summary_large_image","twitter_misc":{"Est. reading time":"1 minute"},"schema":{"@context":"https:\/\/schema.org","@graph":[{"@type":"WebPage","@id":"https:\/\/centrosabia.org.br\/en\/video\/reportagem-trabalhadores-rurais-acampam-na-sudene-tv-jornal-meio-dia-tv-jornal\/","url":"https:\/\/centrosabia.org.br\/en\/video\/reportagem-trabalhadores-rurais-acampam-na-sudene-tv-jornal-meio-dia-tv-jornal\/","name":"Trabalhadores Rurais Acampam na SUDENE - Centro de Desenvolvimento Agroecol\u00f3gico Sabi\u00e1","isPartOf":{"@id":"https:\/\/centrosabia.org.br\/en\/#website"},"primaryImageOfPage":{"@id":"https:\/\/centrosabia.org.br\/en\/video\/reportagem-trabalhadores-rurais-acampam-na-sudene-tv-jornal-meio-dia-tv-jornal\/#primaryimage"},"image":{"@id":"https:\/\/centrosabia.org.br\/en\/video\/reportagem-trabalhadores-rurais-acampam-na-sudene-tv-jornal-meio-dia-tv-jornal\/#primaryimage"},"thumbnailUrl":"https:\/\/centrosabia.org.br\/wp-content\/uploads\/2024\/07\/THUMB_Trabalhadores-rurais-acampam-na-SUDENE.png","datePublished":"1993-07-04T15:33:00+00:00","dateModified":"2024-11-06T16:56:08+00:00","breadcrumb":{"@id":"https:\/\/centrosabia.org.br\/en\/video\/reportagem-trabalhadores-rurais-acampam-na-sudene-tv-jornal-meio-dia-tv-jornal\/#breadcrumb"},"inLanguage":"en-US","potentialAction":[{"@type":"ReadAction","target":["https:\/\/centrosabia.org.br\/en\/video\/reportagem-trabalhadores-rurais-acampam-na-sudene-tv-jornal-meio-dia-tv-jornal\/"]}]},{"@type":"ImageObject","inLanguage":"en-US","@id":"https:\/\/centrosabia.org.br\/en\/video\/reportagem-trabalhadores-rurais-acampam-na-sudene-tv-jornal-meio-dia-tv-jornal\/#primaryimage","url":"https:\/\/centrosabia.org.br\/wp-content\/uploads\/2024\/07\/THUMB_Trabalhadores-rurais-acampam-na-SUDENE.png","contentUrl":"https:\/\/centrosabia.org.br\/wp-content\/uploads\/2024\/07\/THUMB_Trabalhadores-rurais-acampam-na-SUDENE.png","width":512,"height":288},{"@type":"BreadcrumbList","@id":"https:\/\/centrosabia.org.br\/en\/video\/reportagem-trabalhadores-rurais-acampam-na-sudene-tv-jornal-meio-dia-tv-jornal\/#breadcrumb","itemListElement":[{"@type":"ListItem","position":1,"name":"In\u00edcio","item":"https:\/\/centrosabia.org.br\/en\/"},{"@type":"ListItem","position":2,"name":"V\u00eddeos","item":"https:\/\/centrosabia.org.br\/en\/video\/"},{"@type":"ListItem","position":3,"name":"Trabalhadores Rurais Acampam na SUDENE"}]},{"@type":"WebSite","@id":"https:\/\/centrosabia.org.br\/en\/#website","url":"https:\/\/centrosabia.org.br\/en\/","name":"Centro de Desenvolvimento Agroecol\u00f3gico Sabi\u00e1","description":"","publisher":{"@id":"https:\/\/centrosabia.org.br\/en\/#organization"},"potentialAction":[{"@type":"SearchAction","target":{"@type":"EntryPoint","urlTemplate":"https:\/\/centrosabia.org.br\/en\/?s={search_term_string}"},"query-input":{"@type":"PropertyValueSpecification","valueRequired":true,"valueName":"search_term_string"}}],"inLanguage":"en-US"},{"@type":"Organization","@id":"https:\/\/centrosabia.org.br\/en\/#organization","name":"Centro de Desenvolvimento Agroecol\u00f3gico Sabi\u00e1","url":"https:\/\/centrosabia.org.br\/en\/","logo":{"@type":"ImageObject","inLanguage":"en-US","@id":"https:\/\/centrosabia.org.br\/en\/#\/schema\/logo\/image\/","url":"https:\/\/centrosabia.org.br\/wp-content\/uploads\/2021\/10\/logo.png","contentUrl":"https:\/\/centrosabia.org.br\/wp-content\/uploads\/2021\/10\/logo.png","width":174,"height":84,"caption":"Centro de Desenvolvimento Agroecol\u00f3gico Sabi\u00e1"},"image":{"@id":"https:\/\/centrosabia.org.br\/en\/#\/schema\/logo\/image\/"}}]}},"_links":{"self":[{"href":"https:\/\/centrosabia.org.br\/en\/wp-json\/wp\/v2\/video\/21690","targetHints":{"allow":["GET"]}}],"collection":[{"href":"https:\/\/centrosabia.org.br\/en\/wp-json\/wp\/v2\/video"}],"about":[{"href":"https:\/\/centrosabia.org.br\/en\/wp-json\/wp\/v2\/types\/video"}],"wp:featuredmedia":[{"embeddable":true,"href":"https:\/\/centrosabia.org.br\/en\/wp-json\/wp\/v2\/media\/22928"}],"wp:attachment":[{"href":"https:\/\/centrosabia.org.br\/en\/wp-json\/wp\/v2\/media?parent=21690"}],"wp:term":[{"taxonomy":"tema","embeddable":true,"href":"https:\/\/centrosabia.org.br\/en\/wp-json\/wp\/v2\/tema?post=21690"},{"taxonomy":"decada","embeddable":true,"href":"https:\/\/centrosabia.org.br\/en\/wp-json\/wp\/v2\/decada?post=21690"},{"taxonomy":"curadoria","embeddable":true,"href":"https:\/\/centrosabia.org.br\/en\/wp-json\/wp\/v2\/curadoria?post=21690"}],"curies":[{"name":"wp","href":"https:\/\/api.w.org\/{rel}","templated":true}]}}

<p>Reportagem sobre agricultores que ocuparam a SUDENE em 1993, reivindicando políticas públicas para convivência com a seca</p>

<!-- This site is optimized with the Yoast SEO plugin v27.4 - https://yoast.com/product/yoast-seo-wordpress/ -->
<title>Trabalhadores Rurais Acampam na SUDENE - Centro de Desenvolvimento Agroecológico Sabiá</title>
<meta name="robots" content="index, follow, max-snippet:-1, max-image-preview:large, max-video-preview:-1" />
<link rel="canonical" href="https://centrosabia.org.br/en/video/reportagem-trabalhadores-rurais-acampam-na-sudene-tv-jornal-meio-dia-tv-jornal/" />
<meta property="og:locale" content="en_US" />
<meta property="og:type" content="article" />
<meta property="og:title" content="Trabalhadores Rurais Acampam na SUDENE - Centro de Desenvolvimento Agroecológico Sabiá" />
<meta property="og:url" content="https://centrosabia.org.br/en/video/reportagem-trabalhadores-rurais-acampam-na-sudene-tv-jornal-meio-dia-tv-jornal/" />
<meta property="og:site_name" content="Centro de Desenvolvimento Agroecológico Sabiá" />
<meta property="article:modified_time" content="2024-11-06T16:56:08+00:00" />
<meta property="og:image" content="https://centrosabia.org.br/wp-content/uploads/2024/07/THUMB_Trabalhadores-rurais-acampam-na-SUDENE-300x169.png" />
	<meta property="og:image:width" content="300" />
	<meta property="og:image:height" content="169" />
	<meta property="og:image:type" content="image/png" />
<meta name="twitter:card" content="summary_large_image" />
<meta name="twitter:label1" content="Est. reading time" />
	<meta name="twitter:data1" content="1 minute" />
<script type="application/ld+json" class="yoast-schema-graph">{"@context":"https:\/\/schema.org","@graph":[{"@type":"WebPage","@id":"https:\/\/centrosabia.org.br\/en\/video\/reportagem-trabalhadores-rurais-acampam-na-sudene-tv-jornal-meio-dia-tv-jornal\/","url":"https:\/\/centrosabia.org.br\/en\/video\/reportagem-trabalhadores-rurais-acampam-na-sudene-tv-jornal-meio-dia-tv-jornal\/","name":"Trabalhadores Rurais Acampam na SUDENE - Centro de Desenvolvimento Agroecológico Sabiá","isPartOf":{"@id":"https:\/\/centrosabia.org.br\/en\/#website"},"primaryImageOfPage":{"@id":"https:\/\/centrosabia.org.br\/en\/video\/reportagem-trabalhadores-rurais-acampam-na-sudene-tv-jornal-meio-dia-tv-jornal\/#primaryimage"},"image":{"@id":"https:\/\/centrosabia.org.br\/en\/video\/reportagem-trabalhadores-rurais-acampam-na-sudene-tv-jornal-meio-dia-tv-jornal\/#primaryimage"},"thumbnailUrl":"https:\/\/centrosabia.org.br\/wp-content\/uploads\/2024\/07\/THUMB_Trabalhadores-rurais-acampam-na-SUDENE.png","datePublished":"1993-07-04T15:33:00+00:00","dateModified":"2024-11-06T16:56:08+00:00","breadcrumb":{"@id":"https:\/\/centrosabia.org.br\/en\/video\/reportagem-trabalhadores-rurais-acampam-na-sudene-tv-jornal-meio-dia-tv-jornal\/#breadcrumb"},"inLanguage":"en-US","potentialAction":[{"@type":"ReadAction","target":["https:\/\/centrosabia.org.br\/en\/video\/reportagem-trabalhadores-rurais-acampam-na-sudene-tv-jornal-meio-dia-tv-jornal\/"]}]},{"@type":"ImageObject","inLanguage":"en-US","@id":"https:\/\/centrosabia.org.br\/en\/video\/reportagem-trabalhadores-rurais-acampam-na-sudene-tv-jornal-meio-dia-tv-jornal\/#primaryimage","url":"https:\/\/centrosabia.org.br\/wp-content\/uploads\/2024\/07\/THUMB_Trabalhadores-rurais-acampam-na-SUDENE.png","contentUrl":"https:\/\/centrosabia.org.br\/wp-content\/uploads\/2024\/07\/THUMB_Trabalhadores-rurais-acampam-na-SUDENE.png","width":512,"height":288},{"@type":"BreadcrumbList","@id":"https:\/\/centrosabia.org.br\/en\/video\/reportagem-trabalhadores-rurais-acampam-na-sudene-tv-jornal-meio-dia-tv-jornal\/#breadcrumb","itemListElement":[{"@type":"ListItem","position":1,"name":"Início","item":"https:\/\/centrosabia.org.br\/en\/"},{"@type":"ListItem","position":2,"name":"Vídeos","item":"https:\/\/centrosabia.org.br\/en\/video\/"},{"@type":"ListItem","position":3,"name":"Trabalhadores Rurais Acampam na SUDENE"}]},{"@type":"WebSite","@id":"https:\/\/centrosabia.org.br\/en\/#website","url":"https:\/\/centrosabia.org.br\/en\/","name":"Centro de Desenvolvimento Agroecológico Sabiá","description":"","publisher":{"@id":"https:\/\/centrosabia.org.br\/en\/#organization"},"potentialAction":[{"@type":"SearchAction","target":{"@type":"EntryPoint","urlTemplate":"https:\/\/centrosabia.org.br\/en\/?s={search_term_string}"},"query-input":{"@type":"PropertyValueSpecification","valueRequired":true,"valueName":"search_term_string"}}],"inLanguage":"en-US"},{"@type":"Organization","@id":"https:\/\/centrosabia.org.br\/en\/#organization","name":"Centro de Desenvolvimento Agroecológico Sabiá","url":"https:\/\/centrosabia.org.br\/en\/","logo":{"@type":"ImageObject","inLanguage":"en-US","@id":"https:\/\/centrosabia.org.br\/en\/#\/schema\/logo\/image\/","url":"https:\/\/centrosabia.org.br\/wp-content\/uploads\/2021\/10\/logo.png","contentUrl":"https:\/\/centrosabia.org.br\/wp-content\/uploads\/2021\/10\/logo.png","width":174,"height":84,"caption":"Centro de Desenvolvimento Agroecológico Sabiá"},"image":{"@id":"https:\/\/centrosabia.org.br\/en\/#\/schema\/logo\/image\/"}}]}</script>
<!-- / Yoast SEO plugin. -->

Trabalhadores Rurais Acampam na SUDENE - Centro de Desenvolvimento Agroecológico Sabiá

Centro de Desenvolvimento Agroecológico Sabiá

Início

Vídeos
