{"id":21714,"date":"2002-01-01T11:50:07","date_gmt":"2002-01-01T13:50:07","guid":{"rendered":"https:\/\/centrosabia.org.br\/video\/recortes-do-projeto-de-alfabetizacao-e-implantacao-do-saf-na-rmr\/"},"modified":"2024-11-06T13:59:32","modified_gmt":"2024-11-06T16:59:32","slug":"recortes-do-projeto-de-alfabetizacao-e-implantacao-do-saf-na-rmr","status":"publish","type":"video","link":"https:\/\/centrosabia.org.br\/en\/video\/recortes-do-projeto-de-alfabetizacao-e-implantacao-do-saf-na-rmr\/","title":{"rendered":"Recortes do projeto de alfabetiza\u00e7\u00e3o e implanta\u00e7\u00e3o do SAF na RMR"},"content":{"rendered":"<p>Projeto de alfabetiza\u00e7\u00e3o e implanta\u00e7\u00e3o do SAF na RMR, com Jos\u00e9 Aldo e seu Jones | 2002<\/p>\n","protected":false},"featured_media":23049,"template":"","meta":{"_acf_changed":false,"ano":2024},"tema":[2523,2521,2544],"decada":[2530],"curadoria":[],"class_list":["post-21714","video","type-video","status-publish","has-post-thumbnail","hentry","tema-agricultura-familiar","tema-agrofloresta","tema-educacao-contextualizada","decada-2530"],"blocksy_meta":[],"acf":[],"yoast_head":"<!-- This site is optimized with the Yoast SEO plugin v27.4 - https:\/\/yoast.com\/product\/yoast-seo-wordpress\/ -->\n<title>Recortes do projeto de alfabetiza\u00e7\u00e3o e implanta\u00e7\u00e3o do SAF na RMR - Centro de Desenvolvimento Agroecol\u00f3gico Sabi\u00e1<\/title>\n<meta name=\"robots\" content=\"index, follow, max-snippet:-1, max-image-preview:large, max-video-preview:-1\" \/>\n<link rel=\"canonical\" href=\"https:\/\/centrosabia.org.br\/en\/video\/recortes-do-projeto-de-alfabetizacao-e-implantacao-do-saf-na-rmr\/\" \/>\n<meta property=\"og:locale\" content=\"en_US\" \/>\n<meta property=\"og:type\" content=\"article\" \/>\n<meta property=\"og:title\" content=\"Recortes do projeto de alfabetiza\u00e7\u00e3o e implanta\u00e7\u00e3o do SAF na RMR - Centro de Desenvolvimento Agroecol\u00f3gico Sabi\u00e1\" \/>\n<meta property=\"og:url\" content=\"https:\/\/centrosabia.org.br\/en\/video\/recortes-do-projeto-de-alfabetizacao-e-implantacao-do-saf-na-rmr\/\" \/>\n<meta property=\"og:site_name\" content=\"Centro de Desenvolvimento Agroecol\u00f3gico Sabi\u00e1\" \/>\n<meta property=\"article:modified_time\" content=\"2024-11-06T16:59:32+00:00\" \/>\n<meta property=\"og:image\" content=\"https:\/\/centrosabia.org.br\/wp-content\/uploads\/2002\/01\/THUMB_Recortes-do-projeto-de-alfabetizacao-e-implantacao-do-SAF-na-RMR-300x169.png\" \/>\n\t<meta property=\"og:image:width\" content=\"300\" \/>\n\t<meta property=\"og:image:height\" content=\"169\" \/>\n\t<meta property=\"og:image:type\" content=\"image\/png\" \/>\n<meta name=\"twitter:card\" content=\"summary_large_image\" \/>\n<meta name=\"twitter:label1\" content=\"Est. reading time\" \/>\n\t<meta name=\"twitter:data1\" content=\"1 minute\" \/>\n<script type=\"application\/ld+json\" class=\"yoast-schema-graph\">{\"@context\":\"https:\\\/\\\/schema.org\",\"@graph\":[{\"@type\":\"WebPage\",\"@id\":\"https:\\\/\\\/centrosabia.org.br\\\/en\\\/video\\\/recortes-do-projeto-de-alfabetizacao-e-implantacao-do-saf-na-rmr\\\/\",\"url\":\"https:\\\/\\\/centrosabia.org.br\\\/en\\\/video\\\/recortes-do-projeto-de-alfabetizacao-e-implantacao-do-saf-na-rmr\\\/\",\"name\":\"Recortes do projeto de alfabetiza\u00e7\u00e3o e implanta\u00e7\u00e3o do SAF na RMR - Centro de Desenvolvimento Agroecol\u00f3gico Sabi\u00e1\",\"isPartOf\":{\"@id\":\"https:\\\/\\\/centrosabia.org.br\\\/en\\\/#website\"},\"primaryImageOfPage\":{\"@id\":\"https:\\\/\\\/centrosabia.org.br\\\/en\\\/video\\\/recortes-do-projeto-de-alfabetizacao-e-implantacao-do-saf-na-rmr\\\/#primaryimage\"},\"image\":{\"@id\":\"https:\\\/\\\/centrosabia.org.br\\\/en\\\/video\\\/recortes-do-projeto-de-alfabetizacao-e-implantacao-do-saf-na-rmr\\\/#primaryimage\"},\"thumbnailUrl\":\"https:\\\/\\\/centrosabia.org.br\\\/wp-content\\\/uploads\\\/2002\\\/01\\\/THUMB_Recortes-do-projeto-de-alfabetizacao-e-implantacao-do-SAF-na-RMR.png\",\"datePublished\":\"2002-01-01T13:50:07+00:00\",\"dateModified\":\"2024-11-06T16:59:32+00:00\",\"breadcrumb\":{\"@id\":\"https:\\\/\\\/centrosabia.org.br\\\/en\\\/video\\\/recortes-do-projeto-de-alfabetizacao-e-implantacao-do-saf-na-rmr\\\/#breadcrumb\"},\"inLanguage\":\"en-US\",\"potentialAction\":[{\"@type\":\"ReadAction\",\"target\":[\"https:\\\/\\\/centrosabia.org.br\\\/en\\\/video\\\/recortes-do-projeto-de-alfabetizacao-e-implantacao-do-saf-na-rmr\\\/\"]}]},{\"@type\":\"ImageObject\",\"inLanguage\":\"en-US\",\"@id\":\"https:\\\/\\\/centrosabia.org.br\\\/en\\\/video\\\/recortes-do-projeto-de-alfabetizacao-e-implantacao-do-saf-na-rmr\\\/#primaryimage\",\"url\":\"https:\\\/\\\/centrosabia.org.br\\\/wp-content\\\/uploads\\\/2002\\\/01\\\/THUMB_Recortes-do-projeto-de-alfabetizacao-e-implantacao-do-SAF-na-RMR.png\",\"contentUrl\":\"https:\\\/\\\/centrosabia.org.br\\\/wp-content\\\/uploads\\\/2002\\\/01\\\/THUMB_Recortes-do-projeto-de-alfabetizacao-e-implantacao-do-SAF-na-RMR.png\",\"width\":512,\"height\":288},{\"@type\":\"BreadcrumbList\",\"@id\":\"https:\\\/\\\/centrosabia.org.br\\\/en\\\/video\\\/recortes-do-projeto-de-alfabetizacao-e-implantacao-do-saf-na-rmr\\\/#breadcrumb\",\"itemListElement\":[{\"@type\":\"ListItem\",\"position\":1,\"name\":\"In\u00edcio\",\"item\":\"https:\\\/\\\/centrosabia.org.br\\\/en\\\/\"},{\"@type\":\"ListItem\",\"position\":2,\"name\":\"V\u00eddeos\",\"item\":\"https:\\\/\\\/centrosabia.org.br\\\/en\\\/video\\\/\"},{\"@type\":\"ListItem\",\"position\":3,\"name\":\"Recortes do projeto de alfabetiza\u00e7\u00e3o e implanta\u00e7\u00e3o do SAF na RMR\"}]},{\"@type\":\"WebSite\",\"@id\":\"https:\\\/\\\/centrosabia.org.br\\\/en\\\/#website\",\"url\":\"https:\\\/\\\/centrosabia.org.br\\\/en\\\/\",\"name\":\"Centro de Desenvolvimento Agroecol\u00f3gico Sabi\u00e1\",\"description\":\"\",\"publisher\":{\"@id\":\"https:\\\/\\\/centrosabia.org.br\\\/en\\\/#organization\"},\"potentialAction\":[{\"@type\":\"SearchAction\",\"target\":{\"@type\":\"EntryPoint\",\"urlTemplate\":\"https:\\\/\\\/centrosabia.org.br\\\/en\\\/?s={search_term_string}\"},\"query-input\":{\"@type\":\"PropertyValueSpecification\",\"valueRequired\":true,\"valueName\":\"search_term_string\"}}],\"inLanguage\":\"en-US\"},{\"@type\":\"Organization\",\"@id\":\"https:\\\/\\\/centrosabia.org.br\\\/en\\\/#organization\",\"name\":\"Centro de Desenvolvimento Agroecol\u00f3gico Sabi\u00e1\",\"url\":\"https:\\\/\\\/centrosabia.org.br\\\/en\\\/\",\"logo\":{\"@type\":\"ImageObject\",\"inLanguage\":\"en-US\",\"@id\":\"https:\\\/\\\/centrosabia.org.br\\\/en\\\/#\\\/schema\\\/logo\\\/image\\\/\",\"url\":\"https:\\\/\\\/centrosabia.org.br\\\/wp-content\\\/uploads\\\/2021\\\/10\\\/logo.png\",\"contentUrl\":\"https:\\\/\\\/centrosabia.org.br\\\/wp-content\\\/uploads\\\/2021\\\/10\\\/logo.png\",\"width\":174,\"height\":84,\"caption\":\"Centro de Desenvolvimento Agroecol\u00f3gico Sabi\u00e1\"},\"image\":{\"@id\":\"https:\\\/\\\/centrosabia.org.br\\\/en\\\/#\\\/schema\\\/logo\\\/image\\\/\"}}]}<\/script>\n<!-- \/ Yoast SEO plugin. -->","yoast_head_json":{"title":"Recortes do projeto de alfabetiza\u00e7\u00e3o e implanta\u00e7\u00e3o do SAF na RMR - Centro de Desenvolvimento Agroecol\u00f3gico Sabi\u00e1","robots":{"index":"index","follow":"follow","max-snippet":"max-snippet:-1","max-image-preview":"max-image-preview:large","max-video-preview":"max-video-preview:-1"},"canonical":"https:\/\/centrosabia.org.br\/en\/video\/recortes-do-projeto-de-alfabetizacao-e-implantacao-do-saf-na-rmr\/","og_locale":"en_US","og_type":"article","og_title":"Recortes do projeto de alfabetiza\u00e7\u00e3o e implanta\u00e7\u00e3o do SAF na RMR - Centro de Desenvolvimento Agroecol\u00f3gico Sabi\u00e1","og_url":"https:\/\/centrosabia.org.br\/en\/video\/recortes-do-projeto-de-alfabetizacao-e-implantacao-do-saf-na-rmr\/","og_site_name":"Centro de Desenvolvimento Agroecol\u00f3gico Sabi\u00e1","article_modified_time":"2024-11-06T16:59:32+00:00","og_image":[{"width":300,"height":169,"url":"https:\/\/centrosabia.org.br\/wp-content\/uploads\/2002\/01\/THUMB_Recortes-do-projeto-de-alfabetizacao-e-implantacao-do-SAF-na-RMR-300x169.png","type":"image\/png"}],"twitter_card":"summary_large_image","twitter_misc":{"Est. reading time":"1 minute"},"schema":{"@context":"https:\/\/schema.org","@graph":[{"@type":"WebPage","@id":"https:\/\/centrosabia.org.br\/en\/video\/recortes-do-projeto-de-alfabetizacao-e-implantacao-do-saf-na-rmr\/","url":"https:\/\/centrosabia.org.br\/en\/video\/recortes-do-projeto-de-alfabetizacao-e-implantacao-do-saf-na-rmr\/","name":"Recortes do projeto de alfabetiza\u00e7\u00e3o e implanta\u00e7\u00e3o do SAF na RMR - Centro de Desenvolvimento Agroecol\u00f3gico Sabi\u00e1","isPartOf":{"@id":"https:\/\/centrosabia.org.br\/en\/#website"},"primaryImageOfPage":{"@id":"https:\/\/centrosabia.org.br\/en\/video\/recortes-do-projeto-de-alfabetizacao-e-implantacao-do-saf-na-rmr\/#primaryimage"},"image":{"@id":"https:\/\/centrosabia.org.br\/en\/video\/recortes-do-projeto-de-alfabetizacao-e-implantacao-do-saf-na-rmr\/#primaryimage"},"thumbnailUrl":"https:\/\/centrosabia.org.br\/wp-content\/uploads\/2002\/01\/THUMB_Recortes-do-projeto-de-alfabetizacao-e-implantacao-do-SAF-na-RMR.png","datePublished":"2002-01-01T13:50:07+00:00","dateModified":"2024-11-06T16:59:32+00:00","breadcrumb":{"@id":"https:\/\/centrosabia.org.br\/en\/video\/recortes-do-projeto-de-alfabetizacao-e-implantacao-do-saf-na-rmr\/#breadcrumb"},"inLanguage":"en-US","potentialAction":[{"@type":"ReadAction","target":["https:\/\/centrosabia.org.br\/en\/video\/recortes-do-projeto-de-alfabetizacao-e-implantacao-do-saf-na-rmr\/"]}]},{"@type":"ImageObject","inLanguage":"en-US","@id":"https:\/\/centrosabia.org.br\/en\/video\/recortes-do-projeto-de-alfabetizacao-e-implantacao-do-saf-na-rmr\/#primaryimage","url":"https:\/\/centrosabia.org.br\/wp-content\/uploads\/2002\/01\/THUMB_Recortes-do-projeto-de-alfabetizacao-e-implantacao-do-SAF-na-RMR.png","contentUrl":"https:\/\/centrosabia.org.br\/wp-content\/uploads\/2002\/01\/THUMB_Recortes-do-projeto-de-alfabetizacao-e-implantacao-do-SAF-na-RMR.png","width":512,"height":288},{"@type":"BreadcrumbList","@id":"https:\/\/centrosabia.org.br\/en\/video\/recortes-do-projeto-de-alfabetizacao-e-implantacao-do-saf-na-rmr\/#breadcrumb","itemListElement":[{"@type":"ListItem","position":1,"name":"In\u00edcio","item":"https:\/\/centrosabia.org.br\/en\/"},{"@type":"ListItem","position":2,"name":"V\u00eddeos","item":"https:\/\/centrosabia.org.br\/en\/video\/"},{"@type":"ListItem","position":3,"name":"Recortes do projeto de alfabetiza\u00e7\u00e3o e implanta\u00e7\u00e3o do SAF na RMR"}]},{"@type":"WebSite","@id":"https:\/\/centrosabia.org.br\/en\/#website","url":"https:\/\/centrosabia.org.br\/en\/","name":"Centro de Desenvolvimento Agroecol\u00f3gico Sabi\u00e1","description":"","publisher":{"@id":"https:\/\/centrosabia.org.br\/en\/#organization"},"potentialAction":[{"@type":"SearchAction","target":{"@type":"EntryPoint","urlTemplate":"https:\/\/centrosabia.org.br\/en\/?s={search_term_string}"},"query-input":{"@type":"PropertyValueSpecification","valueRequired":true,"valueName":"search_term_string"}}],"inLanguage":"en-US"},{"@type":"Organization","@id":"https:\/\/centrosabia.org.br\/en\/#organization","name":"Centro de Desenvolvimento Agroecol\u00f3gico Sabi\u00e1","url":"https:\/\/centrosabia.org.br\/en\/","logo":{"@type":"ImageObject","inLanguage":"en-US","@id":"https:\/\/centrosabia.org.br\/en\/#\/schema\/logo\/image\/","url":"https:\/\/centrosabia.org.br\/wp-content\/uploads\/2021\/10\/logo.png","contentUrl":"https:\/\/centrosabia.org.br\/wp-content\/uploads\/2021\/10\/logo.png","width":174,"height":84,"caption":"Centro de Desenvolvimento Agroecol\u00f3gico Sabi\u00e1"},"image":{"@id":"https:\/\/centrosabia.org.br\/en\/#\/schema\/logo\/image\/"}}]}},"_links":{"self":[{"href":"https:\/\/centrosabia.org.br\/en\/wp-json\/wp\/v2\/video\/21714","targetHints":{"allow":["GET"]}}],"collection":[{"href":"https:\/\/centrosabia.org.br\/en\/wp-json\/wp\/v2\/video"}],"about":[{"href":"https:\/\/centrosabia.org.br\/en\/wp-json\/wp\/v2\/types\/video"}],"wp:featuredmedia":[{"embeddable":true,"href":"https:\/\/centrosabia.org.br\/en\/wp-json\/wp\/v2\/media\/23049"}],"wp:attachment":[{"href":"https:\/\/centrosabia.org.br\/en\/wp-json\/wp\/v2\/media?parent=21714"}],"wp:term":[{"taxonomy":"tema","embeddable":true,"href":"https:\/\/centrosabia.org.br\/en\/wp-json\/wp\/v2\/tema?post=21714"},{"taxonomy":"decada","embeddable":true,"href":"https:\/\/centrosabia.org.br\/en\/wp-json\/wp\/v2\/decada?post=21714"},{"taxonomy":"curadoria","embeddable":true,"href":"https:\/\/centrosabia.org.br\/en\/wp-json\/wp\/v2\/curadoria?post=21714"}],"curies":[{"name":"wp","href":"https:\/\/api.w.org\/{rel}","templated":true}]}}

Recortes do projeto de alfabetização e implantação do SAF na RMR

<p>Projeto de alfabetização e implantação do SAF na RMR, com José Aldo e seu Jones | 2002</p>

<!-- This site is optimized with the Yoast SEO plugin v27.4 - https://yoast.com/product/yoast-seo-wordpress/ -->
<title>Recortes do projeto de alfabetização e implantação do SAF na RMR - Centro de Desenvolvimento Agroecológico Sabiá</title>
<meta name="robots" content="index, follow, max-snippet:-1, max-image-preview:large, max-video-preview:-1" />
<link rel="canonical" href="https://centrosabia.org.br/en/video/recortes-do-projeto-de-alfabetizacao-e-implantacao-do-saf-na-rmr/" />
<meta property="og:locale" content="en_US" />
<meta property="og:type" content="article" />
<meta property="og:title" content="Recortes do projeto de alfabetização e implantação do SAF na RMR - Centro de Desenvolvimento Agroecológico Sabiá" />
<meta property="og:url" content="https://centrosabia.org.br/en/video/recortes-do-projeto-de-alfabetizacao-e-implantacao-do-saf-na-rmr/" />
<meta property="og:site_name" content="Centro de Desenvolvimento Agroecológico Sabiá" />
<meta property="article:modified_time" content="2024-11-06T16:59:32+00:00" />
<meta property="og:image" content="https://centrosabia.org.br/wp-content/uploads/2002/01/THUMB_Recortes-do-projeto-de-alfabetizacao-e-implantacao-do-SAF-na-RMR-300x169.png" />
	<meta property="og:image:width" content="300" />
	<meta property="og:image:height" content="169" />
	<meta property="og:image:type" content="image/png" />
<meta name="twitter:card" content="summary_large_image" />
<meta name="twitter:label1" content="Est. reading time" />
	<meta name="twitter:data1" content="1 minute" />
<script type="application/ld+json" class="yoast-schema-graph">{"@context":"https:\/\/schema.org","@graph":[{"@type":"WebPage","@id":"https:\/\/centrosabia.org.br\/en\/video\/recortes-do-projeto-de-alfabetizacao-e-implantacao-do-saf-na-rmr\/","url":"https:\/\/centrosabia.org.br\/en\/video\/recortes-do-projeto-de-alfabetizacao-e-implantacao-do-saf-na-rmr\/","name":"Recortes do projeto de alfabetização e implantação do SAF na RMR - Centro de Desenvolvimento Agroecológico Sabiá","isPartOf":{"@id":"https:\/\/centrosabia.org.br\/en\/#website"},"primaryImageOfPage":{"@id":"https:\/\/centrosabia.org.br\/en\/video\/recortes-do-projeto-de-alfabetizacao-e-implantacao-do-saf-na-rmr\/#primaryimage"},"image":{"@id":"https:\/\/centrosabia.org.br\/en\/video\/recortes-do-projeto-de-alfabetizacao-e-implantacao-do-saf-na-rmr\/#primaryimage"},"thumbnailUrl":"https:\/\/centrosabia.org.br\/wp-content\/uploads\/2002\/01\/THUMB_Recortes-do-projeto-de-alfabetizacao-e-implantacao-do-SAF-na-RMR.png","datePublished":"2002-01-01T13:50:07+00:00","dateModified":"2024-11-06T16:59:32+00:00","breadcrumb":{"@id":"https:\/\/centrosabia.org.br\/en\/video\/recortes-do-projeto-de-alfabetizacao-e-implantacao-do-saf-na-rmr\/#breadcrumb"},"inLanguage":"en-US","potentialAction":[{"@type":"ReadAction","target":["https:\/\/centrosabia.org.br\/en\/video\/recortes-do-projeto-de-alfabetizacao-e-implantacao-do-saf-na-rmr\/"]}]},{"@type":"ImageObject","inLanguage":"en-US","@id":"https:\/\/centrosabia.org.br\/en\/video\/recortes-do-projeto-de-alfabetizacao-e-implantacao-do-saf-na-rmr\/#primaryimage","url":"https:\/\/centrosabia.org.br\/wp-content\/uploads\/2002\/01\/THUMB_Recortes-do-projeto-de-alfabetizacao-e-implantacao-do-SAF-na-RMR.png","contentUrl":"https:\/\/centrosabia.org.br\/wp-content\/uploads\/2002\/01\/THUMB_Recortes-do-projeto-de-alfabetizacao-e-implantacao-do-SAF-na-RMR.png","width":512,"height":288},{"@type":"BreadcrumbList","@id":"https:\/\/centrosabia.org.br\/en\/video\/recortes-do-projeto-de-alfabetizacao-e-implantacao-do-saf-na-rmr\/#breadcrumb","itemListElement":[{"@type":"ListItem","position":1,"name":"Início","item":"https:\/\/centrosabia.org.br\/en\/"},{"@type":"ListItem","position":2,"name":"Vídeos","item":"https:\/\/centrosabia.org.br\/en\/video\/"},{"@type":"ListItem","position":3,"name":"Recortes do projeto de alfabetização e implantação do SAF na RMR"}]},{"@type":"WebSite","@id":"https:\/\/centrosabia.org.br\/en\/#website","url":"https:\/\/centrosabia.org.br\/en\/","name":"Centro de Desenvolvimento Agroecológico Sabiá","description":"","publisher":{"@id":"https:\/\/centrosabia.org.br\/en\/#organization"},"potentialAction":[{"@type":"SearchAction","target":{"@type":"EntryPoint","urlTemplate":"https:\/\/centrosabia.org.br\/en\/?s={search_term_string}"},"query-input":{"@type":"PropertyValueSpecification","valueRequired":true,"valueName":"search_term_string"}}],"inLanguage":"en-US"},{"@type":"Organization","@id":"https:\/\/centrosabia.org.br\/en\/#organization","name":"Centro de Desenvolvimento Agroecológico Sabiá","url":"https:\/\/centrosabia.org.br\/en\/","logo":{"@type":"ImageObject","inLanguage":"en-US","@id":"https:\/\/centrosabia.org.br\/en\/#\/schema\/logo\/image\/","url":"https:\/\/centrosabia.org.br\/wp-content\/uploads\/2021\/10\/logo.png","contentUrl":"https:\/\/centrosabia.org.br\/wp-content\/uploads\/2021\/10\/logo.png","width":174,"height":84,"caption":"Centro de Desenvolvimento Agroecológico Sabiá"},"image":{"@id":"https:\/\/centrosabia.org.br\/en\/#\/schema\/logo\/image\/"}}]}</script>
<!-- / Yoast SEO plugin. -->

Recortes do projeto de alfabetização e implantação do SAF na RMR - Centro de Desenvolvimento Agroecológico Sabiá

Centro de Desenvolvimento Agroecológico Sabiá

Início

Vídeos
