{"id":29451,"date":"2025-07-17T13:18:51","date_gmt":"2025-07-17T13:18:51","guid":{"rendered":"https:\/\/centrosabia.org.br\/video\/associacao-de-mulheres-de-carneirinho-o-candeeiro-no-2643-caruaru-pe\/"},"modified":"2025-09-08T18:05:32","modified_gmt":"2025-09-08T21:05:32","slug":"associacao-de-mulheres-de-carneirinho-o-candeeiro-no-2643-caruaru-pe","status":"publish","type":"video","link":"https:\/\/centrosabia.org.br\/en\/video\/associacao-de-mulheres-de-carneirinho-o-candeeiro-no-2643-caruaru-pe\/","title":{"rendered":"Associa\u00e7\u00e3o de Mulheres de Carneirinho | O Candeeiro N\u00ba 2643 | Caruaru | PE"},"content":{"rendered":"\n<p>Mulheres da agricultura familiar criam associa\u00e7\u00e3o e acessam os editais de compras p\u00fablicas<\/p>\n","protected":false},"featured_media":29472,"template":"","meta":{"_acf_changed":false,"ano":2025},"tema":[2523,2536,2506],"decada":[2502],"curadoria":[],"class_list":["post-29451","video","type-video","status-publish","has-post-thumbnail","hentry","tema-agricultura-familiar","tema-asa-brasil","tema-mulheres","decada-2502"],"blocksy_meta":[],"acf":[],"yoast_head":"<!-- This site is optimized with the Yoast SEO plugin v27.4 - https:\/\/yoast.com\/product\/yoast-seo-wordpress\/ -->\n<title>Associa\u00e7\u00e3o de Mulheres de Carneirinho | O Candeeiro N\u00ba 2643 | Caruaru | PE - Centro de Desenvolvimento Agroecol\u00f3gico Sabi\u00e1<\/title>\n<meta name=\"robots\" content=\"index, follow, max-snippet:-1, max-image-preview:large, max-video-preview:-1\" \/>\n<link rel=\"canonical\" href=\"https:\/\/centrosabia.org.br\/en\/video\/associacao-de-mulheres-de-carneirinho-o-candeeiro-no-2643-caruaru-pe\/\" \/>\n<meta property=\"og:locale\" content=\"en_US\" \/>\n<meta property=\"og:type\" content=\"article\" \/>\n<meta property=\"og:title\" content=\"Associa\u00e7\u00e3o de Mulheres de Carneirinho | O Candeeiro N\u00ba 2643 | Caruaru | PE - Centro de Desenvolvimento Agroecol\u00f3gico Sabi\u00e1\" \/>\n<meta property=\"og:url\" content=\"https:\/\/centrosabia.org.br\/en\/video\/associacao-de-mulheres-de-carneirinho-o-candeeiro-no-2643-caruaru-pe\/\" \/>\n<meta property=\"og:site_name\" content=\"Centro de Desenvolvimento Agroecol\u00f3gico Sabi\u00e1\" \/>\n<meta property=\"article:modified_time\" content=\"2025-09-08T21:05:32+00:00\" \/>\n<meta property=\"og:image\" content=\"https:\/\/centrosabia.org.br\/wp-content\/uploads\/2025\/07\/THUMB_VOA_CANDEEIRO_2643-Caruaru-300x169.png\" \/>\n\t<meta property=\"og:image:width\" content=\"300\" \/>\n\t<meta property=\"og:image:height\" content=\"169\" \/>\n\t<meta property=\"og:image:type\" content=\"image\/png\" \/>\n<meta name=\"twitter:card\" content=\"summary_large_image\" \/>\n<meta name=\"twitter:label1\" content=\"Est. reading time\" \/>\n\t<meta name=\"twitter:data1\" content=\"1 minute\" \/>\n<script type=\"application\/ld+json\" class=\"yoast-schema-graph\">{\"@context\":\"https:\\\/\\\/schema.org\",\"@graph\":[{\"@type\":\"WebPage\",\"@id\":\"https:\\\/\\\/centrosabia.org.br\\\/en\\\/video\\\/associacao-de-mulheres-de-carneirinho-o-candeeiro-no-2643-caruaru-pe\\\/\",\"url\":\"https:\\\/\\\/centrosabia.org.br\\\/en\\\/video\\\/associacao-de-mulheres-de-carneirinho-o-candeeiro-no-2643-caruaru-pe\\\/\",\"name\":\"Associa\u00e7\u00e3o de Mulheres de Carneirinho | O Candeeiro N\u00ba 2643 | Caruaru | PE - Centro de Desenvolvimento Agroecol\u00f3gico Sabi\u00e1\",\"isPartOf\":{\"@id\":\"https:\\\/\\\/centrosabia.org.br\\\/en\\\/#website\"},\"primaryImageOfPage\":{\"@id\":\"https:\\\/\\\/centrosabia.org.br\\\/en\\\/video\\\/associacao-de-mulheres-de-carneirinho-o-candeeiro-no-2643-caruaru-pe\\\/#primaryimage\"},\"image\":{\"@id\":\"https:\\\/\\\/centrosabia.org.br\\\/en\\\/video\\\/associacao-de-mulheres-de-carneirinho-o-candeeiro-no-2643-caruaru-pe\\\/#primaryimage\"},\"thumbnailUrl\":\"https:\\\/\\\/centrosabia.org.br\\\/wp-content\\\/uploads\\\/2025\\\/07\\\/THUMB_VOA_CANDEEIRO_2643-Caruaru.png\",\"datePublished\":\"2025-07-17T13:18:51+00:00\",\"dateModified\":\"2025-09-08T21:05:32+00:00\",\"breadcrumb\":{\"@id\":\"https:\\\/\\\/centrosabia.org.br\\\/en\\\/video\\\/associacao-de-mulheres-de-carneirinho-o-candeeiro-no-2643-caruaru-pe\\\/#breadcrumb\"},\"inLanguage\":\"en-US\",\"potentialAction\":[{\"@type\":\"ReadAction\",\"target\":[\"https:\\\/\\\/centrosabia.org.br\\\/en\\\/video\\\/associacao-de-mulheres-de-carneirinho-o-candeeiro-no-2643-caruaru-pe\\\/\"]}]},{\"@type\":\"ImageObject\",\"inLanguage\":\"en-US\",\"@id\":\"https:\\\/\\\/centrosabia.org.br\\\/en\\\/video\\\/associacao-de-mulheres-de-carneirinho-o-candeeiro-no-2643-caruaru-pe\\\/#primaryimage\",\"url\":\"https:\\\/\\\/centrosabia.org.br\\\/wp-content\\\/uploads\\\/2025\\\/07\\\/THUMB_VOA_CANDEEIRO_2643-Caruaru.png\",\"contentUrl\":\"https:\\\/\\\/centrosabia.org.br\\\/wp-content\\\/uploads\\\/2025\\\/07\\\/THUMB_VOA_CANDEEIRO_2643-Caruaru.png\",\"width\":1920,\"height\":1080},{\"@type\":\"BreadcrumbList\",\"@id\":\"https:\\\/\\\/centrosabia.org.br\\\/en\\\/video\\\/associacao-de-mulheres-de-carneirinho-o-candeeiro-no-2643-caruaru-pe\\\/#breadcrumb\",\"itemListElement\":[{\"@type\":\"ListItem\",\"position\":1,\"name\":\"In\u00edcio\",\"item\":\"https:\\\/\\\/centrosabia.org.br\\\/en\\\/\"},{\"@type\":\"ListItem\",\"position\":2,\"name\":\"V\u00eddeos\",\"item\":\"https:\\\/\\\/centrosabia.org.br\\\/en\\\/video\\\/\"},{\"@type\":\"ListItem\",\"position\":3,\"name\":\"Associa\u00e7\u00e3o de Mulheres de Carneirinho | O Candeeiro N\u00ba 2643 | Caruaru | PE\"}]},{\"@type\":\"WebSite\",\"@id\":\"https:\\\/\\\/centrosabia.org.br\\\/en\\\/#website\",\"url\":\"https:\\\/\\\/centrosabia.org.br\\\/en\\\/\",\"name\":\"Centro de Desenvolvimento Agroecol\u00f3gico Sabi\u00e1\",\"description\":\"\",\"publisher\":{\"@id\":\"https:\\\/\\\/centrosabia.org.br\\\/en\\\/#organization\"},\"potentialAction\":[{\"@type\":\"SearchAction\",\"target\":{\"@type\":\"EntryPoint\",\"urlTemplate\":\"https:\\\/\\\/centrosabia.org.br\\\/en\\\/?s={search_term_string}\"},\"query-input\":{\"@type\":\"PropertyValueSpecification\",\"valueRequired\":true,\"valueName\":\"search_term_string\"}}],\"inLanguage\":\"en-US\"},{\"@type\":\"Organization\",\"@id\":\"https:\\\/\\\/centrosabia.org.br\\\/en\\\/#organization\",\"name\":\"Centro de Desenvolvimento Agroecol\u00f3gico Sabi\u00e1\",\"url\":\"https:\\\/\\\/centrosabia.org.br\\\/en\\\/\",\"logo\":{\"@type\":\"ImageObject\",\"inLanguage\":\"en-US\",\"@id\":\"https:\\\/\\\/centrosabia.org.br\\\/en\\\/#\\\/schema\\\/logo\\\/image\\\/\",\"url\":\"https:\\\/\\\/centrosabia.org.br\\\/wp-content\\\/uploads\\\/2021\\\/10\\\/logo.png\",\"contentUrl\":\"https:\\\/\\\/centrosabia.org.br\\\/wp-content\\\/uploads\\\/2021\\\/10\\\/logo.png\",\"width\":174,\"height\":84,\"caption\":\"Centro de Desenvolvimento Agroecol\u00f3gico Sabi\u00e1\"},\"image\":{\"@id\":\"https:\\\/\\\/centrosabia.org.br\\\/en\\\/#\\\/schema\\\/logo\\\/image\\\/\"}}]}<\/script>\n<!-- \/ Yoast SEO plugin. -->","yoast_head_json":{"title":"Associa\u00e7\u00e3o de Mulheres de Carneirinho | O Candeeiro N\u00ba 2643 | Caruaru | PE - Centro de Desenvolvimento Agroecol\u00f3gico Sabi\u00e1","robots":{"index":"index","follow":"follow","max-snippet":"max-snippet:-1","max-image-preview":"max-image-preview:large","max-video-preview":"max-video-preview:-1"},"canonical":"https:\/\/centrosabia.org.br\/en\/video\/associacao-de-mulheres-de-carneirinho-o-candeeiro-no-2643-caruaru-pe\/","og_locale":"en_US","og_type":"article","og_title":"Associa\u00e7\u00e3o de Mulheres de Carneirinho | O Candeeiro N\u00ba 2643 | Caruaru | PE - Centro de Desenvolvimento Agroecol\u00f3gico Sabi\u00e1","og_url":"https:\/\/centrosabia.org.br\/en\/video\/associacao-de-mulheres-de-carneirinho-o-candeeiro-no-2643-caruaru-pe\/","og_site_name":"Centro de Desenvolvimento Agroecol\u00f3gico Sabi\u00e1","article_modified_time":"2025-09-08T21:05:32+00:00","og_image":[{"width":300,"height":169,"url":"https:\/\/centrosabia.org.br\/wp-content\/uploads\/2025\/07\/THUMB_VOA_CANDEEIRO_2643-Caruaru-300x169.png","type":"image\/png"}],"twitter_card":"summary_large_image","twitter_misc":{"Est. reading time":"1 minute"},"schema":{"@context":"https:\/\/schema.org","@graph":[{"@type":"WebPage","@id":"https:\/\/centrosabia.org.br\/en\/video\/associacao-de-mulheres-de-carneirinho-o-candeeiro-no-2643-caruaru-pe\/","url":"https:\/\/centrosabia.org.br\/en\/video\/associacao-de-mulheres-de-carneirinho-o-candeeiro-no-2643-caruaru-pe\/","name":"Associa\u00e7\u00e3o de Mulheres de Carneirinho | O Candeeiro N\u00ba 2643 | Caruaru | PE - Centro de Desenvolvimento Agroecol\u00f3gico Sabi\u00e1","isPartOf":{"@id":"https:\/\/centrosabia.org.br\/en\/#website"},"primaryImageOfPage":{"@id":"https:\/\/centrosabia.org.br\/en\/video\/associacao-de-mulheres-de-carneirinho-o-candeeiro-no-2643-caruaru-pe\/#primaryimage"},"image":{"@id":"https:\/\/centrosabia.org.br\/en\/video\/associacao-de-mulheres-de-carneirinho-o-candeeiro-no-2643-caruaru-pe\/#primaryimage"},"thumbnailUrl":"https:\/\/centrosabia.org.br\/wp-content\/uploads\/2025\/07\/THUMB_VOA_CANDEEIRO_2643-Caruaru.png","datePublished":"2025-07-17T13:18:51+00:00","dateModified":"2025-09-08T21:05:32+00:00","breadcrumb":{"@id":"https:\/\/centrosabia.org.br\/en\/video\/associacao-de-mulheres-de-carneirinho-o-candeeiro-no-2643-caruaru-pe\/#breadcrumb"},"inLanguage":"en-US","potentialAction":[{"@type":"ReadAction","target":["https:\/\/centrosabia.org.br\/en\/video\/associacao-de-mulheres-de-carneirinho-o-candeeiro-no-2643-caruaru-pe\/"]}]},{"@type":"ImageObject","inLanguage":"en-US","@id":"https:\/\/centrosabia.org.br\/en\/video\/associacao-de-mulheres-de-carneirinho-o-candeeiro-no-2643-caruaru-pe\/#primaryimage","url":"https:\/\/centrosabia.org.br\/wp-content\/uploads\/2025\/07\/THUMB_VOA_CANDEEIRO_2643-Caruaru.png","contentUrl":"https:\/\/centrosabia.org.br\/wp-content\/uploads\/2025\/07\/THUMB_VOA_CANDEEIRO_2643-Caruaru.png","width":1920,"height":1080},{"@type":"BreadcrumbList","@id":"https:\/\/centrosabia.org.br\/en\/video\/associacao-de-mulheres-de-carneirinho-o-candeeiro-no-2643-caruaru-pe\/#breadcrumb","itemListElement":[{"@type":"ListItem","position":1,"name":"In\u00edcio","item":"https:\/\/centrosabia.org.br\/en\/"},{"@type":"ListItem","position":2,"name":"V\u00eddeos","item":"https:\/\/centrosabia.org.br\/en\/video\/"},{"@type":"ListItem","position":3,"name":"Associa\u00e7\u00e3o de Mulheres de Carneirinho | O Candeeiro N\u00ba 2643 | Caruaru | PE"}]},{"@type":"WebSite","@id":"https:\/\/centrosabia.org.br\/en\/#website","url":"https:\/\/centrosabia.org.br\/en\/","name":"Centro de Desenvolvimento Agroecol\u00f3gico Sabi\u00e1","description":"","publisher":{"@id":"https:\/\/centrosabia.org.br\/en\/#organization"},"potentialAction":[{"@type":"SearchAction","target":{"@type":"EntryPoint","urlTemplate":"https:\/\/centrosabia.org.br\/en\/?s={search_term_string}"},"query-input":{"@type":"PropertyValueSpecification","valueRequired":true,"valueName":"search_term_string"}}],"inLanguage":"en-US"},{"@type":"Organization","@id":"https:\/\/centrosabia.org.br\/en\/#organization","name":"Centro de Desenvolvimento Agroecol\u00f3gico Sabi\u00e1","url":"https:\/\/centrosabia.org.br\/en\/","logo":{"@type":"ImageObject","inLanguage":"en-US","@id":"https:\/\/centrosabia.org.br\/en\/#\/schema\/logo\/image\/","url":"https:\/\/centrosabia.org.br\/wp-content\/uploads\/2021\/10\/logo.png","contentUrl":"https:\/\/centrosabia.org.br\/wp-content\/uploads\/2021\/10\/logo.png","width":174,"height":84,"caption":"Centro de Desenvolvimento Agroecol\u00f3gico Sabi\u00e1"},"image":{"@id":"https:\/\/centrosabia.org.br\/en\/#\/schema\/logo\/image\/"}}]}},"_links":{"self":[{"href":"https:\/\/centrosabia.org.br\/en\/wp-json\/wp\/v2\/video\/29451","targetHints":{"allow":["GET"]}}],"collection":[{"href":"https:\/\/centrosabia.org.br\/en\/wp-json\/wp\/v2\/video"}],"about":[{"href":"https:\/\/centrosabia.org.br\/en\/wp-json\/wp\/v2\/types\/video"}],"wp:featuredmedia":[{"embeddable":true,"href":"https:\/\/centrosabia.org.br\/en\/wp-json\/wp\/v2\/media\/29472"}],"wp:attachment":[{"href":"https:\/\/centrosabia.org.br\/en\/wp-json\/wp\/v2\/media?parent=29451"}],"wp:term":[{"taxonomy":"tema","embeddable":true,"href":"https:\/\/centrosabia.org.br\/en\/wp-json\/wp\/v2\/tema?post=29451"},{"taxonomy":"decada","embeddable":true,"href":"https:\/\/centrosabia.org.br\/en\/wp-json\/wp\/v2\/decada?post=29451"},{"taxonomy":"curadoria","embeddable":true,"href":"https:\/\/centrosabia.org.br\/en\/wp-json\/wp\/v2\/curadoria?post=29451"}],"curies":[{"name":"wp","href":"https:\/\/api.w.org\/{rel}","templated":true}]}}

Associação de Mulheres de Carneirinho | O Candeeiro Nº 2643 | Caruaru | PE

<p>Mulheres da agricultura familiar criam associação e acessam os editais de compras públicas</p>

<!-- This site is optimized with the Yoast SEO plugin v27.4 - https://yoast.com/product/yoast-seo-wordpress/ -->
<title>Associação de Mulheres de Carneirinho | O Candeeiro Nº 2643 | Caruaru | PE - Centro de Desenvolvimento Agroecológico Sabiá</title>
<meta name="robots" content="index, follow, max-snippet:-1, max-image-preview:large, max-video-preview:-1" />
<link rel="canonical" href="https://centrosabia.org.br/en/video/associacao-de-mulheres-de-carneirinho-o-candeeiro-no-2643-caruaru-pe/" />
<meta property="og:locale" content="en_US" />
<meta property="og:type" content="article" />
<meta property="og:title" content="Associação de Mulheres de Carneirinho | O Candeeiro Nº 2643 | Caruaru | PE - Centro de Desenvolvimento Agroecológico Sabiá" />
<meta property="og:url" content="https://centrosabia.org.br/en/video/associacao-de-mulheres-de-carneirinho-o-candeeiro-no-2643-caruaru-pe/" />
<meta property="og:site_name" content="Centro de Desenvolvimento Agroecológico Sabiá" />
<meta property="article:modified_time" content="2025-09-08T21:05:32+00:00" />
<meta property="og:image" content="https://centrosabia.org.br/wp-content/uploads/2025/07/THUMB_VOA_CANDEEIRO_2643-Caruaru-300x169.png" />
	<meta property="og:image:width" content="300" />
	<meta property="og:image:height" content="169" />
	<meta property="og:image:type" content="image/png" />
<meta name="twitter:card" content="summary_large_image" />
<meta name="twitter:label1" content="Est. reading time" />
	<meta name="twitter:data1" content="1 minute" />
<script type="application/ld+json" class="yoast-schema-graph">{"@context":"https:\/\/schema.org","@graph":[{"@type":"WebPage","@id":"https:\/\/centrosabia.org.br\/en\/video\/associacao-de-mulheres-de-carneirinho-o-candeeiro-no-2643-caruaru-pe\/","url":"https:\/\/centrosabia.org.br\/en\/video\/associacao-de-mulheres-de-carneirinho-o-candeeiro-no-2643-caruaru-pe\/","name":"Associação de Mulheres de Carneirinho | O Candeeiro Nº 2643 | Caruaru | PE - Centro de Desenvolvimento Agroecológico Sabiá","isPartOf":{"@id":"https:\/\/centrosabia.org.br\/en\/#website"},"primaryImageOfPage":{"@id":"https:\/\/centrosabia.org.br\/en\/video\/associacao-de-mulheres-de-carneirinho-o-candeeiro-no-2643-caruaru-pe\/#primaryimage"},"image":{"@id":"https:\/\/centrosabia.org.br\/en\/video\/associacao-de-mulheres-de-carneirinho-o-candeeiro-no-2643-caruaru-pe\/#primaryimage"},"thumbnailUrl":"https:\/\/centrosabia.org.br\/wp-content\/uploads\/2025\/07\/THUMB_VOA_CANDEEIRO_2643-Caruaru.png","datePublished":"2025-07-17T13:18:51+00:00","dateModified":"2025-09-08T21:05:32+00:00","breadcrumb":{"@id":"https:\/\/centrosabia.org.br\/en\/video\/associacao-de-mulheres-de-carneirinho-o-candeeiro-no-2643-caruaru-pe\/#breadcrumb"},"inLanguage":"en-US","potentialAction":[{"@type":"ReadAction","target":["https:\/\/centrosabia.org.br\/en\/video\/associacao-de-mulheres-de-carneirinho-o-candeeiro-no-2643-caruaru-pe\/"]}]},{"@type":"ImageObject","inLanguage":"en-US","@id":"https:\/\/centrosabia.org.br\/en\/video\/associacao-de-mulheres-de-carneirinho-o-candeeiro-no-2643-caruaru-pe\/#primaryimage","url":"https:\/\/centrosabia.org.br\/wp-content\/uploads\/2025\/07\/THUMB_VOA_CANDEEIRO_2643-Caruaru.png","contentUrl":"https:\/\/centrosabia.org.br\/wp-content\/uploads\/2025\/07\/THUMB_VOA_CANDEEIRO_2643-Caruaru.png","width":1920,"height":1080},{"@type":"BreadcrumbList","@id":"https:\/\/centrosabia.org.br\/en\/video\/associacao-de-mulheres-de-carneirinho-o-candeeiro-no-2643-caruaru-pe\/#breadcrumb","itemListElement":[{"@type":"ListItem","position":1,"name":"Início","item":"https:\/\/centrosabia.org.br\/en\/"},{"@type":"ListItem","position":2,"name":"Vídeos","item":"https:\/\/centrosabia.org.br\/en\/video\/"},{"@type":"ListItem","position":3,"name":"Associação de Mulheres de Carneirinho | O Candeeiro Nº 2643 | Caruaru | PE"}]},{"@type":"WebSite","@id":"https:\/\/centrosabia.org.br\/en\/#website","url":"https:\/\/centrosabia.org.br\/en\/","name":"Centro de Desenvolvimento Agroecológico Sabiá","description":"","publisher":{"@id":"https:\/\/centrosabia.org.br\/en\/#organization"},"potentialAction":[{"@type":"SearchAction","target":{"@type":"EntryPoint","urlTemplate":"https:\/\/centrosabia.org.br\/en\/?s={search_term_string}"},"query-input":{"@type":"PropertyValueSpecification","valueRequired":true,"valueName":"search_term_string"}}],"inLanguage":"en-US"},{"@type":"Organization","@id":"https:\/\/centrosabia.org.br\/en\/#organization","name":"Centro de Desenvolvimento Agroecológico Sabiá","url":"https:\/\/centrosabia.org.br\/en\/","logo":{"@type":"ImageObject","inLanguage":"en-US","@id":"https:\/\/centrosabia.org.br\/en\/#\/schema\/logo\/image\/","url":"https:\/\/centrosabia.org.br\/wp-content\/uploads\/2021\/10\/logo.png","contentUrl":"https:\/\/centrosabia.org.br\/wp-content\/uploads\/2021\/10\/logo.png","width":174,"height":84,"caption":"Centro de Desenvolvimento Agroecológico Sabiá"},"image":{"@id":"https:\/\/centrosabia.org.br\/en\/#\/schema\/logo\/image\/"}}]}</script>
<!-- / Yoast SEO plugin. -->

Associação de Mulheres de Carneirinho | O Candeeiro Nº 2643 | Caruaru | PE - Centro de Desenvolvimento Agroecológico Sabiá

Centro de Desenvolvimento Agroecológico Sabiá

Início

Vídeos
