{"id":31116,"date":"2026-01-19T12:25:57","date_gmt":"2026-01-19T12:25:57","guid":{"rendered":"https:\/\/centrosabia.org.br\/video\/maria-jose-queiroz-e-aluisio-barbosa-o-candeeiro-no-2880-caruaru-pe\/"},"modified":"2026-01-19T12:25:57","modified_gmt":"2026-01-19T12:25:57","slug":"maria-jose-queiroz-e-aluisio-barbosa-o-candeeiro-no-2880-caruaru-pe","status":"publish","type":"video","link":"https:\/\/centrosabia.org.br\/en\/video\/maria-jose-queiroz-e-aluisio-barbosa-o-candeeiro-no-2880-caruaru-pe\/","title":{"rendered":"Maria Jos\u00e9 Queiroz e Alu\u00edsio Barbosa | O Candeeiro N\u00ba 2880  | Caruaru | PE"},"content":{"rendered":"<p>Dona Zez\u00e9 e Seu Alu\u00edsio, da comunidade de Serrote dos Bois, zona rural de Caruaru, no agreste pernambucano, contam a hist\u00f3ria de sua fam\u00edlia com a agricultura. \ud83c\udf31<\/p>\n<p>\ud83c\udf3d A fam\u00edlia j\u00e1 plantou milho, feij\u00e3o, fava, palma, mas foi a macaxeira que fez e faz o diferencial para a fam\u00edlia. A macaxeira \u00e9 mat\u00e9ria prima para muitos produtos que eles comercializam, como goma, tapioca, beiju, massa puba e bolos.<\/p>\n<p>\ud83e\udec2 Hoje, a fam\u00edlia vive com fartura e muita uni\u00e3o, juntando as filhas e netos ao redor da agricultura, da agroecologia e do valor das lutas e conquistas. Andreza, a filha mais velha, e seus tr\u00eas filhos, trabalham com a cria\u00e7\u00e3o de animais, enquanto Aline, a ca\u00e7ula, vende os produtos da fam\u00edlia na Feira da agricultura familiar de Caruaru.<\/p>\n<p>\ud83d\udcf2 Quer saber mais sobre a fam\u00edlia de D. Zez\u00e9 e S. Alu\u00edsio? Voc\u00ea pode conferir na \u00edntegra no VOAFlix, o acervo digital do Centro Sabi\u00e1! Acesse: voaflix.centrosabia.org.br.<\/p>\n","protected":false},"featured_media":31117,"template":"","meta":{"_acf_changed":false,"ano":2026},"tema":[],"decada":[2502],"curadoria":[],"class_list":["post-31116","video","type-video","status-publish","has-post-thumbnail","hentry","decada-2502"],"blocksy_meta":[],"acf":[],"yoast_head":"<!-- This site is optimized with the Yoast SEO plugin v27.4 - https:\/\/yoast.com\/product\/yoast-seo-wordpress\/ -->\n<title>Maria Jos\u00e9 Queiroz e Alu\u00edsio Barbosa | O Candeeiro N\u00ba 2880 | Caruaru | PE - Centro de Desenvolvimento Agroecol\u00f3gico Sabi\u00e1<\/title>\n<meta name=\"robots\" content=\"index, follow, max-snippet:-1, max-image-preview:large, max-video-preview:-1\" \/>\n<link rel=\"canonical\" href=\"https:\/\/centrosabia.org.br\/en\/video\/maria-jose-queiroz-e-aluisio-barbosa-o-candeeiro-no-2880-caruaru-pe\/\" \/>\n<meta property=\"og:locale\" content=\"en_US\" \/>\n<meta property=\"og:type\" content=\"article\" \/>\n<meta property=\"og:title\" content=\"Maria Jos\u00e9 Queiroz e Alu\u00edsio Barbosa | O Candeeiro N\u00ba 2880 | Caruaru | PE - Centro de Desenvolvimento Agroecol\u00f3gico Sabi\u00e1\" \/>\n<meta property=\"og:url\" content=\"https:\/\/centrosabia.org.br\/en\/video\/maria-jose-queiroz-e-aluisio-barbosa-o-candeeiro-no-2880-caruaru-pe\/\" \/>\n<meta property=\"og:site_name\" content=\"Centro de Desenvolvimento Agroecol\u00f3gico Sabi\u00e1\" \/>\n<meta name=\"twitter:card\" content=\"summary_large_image\" \/>\n<meta name=\"twitter:label1\" content=\"Est. reading time\" \/>\n\t<meta name=\"twitter:data1\" content=\"1 minute\" \/>\n<script type=\"application\/ld+json\" class=\"yoast-schema-graph\">{\"@context\":\"https:\\\/\\\/schema.org\",\"@graph\":[{\"@type\":\"WebPage\",\"@id\":\"https:\\\/\\\/centrosabia.org.br\\\/en\\\/video\\\/maria-jose-queiroz-e-aluisio-barbosa-o-candeeiro-no-2880-caruaru-pe\\\/\",\"url\":\"https:\\\/\\\/centrosabia.org.br\\\/en\\\/video\\\/maria-jose-queiroz-e-aluisio-barbosa-o-candeeiro-no-2880-caruaru-pe\\\/\",\"name\":\"Maria Jos\u00e9 Queiroz e Alu\u00edsio Barbosa | O Candeeiro N\u00ba 2880 | Caruaru | PE - Centro de Desenvolvimento Agroecol\u00f3gico Sabi\u00e1\",\"isPartOf\":{\"@id\":\"https:\\\/\\\/centrosabia.org.br\\\/en\\\/#website\"},\"primaryImageOfPage\":{\"@id\":\"https:\\\/\\\/centrosabia.org.br\\\/en\\\/video\\\/maria-jose-queiroz-e-aluisio-barbosa-o-candeeiro-no-2880-caruaru-pe\\\/#primaryimage\"},\"image\":{\"@id\":\"https:\\\/\\\/centrosabia.org.br\\\/en\\\/video\\\/maria-jose-queiroz-e-aluisio-barbosa-o-candeeiro-no-2880-caruaru-pe\\\/#primaryimage\"},\"thumbnailUrl\":\"https:\\\/\\\/centrosabia.org.br\\\/wp-content\\\/uploads\\\/2026\\\/01\\\/maria-jose-queiroz-e-aluisio-barbosa-o-candeeiro-no-2880-caruaru-pe.jpg\",\"datePublished\":\"2026-01-19T12:25:57+00:00\",\"breadcrumb\":{\"@id\":\"https:\\\/\\\/centrosabia.org.br\\\/en\\\/video\\\/maria-jose-queiroz-e-aluisio-barbosa-o-candeeiro-no-2880-caruaru-pe\\\/#breadcrumb\"},\"inLanguage\":\"en-US\",\"potentialAction\":[{\"@type\":\"ReadAction\",\"target\":[\"https:\\\/\\\/centrosabia.org.br\\\/en\\\/video\\\/maria-jose-queiroz-e-aluisio-barbosa-o-candeeiro-no-2880-caruaru-pe\\\/\"]}]},{\"@type\":\"ImageObject\",\"inLanguage\":\"en-US\",\"@id\":\"https:\\\/\\\/centrosabia.org.br\\\/en\\\/video\\\/maria-jose-queiroz-e-aluisio-barbosa-o-candeeiro-no-2880-caruaru-pe\\\/#primaryimage\",\"url\":\"https:\\\/\\\/centrosabia.org.br\\\/wp-content\\\/uploads\\\/2026\\\/01\\\/maria-jose-queiroz-e-aluisio-barbosa-o-candeeiro-no-2880-caruaru-pe.jpg\",\"contentUrl\":\"https:\\\/\\\/centrosabia.org.br\\\/wp-content\\\/uploads\\\/2026\\\/01\\\/maria-jose-queiroz-e-aluisio-barbosa-o-candeeiro-no-2880-caruaru-pe.jpg\",\"width\":1280,\"height\":720},{\"@type\":\"BreadcrumbList\",\"@id\":\"https:\\\/\\\/centrosabia.org.br\\\/en\\\/video\\\/maria-jose-queiroz-e-aluisio-barbosa-o-candeeiro-no-2880-caruaru-pe\\\/#breadcrumb\",\"itemListElement\":[{\"@type\":\"ListItem\",\"position\":1,\"name\":\"In\u00edcio\",\"item\":\"https:\\\/\\\/centrosabia.org.br\\\/en\\\/\"},{\"@type\":\"ListItem\",\"position\":2,\"name\":\"V\u00eddeos\",\"item\":\"https:\\\/\\\/centrosabia.org.br\\\/en\\\/video\\\/\"},{\"@type\":\"ListItem\",\"position\":3,\"name\":\"Maria Jos\u00e9 Queiroz e Alu\u00edsio Barbosa | O Candeeiro N\u00ba 2880 | Caruaru | PE\"}]},{\"@type\":\"WebSite\",\"@id\":\"https:\\\/\\\/centrosabia.org.br\\\/en\\\/#website\",\"url\":\"https:\\\/\\\/centrosabia.org.br\\\/en\\\/\",\"name\":\"Centro de Desenvolvimento Agroecol\u00f3gico Sabi\u00e1\",\"description\":\"\",\"publisher\":{\"@id\":\"https:\\\/\\\/centrosabia.org.br\\\/en\\\/#organization\"},\"potentialAction\":[{\"@type\":\"SearchAction\",\"target\":{\"@type\":\"EntryPoint\",\"urlTemplate\":\"https:\\\/\\\/centrosabia.org.br\\\/en\\\/?s={search_term_string}\"},\"query-input\":{\"@type\":\"PropertyValueSpecification\",\"valueRequired\":true,\"valueName\":\"search_term_string\"}}],\"inLanguage\":\"en-US\"},{\"@type\":\"Organization\",\"@id\":\"https:\\\/\\\/centrosabia.org.br\\\/en\\\/#organization\",\"name\":\"Centro de Desenvolvimento Agroecol\u00f3gico Sabi\u00e1\",\"url\":\"https:\\\/\\\/centrosabia.org.br\\\/en\\\/\",\"logo\":{\"@type\":\"ImageObject\",\"inLanguage\":\"en-US\",\"@id\":\"https:\\\/\\\/centrosabia.org.br\\\/en\\\/#\\\/schema\\\/logo\\\/image\\\/\",\"url\":\"https:\\\/\\\/centrosabia.org.br\\\/wp-content\\\/uploads\\\/2021\\\/10\\\/logo.png\",\"contentUrl\":\"https:\\\/\\\/centrosabia.org.br\\\/wp-content\\\/uploads\\\/2021\\\/10\\\/logo.png\",\"width\":174,\"height\":84,\"caption\":\"Centro de Desenvolvimento Agroecol\u00f3gico Sabi\u00e1\"},\"image\":{\"@id\":\"https:\\\/\\\/centrosabia.org.br\\\/en\\\/#\\\/schema\\\/logo\\\/image\\\/\"}}]}<\/script>\n<!-- \/ Yoast SEO plugin. -->","yoast_head_json":{"title":"Maria Jos\u00e9 Queiroz e Alu\u00edsio Barbosa | O Candeeiro N\u00ba 2880 | Caruaru | PE - Centro de Desenvolvimento Agroecol\u00f3gico Sabi\u00e1","robots":{"index":"index","follow":"follow","max-snippet":"max-snippet:-1","max-image-preview":"max-image-preview:large","max-video-preview":"max-video-preview:-1"},"canonical":"https:\/\/centrosabia.org.br\/en\/video\/maria-jose-queiroz-e-aluisio-barbosa-o-candeeiro-no-2880-caruaru-pe\/","og_locale":"en_US","og_type":"article","og_title":"Maria Jos\u00e9 Queiroz e Alu\u00edsio Barbosa | O Candeeiro N\u00ba 2880 | Caruaru | PE - Centro de Desenvolvimento Agroecol\u00f3gico Sabi\u00e1","og_url":"https:\/\/centrosabia.org.br\/en\/video\/maria-jose-queiroz-e-aluisio-barbosa-o-candeeiro-no-2880-caruaru-pe\/","og_site_name":"Centro de Desenvolvimento Agroecol\u00f3gico Sabi\u00e1","twitter_card":"summary_large_image","twitter_misc":{"Est. reading time":"1 minute"},"schema":{"@context":"https:\/\/schema.org","@graph":[{"@type":"WebPage","@id":"https:\/\/centrosabia.org.br\/en\/video\/maria-jose-queiroz-e-aluisio-barbosa-o-candeeiro-no-2880-caruaru-pe\/","url":"https:\/\/centrosabia.org.br\/en\/video\/maria-jose-queiroz-e-aluisio-barbosa-o-candeeiro-no-2880-caruaru-pe\/","name":"Maria Jos\u00e9 Queiroz e Alu\u00edsio Barbosa | O Candeeiro N\u00ba 2880 | Caruaru | PE - Centro de Desenvolvimento Agroecol\u00f3gico Sabi\u00e1","isPartOf":{"@id":"https:\/\/centrosabia.org.br\/en\/#website"},"primaryImageOfPage":{"@id":"https:\/\/centrosabia.org.br\/en\/video\/maria-jose-queiroz-e-aluisio-barbosa-o-candeeiro-no-2880-caruaru-pe\/#primaryimage"},"image":{"@id":"https:\/\/centrosabia.org.br\/en\/video\/maria-jose-queiroz-e-aluisio-barbosa-o-candeeiro-no-2880-caruaru-pe\/#primaryimage"},"thumbnailUrl":"https:\/\/centrosabia.org.br\/wp-content\/uploads\/2026\/01\/maria-jose-queiroz-e-aluisio-barbosa-o-candeeiro-no-2880-caruaru-pe.jpg","datePublished":"2026-01-19T12:25:57+00:00","breadcrumb":{"@id":"https:\/\/centrosabia.org.br\/en\/video\/maria-jose-queiroz-e-aluisio-barbosa-o-candeeiro-no-2880-caruaru-pe\/#breadcrumb"},"inLanguage":"en-US","potentialAction":[{"@type":"ReadAction","target":["https:\/\/centrosabia.org.br\/en\/video\/maria-jose-queiroz-e-aluisio-barbosa-o-candeeiro-no-2880-caruaru-pe\/"]}]},{"@type":"ImageObject","inLanguage":"en-US","@id":"https:\/\/centrosabia.org.br\/en\/video\/maria-jose-queiroz-e-aluisio-barbosa-o-candeeiro-no-2880-caruaru-pe\/#primaryimage","url":"https:\/\/centrosabia.org.br\/wp-content\/uploads\/2026\/01\/maria-jose-queiroz-e-aluisio-barbosa-o-candeeiro-no-2880-caruaru-pe.jpg","contentUrl":"https:\/\/centrosabia.org.br\/wp-content\/uploads\/2026\/01\/maria-jose-queiroz-e-aluisio-barbosa-o-candeeiro-no-2880-caruaru-pe.jpg","width":1280,"height":720},{"@type":"BreadcrumbList","@id":"https:\/\/centrosabia.org.br\/en\/video\/maria-jose-queiroz-e-aluisio-barbosa-o-candeeiro-no-2880-caruaru-pe\/#breadcrumb","itemListElement":[{"@type":"ListItem","position":1,"name":"In\u00edcio","item":"https:\/\/centrosabia.org.br\/en\/"},{"@type":"ListItem","position":2,"name":"V\u00eddeos","item":"https:\/\/centrosabia.org.br\/en\/video\/"},{"@type":"ListItem","position":3,"name":"Maria Jos\u00e9 Queiroz e Alu\u00edsio Barbosa | O Candeeiro N\u00ba 2880 | Caruaru | PE"}]},{"@type":"WebSite","@id":"https:\/\/centrosabia.org.br\/en\/#website","url":"https:\/\/centrosabia.org.br\/en\/","name":"Centro de Desenvolvimento Agroecol\u00f3gico Sabi\u00e1","description":"","publisher":{"@id":"https:\/\/centrosabia.org.br\/en\/#organization"},"potentialAction":[{"@type":"SearchAction","target":{"@type":"EntryPoint","urlTemplate":"https:\/\/centrosabia.org.br\/en\/?s={search_term_string}"},"query-input":{"@type":"PropertyValueSpecification","valueRequired":true,"valueName":"search_term_string"}}],"inLanguage":"en-US"},{"@type":"Organization","@id":"https:\/\/centrosabia.org.br\/en\/#organization","name":"Centro de Desenvolvimento Agroecol\u00f3gico Sabi\u00e1","url":"https:\/\/centrosabia.org.br\/en\/","logo":{"@type":"ImageObject","inLanguage":"en-US","@id":"https:\/\/centrosabia.org.br\/en\/#\/schema\/logo\/image\/","url":"https:\/\/centrosabia.org.br\/wp-content\/uploads\/2021\/10\/logo.png","contentUrl":"https:\/\/centrosabia.org.br\/wp-content\/uploads\/2021\/10\/logo.png","width":174,"height":84,"caption":"Centro de Desenvolvimento Agroecol\u00f3gico Sabi\u00e1"},"image":{"@id":"https:\/\/centrosabia.org.br\/en\/#\/schema\/logo\/image\/"}}]}},"_links":{"self":[{"href":"https:\/\/centrosabia.org.br\/en\/wp-json\/wp\/v2\/video\/31116","targetHints":{"allow":["GET"]}}],"collection":[{"href":"https:\/\/centrosabia.org.br\/en\/wp-json\/wp\/v2\/video"}],"about":[{"href":"https:\/\/centrosabia.org.br\/en\/wp-json\/wp\/v2\/types\/video"}],"wp:featuredmedia":[{"embeddable":true,"href":"https:\/\/centrosabia.org.br\/en\/wp-json\/wp\/v2\/media\/31117"}],"wp:attachment":[{"href":"https:\/\/centrosabia.org.br\/en\/wp-json\/wp\/v2\/media?parent=31116"}],"wp:term":[{"taxonomy":"tema","embeddable":true,"href":"https:\/\/centrosabia.org.br\/en\/wp-json\/wp\/v2\/tema?post=31116"},{"taxonomy":"decada","embeddable":true,"href":"https:\/\/centrosabia.org.br\/en\/wp-json\/wp\/v2\/decada?post=31116"},{"taxonomy":"curadoria","embeddable":true,"href":"https:\/\/centrosabia.org.br\/en\/wp-json\/wp\/v2\/curadoria?post=31116"}],"curies":[{"name":"wp","href":"https:\/\/api.w.org\/{rel}","templated":true}]}}

Maria José Queiroz e Aluísio Barbosa | O Candeeiro Nº 2880  | Caruaru | PE

<p>Dona Zezé e Seu Aluísio, da comunidade de Serrote dos Bois, zona rural de Caruaru, no agreste pernambucano, contam a história de sua família com a agricultura. 🌱</p>
<p>🌽 A família já plantou milho, feijão, fava, palma, mas foi a macaxeira que fez e faz o diferencial para a família. A macaxeira é matéria prima para muitos produtos que eles comercializam, como goma, tapioca, beiju, massa puba e bolos.</p>
<p>🫂 Hoje, a família vive com fartura e muita união, juntando as filhas e netos ao redor da agricultura, da agroecologia e do valor das lutas e conquistas. Andreza, a filha mais velha, e seus três filhos, trabalham com a criação de animais, enquanto Aline, a caçula, vende os produtos da família na Feira da agricultura familiar de Caruaru.</p>
<p>📲 Quer saber mais sobre a família de D. Zezé e S. Aluísio? Você pode conferir na íntegra no VOAFlix, o acervo digital do Centro Sabiá! Acesse: voaflix.centrosabia.org.br.</p>

<!-- This site is optimized with the Yoast SEO plugin v27.4 - https://yoast.com/product/yoast-seo-wordpress/ -->
<title>Maria José Queiroz e Aluísio Barbosa | O Candeeiro Nº 2880 | Caruaru | PE - Centro de Desenvolvimento Agroecológico Sabiá</title>
<meta name="robots" content="index, follow, max-snippet:-1, max-image-preview:large, max-video-preview:-1" />
<link rel="canonical" href="https://centrosabia.org.br/en/video/maria-jose-queiroz-e-aluisio-barbosa-o-candeeiro-no-2880-caruaru-pe/" />
<meta property="og:locale" content="en_US" />
<meta property="og:type" content="article" />
<meta property="og:title" content="Maria José Queiroz e Aluísio Barbosa | O Candeeiro Nº 2880 | Caruaru | PE - Centro de Desenvolvimento Agroecológico Sabiá" />
<meta property="og:url" content="https://centrosabia.org.br/en/video/maria-jose-queiroz-e-aluisio-barbosa-o-candeeiro-no-2880-caruaru-pe/" />
<meta property="og:site_name" content="Centro de Desenvolvimento Agroecológico Sabiá" />
<meta name="twitter:card" content="summary_large_image" />
<meta name="twitter:label1" content="Est. reading time" />
	<meta name="twitter:data1" content="1 minute" />
<script type="application/ld+json" class="yoast-schema-graph">{"@context":"https:\/\/schema.org","@graph":[{"@type":"WebPage","@id":"https:\/\/centrosabia.org.br\/en\/video\/maria-jose-queiroz-e-aluisio-barbosa-o-candeeiro-no-2880-caruaru-pe\/","url":"https:\/\/centrosabia.org.br\/en\/video\/maria-jose-queiroz-e-aluisio-barbosa-o-candeeiro-no-2880-caruaru-pe\/","name":"Maria José Queiroz e Aluísio Barbosa | O Candeeiro Nº 2880 | Caruaru | PE - Centro de Desenvolvimento Agroecológico Sabiá","isPartOf":{"@id":"https:\/\/centrosabia.org.br\/en\/#website"},"primaryImageOfPage":{"@id":"https:\/\/centrosabia.org.br\/en\/video\/maria-jose-queiroz-e-aluisio-barbosa-o-candeeiro-no-2880-caruaru-pe\/#primaryimage"},"image":{"@id":"https:\/\/centrosabia.org.br\/en\/video\/maria-jose-queiroz-e-aluisio-barbosa-o-candeeiro-no-2880-caruaru-pe\/#primaryimage"},"thumbnailUrl":"https:\/\/centrosabia.org.br\/wp-content\/uploads\/2026\/01\/maria-jose-queiroz-e-aluisio-barbosa-o-candeeiro-no-2880-caruaru-pe.jpg","datePublished":"2026-01-19T12:25:57+00:00","breadcrumb":{"@id":"https:\/\/centrosabia.org.br\/en\/video\/maria-jose-queiroz-e-aluisio-barbosa-o-candeeiro-no-2880-caruaru-pe\/#breadcrumb"},"inLanguage":"en-US","potentialAction":[{"@type":"ReadAction","target":["https:\/\/centrosabia.org.br\/en\/video\/maria-jose-queiroz-e-aluisio-barbosa-o-candeeiro-no-2880-caruaru-pe\/"]}]},{"@type":"ImageObject","inLanguage":"en-US","@id":"https:\/\/centrosabia.org.br\/en\/video\/maria-jose-queiroz-e-aluisio-barbosa-o-candeeiro-no-2880-caruaru-pe\/#primaryimage","url":"https:\/\/centrosabia.org.br\/wp-content\/uploads\/2026\/01\/maria-jose-queiroz-e-aluisio-barbosa-o-candeeiro-no-2880-caruaru-pe.jpg","contentUrl":"https:\/\/centrosabia.org.br\/wp-content\/uploads\/2026\/01\/maria-jose-queiroz-e-aluisio-barbosa-o-candeeiro-no-2880-caruaru-pe.jpg","width":1280,"height":720},{"@type":"BreadcrumbList","@id":"https:\/\/centrosabia.org.br\/en\/video\/maria-jose-queiroz-e-aluisio-barbosa-o-candeeiro-no-2880-caruaru-pe\/#breadcrumb","itemListElement":[{"@type":"ListItem","position":1,"name":"Início","item":"https:\/\/centrosabia.org.br\/en\/"},{"@type":"ListItem","position":2,"name":"Vídeos","item":"https:\/\/centrosabia.org.br\/en\/video\/"},{"@type":"ListItem","position":3,"name":"Maria José Queiroz e Aluísio Barbosa | O Candeeiro Nº 2880 | Caruaru | PE"}]},{"@type":"WebSite","@id":"https:\/\/centrosabia.org.br\/en\/#website","url":"https:\/\/centrosabia.org.br\/en\/","name":"Centro de Desenvolvimento Agroecológico Sabiá","description":"","publisher":{"@id":"https:\/\/centrosabia.org.br\/en\/#organization"},"potentialAction":[{"@type":"SearchAction","target":{"@type":"EntryPoint","urlTemplate":"https:\/\/centrosabia.org.br\/en\/?s={search_term_string}"},"query-input":{"@type":"PropertyValueSpecification","valueRequired":true,"valueName":"search_term_string"}}],"inLanguage":"en-US"},{"@type":"Organization","@id":"https:\/\/centrosabia.org.br\/en\/#organization","name":"Centro de Desenvolvimento Agroecológico Sabiá","url":"https:\/\/centrosabia.org.br\/en\/","logo":{"@type":"ImageObject","inLanguage":"en-US","@id":"https:\/\/centrosabia.org.br\/en\/#\/schema\/logo\/image\/","url":"https:\/\/centrosabia.org.br\/wp-content\/uploads\/2021\/10\/logo.png","contentUrl":"https:\/\/centrosabia.org.br\/wp-content\/uploads\/2021\/10\/logo.png","width":174,"height":84,"caption":"Centro de Desenvolvimento Agroecológico Sabiá"},"image":{"@id":"https:\/\/centrosabia.org.br\/en\/#\/schema\/logo\/image\/"}}]}</script>
<!-- / Yoast SEO plugin. -->

Maria José Queiroz e Aluísio Barbosa | O Candeeiro Nº 2880 | Caruaru | PE - Centro de Desenvolvimento Agroecológico Sabiá

Centro de Desenvolvimento Agroecológico Sabiá

Início

Vídeos

Maria José Queiroz e Aluísio Barbosa | O Candeeiro Nº 2880 | Caruaru | PE
